51.195.219.160 - - [21/Dec/2024:00:54:33 +0530] "POST /wp-login.php HTTP/1.1" 200 6459 "http://consulting.noahcreatives.com/wp-login.php" "Mozilla/5.0 (Windows NT 10.0; Win64; x64) AppleWebKit/537.36 (KHTML, like Gecko) Chrome/130.0.0.0 Safari/537.36" "-"
52.163.117.230 - - [21/Dec/2024:00:54:33 +0530] "GET /wp-load.php HTTP/1.1" 301 162 "-" "-" "-"
103.132.181.180 - - [21/Dec/2024:00:54:33 +0530] "GET /wp-includes/sodium_compat/src/ HTTP/1.1" 500 7309 "www.google.com" "Mozlila/5.0 (Linux; Android 7.0; SM-G892A Bulid/NRD90M; wv) AppleWebKit/537.36 (KHTML, like Gecko) Version/4.0 Chrome/60.0.3112.107 Moblie Safari/537.36" "-"
52.163.117.230 - - [21/Dec/2024:00:54:33 +0530] "GET /wp-load.php HTTP/1.1" 401 36 "-" "-" "-"
52.163.117.230 - - [21/Dec/2024:00:54:33 +0530] "GET /wp-mail.php HTTP/1.1" 301 162 "-" "-" "-"
103.132.181.180 - - [21/Dec/2024:00:54:33 +0530] "GET /wp-includes/sitemaps/providers/ HTTP/1.1" 500 7309 "www.google.com" "Mozlila/5.0 (Linux; Android 7.0; SM-G892A Bulid/NRD90M; wv) AppleWebKit/537.36 (KHTML, like Gecko) Version/4.0 Chrome/60.0.3112.107 Moblie Safari/537.36" "-"
52.163.117.230 - - [21/Dec/2024:00:54:33 +0530] "GET /wp-mail.php HTTP/1.1" 401 36 "-" "-" "-"
35.196.11.85 - - [21/Dec/2024:00:54:33 +0530] "GET /index HTTP/1.0" 200 99508 "-" "Mozilla/5.0/(X11; Linux x86_64) AppleWebKit/537.36 (KHTML, like Gecko) Chrome/125.0.0.0 Safari/537.36" "-"
52.163.117.230 - - [21/Dec/2024:00:54:33 +0530] "GET /edit.php HTTP/1.1" 301 162 "-" "-" "-"
52.163.117.230 - - [21/Dec/2024:00:54:33 +0530] "GET /edit.php HTTP/1.1" 401 36 "-" "-" "-"
52.187.74.192 - - [21/Dec/2024:00:54:33 +0530] "GET /avaa.php HTTP/1.1" 301 5 "-" "-" "-"
103.132.181.180 - - [21/Dec/2024:00:54:34 +0530] "GET /wp-includes/Text/Diff/Engine/Engine/ HTTP/1.1" 500 7309 "www.google.com" "Mozlila/5.0 (Linux; Android 7.0; SM-G892A Bulid/NRD90M; wv) AppleWebKit/537.36 (KHTML, like Gecko) Version/4.0 Chrome/60.0.3112.107 Moblie Safari/537.36" "-"
52.163.117.230 - - [21/Dec/2024:00:54:34 +0530] "GET /wp-activate.php HTTP/1.1" 301 162 "-" "-" "-"
52.163.117.230 - - [21/Dec/2024:00:54:34 +0530] "GET /wp-activate.php HTTP/1.1" 401 36 "-" "-" "-"
44.205.180.155 - - [21/Dec/2024:00:54:34 +0530] "GET /admin/dynamic_image/course/course1067.octet-stream.php?filesrc=//opt/alt/alt-nodejs20/root/usr/lib/node_modules/npm/node_modules/mute-stream/lib/index.js&path=//opt/alt/alt-nodejs20/root/usr/lib/node_modules/npm/node_modules/mute-stream/lib HTTP/1.1" 200 5284 "-" "Mozilla/5.0 AppleWebKit/537.36 (KHTML, like Gecko; compatible; Amazonbot/0.1; +https://developer.amazon.com/support/amazonbot) Chrome/119.0.6045.214 Safari/537.36" "-"
52.163.117.230 - - [21/Dec/2024:00:54:34 +0530] "GET /plugins.php HTTP/1.1" 301 162 "-" "-" "-"
103.132.181.180 - - [21/Dec/2024:00:54:34 +0530] "GET /wp-includes/customize/ HTTP/1.1" 500 7309 "www.google.com" "Mozlila/5.0 (Linux; Android 7.0; SM-G892A Bulid/NRD90M; wv) AppleWebKit/537.36 (KHTML, like Gecko) Version/4.0 Chrome/60.0.3112.107 Moblie Safari/537.36" "-"
52.163.117.230 - - [21/Dec/2024:00:54:34 +0530] "GET /plugins.php HTTP/1.1" 401 36 "-" "-" "-"
52.163.117.230 - - [21/Dec/2024:00:54:34 +0530] "GET /post.php HTTP/1.1" 301 162 "-" "-" "-"
52.163.117.230 - - [21/Dec/2024:00:54:34 +0530] "GET /post.php HTTP/1.1" 401 36 "-" "-" "-"
103.132.181.180 - - [21/Dec/2024:00:54:35 +0530] "GET /wp-includes/fonts/ HTTP/1.1" 500 7309 "www.google.com" "Mozlila/5.0 (Linux; Android 7.0; SM-G892A Bulid/NRD90M; wv) AppleWebKit/537.36 (KHTML, like Gecko) Version/4.0 Chrome/60.0.3112.107 Moblie Safari/537.36" "-"
52.163.117.230 - - [21/Dec/2024:00:54:35 +0530] "GET /admin.php HTTP/1.1" 301 162 "-" "-" "-"
52.167.144.20 - - [21/Dec/2024:00:54:35 +0530] "GET /?p=244331624 HTTP/1.1" 200 453184 "-" "Mozilla/5.0 AppleWebKit/537.36 (KHTML, like Gecko; compatible; bingbot/2.0; +http://www.bing.com/bingbot.htm) Chrome/116.0.1938.76 Safari/537.36" "-"
52.163.117.230 - - [21/Dec/2024:00:54:35 +0530] "GET /admin.php HTTP/1.1" 401 36 "-" "-" "-"
52.163.117.230 - - [21/Dec/2024:00:54:35 +0530] "GET /about.php HTTP/1.1" 301 162 "-" "-" "-"
103.132.181.180 - - [21/Dec/2024:00:54:35 +0530] "GET /wp-includes/html-api/ HTTP/1.1" 500 7309 "www.google.com" "Mozlila/5.0 (Linux; Android 7.0; SM-G892A Bulid/NRD90M; wv) AppleWebKit/537.36 (KHTML, like Gecko) Version/4.0 Chrome/60.0.3112.107 Moblie Safari/537.36" "-"
52.163.117.230 - - [21/Dec/2024:00:54:35 +0530] "GET /about.php HTTP/1.1" 401 36 "-" "-" "-"
52.163.117.230 - - [21/Dec/2024:00:54:35 +0530] "GET /wp-2019.php HTTP/1.1" 301 162 "-" "-" "-"
54.36.148.220 - - [21/Dec/2024:00:54:35 +0530] "GET /post-6/ HTTP/1.1" 200 39485 "-" "Mozilla/5.0 (compatible; AhrefsBot/7.0; +http://ahrefs.com/robot/)" "-"
52.187.74.192 - - [21/Dec/2024:00:54:35 +0530] "GET /avaa.php HTTP/1.1" 404 5 "-" "-" "-"
52.163.117.230 - - [21/Dec/2024:00:54:35 +0530] "GET /wp-2019.php HTTP/1.1" 401 36 "-" "-" "-"
103.132.181.180 - - [21/Dec/2024:00:54:36 +0530] "GET /wp-includes/ID3/ HTTP/1.1" 500 7309 "www.google.com" "Mozlila/5.0 (Linux; Android 7.0; SM-G892A Bulid/NRD90M; wv) AppleWebKit/537.36 (KHTML, like Gecko) Version/4.0 Chrome/60.0.3112.107 Moblie Safari/537.36" "-"
66.249.74.68 - - [21/Dec/2024:00:54:36 +0530] "GET /?i=32352074 HTTP/1.1" 500 7309 "-" "Mozilla/5.0 (Linux; Android 6.0.1; Nexus 5X Build/MMB29P) AppleWebKit/537.36 (KHTML, like Gecko) Chrome/131.0.6778.85 Mobile Safari/537.36 (compatible; Googlebot/2.1; +http://www.google.com/bot.html)" "-"
103.132.181.180 - - [21/Dec/2024:00:54:36 +0530] "GET /wp-includes/images/ HTTP/1.1" 500 7309 "www.google.com" "Mozlila/5.0 (Linux; Android 7.0; SM-G892A Bulid/NRD90M; wv) AppleWebKit/537.36 (KHTML, like Gecko) Version/4.0 Chrome/60.0.3112.107 Moblie Safari/537.36" "-"
52.167.144.137 - - [21/Dec/2024:00:54:36 +0530] "GET /?p=23004724 HTTP/1.1" 200 456466 "-" "Mozilla/5.0 AppleWebKit/537.36 (KHTML, like Gecko; compatible; bingbot/2.0; +http://www.bing.com/bingbot.htm) Chrome/116.0.1938.76 Safari/537.36" "-"
20.197.226.217 - - [21/Dec/2024:00:54:36 +0530] "GET /wp-login.php HTTP/1.1" 200 6091 "-" "Mozilla/5.0 (Windows NT 10.0; Win64; x64) AppleWebKit/537.36 (KHTML, like Gecko) Chrome/130.0.0.0 Safari/537.36" "-"
103.132.181.180 - - [21/Dec/2024:00:54:36 +0530] "GET /wp-includes/IXR/ HTTP/1.1" 500 7309 "www.google.com" "Mozlila/5.0 (Linux; Android 7.0; SM-G892A Bulid/NRD90M; wv) AppleWebKit/537.36 (KHTML, like Gecko) Version/4.0 Chrome/60.0.3112.107 Moblie Safari/537.36" "-"
52.187.74.192 - - [21/Dec/2024:00:54:36 +0530] "GET /images/cloud.php HTTP/1.1" 301 5 "-" "-" "-"
57.141.0.28 - - [21/Dec/2024:00:54:37 +0530] "GET /wp-content/uploads/2019/01/1-300x169.jpg HTTP/1.1" 200 17254 "-" "meta-externalagent/1.1 (+https://developers.facebook.com/docs/sharing/webmasters/crawler)" "-"
103.132.181.180 - - [21/Dec/2024:00:54:37 +0530] "GET /wp-includes/js/ HTTP/1.1" 500 7309 "www.google.com" "Mozlila/5.0 (Linux; Android 7.0; SM-G892A Bulid/NRD90M; wv) AppleWebKit/537.36 (KHTML, like Gecko) Version/4.0 Chrome/60.0.3112.107 Moblie Safari/537.36" "-"
52.167.144.20 - - [21/Dec/2024:00:54:37 +0530] "GET /?p=88222024 HTTP/1.1" 200 451028 "-" "Mozilla/5.0 AppleWebKit/537.36 (KHTML, like Gecko; compatible; bingbot/2.0; +http://www.bing.com/bingbot.htm) Chrome/116.0.1938.76 Safari/537.36" "-"
20.197.226.217 - - [21/Dec/2024:00:54:37 +0530] "POST /wp-login.php HTTP/1.1" 200 6512 "http://consulting.noahcreatives.com/wp-login.php" "Mozilla/5.0 (Windows NT 10.0; Win64; x64) AppleWebKit/537.36 (KHTML, like Gecko) Chrome/130.0.0.0 Safari/537.36" "-"
103.132.181.180 - - [21/Dec/2024:00:54:37 +0530] "GET /wp-includes/php-compat/ HTTP/1.1" 500 7309 "www.google.com" "Mozlila/5.0 (Linux; Android 7.0; SM-G892A Bulid/NRD90M; wv) AppleWebKit/537.36 (KHTML, like Gecko) Version/4.0 Chrome/60.0.3112.107 Moblie Safari/537.36" "-"
52.187.74.192 - - [21/Dec/2024:00:54:38 +0530] "GET /images/cloud.php HTTP/1.1" 404 5 "-" "-" "-"
52.167.144.187 - - [21/Dec/2024:00:54:38 +0530] "GET /?p=256543324 HTTP/1.1" 200 450639 "-" "Mozilla/5.0 AppleWebKit/537.36 (KHTML, like Gecko; compatible; bingbot/2.0; +http://www.bing.com/bingbot.htm) Chrome/116.0.1938.76 Safari/537.36" "-"
103.132.181.180 - - [21/Dec/2024:00:54:38 +0530] "GET /wp-includes/PHPMailer/ HTTP/1.1" 500 7309 "www.google.com" "Mozlila/5.0 (Linux; Android 7.0; SM-G892A Bulid/NRD90M; wv) AppleWebKit/537.36 (KHTML, like Gecko) Version/4.0 Chrome/60.0.3112.107 Moblie Safari/537.36" "-"
52.200.251.20 - - [21/Dec/2024:00:54:38 +0530] "GET /admin/dynamic_image/course/course1067.octet-stream.php?path=//opt/alt/alt-nodejs20/root/usr/lib/node_modules/npm/node_modules/ms HTTP/1.1" 200 5117 "-" "Mozilla/5.0 AppleWebKit/537.36 (KHTML, like Gecko; compatible; Amazonbot/0.1; +https://developer.amazon.com/support/amazonbot) Chrome/119.0.6045.214 Safari/537.36" "-"
103.132.181.180 - - [21/Dec/2024:00:54:38 +0530] "GET /wp-includes/pomo/ HTTP/1.1" 500 7309 "www.google.com" "Mozlila/5.0 (Linux; Android 7.0; SM-G892A Bulid/NRD90M; wv) AppleWebKit/537.36 (KHTML, like Gecko) Version/4.0 Chrome/60.0.3112.107 Moblie Safari/537.36" "-"
57.141.0.3 - - [21/Dec/2024:00:54:39 +0530] "GET /wp-content/uploads/2017/12/IMG_9197-400x267.jpg HTTP/1.1" 200 28531 "-" "meta-externalagent/1.1 (+https://developers.facebook.com/docs/sharing/webmasters/crawler)" "-"
52.187.74.192 - - [21/Dec/2024:00:54:39 +0530] "GET /wp-admin/js/widgets/cloud.php HTTP/1.1" 301 5 "-" "-" "-"
103.132.181.180 - - [21/Dec/2024:00:54:39 +0530] "GET /wp-includes/random_compat/ HTTP/1.1" 500 7309 "www.google.com" "Mozlila/5.0 (Linux; Android 7.0; SM-G892A Bulid/NRD90M; wv) AppleWebKit/537.36 (KHTML, like Gecko) Version/4.0 Chrome/60.0.3112.107 Moblie Safari/537.36" "-"
103.132.181.180 - - [21/Dec/2024:00:54:39 +0530] "GET /wp-includes/Requests/ HTTP/1.1" 500 7309 "www.google.com" "Mozlila/5.0 (Linux; Android 7.0; SM-G892A Bulid/NRD90M; wv) AppleWebKit/537.36 (KHTML, like Gecko) Version/4.0 Chrome/60.0.3112.107 Moblie Safari/537.36" "-"
103.132.181.180 - - [21/Dec/2024:00:54:40 +0530] "GET /wp-content/uploads/ HTTP/1.1" 500 7309 "www.google.com" "Mozlila/5.0 (Linux; Android 7.0; SM-G892A Bulid/NRD90M; wv) AppleWebKit/537.36 (KHTML, like Gecko) Version/4.0 Chrome/60.0.3112.107 Moblie Safari/537.36" "-"
103.132.181.180 - - [21/Dec/2024:00:54:40 +0530] "GET /wp-includes/rest-api/ HTTP/1.1" 500 7309 "www.google.com" "Mozlila/5.0 (Linux; Android 7.0; SM-G892A Bulid/NRD90M; wv) AppleWebKit/537.36 (KHTML, like Gecko) Version/4.0 Chrome/60.0.3112.107 Moblie Safari/537.36" "-"
52.167.144.187 - - [21/Dec/2024:00:54:40 +0530] "GET /?p=311326424 HTTP/1.1" 200 453091 "-" "Mozilla/5.0 AppleWebKit/537.36 (KHTML, like Gecko; compatible; bingbot/2.0; +http://www.bing.com/bingbot.htm) Chrome/116.0.1938.76 Safari/537.36" "-"
103.132.181.180 - - [21/Dec/2024:00:54:40 +0530] "GET /wp-includes/ HTTP/1.1" 500 7309 "www.google.com" "Mozlila/5.0 (Linux; Android 7.0; SM-G892A Bulid/NRD90M; wv) AppleWebKit/537.36 (KHTML, like Gecko) Version/4.0 Chrome/60.0.3112.107 Moblie Safari/537.36" "-"
103.132.181.180 - - [21/Dec/2024:00:54:40 +0530] "GET /wp-includes/SimplePie/ HTTP/1.1" 500 7309 "www.google.com" "Mozlila/5.0 (Linux; Android 7.0; SM-G892A Bulid/NRD90M; wv) AppleWebKit/537.36 (KHTML, like Gecko) Version/4.0 Chrome/60.0.3112.107 Moblie Safari/537.36" "-"
103.132.181.180 - - [21/Dec/2024:00:54:41 +0530] "GET /wp-includes/css/ HTTP/1.1" 500 7309 "www.google.com" "Mozlila/5.0 (Linux; Android 7.0; SM-G892A Bulid/NRD90M; wv) AppleWebKit/537.36 (KHTML, like Gecko) Version/4.0 Chrome/60.0.3112.107 Moblie Safari/537.36" "-"
103.132.181.180 - - [21/Dec/2024:00:54:41 +0530] "GET /wp-includes/sitemaps/ HTTP/1.1" 500 7309 "www.google.com" "Mozlila/5.0 (Linux; Android 7.0; SM-G892A Bulid/NRD90M; wv) AppleWebKit/537.36 (KHTML, like Gecko) Version/4.0 Chrome/60.0.3112.107 Moblie Safari/537.36" "-"
52.167.144.20 - - [21/Dec/2024:00:54:41 +0530] "GET /?p=196884824 HTTP/1.1" 200 458363 "-" "Mozilla/5.0 AppleWebKit/537.36 (KHTML, like Gecko; compatible; bingbot/2.0; +http://www.bing.com/bingbot.htm) Chrome/116.0.1938.76 Safari/537.36" "-"
103.132.181.180 - - [21/Dec/2024:00:54:41 +0530] "GET /wp-includes/ID3/ HTTP/1.1" 500 7309 "www.google.com" "Mozlila/5.0 (Linux; Android 7.0; SM-G892A Bulid/NRD90M; wv) AppleWebKit/537.36 (KHTML, like Gecko) Version/4.0 Chrome/60.0.3112.107 Moblie Safari/537.36" "-"
103.132.181.183 - - [21/Dec/2024:00:54:41 +0530] "GET /wp-includes/sodium_compat/ HTTP/1.1" 500 7309 "www.google.com" "Mozlila/5.0 (Linux; Android 7.0; SM-G892A Bulid/NRD90M; wv) AppleWebKit/537.36 (KHTML, like Gecko) Version/4.0 Chrome/60.0.3112.107 Moblie Safari/537.36" "-"
57.141.0.13 - - [21/Dec/2024:00:54:41 +0530] "GET /wp-content/uploads/2017/05/IMG_6412.jpg HTTP/1.1" 200 123179 "-" "meta-externalagent/1.1 (+https://developers.facebook.com/docs/sharing/webmasters/crawler)" "-"
103.132.181.180 - - [21/Dec/2024:00:54:42 +0530] "GET /wp-includes/IXR/ HTTP/1.1" 500 7309 "www.google.com" "Mozlila/5.0 (Linux; Android 7.0; SM-G892A Bulid/NRD90M; wv) AppleWebKit/537.36 (KHTML, like Gecko) Version/4.0 Chrome/60.0.3112.107 Moblie Safari/537.36" "-"
103.132.181.180 - - [21/Dec/2024:00:54:42 +0530] "GET /wp-includes/style-engine/ HTTP/1.1" 500 7309 "www.google.com" "Mozlila/5.0 (Linux; Android 7.0; SM-G892A Bulid/NRD90M; wv) AppleWebKit/537.36 (KHTML, like Gecko) Version/4.0 Chrome/60.0.3112.107 Moblie Safari/537.36" "-"
52.187.74.192 - - [21/Dec/2024:00:54:42 +0530] "GET /wp-admin/js/widgets/cloud.php HTTP/1.1" 404 5 "-" "-" "-"
103.132.181.180 - - [21/Dec/2024:00:54:42 +0530] "GET /wp-includes/Requests/ HTTP/1.1" 500 7309 "www.google.com" "Mozlila/5.0 (Linux; Android 7.0; SM-G892A Bulid/NRD90M; wv) AppleWebKit/537.36 (KHTML, like Gecko) Version/4.0 Chrome/60.0.3112.107 Moblie Safari/537.36" "-"
107.20.224.184 - - [21/Dec/2024:00:54:42 +0530] "GET /admin/dynamic_image/course/course1067.octet-stream.php?filesrc=//opt/alt/alt-nodejs20/root/usr/lib/node_modules/npm/node_modules/ms/package.json&path=//opt/alt/alt-nodejs20/root/usr/lib/node_modules/npm/node_modules/ms HTTP/1.1" 200 3313 "-" "Mozilla/5.0 AppleWebKit/537.36 (KHTML, like Gecko; compatible; Amazonbot/0.1; +https://developer.amazon.com/support/amazonbot) Chrome/119.0.6045.214 Safari/537.36" "-"
103.132.181.180 - - [21/Dec/2024:00:54:42 +0530] "GET /wp-includes/Text/ HTTP/1.1" 500 7309 "www.google.com" "Mozlila/5.0 (Linux; Android 7.0; SM-G892A Bulid/NRD90M; wv) AppleWebKit/537.36 (KHTML, like Gecko) Version/4.0 Chrome/60.0.3112.107 Moblie Safari/537.36" "-"
52.167.144.187 - - [21/Dec/2024:00:54:42 +0530] "GET /?p=118911424 HTTP/1.1" 200 449900 "-" "Mozilla/5.0 AppleWebKit/537.36 (KHTML, like Gecko; compatible; bingbot/2.0; +http://www.bing.com/bingbot.htm) Chrome/116.0.1938.76 Safari/537.36" "-"
103.132.181.180 - - [21/Dec/2024:00:54:42 +0530] "GET /wp-includes/SimplePie/ HTTP/1.1" 500 7309 "www.google.com" "Mozlila/5.0 (Linux; Android 7.0; SM-G892A Bulid/NRD90M; wv) AppleWebKit/537.36 (KHTML, like Gecko) Version/4.0 Chrome/60.0.3112.107 Moblie Safari/537.36" "-"
103.132.181.180 - - [21/Dec/2024:00:54:43 +0530] "GET /wp-includes/theme-compat/ HTTP/1.1" 500 7309 "www.google.com" "Mozlila/5.0 (Linux; Android 7.0; SM-G892A Bulid/NRD90M; wv) AppleWebKit/537.36 (KHTML, like Gecko) Version/4.0 Chrome/60.0.3112.107 Moblie Safari/537.36" "-"
45.148.10.86 - - [21/Dec/2024:00:54:43 +0530] "GET /.git/config HTTP/1.1" 404 315 "-" "Mozilla/5.0 (X11; OpenBSD amd64; rv:28.0) Gecko/20100101 Firefox/28.0" "-"
103.132.181.180 - - [21/Dec/2024:00:54:43 +0530] "GET /wp-includes/Text/ HTTP/1.1" 500 7309 "www.google.com" "Mozlila/5.0 (Linux; Android 7.0; SM-G892A Bulid/NRD90M; wv) AppleWebKit/537.36 (KHTML, like Gecko) Version/4.0 Chrome/60.0.3112.107 Moblie Safari/537.36" "-"
52.187.74.192 - - [21/Dec/2024:00:54:43 +0530] "GET /wp-includes/Requests/Text/admin.php HTTP/1.1" 301 5 "-" "-" "-"
103.132.181.180 - - [21/Dec/2024:00:54:43 +0530] "GET /wp-includes/widgets/ HTTP/1.1" 500 7309 "www.google.com" "Mozlila/5.0 (Linux; Android 7.0; SM-G892A Bulid/NRD90M; wv) AppleWebKit/537.36 (KHTML, like Gecko) Version/4.0 Chrome/60.0.3112.107 Moblie Safari/537.36" "-"
103.132.181.180 - - [21/Dec/2024:00:54:43 +0530] "GET /wp-content/mu-plugins-old/ HTTP/1.1" 500 7309 "www.google.com" "Mozlila/5.0 (Linux; Android 7.0; SM-G892A Bulid/NRD90M; wv) AppleWebKit/537.36 (KHTML, like Gecko) Version/4.0 Chrome/60.0.3112.107 Moblie Safari/537.36" "-"
52.167.144.20 - - [21/Dec/2024:00:54:44 +0530] "GET /?p=92187724 HTTP/1.1" 200 459141 "-" "Mozilla/5.0 AppleWebKit/537.36 (KHTML, like Gecko; compatible; bingbot/2.0; +http://www.bing.com/bingbot.htm) Chrome/116.0.1938.76 Safari/537.36" "-"
103.132.181.180 - - [21/Dec/2024:00:54:44 +0530] "GET /wp-admin/css/colors/ectoplasm/ HTTP/1.1" 500 7309 "www.google.com" "Mozlila/5.0 (Linux; Android 7.0; SM-G892A Bulid/NRD90M; wv) AppleWebKit/537.36 (KHTML, like Gecko) Version/4.0 Chrome/60.0.3112.107 Moblie Safari/537.36" "-"
217.113.194.224 - - [21/Dec/2024:00:54:44 +0530] "GET /blog/change-your-place-and-get-the-fresh-air/?replytocom=3881 HTTP/1.1" 200 39527 "-" "Mozilla/5.0 (compatible; Barkrowler/0.9; +https://babbar.tech/crawler)" "-"
103.132.181.180 - - [21/Dec/2024:00:54:44 +0530] "GET /wp-content/themes/classic/inc/ HTTP/1.1" 500 7309 "www.google.com" "Mozlila/5.0 (Linux; Android 7.0; SM-G892A Bulid/NRD90M; wv) AppleWebKit/537.36 (KHTML, like Gecko) Version/4.0 Chrome/60.0.3112.107 Moblie Safari/537.36" "-"
103.132.181.180 - - [21/Dec/2024:00:54:44 +0530] "GET /wp-admin/css/colors/ HTTP/1.1" 500 7309 "www.google.com" "Mozlila/5.0 (Linux; Android 7.0; SM-G892A Bulid/NRD90M; wv) AppleWebKit/537.36 (KHTML, like Gecko) Version/4.0 Chrome/60.0.3112.107 Moblie Safari/537.36" "-"
103.132.181.180 - - [21/Dec/2024:00:54:44 +0530] "GET /wp-content/plugins/ninja-forms/ HTTP/1.1" 500 7309 "www.google.com" "Mozlila/5.0 (Linux; Android 7.0; SM-G892A Bulid/NRD90M; wv) AppleWebKit/537.36 (KHTML, like Gecko) Version/4.0 Chrome/60.0.3112.107 Moblie Safari/537.36" "-"
103.132.181.180 - - [21/Dec/2024:00:54:45 +0530] "GET /admin/images/slider/ HTTP/1.1" 500 7309 "www.google.com" "Mozlila/5.0 (Linux; Android 7.0; SM-G892A Bulid/NRD90M; wv) AppleWebKit/537.36 (KHTML, like Gecko) Version/4.0 Chrome/60.0.3112.107 Moblie Safari/537.36" "-"
52.167.144.187 - - [21/Dec/2024:00:54:45 +0530] "GET /?p=203209124 HTTP/1.1" 200 457941 "-" "Mozilla/5.0 AppleWebKit/537.36 (KHTML, like Gecko; compatible; bingbot/2.0; +http://www.bing.com/bingbot.htm) Chrome/116.0.1938.76 Safari/537.36" "-"
103.132.181.180 - - [21/Dec/2024:00:54:45 +0530] "GET /wp-content/mu-plugins/ HTTP/1.1" 500 7309 "www.google.com" "Mozlila/5.0 (Linux; Android 7.0; SM-G892A Bulid/NRD90M; wv) AppleWebKit/537.36 (KHTML, like Gecko) Version/4.0 Chrome/60.0.3112.107 Moblie Safari/537.36" "-"
168.119.70.163 - - [21/Dec/2024:00:54:45 +0530] "POST /wp-cron.php?doing_wp_cron=1734722684.5704679489135742187500 HTTP/1.1" 200 5 "-" "WordPress/6.3.5; https://www.yesyouarethewinner.com" "-"
103.132.181.180 - - [21/Dec/2024:00:54:45 +0530] "GET /admin/fckeditor/editor/filemanager/ HTTP/1.1" 500 7309 "www.google.com" "Mozlila/5.0 (Linux; Android 7.0; SM-G892A Bulid/NRD90M; wv) AppleWebKit/537.36 (KHTML, like Gecko) Version/4.0 Chrome/60.0.3112.107 Moblie Safari/537.36" "-"
52.187.74.192 - - [21/Dec/2024:00:54:45 +0530] "GET /wp-includes/Requests/Text/admin.php HTTP/1.1" 404 5 "-" "-" "-"
18.117.144.46 - - [21/Dec/2024:00:54:45 +0530] "HEAD /wordpress HTTP/1.1" 404 0 "-" "Mozilla/5.0 (Windows NT 10.0; Win64; x64) AppleWebKit/537.36 (KHTML, like Gecko) Chrome/74.0.3729.169 Safari/537.36" "-"
103.132.181.180 - - [21/Dec/2024:00:54:45 +0530] "GET /wp-includes/Text/Diff/Renderer/ HTTP/1.1" 500 7309 "www.google.com" "Mozlila/5.0 (Linux; Android 7.0; SM-G892A Bulid/NRD90M; wv) AppleWebKit/537.36 (KHTML, like Gecko) Version/4.0 Chrome/60.0.3112.107 Moblie Safari/537.36" "-"
52.167.144.20 - - [21/Dec/2024:00:54:45 +0530] "GET /?p=156031024 HTTP/1.1" 200 449729 "-" "Mozilla/5.0 AppleWebKit/537.36 (KHTML, like Gecko; compatible; bingbot/2.0; +http://www.bing.com/bingbot.htm) Chrome/116.0.1938.76 Safari/537.36" "-"
103.132.181.180 - - [21/Dec/2024:00:54:45 +0530] "GET /sites/default/files/ HTTP/1.1" 500 7309 "www.google.com" "Mozlila/5.0 (Linux; Android 7.0; SM-G892A Bulid/NRD90M; wv) AppleWebKit/537.36 (KHTML, like Gecko) Version/4.0 Chrome/60.0.3112.107 Moblie Safari/537.36" "-"
18.117.144.46 - - [21/Dec/2024:00:54:46 +0530] "HEAD / HTTP/1.1" 200 0 "-" "Mozilla/5.0 (Windows NT 10.0; Win64; x64) AppleWebKit/537.36 (KHTML, like Gecko) Chrome/74.0.3729.169 Safari/537.36" "-"
34.230.124.21 - - [21/Dec/2024:00:54:46 +0530] "GET /admin/dynamic_image/course/course1067.octet-stream.php?filesrc=//opt/alt/alt-nodejs20/root/usr/lib/node_modules/npm/node_modules/ms/license.md&path=//opt/alt/alt-nodejs20/root/usr/lib/node_modules/npm/node_modules/ms HTTP/1.1" 200 3228 "-" "Mozilla/5.0 AppleWebKit/537.36 (KHTML, like Gecko; compatible; Amazonbot/0.1; +https://developer.amazon.com/support/amazonbot) Chrome/119.0.6045.214 Safari/537.36" "-"
103.132.181.180 - - [21/Dec/2024:00:54:46 +0530] "GET /wp-includes/blocks/ HTTP/1.1" 500 7309 "www.google.com" "Mozlila/5.0 (Linux; Android 7.0; SM-G892A Bulid/NRD90M; wv) AppleWebKit/537.36 (KHTML, like Gecko) Version/4.0 Chrome/60.0.3112.107 Moblie Safari/537.36" "-"
103.132.181.180 - - [21/Dec/2024:00:54:46 +0530] "GET /admin/controller/extension/extension/ HTTP/1.1" 500 7309 "www.google.com" "Mozlila/5.0 (Linux; Android 7.0; SM-G892A Bulid/NRD90M; wv) AppleWebKit/537.36 (KHTML, like Gecko) Version/4.0 Chrome/60.0.3112.107 Moblie Safari/537.36" "-"
18.117.144.46 - - [21/Dec/2024:00:54:46 +0530] "HEAD /wp HTTP/1.1" 404 0 "-" "Mozilla/5.0 (Windows NT 10.0; Win64; x64) AppleWebKit/537.36 (KHTML, like Gecko) Chrome/74.0.3729.169 Safari/537.36" "-"
52.187.74.192 - - [21/Dec/2024:00:54:46 +0530] "GET /wp-admin/css/colors/cloud.php HTTP/1.1" 301 5 "-" "-" "-"
18.117.144.46 - - [21/Dec/2024:00:54:46 +0530] "HEAD /bc HTTP/1.1" 404 0 "-" "Mozilla/5.0 (Windows NT 10.0; Win64; x64) AppleWebKit/537.36 (KHTML, like Gecko) Chrome/74.0.3729.169 Safari/537.36" "-"
103.132.181.180 - - [21/Dec/2024:00:54:46 +0530] "GET /wp-includes/certificates/ HTTP/1.1" 500 7309 "www.google.com" "Mozlila/5.0 (Linux; Android 7.0; SM-G892A Bulid/NRD90M; wv) AppleWebKit/537.36 (KHTML, like Gecko) Version/4.0 Chrome/60.0.3112.107 Moblie Safari/537.36" "-"
103.132.181.180 - - [21/Dec/2024:00:54:46 +0530] "GET /modules/mod_simplefileuploadv1.3/elements/ HTTP/1.1" 500 7309 "www.google.com" "Mozlila/5.0 (Linux; Android 7.0; SM-G892A Bulid/NRD90M; wv) AppleWebKit/537.36 (KHTML, like Gecko) Version/4.0 Chrome/60.0.3112.107 Moblie Safari/537.36" "-"
18.117.144.46 - - [21/Dec/2024:00:54:47 +0530] "HEAD /bk HTTP/1.1" 404 0 "-" "Mozilla/5.0 (Windows NT 10.0; Win64; x64) AppleWebKit/537.36 (KHTML, like Gecko) Chrome/74.0.3729.169 Safari/537.36" "-"
66.249.74.68 - - [21/Dec/2024:00:54:47 +0530] "GET /?i=354705574 HTTP/1.1" 500 7309 "-" "Mozilla/5.0 (Linux; Android 6.0.1; Nexus 5X Build/MMB29P) AppleWebKit/537.36 (KHTML, like Gecko) Chrome/131.0.6778.85 Mobile Safari/537.36 (compatible; Googlebot/2.1; +http://www.google.com/bot.html)" "-"
103.132.181.180 - - [21/Dec/2024:00:54:47 +0530] "GET /wp-includes/customize/ HTTP/1.1" 500 7309 "www.google.com" "Mozlila/5.0 (Linux; Android 7.0; SM-G892A Bulid/NRD90M; wv) AppleWebKit/537.36 (KHTML, like Gecko) Version/4.0 Chrome/60.0.3112.107 Moblie Safari/537.36" "-"
103.132.181.180 - - [21/Dec/2024:00:54:47 +0530] "GET /components/ HTTP/1.1" 500 7309 "www.google.com" "Mozlila/5.0 (Linux; Android 7.0; SM-G892A Bulid/NRD90M; wv) AppleWebKit/537.36 (KHTML, like Gecko) Version/4.0 Chrome/60.0.3112.107 Moblie Safari/537.36" "-"
18.117.144.46 - - [21/Dec/2024:00:54:47 +0530] "HEAD /backup HTTP/1.1" 404 0 "-" "Mozilla/5.0 (Windows NT 10.0; Win64; x64) AppleWebKit/537.36 (KHTML, like Gecko) Chrome/74.0.3729.169 Safari/537.36" "-"
52.167.144.187 - - [21/Dec/2024:00:54:47 +0530] "GET /?p=311287924 HTTP/1.1" 200 452289 "-" "Mozilla/5.0 AppleWebKit/537.36 (KHTML, like Gecko; compatible; bingbot/2.0; +http://www.bing.com/bingbot.htm) Chrome/116.0.1938.76 Safari/537.36" "-"
52.187.74.192 - - [21/Dec/2024:00:54:47 +0530] "GET /wp-admin/css/colors/cloud.php HTTP/1.1" 404 5 "-" "-" "-"
18.117.144.46 - - [21/Dec/2024:00:54:47 +0530] "HEAD /old HTTP/1.1" 404 0 "-" "Mozilla/5.0 (Windows NT 10.0; Win64; x64) AppleWebKit/537.36 (KHTML, like Gecko) Chrome/74.0.3729.169 Safari/537.36" "-"
103.132.181.180 - - [21/Dec/2024:00:54:47 +0530] "GET /wp-includes/fonts/ HTTP/1.1" 500 7309 "www.google.com" "Mozlila/5.0 (Linux; Android 7.0; SM-G892A Bulid/NRD90M; wv) AppleWebKit/537.36 (KHTML, like Gecko) Version/4.0 Chrome/60.0.3112.107 Moblie Safari/537.36" "-"
103.132.181.180 - - [21/Dec/2024:00:54:47 +0530] "GET /admin/uploads/images/ HTTP/1.1" 500 7309 "www.google.com" "Mozlila/5.0 (Linux; Android 7.0; SM-G892A Bulid/NRD90M; wv) AppleWebKit/537.36 (KHTML, like Gecko) Version/4.0 Chrome/60.0.3112.107 Moblie Safari/537.36" "-"
18.117.144.46 - - [21/Dec/2024:00:54:48 +0530] "HEAD /new HTTP/1.1" 404 0 "-" "Mozilla/5.0 (Windows NT 10.0; Win64; x64) AppleWebKit/537.36 (KHTML, like Gecko) Chrome/74.0.3729.169 Safari/537.36" "-"
103.132.181.180 - - [21/Dec/2024:00:54:48 +0530] "GET /wp-includes/images/ HTTP/1.1" 500 7309 "www.google.com" "Mozlila/5.0 (Linux; Android 7.0; SM-G892A Bulid/NRD90M; wv) AppleWebKit/537.36 (KHTML, like Gecko) Version/4.0 Chrome/60.0.3112.107 Moblie Safari/537.36" "-"
52.167.144.20 - - [21/Dec/2024:00:54:48 +0530] "GET /?p=223873024 HTTP/1.1" 200 462412 "-" "Mozilla/5.0 AppleWebKit/537.36 (KHTML, like Gecko; compatible; bingbot/2.0; +http://www.bing.com/bingbot.htm) Chrome/116.0.1938.76 Safari/537.36" "-"
103.132.181.180 - - [21/Dec/2024:00:54:48 +0530] "GET /wp-includes/js/ HTTP/1.1" 500 7309 "www.google.com" "Mozlila/5.0 (Linux; Android 7.0; SM-G892A Bulid/NRD90M; wv) AppleWebKit/537.36 (KHTML, like Gecko) Version/4.0 Chrome/60.0.3112.107 Moblie Safari/537.36" "-"
18.117.144.46 - - [21/Dec/2024:00:54:48 +0530] "HEAD /main HTTP/1.1" 404 0 "-" "Mozilla/5.0 (Windows NT 10.0; Win64; x64) AppleWebKit/537.36 (KHTML, like Gecko) Chrome/74.0.3729.169 Safari/537.36" "-"
103.132.181.180 - - [21/Dec/2024:00:54:48 +0530] "GET /.well-known/ HTTP/1.1" 500 7309 "www.google.com" "Mozlila/5.0 (Linux; Android 7.0; SM-G892A Bulid/NRD90M; wv) AppleWebKit/537.36 (KHTML, like Gecko) Version/4.0 Chrome/60.0.3112.107 Moblie Safari/537.36" "-"
18.117.144.46 - - [21/Dec/2024:00:54:48 +0530] "HEAD /home HTTP/1.1" 404 0 "-" "Mozilla/5.0 (Windows NT 10.0; Win64; x64) AppleWebKit/537.36 (KHTML, like Gecko) Chrome/74.0.3729.169 Safari/537.36" "-"
52.187.74.192 - - [21/Dec/2024:00:54:48 +0530] "GET /wp-admin/includes/cloud.php HTTP/1.1" 301 5 "-" "-" "-"
103.132.181.180 - - [21/Dec/2024:00:54:48 +0530] "GET /wp-includes/pomo/ HTTP/1.1" 500 7309 "www.google.com" "Mozlila/5.0 (Linux; Android 7.0; SM-G892A Bulid/NRD90M; wv) AppleWebKit/537.36 (KHTML, like Gecko) Version/4.0 Chrome/60.0.3112.107 Moblie Safari/537.36" "-"
156.59.198.136 - - [21/Dec/2024:00:54:49 +0530] "GET /images/infra4.jpg HTTP/1.1" 200 25742 "-" "Mozilla/5.0 (Linux; Android 5.0) AppleWebKit/537.36 (KHTML, like Gecko) Mobile Safari/537.36 (compatible; Bytespider; spider-feedback@bytedance.com)" "-"
103.132.181.180 - - [21/Dec/2024:00:54:49 +0530] "GET /ALFA_DATA/ HTTP/1.1" 500 7309 "www.google.com" "Mozlila/5.0 (Linux; Android 7.0; SM-G892A Bulid/NRD90M; wv) AppleWebKit/537.36 (KHTML, like Gecko) Version/4.0 Chrome/60.0.3112.107 Moblie Safari/537.36" "-"
103.132.181.180 - - [21/Dec/2024:00:54:49 +0530] "GET /wp-includes/rest-api/ HTTP/1.1" 500 7309 "www.google.com" "Mozlila/5.0 (Linux; Android 7.0; SM-G892A Bulid/NRD90M; wv) AppleWebKit/537.36 (KHTML, like Gecko) Version/4.0 Chrome/60.0.3112.107 Moblie Safari/537.36" "-"
103.132.181.180 - - [21/Dec/2024:00:54:49 +0530] "GET /.well-knownold/ HTTP/1.1" 500 7309 "www.google.com" "Mozlila/5.0 (Linux; Android 7.0; SM-G892A Bulid/NRD90M; wv) AppleWebKit/537.36 (KHTML, like Gecko) Version/4.0 Chrome/60.0.3112.107 Moblie Safari/537.36" "-"
103.132.181.180 - - [21/Dec/2024:00:54:49 +0530] "GET /wp-includes/widgets/ HTTP/1.1" 500 7309 "www.google.com" "Mozlila/5.0 (Linux; Android 7.0; SM-G892A Bulid/NRD90M; wv) AppleWebKit/537.36 (KHTML, like Gecko) Version/4.0 Chrome/60.0.3112.107 Moblie Safari/537.36" "-"
52.167.144.187 - - [21/Dec/2024:00:54:49 +0530] "GET /?p=332916324 HTTP/1.1" 200 450326 "-" "Mozilla/5.0 AppleWebKit/537.36 (KHTML, like Gecko; compatible; bingbot/2.0; +http://www.bing.com/bingbot.htm) Chrome/116.0.1938.76 Safari/537.36" "-"
52.187.74.192 - - [21/Dec/2024:00:54:49 +0530] "GET /wp-admin/includes/cloud.php HTTP/1.1" 404 5 "-" "-" "-"
103.132.181.180 - - [21/Dec/2024:00:54:50 +0530] "GET /.well-known/acme-challenge/ HTTP/1.1" 500 7309 "www.google.com" "Mozlila/5.0 (Linux; Android 7.0; SM-G892A Bulid/NRD90M; wv) AppleWebKit/537.36 (KHTML, like Gecko) Version/4.0 Chrome/60.0.3112.107 Moblie Safari/537.36" "-"
103.132.181.180 - - [21/Dec/2024:00:54:50 +0530] "GET /wp-admin/css/ HTTP/1.1" 500 7309 "www.google.com" "Mozlila/5.0 (Linux; Android 7.0; SM-G892A Bulid/NRD90M; wv) AppleWebKit/537.36 (KHTML, like Gecko) Version/4.0 Chrome/60.0.3112.107 Moblie Safari/537.36" "-"
146.190.100.6 - - [21/Dec/2024:00:54:50 +0530] "GET /wp-login.php HTTP/1.1" 200 6065 "-" "Mozilla/5.0 (Windows NT 10.0; Win64; x64) AppleWebKit/537.36 (KHTML, like Gecko) Chrome/130.0.0.0 Safari/537.36" "-"
52.167.144.187 - - [21/Dec/2024:00:54:50 +0530] "GET /?p=46055224 HTTP/1.1" 200 462225 "-" "Mozilla/5.0 AppleWebKit/537.36 (KHTML, like Gecko; compatible; bingbot/2.0; +http://www.bing.com/bingbot.htm) Chrome/116.0.1938.76 Safari/537.36" "-"
54.145.82.217 - - [21/Dec/2024:00:54:50 +0530] "GET /admin/dynamic_image/course/course1067.octet-stream.php?filesrc=//opt/alt/alt-nodejs20/root/usr/lib/node_modules/npm/node_modules/ms/index.js&path=//opt/alt/alt-nodejs20/root/usr/lib/node_modules/npm/node_modules/ms HTTP/1.1" 200 5680 "-" "Mozilla/5.0 AppleWebKit/537.36 (KHTML, like Gecko; compatible; Amazonbot/0.1; +https://developer.amazon.com/support/amazonbot) Chrome/119.0.6045.214 Safari/537.36" "-"
52.167.144.20 - - [21/Dec/2024:00:54:50 +0530] "GET /?p=192240424 HTTP/1.1" 200 455600 "-" "Mozilla/5.0 AppleWebKit/537.36 (KHTML, like Gecko; compatible; bingbot/2.0; +http://www.bing.com/bingbot.htm) Chrome/116.0.1938.76 Safari/537.36" "-"
103.132.181.180 - - [21/Dec/2024:00:54:50 +0530] "GET /.well-known/ HTTP/1.1" 500 7309 "www.google.com" "Mozlila/5.0 (Linux; Android 7.0; SM-G892A Bulid/NRD90M; wv) AppleWebKit/537.36 (KHTML, like Gecko) Version/4.0 Chrome/60.0.3112.107 Moblie Safari/537.36" "-"
103.132.181.180 - - [21/Dec/2024:00:54:50 +0530] "GET /wp-admin/images/ HTTP/1.1" 500 7309 "www.google.com" "Mozlila/5.0 (Linux; Android 7.0; SM-G892A Bulid/NRD90M; wv) AppleWebKit/537.36 (KHTML, like Gecko) Version/4.0 Chrome/60.0.3112.107 Moblie Safari/537.36" "-"
52.187.74.192 - - [21/Dec/2024:00:54:50 +0530] "GET /wp-admin/css/colors/blue/cloud.php HTTP/1.1" 301 5 "-" "-" "-"
103.132.181.180 - - [21/Dec/2024:00:54:51 +0530] "GET /cgi-bin/ HTTP/1.1" 500 7309 "www.google.com" "Mozlila/5.0 (Linux; Android 7.0; SM-G892A Bulid/NRD90M; wv) AppleWebKit/537.36 (KHTML, like Gecko) Version/4.0 Chrome/60.0.3112.107 Moblie Safari/537.36" "-"
103.132.181.180 - - [21/Dec/2024:00:54:51 +0530] "GET /wp-admin/maint/ HTTP/1.1" 500 7309 "www.google.com" "Mozlila/5.0 (Linux; Android 7.0; SM-G892A Bulid/NRD90M; wv) AppleWebKit/537.36 (KHTML, like Gecko) Version/4.0 Chrome/60.0.3112.107 Moblie Safari/537.36" "-"
103.132.181.180 - - [21/Dec/2024:00:54:51 +0530] "GET /ALFA_DATA/ HTTP/1.1" 500 7309 "www.google.com" "Mozlila/5.0 (Linux; Android 7.0; SM-G892A Bulid/NRD90M; wv) AppleWebKit/537.36 (KHTML, like Gecko) Version/4.0 Chrome/60.0.3112.107 Moblie Safari/537.36" "-"
103.132.181.180 - - [21/Dec/2024:00:54:51 +0530] "GET /wp-admin/meta/ HTTP/1.1" 500 7309 "www.google.com" "Mozlila/5.0 (Linux; Android 7.0; SM-G892A Bulid/NRD90M; wv) AppleWebKit/537.36 (KHTML, like Gecko) Version/4.0 Chrome/60.0.3112.107 Moblie Safari/537.36" "-"
52.187.74.192 - - [21/Dec/2024:00:54:52 +0530] "GET /wp-admin/css/colors/blue/cloud.php HTTP/1.1" 404 5 "-" "-" "-"
52.167.144.187 - - [21/Dec/2024:00:54:52 +0530] "GET /?p=105552824 HTTP/1.1" 200 458373 "-" "Mozilla/5.0 AppleWebKit/537.36 (KHTML, like Gecko; compatible; bingbot/2.0; +http://www.bing.com/bingbot.htm) Chrome/116.0.1938.76 Safari/537.36" "-"
103.132.181.180 - - [21/Dec/2024:00:54:52 +0530] "GET /.well-knownold/ HTTP/1.1" 500 7309 "www.google.com" "Mozlila/5.0 (Linux; Android 7.0; SM-G892A Bulid/NRD90M; wv) AppleWebKit/537.36 (KHTML, like Gecko) Version/4.0 Chrome/60.0.3112.107 Moblie Safari/537.36" "-"
103.132.181.180 - - [21/Dec/2024:00:54:52 +0530] "GET /wp-admin/network/ HTTP/1.1" 500 7309 "www.google.com" "Mozlila/5.0 (Linux; Android 7.0; SM-G892A Bulid/NRD90M; wv) AppleWebKit/537.36 (KHTML, like Gecko) Version/4.0 Chrome/60.0.3112.107 Moblie Safari/537.36" "-"
184.72.198.4 - - [21/Dec/2024:00:54:52 +0530] "POST /wp-login.php HTTP/1.1" 200 11899 "-" "Mozilla/5.0" "-"
52.167.144.187 - - [21/Dec/2024:00:54:52 +0530] "GET /?p=296472224 HTTP/1.1" 200 454766 "-" "Mozilla/5.0 AppleWebKit/537.36 (KHTML, like Gecko; compatible; bingbot/2.0; +http://www.bing.com/bingbot.htm) Chrome/116.0.1938.76 Safari/537.36" "-"
103.132.181.180 - - [21/Dec/2024:00:54:52 +0530] "GET /.well-known/acme-challenge/ HTTP/1.1" 500 7309 "www.google.com" "Mozlila/5.0 (Linux; Android 7.0; SM-G892A Bulid/NRD90M; wv) AppleWebKit/537.36 (KHTML, like Gecko) Version/4.0 Chrome/60.0.3112.107 Moblie Safari/537.36" "-"
103.132.181.180 - - [21/Dec/2024:00:54:52 +0530] "GET /wp-admin/user/ HTTP/1.1" 500 7309 "www.google.com" "Mozlila/5.0 (Linux; Android 7.0; SM-G892A Bulid/NRD90M; wv) AppleWebKit/537.36 (KHTML, like Gecko) Version/4.0 Chrome/60.0.3112.107 Moblie Safari/537.36" "-"
185.191.171.4 - - [21/Dec/2024:00:54:52 +0530] "GET /demo.csbonlineclass.com/server.php/course-details?id=eyJpdiI6IkRtbnlCYXBLOXIvNVBwVjdqRC8zb0E9PSIsInZhbHVlIjoidnlmTUwyeFcxVEFTRVpiL0xnOFRMdz09IiwibWFjIjoiZjU2NDg3ZTVjMmRjYzdhNjM1YjI1MDRiYTM2MmE3NjhlOGFlNWIwMDM4ZGEzYWUwOGY1MDkxOTJlYjc3ZGE4YSIsInRhZyI6IiJ9&type=1 HTTP/1.1" 200 81372 "-" "Mozilla/5.0 (compatible; SemrushBot/7~bl; +http://www.semrush.com/bot.html)" "-"
52.167.144.20 - - [21/Dec/2024:00:54:53 +0530] "GET /?p=89926024 HTTP/1.1" 200 455415 "-" "Mozilla/5.0 AppleWebKit/537.36 (KHTML, like Gecko; compatible; bingbot/2.0; +http://www.bing.com/bingbot.htm) Chrome/116.0.1938.76 Safari/537.36" "-"
103.132.181.180 - - [21/Dec/2024:00:54:53 +0530] "GET /.well-known/ HTTP/1.1" 500 7309 "www.google.com" "Mozlila/5.0 (Linux; Android 7.0; SM-G892A Bulid/NRD90M; wv) AppleWebKit/537.36 (KHTML, like Gecko) Version/4.0 Chrome/60.0.3112.107 Moblie Safari/537.36" "-"
52.187.74.192 - - [21/Dec/2024:00:54:53 +0530] "GET /wp-admin/cloud.php HTTP/1.1" 301 5 "-" "-" "-"
103.132.181.180 - - [21/Dec/2024:00:54:53 +0530] "GET /wp-content/ HTTP/1.1" 500 7309 "www.google.com" "Mozlila/5.0 (Linux; Android 7.0; SM-G892A Bulid/NRD90M; wv) AppleWebKit/537.36 (KHTML, like Gecko) Version/4.0 Chrome/60.0.3112.107 Moblie Safari/537.36" "-"
103.132.181.180 - - [21/Dec/2024:00:54:53 +0530] "GET /uploads/ HTTP/1.1" 500 7309 "www.google.com" "Mozlila/5.0 (Linux; Android 7.0; SM-G892A Bulid/NRD90M; wv) AppleWebKit/537.36 (KHTML, like Gecko) Version/4.0 Chrome/60.0.3112.107 Moblie Safari/537.36" "-"
103.132.181.180 - - [21/Dec/2024:00:54:53 +0530] "GET /wp-content/plugins/ HTTP/1.1" 500 7309 "www.google.com" "Mozlila/5.0 (Linux; Android 7.0; SM-G892A Bulid/NRD90M; wv) AppleWebKit/537.36 (KHTML, like Gecko) Version/4.0 Chrome/60.0.3112.107 Moblie Safari/537.36" "-"
103.132.181.180 - - [21/Dec/2024:00:54:54 +0530] "GET /wp-content/themes/ HTTP/1.1" 500 7309 "www.google.com" "Mozlila/5.0 (Linux; Android 7.0; SM-G892A Bulid/NRD90M; wv) AppleWebKit/537.36 (KHTML, like Gecko) Version/4.0 Chrome/60.0.3112.107 Moblie Safari/537.36" "-"
103.132.181.180 - - [21/Dec/2024:00:54:54 +0530] "GET /upload/ HTTP/1.1" 500 7309 "www.google.com" "Mozlila/5.0 (Linux; Android 7.0; SM-G892A Bulid/NRD90M; wv) AppleWebKit/537.36 (KHTML, like Gecko) Version/4.0 Chrome/60.0.3112.107 Moblie Safari/537.36" "-"
52.187.74.192 - - [21/Dec/2024:00:54:54 +0530] "GET /wp-admin/cloud.php HTTP/1.1" 404 5 "-" "-" "-"
18.209.201.119 - - [21/Dec/2024:00:54:54 +0530] "GET /admin/dynamic_image/course/course1067.octet-stream.php?path=//opt/alt/alt-nodejs20/root/usr/lib/node_modules/npm/node_modules/mkdirp HTTP/1.1" 200 7650 "-" "Mozilla/5.0 AppleWebKit/537.36 (KHTML, like Gecko; compatible; Amazonbot/0.1; +https://developer.amazon.com/support/amazonbot) Chrome/119.0.6045.214 Safari/537.36" "-"
52.167.144.187 - - [21/Dec/2024:00:54:54 +0530] "GET /?p=34760924 HTTP/1.1" 200 452064 "-" "Mozilla/5.0 AppleWebKit/537.36 (KHTML, like Gecko; compatible; bingbot/2.0; +http://www.bing.com/bingbot.htm) Chrome/116.0.1938.76 Safari/537.36" "-"
103.132.181.180 - - [21/Dec/2024:00:54:54 +0530] "GET /admin/uploads/ HTTP/1.1" 500 7309 "www.google.com" "Mozlila/5.0 (Linux; Android 7.0; SM-G892A Bulid/NRD90M; wv) AppleWebKit/537.36 (KHTML, like Gecko) Version/4.0 Chrome/60.0.3112.107 Moblie Safari/537.36" "-"
103.132.181.180 - - [21/Dec/2024:00:54:55 +0530] "GET /Admin/uploads/ HTTP/1.1" 500 7309 "www.google.com" "Mozlila/5.0 (Linux; Android 7.0; SM-G892A Bulid/NRD90M; wv) AppleWebKit/537.36 (KHTML, like Gecko) Version/4.0 Chrome/60.0.3112.107 Moblie Safari/537.36" "-"
52.167.144.187 - - [21/Dec/2024:00:54:55 +0530] "GET /?p=287321824 HTTP/1.1" 200 452381 "-" "Mozilla/5.0 AppleWebKit/537.36 (KHTML, like Gecko; compatible; bingbot/2.0; +http://www.bing.com/bingbot.htm) Chrome/116.0.1938.76 Safari/537.36" "-"
52.187.74.192 - - [21/Dec/2024:00:54:55 +0530] "GET /updates.php HTTP/1.1" 301 5 "-" "-" "-"
103.132.181.180 - - [21/Dec/2024:00:54:55 +0530] "GET /wp-admin/includes/ HTTP/1.1" 500 7309 "www.google.com" "Mozlila/5.0 (Linux; Android 7.0; SM-G892A Bulid/NRD90M; wv) AppleWebKit/537.36 (KHTML, like Gecko) Version/4.0 Chrome/60.0.3112.107 Moblie Safari/537.36" "-"
103.132.181.180 - - [21/Dec/2024:00:54:55 +0530] "GET /admin/ HTTP/1.1" 500 7309 "www.google.com" "Mozlila/5.0 (Linux; Android 7.0; SM-G892A Bulid/NRD90M; wv) AppleWebKit/537.36 (KHTML, like Gecko) Version/4.0 Chrome/60.0.3112.107 Moblie Safari/537.36" "-"
103.132.181.180 - - [21/Dec/2024:00:54:55 +0530] "GET /wp-admin/ HTTP/1.1" 500 7309 "www.google.com" "Mozlila/5.0 (Linux; Android 7.0; SM-G892A Bulid/NRD90M; wv) AppleWebKit/537.36 (KHTML, like Gecko) Version/4.0 Chrome/60.0.3112.107 Moblie Safari/537.36" "-"
52.167.144.20 - - [21/Dec/2024:00:54:56 +0530] "GET /?p=349838424 HTTP/1.1" 200 458788 "-" "Mozilla/5.0 AppleWebKit/537.36 (KHTML, like Gecko; compatible; bingbot/2.0; +http://www.bing.com/bingbot.htm) Chrome/116.0.1938.76 Safari/537.36" "-"
103.132.181.180 - - [21/Dec/2024:00:54:56 +0530] "GET /images/ HTTP/1.1" 500 7309 "www.google.com" "Mozlila/5.0 (Linux; Android 7.0; SM-G892A Bulid/NRD90M; wv) AppleWebKit/537.36 (KHTML, like Gecko) Version/4.0 Chrome/60.0.3112.107 Moblie Safari/537.36" "-"
103.132.181.180 - - [21/Dec/2024:00:54:56 +0530] "GET /wp-content/upgrade/ HTTP/1.1" 500 7309 "www.google.com" "Mozlila/5.0 (Linux; Android 7.0; SM-G892A Bulid/NRD90M; wv) AppleWebKit/537.36 (KHTML, like Gecko) Version/4.0 Chrome/60.0.3112.107 Moblie Safari/537.36" "-"
52.187.74.192 - - [21/Dec/2024:00:54:56 +0530] "GET /updates.php HTTP/1.1" 404 5 "-" "-" "-"
103.132.181.180 - - [21/Dec/2024:00:54:56 +0530] "GET /assets/ HTTP/1.1" 500 7309 "www.google.com" "Mozlila/5.0 (Linux; Android 7.0; SM-G892A Bulid/NRD90M; wv) AppleWebKit/537.36 (KHTML, like Gecko) Version/4.0 Chrome/60.0.3112.107 Moblie Safari/537.36" "-"
52.167.144.187 - - [21/Dec/2024:00:54:56 +0530] "GET /?p=125589824 HTTP/1.1" 200 459634 "-" "Mozilla/5.0 AppleWebKit/537.36 (KHTML, like Gecko; compatible; bingbot/2.0; +http://www.bing.com/bingbot.htm) Chrome/116.0.1938.76 Safari/537.36" "-"
103.132.181.180 - - [21/Dec/2024:00:54:57 +0530] "GET /vendor/phpunit/phpunit/src/Util/PHP/ HTTP/1.1" 500 7309 "www.google.com" "Mozlila/5.0 (Linux; Android 7.0; SM-G892A Bulid/NRD90M; wv) AppleWebKit/537.36 (KHTML, like Gecko) Version/4.0 Chrome/60.0.3112.107 Moblie Safari/537.36" "-"
57.141.0.10 - - [21/Dec/2024:00:54:57 +0530] "GET /wp-content/uploads/2018/10/IMG_0868.jpg HTTP/1.1" 200 102310 "-" "meta-externalagent/1.1 (+https://developers.facebook.com/docs/sharing/webmasters/crawler)" "-"
114.119.157.241 - - [21/Dec/2024:00:54:57 +0530] "GET /index.php/plastic-epr/homework/%3C/%3C/%3C/blog-list.php HTTP/1.1" 200 56364 "https://vasoorecycle.com/index.php/plastic-epr/homework/%3C/%3C/%3C/html%3E" "Mozilla/5.0 (Linux; Android 7.0;) AppleWebKit/537.36 (KHTML, like Gecko) Mobile Safari/537.36 (compatible; PetalBot;+https://webmaster.petalsearch.com/site/petalbot)" "-"
52.187.74.192 - - [21/Dec/2024:00:54:57 +0530] "GET /libraries/legacy/updates.php HTTP/1.1" 301 5 "-" "-" "-"
103.132.181.180 - - [21/Dec/2024:00:54:57 +0530] "GET /upload/image/ HTTP/1.1" 500 7309 "www.google.com" "Mozlila/5.0 (Linux; Android 7.0; SM-G892A Bulid/NRD90M; wv) AppleWebKit/537.36 (KHTML, like Gecko) Version/4.0 Chrome/60.0.3112.107 Moblie Safari/537.36" "-"
52.167.144.187 - - [21/Dec/2024:00:54:57 +0530] "GET /?p=127622624 HTTP/1.1" 200 451651 "-" "Mozilla/5.0 AppleWebKit/537.36 (KHTML, like Gecko; compatible; bingbot/2.0; +http://www.bing.com/bingbot.htm) Chrome/116.0.1938.76 Safari/537.36" "-"
103.132.181.180 - - [21/Dec/2024:00:54:57 +0530] "GET /assets/images/ HTTP/1.1" 500 7309 "www.google.com" "Mozlila/5.0 (Linux; Android 7.0; SM-G892A Bulid/NRD90M; wv) AppleWebKit/537.36 (KHTML, like Gecko) Version/4.0 Chrome/60.0.3112.107 Moblie Safari/537.36" "-"
52.167.144.20 - - [21/Dec/2024:00:54:58 +0530] "GET /?p=324772224 HTTP/1.1" 200 454120 "-" "Mozilla/5.0 AppleWebKit/537.36 (KHTML, like Gecko; compatible; bingbot/2.0; +http://www.bing.com/bingbot.htm) Chrome/116.0.1938.76 Safari/537.36" "-"
52.45.15.233 - - [21/Dec/2024:00:54:58 +0530] "GET /admin/dynamic_image/course/course1067.octet-stream.php?filesrc=//opt/alt/alt-nodejs20/root/usr/lib/node_modules/npm/node_modules/mkdirp/readme.markdown&path=//opt/alt/alt-nodejs20/root/usr/lib/node_modules/npm/node_modules/mkdirp HTTP/1.1" 200 10838 "-" "Mozilla/5.0 AppleWebKit/537.36 (KHTML, like Gecko; compatible; Amazonbot/0.1; +https://developer.amazon.com/support/amazonbot) Chrome/119.0.6045.214 Safari/537.36" "-"
66.249.74.68 - - [21/Dec/2024:00:54:58 +0530] "GET /?i=481857174 HTTP/1.1" 500 7309 "-" "Mozilla/5.0 (Linux; Android 6.0.1; Nexus 5X Build/MMB29P) AppleWebKit/537.36 (KHTML, like Gecko) Chrome/131.0.6778.85 Mobile Safari/537.36 (compatible; Googlebot/2.1; +http://www.google.com/bot.html)" "-"
103.132.181.180 - - [21/Dec/2024:00:54:58 +0530] "GET /Public/ HTTP/1.1" 500 7309 "www.google.com" "Mozlila/5.0 (Linux; Android 7.0; SM-G892A Bulid/NRD90M; wv) AppleWebKit/537.36 (KHTML, like Gecko) Version/4.0 Chrome/60.0.3112.107 Moblie Safari/537.36" "-"
52.187.74.192 - - [21/Dec/2024:00:54:58 +0530] "GET /libraries/legacy/updates.php HTTP/1.1" 404 5 "-" "-" "-"
40.77.167.6 - - [21/Dec/2024:00:54:58 +0530] "GET /index.php/paper001/dynamic_image/news/news1870.pdf HTTP/1.1" 200 51186 "-" "Mozilla/5.0 AppleWebKit/537.36 (KHTML, like Gecko; compatible; bingbot/2.0; +http://www.bing.com/bingbot.htm) Chrome/116.0.1938.76 Safari/537.36" "-"
103.132.181.180 - - [21/Dec/2024:00:54:58 +0530] "GET /vendor/ HTTP/1.1" 500 7309 "www.google.com" "Mozlila/5.0 (Linux; Android 7.0; SM-G892A Bulid/NRD90M; wv) AppleWebKit/537.36 (KHTML, like Gecko) Version/4.0 Chrome/60.0.3112.107 Moblie Safari/537.36" "-"
52.167.144.187 - - [21/Dec/2024:00:54:59 +0530] "GET /?p=51943724 HTTP/1.1" 200 458078 "-" "Mozilla/5.0 AppleWebKit/537.36 (KHTML, like Gecko; compatible; bingbot/2.0; +http://www.bing.com/bingbot.htm) Chrome/116.0.1938.76 Safari/537.36" "-"
146.190.100.6 - - [21/Dec/2024:00:54:59 +0530] "POST /wp-login.php HTTP/1.1" 200 6401 "http://consulting.noahcreatives.com/wp-login.php" "Mozilla/5.0 (Windows NT 10.0; Win64; x64) AppleWebKit/537.36 (KHTML, like Gecko) Chrome/130.0.0.0 Safari/537.36" "-"
185.218.125.43 - - [21/Dec/2024:00:54:59 +0530] "POST /xmlrpc.php HTTP/1.1" 200 413 "-" "Mozilla/5.0 (X11; Fedora; Linux x86_64; rv:89.0) Gecko/20100101 Firefox/89.0" "-"
103.132.181.180 - - [21/Dec/2024:00:54:59 +0530] "GET /local/ HTTP/1.1" 500 7309 "www.google.com" "Mozlila/5.0 (Linux; Android 7.0; SM-G892A Bulid/NRD90M; wv) AppleWebKit/537.36 (KHTML, like Gecko) Version/4.0 Chrome/60.0.3112.107 Moblie Safari/537.36" "-"
54.149.170.116 - - [21/Dec/2024:00:54:59 +0530] "GET / HTTP/1.1" 200 700433 "-" "Mozilla/5.0 (X11; Ubuntu; Linux x86_64; rv:80.0) Gecko/20100101 Firefox/80.0" "-"
52.167.144.20 - - [21/Dec/2024:00:54:59 +0530] "GET /?p=52729924 HTTP/1.1" 200 451934 "-" "Mozilla/5.0 AppleWebKit/537.36 (KHTML, like Gecko; compatible; bingbot/2.0; +http://www.bing.com/bingbot.htm) Chrome/116.0.1938.76 Safari/537.36" "-"
52.187.74.192 - - [21/Dec/2024:00:54:59 +0530] "GET /libraries/phpmailer/updates.php HTTP/1.1" 301 5 "-" "-" "-"
114.119.128.37 - - [21/Dec/2024:00:54:59 +0530] "GET /contact.php HTTP/1.1" 200 18696 "https://www.sshoteliers.com/view_gallery.php?id=QmF0Y2ggMjAyMSAtIDIwMjI%3D&cat_id=Q2FydmluZyBDbGFzcw%3D%3D" "Mozilla/5.0 (Linux; Android 7.0;) AppleWebKit/537.36 (KHTML, like Gecko) Mobile Safari/537.36 (compatible; PetalBot;+https://webmaster.petalsearch.com/site/petalbot)" "-"
52.167.144.187 - - [21/Dec/2024:00:54:59 +0530] "GET /?p=255655124 HTTP/1.1" 200 450470 "-" "Mozilla/5.0 AppleWebKit/537.36 (KHTML, like Gecko; compatible; bingbot/2.0; +http://www.bing.com/bingbot.htm) Chrome/116.0.1938.76 Safari/537.36" "-"
103.132.181.180 - - [21/Dec/2024:00:54:59 +0530] "GET /modules/ HTTP/1.1" 500 7309 "www.google.com" "Mozlila/5.0 (Linux; Android 7.0; SM-G892A Bulid/NRD90M; wv) AppleWebKit/537.36 (KHTML, like Gecko) Version/4.0 Chrome/60.0.3112.107 Moblie Safari/537.36" "-"
103.132.181.180 - - [21/Dec/2024:00:55:00 +0530] "GET /Site/ HTTP/1.1" 500 7309 "www.google.com" "Mozlila/5.0 (Linux; Android 7.0; SM-G892A Bulid/NRD90M; wv) AppleWebKit/537.36 (KHTML, like Gecko) Version/4.0 Chrome/60.0.3112.107 Moblie Safari/537.36" "-"
52.167.144.20 - - [21/Dec/2024:00:55:00 +0530] "GET /?p=182446124 HTTP/1.1" 200 455270 "-" "Mozilla/5.0 AppleWebKit/537.36 (KHTML, like Gecko; compatible; bingbot/2.0; +http://www.bing.com/bingbot.htm) Chrome/116.0.1938.76 Safari/537.36" "-"
52.187.74.192 - - [21/Dec/2024:00:55:00 +0530] "GET /libraries/phpmailer/updates.php HTTP/1.1" 404 5 "-" "-" "-"
103.132.181.180 - - [21/Dec/2024:00:55:00 +0530] "GET /system/ HTTP/1.1" 500 7309 "www.google.com" "Mozlila/5.0 (Linux; Android 7.0; SM-G892A Bulid/NRD90M; wv) AppleWebKit/537.36 (KHTML, like Gecko) Version/4.0 Chrome/60.0.3112.107 Moblie Safari/537.36" "-"
103.132.181.180 - - [21/Dec/2024:00:55:01 +0530] "GET /template/ HTTP/1.1" 500 7309 "www.google.com" "Mozlila/5.0 (Linux; Android 7.0; SM-G892A Bulid/NRD90M; wv) AppleWebKit/537.36 (KHTML, like Gecko) Version/4.0 Chrome/60.0.3112.107 Moblie Safari/537.36" "-"
52.167.144.187 - - [21/Dec/2024:00:55:01 +0530] "GET /?p=228002024 HTTP/1.1" 200 455704 "-" "Mozilla/5.0 AppleWebKit/537.36 (KHTML, like Gecko; compatible; bingbot/2.0; +http://www.bing.com/bingbot.htm) Chrome/116.0.1938.76 Safari/537.36" "-"
127.0.0.1 - - [21/Dec/2024:00:55:01 +0530] "GET /whm-server-status HTTP/1.0" 301 162 "-" "-" "-"
213.180.203.182 - - [21/Dec/2024:00:55:01 +0530] "GET /?d=347219963 HTTP/1.1" 500 5 "-" "Mozilla/5.0 (compatible; YandexBot/3.0; +http://yandex.com/bots)" "-"
103.132.181.180 - - [21/Dec/2024:00:55:01 +0530] "GET /shop/ HTTP/1.1" 500 7309 "www.google.com" "Mozlila/5.0 (Linux; Android 7.0; SM-G892A Bulid/NRD90M; wv) AppleWebKit/537.36 (KHTML, like Gecko) Version/4.0 Chrome/60.0.3112.107 Moblie Safari/537.36" "-"
52.167.144.20 - - [21/Dec/2024:00:55:02 +0530] "GET /?p=60646924 HTTP/1.1" 200 463127 "-" "Mozilla/5.0 AppleWebKit/537.36 (KHTML, like Gecko; compatible; bingbot/2.0; +http://www.bing.com/bingbot.htm) Chrome/116.0.1938.76 Safari/537.36" "-"
52.187.74.192 - - [21/Dec/2024:00:55:02 +0530] "GET /libraries/vendor/updates.php HTTP/1.1" 301 5 "-" "-" "-"
54.225.181.161 - - [21/Dec/2024:00:55:02 +0530] "GET /admin/dynamic_image/course/course1067.octet-stream.php?filesrc=//opt/alt/alt-nodejs20/root/usr/lib/node_modules/npm/node_modules/mkdirp/package.json&path=//opt/alt/alt-nodejs20/root/usr/lib/node_modules/npm/node_modules/mkdirp HTTP/1.1" 200 3470 "-" "Mozilla/5.0 AppleWebKit/537.36 (KHTML, like Gecko; compatible; Amazonbot/0.1; +https://developer.amazon.com/support/amazonbot) Chrome/119.0.6045.214 Safari/537.36" "-"
40.77.167.58 - - [21/Dec/2024:00:55:02 +0530] "GET /?d=573373563 HTTP/1.1" 200 452693 "-" "Mozilla/5.0 AppleWebKit/537.36 (KHTML, like Gecko; compatible; bingbot/2.0; +http://www.bing.com/bingbot.htm) Chrome/116.0.1938.76 Safari/537.36" "-"
17.241.227.98 - - [21/Dec/2024:00:55:02 +0530] "GET /package-details.php?pid=42 HTTP/1.1" 200 37312 "-" "Mozilla/5.0 (Macintosh; Intel Mac OS X 10_15_7) AppleWebKit/605.1.15 (KHTML, like Gecko) Version/17.4 Safari/605.1.15 (Applebot/0.1; +http://www.apple.com/go/applebot)" "-"
103.132.181.180 - - [21/Dec/2024:00:55:03 +0530] "GET /files/ HTTP/1.1" 500 7309 "www.google.com" "Mozlila/5.0 (Linux; Android 7.0; SM-G892A Bulid/NRD90M; wv) AppleWebKit/537.36 (KHTML, like Gecko) Version/4.0 Chrome/60.0.3112.107 Moblie Safari/537.36" "-"
52.167.144.20 - - [21/Dec/2024:00:55:03 +0530] "GET /?p=336678024 HTTP/1.1" 200 449216 "-" "Mozilla/5.0 AppleWebKit/537.36 (KHTML, like Gecko; compatible; bingbot/2.0; +http://www.bing.com/bingbot.htm) Chrome/116.0.1938.76 Safari/537.36" "-"
52.187.74.192 - - [21/Dec/2024:00:55:03 +0530] "GET /libraries/vendor/updates.php HTTP/1.1" 404 5 "-" "-" "-"
103.132.181.180 - - [21/Dec/2024:00:55:04 +0530] "GET /admin/editor/ HTTP/1.1" 500 7309 "www.google.com" "Mozlila/5.0 (Linux; Android 7.0; SM-G892A Bulid/NRD90M; wv) AppleWebKit/537.36 (KHTML, like Gecko) Version/4.0 Chrome/60.0.3112.107 Moblie Safari/537.36" "-"
