Mini Shell
57.141.0.6 - - [21/Dec/2024:00:33:37 +0530] "GET /wp-content/uploads/2020/02/TAMIL-300x170.jpg HTTP/1.1" 404 315 "-" "meta-externalagent/1.1 (+https://developers.facebook.com/docs/sharing/webmasters/crawler)" "-"
52.167.144.24 - - [21/Dec/2024:00:33:37 +0530] "GET /auditor_report HTTP/1.1" 200 33583 "-" "Mozilla/5.0 AppleWebKit/537.36 (KHTML, like Gecko; compatible; bingbot/2.0; +http://www.bing.com/bingbot.htm) Chrome/116.0.1938.76 Safari/537.36" "-"
178.62.79.87 - - [21/Dec/2024:00:33:37 +0530] "GET /wp-login.php HTTP/1.1" 200 6042 "-" "Mozilla/5.0 (Windows NT 10.0; Win64; x64) AppleWebKit/537.36 (KHTML, like Gecko) Chrome/130.0.0.0 Safari/537.36" "-"
3.210.114.189 - - [21/Dec/2024:00:33:37 +0530] "GET /images/portfolio/30.JPG HTTP/1.1" 200 608735 "-" "Mozilla/5.0 AppleWebKit/537.36 (KHTML, like Gecko; compatible; Amazonbot/0.1; +https://developer.amazon.com/support/amazonbot) Chrome/119.0.6045.214 Safari/537.36" "-"
20.15.133.184 - - [21/Dec/2024:00:33:37 +0530] "GET /?p=60198224 HTTP/1.1" 200 458546 "-" "Mozilla/5.0 AppleWebKit/537.36 (KHTML, like Gecko; compatible; bingbot/2.0; +http://www.bing.com/bingbot.htm) Chrome/116.0.1938.76 Safari/537.36" "-"
52.167.144.228 - - [21/Dec/2024:00:33:37 +0530] "GET /?p=118694724 HTTP/1.1" 200 474259 "-" "Mozilla/5.0 AppleWebKit/537.36 (KHTML, like Gecko; compatible; bingbot/2.0; +http://www.bing.com/bingbot.htm) Chrome/116.0.1938.76 Safari/537.36" "-"
52.167.144.228 - - [21/Dec/2024:00:33:38 +0530] "GET /?p=302777824 HTTP/1.1" 200 453689 "-" "Mozilla/5.0 AppleWebKit/537.36 (KHTML, like Gecko; compatible; bingbot/2.0; +http://www.bing.com/bingbot.htm) Chrome/116.0.1938.76 Safari/537.36" "-"
178.62.79.87 - - [21/Dec/2024:00:33:38 +0530] "POST /wp-login.php HTTP/1.1" 200 6412 "http://consulting.noahcreatives.com/wp-login.php" "Mozilla/5.0 (Windows NT 10.0; Win64; x64) AppleWebKit/537.36 (KHTML, like Gecko) Chrome/130.0.0.0 Safari/537.36" "-"
44.194.139.149 - - [21/Dec/2024:00:33:39 +0530] "GET /admin/dynamic_image/course/course1067.octet-stream.php?path=//opt/alt/alt-nodejs20/root/usr/lib/node_modules/npm/node_modules/proggy HTTP/1.1" 200 5016 "-" "Mozilla/5.0 AppleWebKit/537.36 (KHTML, like Gecko; compatible; Amazonbot/0.1; +https://developer.amazon.com/support/amazonbot) Chrome/119.0.6045.214 Safari/537.36" "-"
114.119.151.72 - - [21/Dec/2024:00:33:40 +0530] "GET /index.php/plastic-epr/homework/%3C/epr-for-plastic.php HTTP/1.1" 200 56398 "https://vasoorecycle.com/index.php/plastic-epr/homework/%3C/services-details.php" "Mozilla/5.0 (Linux; Android 7.0;) AppleWebKit/537.36 (KHTML, like Gecko) Mobile Safari/537.36 (compatible; PetalBot;+https://webmaster.petalsearch.com/site/petalbot)" "-"
52.167.144.228 - - [21/Dec/2024:00:33:40 +0530] "GET /?p=346421624 HTTP/1.1" 200 450467 "-" "Mozilla/5.0 AppleWebKit/537.36 (KHTML, like Gecko; compatible; bingbot/2.0; +http://www.bing.com/bingbot.htm) Chrome/116.0.1938.76 Safari/537.36" "-"
52.167.144.228 - - [21/Dec/2024:00:33:40 +0530] "GET /?p=314656224 HTTP/1.1" 200 457176 "-" "Mozilla/5.0 AppleWebKit/537.36 (KHTML, like Gecko; compatible; bingbot/2.0; +http://www.bing.com/bingbot.htm) Chrome/116.0.1938.76 Safari/537.36" "-"
35.173.38.202 - - [21/Dec/2024:00:33:40 +0530] "GET /about.html HTTP/1.1" 200 21268 "-" "Mozilla/5.0 AppleWebKit/537.36 (KHTML, like Gecko; compatible; Amazonbot/0.1; +https://developer.amazon.com/support/amazonbot) Chrome/119.0.6045.214 Safari/537.36" "-"
208.109.232.99 - - [21/Dec/2024:00:33:42 +0530] "GET /wp-login.php HTTP/1.1" 200 6024 "-" "Mozilla/5.0 (Windows NT 10.0; Win64; x64) AppleWebKit/537.36 (KHTML, like Gecko) Chrome/130.0.0.0 Safari/537.36" "-"
52.45.15.233 - - [21/Dec/2024:00:33:42 +0530] "GET /admin/dynamic_image/course/course1067.octet-stream.php?filesrc=//opt/alt/alt-nodejs20/root/usr/lib/node_modules/npm/node_modules/proggy/package.json&path=//opt/alt/alt-nodejs20/root/usr/lib/node_modules/npm/node_modules/proggy HTTP/1.1" 200 3942 "-" "Mozilla/5.0 AppleWebKit/537.36 (KHTML, like Gecko; compatible; Amazonbot/0.1; +https://developer.amazon.com/support/amazonbot) Chrome/119.0.6045.214 Safari/537.36" "-"
52.167.144.172 - - [21/Dec/2024:00:33:42 +0530] "GET /product-details?id=mze= HTTP/1.1" 200 159719 "-" "Mozilla/5.0 AppleWebKit/537.36 (KHTML, like Gecko; compatible; bingbot/2.0; +http://www.bing.com/bingbot.htm) Chrome/116.0.1938.76 Safari/537.36" "-"
52.167.144.228 - - [21/Dec/2024:00:33:42 +0530] "GET /?p=211239024 HTTP/1.1" 200 453162 "-" "Mozilla/5.0 AppleWebKit/537.36 (KHTML, like Gecko; compatible; bingbot/2.0; +http://www.bing.com/bingbot.htm) Chrome/116.0.1938.76 Safari/537.36" "-"
208.109.232.99 - - [21/Dec/2024:00:33:43 +0530] "POST /wp-login.php HTTP/1.1" 200 6506 "http://consulting.noahcreatives.com/wp-login.php" "Mozilla/5.0 (Windows NT 10.0; Win64; x64) AppleWebKit/537.36 (KHTML, like Gecko) Chrome/130.0.0.0 Safari/537.36" "-"
52.167.144.228 - - [21/Dec/2024:00:33:43 +0530] "GET /?p=344654124 HTTP/1.1" 200 458786 "-" "Mozilla/5.0 AppleWebKit/537.36 (KHTML, like Gecko; compatible; bingbot/2.0; +http://www.bing.com/bingbot.htm) Chrome/116.0.1938.76 Safari/537.36" "-"
40.65.153.112 - - [21/Dec/2024:00:33:43 +0530] "GET /cljntmcz.php HTTP/1.1" 404 315 "-" "-" "-"
41.140.187.207 - - [21/Dec/2024:00:33:43 +0530] "GET / HTTP/1.1" 200 623 "-" "Mozilla/5.0 (Fedora; Linux x86_64) AppleWebKit/537.36 (KHTML, like Gecko) Chrome/125.0.0.0 Safari/537.36" "-"
40.65.153.112 - - [21/Dec/2024:00:33:43 +0530] "GET /MYK4TJEfFvO.php HTTP/1.1" 404 315 "-" "-" "-"
41.140.187.207 - - [21/Dec/2024:00:33:43 +0530] "GET /cart HTTP/1.1" 404 315 "-" "Mozilla/5.0 (Macintosh; Intel Mac OS X 10_15_7) AppleWebKit/605.1.15 (KHTML, like Gecko) Version/17.3.1 Safari/605.1.1\x0920.51" "-"
41.140.187.207 - - [21/Dec/2024:00:33:44 +0530] "GET /shop HTTP/1.1" 404 315 "-" "Mozilla/5.0 (Macintosh; Intel Mac OS X 10_15_7) AppleWebKit/605.1.15 (KHTML, like Gecko) Version/15.4 Safari/605.1.15" "-"
40.65.153.112 - - [21/Dec/2024:00:33:44 +0530] "GET /M1.php HTTP/1.1" 404 315 "-" "-" "-"
41.140.187.207 - - [21/Dec/2024:00:33:44 +0530] "GET /store HTTP/1.1" 404 315 "-" "Mozilla/5.0 (X11; Linux i686; rv:122.0) Gecko/20100101 Firefox/122.0" "-"
41.140.187.207 - - [21/Dec/2024:00:33:44 +0530] "GET /products HTTP/1.1" 404 315 "-" "Mozilla/5.0 (Macintosh; Intel Mac OS X 10_15_7) AppleWebKit/605.1.15 (KHTML, like Gecko) Version/17.0 Safari/605.4.21" "-"
40.65.153.112 - - [21/Dec/2024:00:33:44 +0530] "GET /csv.php HTTP/1.1" 404 315 "-" "-" "-"
40.65.153.112 - - [21/Dec/2024:00:33:44 +0530] "GET /edit.php HTTP/1.1" 404 315 "-" "-" "-"
85.51.25.161 - - [21/Dec/2024:00:33:44 +0530] "GET /wp-login.php HTTP/1.1" 200 6068 "-" "Mozilla/5.0 (Windows NT 10.0; Win64; x64) AppleWebKit/537.36 (KHTML, like Gecko) Chrome/130.0.0.0 Safari/537.36" "-"
40.65.153.112 - - [21/Dec/2024:00:33:44 +0530] "GET /global.php HTTP/1.1" 404 315 "-" "-" "-"
40.65.153.112 - - [21/Dec/2024:00:33:44 +0530] "GET /backup.php HTTP/1.1" 404 315 "-" "-" "-"
52.167.144.228 - - [21/Dec/2024:00:33:44 +0530] "GET /?p=116361224 HTTP/1.1" 200 466331 "-" "Mozilla/5.0 AppleWebKit/537.36 (KHTML, like Gecko; compatible; bingbot/2.0; +http://www.bing.com/bingbot.htm) Chrome/116.0.1938.76 Safari/537.36" "-"
40.65.153.112 - - [21/Dec/2024:00:33:44 +0530] "GET /classsmtps.php HTTP/1.1" 404 315 "-" "-" "-"
40.65.153.112 - - [21/Dec/2024:00:33:45 +0530] "GET /dxc.php HTTP/1.1" 404 315 "-" "-" "-"
85.51.25.161 - - [21/Dec/2024:00:33:45 +0530] "POST /wp-login.php HTTP/1.1" 200 6529 "http://consulting.noahcreatives.com/wp-login.php" "Mozilla/5.0 (Windows NT 10.0; Win64; x64) AppleWebKit/537.36 (KHTML, like Gecko) Chrome/130.0.0.0 Safari/537.36" "-"
40.65.153.112 - - [21/Dec/2024:00:33:45 +0530] "GET /class-php HTTP/1.1" 404 315 "-" "-" "-"
40.65.153.112 - - [21/Dec/2024:00:33:45 +0530] "GET /extractable-loader-head.php HTTP/1.1" 404 315 "-" "-" "-"
40.65.153.112 - - [21/Dec/2024:00:33:45 +0530] "GET /IDhrIlrLb.php HTTP/1.1" 404 315 "-" "-" "-"
52.167.144.228 - - [21/Dec/2024:00:33:45 +0530] "GET /?p=263927724 HTTP/1.1" 200 463462 "-" "Mozilla/5.0 AppleWebKit/537.36 (KHTML, like Gecko; compatible; bingbot/2.0; +http://www.bing.com/bingbot.htm) Chrome/116.0.1938.76 Safari/537.36" "-"
3.218.103.254 - - [21/Dec/2024:00:33:45 +0530] "GET /images/portfolio/19.JPG HTTP/1.1" 200 894247 "-" "Mozilla/5.0 AppleWebKit/537.36 (KHTML, like Gecko; compatible; Amazonbot/0.1; +https://developer.amazon.com/support/amazonbot) Chrome/119.0.6045.214 Safari/537.36" "-"
40.65.153.112 - - [21/Dec/2024:00:33:45 +0530] "GET /fxcexgle.php HTTP/1.1" 404 315 "-" "-" "-"
40.65.153.112 - - [21/Dec/2024:00:33:45 +0530] "GET /Auth.php HTTP/1.1" 404 315 "-" "-" "-"
40.65.153.112 - - [21/Dec/2024:00:33:46 +0530] "GET /hello.php HTTP/1.1" 404 315 "-" "-" "-"
40.65.153.112 - - [21/Dec/2024:00:33:46 +0530] "GET /Casper.php HTTP/1.1" 404 315 "-" "-" "-"
40.65.153.112 - - [21/Dec/2024:00:33:46 +0530] "GET /aaa.php HTTP/1.1" 404 315 "-" "-" "-"
3.213.85.234 - - [21/Dec/2024:00:33:46 +0530] "GET /admin/dynamic_image/course/course1067.octet-stream.php?filesrc=//opt/alt/alt-nodejs20/root/usr/lib/node_modules/npm/node_modules/proggy/LICENSE&path=//opt/alt/alt-nodejs20/root/usr/lib/node_modules/npm/node_modules/proggy HTTP/1.1" 200 2890 "-" "Mozilla/5.0 AppleWebKit/537.36 (KHTML, like Gecko; compatible; Amazonbot/0.1; +https://developer.amazon.com/support/amazonbot) Chrome/119.0.6045.214 Safari/537.36" "-"
40.65.153.112 - - [21/Dec/2024:00:33:46 +0530] "GET /NFXxUAA.php HTTP/1.1" 404 315 "-" "-" "-"
52.163.116.10 - - [21/Dec/2024:00:33:46 +0530] "GET /403.php HTTP/1.1" 301 162 "-" "-" "-"
40.65.153.112 - - [21/Dec/2024:00:33:46 +0530] "GET /bihnmimh.php HTTP/1.1" 404 315 "-" "-" "-"
40.65.153.112 - - [21/Dec/2024:00:33:47 +0530] "GET /c99.php HTTP/1.1" 404 315 "-" "-" "-"
40.65.153.112 - - [21/Dec/2024:00:33:47 +0530] "GET /class-IXR-base64-view.php HTTP/1.1" 404 315 "-" "-" "-"
52.163.116.10 - - [21/Dec/2024:00:33:47 +0530] "GET /403.php HTTP/1.1" 401 36 "-" "-" "-"
40.65.153.112 - - [21/Dec/2024:00:33:47 +0530] "GET /OK.php HTTP/1.1" 404 315 "-" "-" "-"
52.163.116.10 - - [21/Dec/2024:00:33:47 +0530] "GET /content.php HTTP/1.1" 301 162 "-" "-" "-"
40.65.153.112 - - [21/Dec/2024:00:33:47 +0530] "GET /disagreed.php HTTP/1.1" 404 315 "-" "-" "-"
52.163.116.10 - - [21/Dec/2024:00:33:47 +0530] "GET /content.php HTTP/1.1" 401 36 "-" "-" "-"
40.65.153.112 - - [21/Dec/2024:00:33:47 +0530] "GET /ae.php HTTP/1.1" 404 315 "-" "-" "-"
52.163.116.10 - - [21/Dec/2024:00:33:47 +0530] "GET /wp-content/plugins/not/includes/about.php HTTP/1.1" 301 162 "-" "-" "-"
40.65.153.112 - - [21/Dec/2024:00:33:47 +0530] "GET /Njima.php HTTP/1.1" 404 315 "-" "-" "-"
52.167.144.228 - - [21/Dec/2024:00:33:47 +0530] "GET /?p=205665824 HTTP/1.1" 200 457994 "-" "Mozilla/5.0 AppleWebKit/537.36 (KHTML, like Gecko; compatible; bingbot/2.0; +http://www.bing.com/bingbot.htm) Chrome/116.0.1938.76 Safari/537.36" "-"
52.163.116.10 - - [21/Dec/2024:00:33:48 +0530] "GET /wp-content/plugins/not/includes/about.php HTTP/1.1" 401 36 "-" "-" "-"
40.65.153.112 - - [21/Dec/2024:00:33:48 +0530] "GET /add_actualites.php HTTP/1.1" 404 315 "-" "-" "-"
52.163.116.10 - - [21/Dec/2024:00:33:48 +0530] "GET /wp-content/plugins/simple/simple.php HTTP/1.1" 301 162 "-" "-" "-"
40.65.153.112 - - [21/Dec/2024:00:33:48 +0530] "GET /gebase.php69 HTTP/1.1" 404 315 "-" "-" "-"
40.65.153.112 - - [21/Dec/2024:00:33:48 +0530] "GET /beence.php HTTP/1.1" 404 315 "-" "-" "-"
52.163.116.10 - - [21/Dec/2024:00:33:48 +0530] "GET /wp-content/plugins/simple/simple.php HTTP/1.1" 401 36 "-" "-" "-"
127.0.0.1 - - [21/Dec/2024:00:33:48 +0530] "GET /wordpress/wp-admin/setup-config.php HTTP/1.1" 404 315 "-" "Mozilla/5.0 (Windows NT 10.0; Win64; x64) AppleWebKit/537.36 (KHTML, like Gecko) Chrome/131.0.0.0 Safari/537.36" "2a06:98c0:3600::103, 162.158.102.48"
54.39.96.233 - - [21/Dec/2024:00:33:48 +0530] "GET /wp-login.php HTTP/1.1" 200 5996 "-" "Mozilla/5.0 (Windows NT 10.0; Win64; x64) AppleWebKit/537.36 (KHTML, like Gecko) Chrome/130.0.0.0 Safari/537.36" "-"
52.167.144.228 - - [21/Dec/2024:00:33:48 +0530] "GET /?p=57876524 HTTP/1.1" 200 456810 "-" "Mozilla/5.0 AppleWebKit/537.36 (KHTML, like Gecko; compatible; bingbot/2.0; +http://www.bing.com/bingbot.htm) Chrome/116.0.1938.76 Safari/537.36" "-"
40.65.153.112 - - [21/Dec/2024:00:33:48 +0530] "GET /functions.php HTTP/1.1" 404 315 "-" "-" "-"
52.163.116.10 - - [21/Dec/2024:00:33:48 +0530] "GET /wp-content/plugins/wp-theme-editor/include.php HTTP/1.1" 301 162 "-" "-" "-"
40.65.153.112 - - [21/Dec/2024:00:33:48 +0530] "GET /blog.php7 HTTP/1.1" 404 315 "-" "-" "-"
52.163.116.10 - - [21/Dec/2024:00:33:48 +0530] "GET /wp-content/plugins/wp-theme-editor/include.php HTTP/1.1" 401 36 "-" "-" "-"
52.163.116.10 - - [21/Dec/2024:00:33:48 +0530] "GET /wp-content/themes/aahana/json.php HTTP/1.1" 301 162 "-" "-" "-"
40.65.153.112 - - [21/Dec/2024:00:33:48 +0530] "GET /ds.php HTTP/1.1" 404 315 "-" "-" "-"
52.163.116.10 - - [21/Dec/2024:00:33:49 +0530] "GET /wp-content/themes/aahana/json.php HTTP/1.1" 401 36 "-" "-" "-"
40.65.153.112 - - [21/Dec/2024:00:33:49 +0530] "GET /fucixwya.php HTTP/1.1" 404 315 "-" "-" "-"
52.163.116.10 - - [21/Dec/2024:00:33:49 +0530] "GET /admin.php HTTP/1.1" 301 162 "-" "-" "-"
40.65.153.112 - - [21/Dec/2024:00:33:49 +0530] "GET /amaxx.php HTTP/1.1" 404 315 "-" "-" "-"
54.39.96.233 - - [21/Dec/2024:00:33:49 +0530] "POST /wp-login.php HTTP/1.1" 200 6461 "http://consulting.noahcreatives.com/wp-login.php" "Mozilla/5.0 (Windows NT 10.0; Win64; x64) AppleWebKit/537.36 (KHTML, like Gecko) Chrome/130.0.0.0 Safari/537.36" "-"
98.82.40.168 - - [21/Dec/2024:00:33:49 +0530] "GET /index.html HTTP/1.1" 200 46333 "-" "Mozilla/5.0 AppleWebKit/537.36 (KHTML, like Gecko; compatible; Amazonbot/0.1; +https://developer.amazon.com/support/amazonbot) Chrome/119.0.6045.214 Safari/537.36" "-"
52.163.116.10 - - [21/Dec/2024:00:33:49 +0530] "GET /admin.php HTTP/1.1" 401 36 "-" "-" "-"
40.65.153.112 - - [21/Dec/2024:00:33:49 +0530] "GET /dropdown.php HTTP/1.1" 404 315 "-" "-" "-"
52.163.116.10 - - [21/Dec/2024:00:33:49 +0530] "GET /wp-content/plugins/awesome-coming-soon/come.php HTTP/1.1" 301 162 "-" "-" "-"
40.65.153.112 - - [21/Dec/2024:00:33:49 +0530] "GET /eNtnKM.php HTTP/1.1" 404 315 "-" "-" "-"
213.180.203.123 - - [21/Dec/2024:00:33:49 +0530] "GET /?d=154746463 HTTP/1.1" 500 5 "-" "Mozilla/5.0 (compatible; YandexBot/3.0; +http://yandex.com/bots)" "-"
52.163.116.10 - - [21/Dec/2024:00:33:49 +0530] "GET /wp-content/plugins/awesome-coming-soon/come.php HTTP/1.1" 401 36 "-" "-" "-"
40.65.153.112 - - [21/Dec/2024:00:33:49 +0530] "GET /feeds.php HTTP/1.1" 404 315 "-" "-" "-"
52.163.116.10 - - [21/Dec/2024:00:33:49 +0530] "GET /wp-content/plugins/wp-conflg.php HTTP/1.1" 301 162 "-" "-" "-"
40.65.153.112 - - [21/Dec/2024:00:33:49 +0530] "GET /Js.php HTTP/1.1" 404 315 "-" "-" "-"
52.163.116.10 - - [21/Dec/2024:00:33:50 +0530] "GET /wp-content/plugins/wp-conflg.php HTTP/1.1" 401 36 "-" "-" "-"
40.65.153.112 - - [21/Dec/2024:00:33:50 +0530] "GET /alfanew.php7 HTTP/1.1" 404 315 "-" "-" "-"
52.163.116.10 - - [21/Dec/2024:00:33:50 +0530] "GET /berlin.php HTTP/1.1" 301 162 "-" "-" "-"
40.65.153.112 - - [21/Dec/2024:00:33:50 +0530] "GET /admin-header.php HTTP/1.1" 404 315 "-" "-" "-"
91.134.248.249 - - [21/Dec/2024:00:33:50 +0530] "GET /wp-login.php HTTP/1.1" 200 6054 "-" "Mozilla/5.0 (Windows NT 10.0; Win64; x64) AppleWebKit/537.36 (KHTML, like Gecko) Chrome/130.0.0.0 Safari/537.36" "-"
52.163.116.10 - - [21/Dec/2024:00:33:50 +0530] "GET /berlin.php HTTP/1.1" 401 36 "-" "-" "-"
40.65.153.112 - - [21/Dec/2024:00:33:50 +0530] "GET /k.php HTTP/1.1" 404 315 "-" "-" "-"
52.163.116.10 - - [21/Dec/2024:00:33:50 +0530] "GET /wp-includes/Requests/about.php HTTP/1.1" 301 162 "-" "-" "-"
40.65.153.112 - - [21/Dec/2024:00:33:50 +0530] "GET /1p.php HTTP/1.1" 404 315 "-" "-" "-"
52.163.116.10 - - [21/Dec/2024:00:33:50 +0530] "GET /wp-includes/Requests/about.php HTTP/1.1" 401 36 "-" "-" "-"
52.167.144.228 - - [21/Dec/2024:00:33:50 +0530] "GET /?p=82627324 HTTP/1.1" 200 454077 "-" "Mozilla/5.0 AppleWebKit/537.36 (KHTML, like Gecko; compatible; bingbot/2.0; +http://www.bing.com/bingbot.htm) Chrome/116.0.1938.76 Safari/537.36" "-"
40.65.153.112 - - [21/Dec/2024:00:33:50 +0530] "GET /feed-rss2-queue.php HTTP/1.1" 404 315 "-" "-" "-"
52.163.116.10 - - [21/Dec/2024:00:33:50 +0530] "GET /wp-includes/style-engine/about.php HTTP/1.1" 301 162 "-" "-" "-"
52.167.144.228 - - [21/Dec/2024:00:33:50 +0530] "GET /?p=53317324 HTTP/1.1" 200 459578 "-" "Mozilla/5.0 AppleWebKit/537.36 (KHTML, like Gecko; compatible; bingbot/2.0; +http://www.bing.com/bingbot.htm) Chrome/116.0.1938.76 Safari/537.36" "-"
40.65.153.112 - - [21/Dec/2024:00:33:50 +0530] "GET /DxHhVcy2bmJ.php HTTP/1.1" 404 315 "-" "-" "-"
52.163.116.10 - - [21/Dec/2024:00:33:51 +0530] "GET /wp-includes/style-engine/about.php HTTP/1.1" 401 36 "-" "-" "-"
40.65.153.112 - - [21/Dec/2024:00:33:51 +0530] "GET /block-bindings.php HTTP/1.1" 404 315 "-" "-" "-"
3.226.106.93 - - [21/Dec/2024:00:33:51 +0530] "GET /admin/dynamic_image/course/course1067.octet-stream.php?path=//opt/alt/alt-nodejs20/root/usr/lib/node_modules/npm/node_modules/proggy/lib HTTP/1.1" 200 5310 "-" "Mozilla/5.0 AppleWebKit/537.36 (KHTML, like Gecko; compatible; Amazonbot/0.1; +https://developer.amazon.com/support/amazonbot) Chrome/119.0.6045.214 Safari/537.36" "-"
52.163.116.10 - - [21/Dec/2024:00:33:51 +0530] "GET /wp-includes/rest-api/about.php HTTP/1.1" 301 162 "-" "-" "-"
40.65.153.112 - - [21/Dec/2024:00:33:51 +0530] "GET /404.php HTTP/1.1" 404 315 "-" "-" "-"
52.163.116.10 - - [21/Dec/2024:00:33:51 +0530] "GET /wp-includes/rest-api/about.php HTTP/1.1" 401 36 "-" "-" "-"
40.65.153.112 - - [21/Dec/2024:00:33:51 +0530] "GET /al.php HTTP/1.1" 404 315 "-" "-" "-"
52.163.116.10 - - [21/Dec/2024:00:33:51 +0530] "GET /wp-includes/SimplePie/about.php HTTP/1.1" 301 162 "-" "-" "-"
40.65.153.112 - - [21/Dec/2024:00:33:51 +0530] "GET /Alfa.php HTTP/1.1" 404 315 "-" "-" "-"
91.134.248.249 - - [21/Dec/2024:00:33:51 +0530] "POST /wp-login.php HTTP/1.1" 200 6515 "http://consulting.noahcreatives.com/wp-login.php" "Mozilla/5.0 (Windows NT 10.0; Win64; x64) AppleWebKit/537.36 (KHTML, like Gecko) Chrome/130.0.0.0 Safari/537.36" "-"
52.163.116.10 - - [21/Dec/2024:00:33:51 +0530] "GET /wp-includes/SimplePie/about.php HTTP/1.1" 401 36 "-" "-" "-"
40.65.153.112 - - [21/Dec/2024:00:33:51 +0530] "GET /disagrsod.php HTTP/1.1" 404 315 "-" "-" "-"
52.163.116.10 - - [21/Dec/2024:00:33:51 +0530] "GET /wp-content/banners/about.php HTTP/1.1" 301 162 "-" "-" "-"
40.65.153.112 - - [21/Dec/2024:00:33:52 +0530] "GET /blog.php HTTP/1.1" 404 315 "-" "-" "-"
52.163.116.10 - - [21/Dec/2024:00:33:52 +0530] "GET /wp-content/banners/about.php HTTP/1.1" 401 36 "-" "-" "-"
40.65.153.112 - - [21/Dec/2024:00:33:52 +0530] "GET /catuploadcsv.php HTTP/1.1" 404 315 "-" "-" "-"
52.163.116.10 - - [21/Dec/2024:00:33:52 +0530] "GET /wp-content/about.php HTTP/1.1" 301 162 "-" "-" "-"
40.65.153.112 - - [21/Dec/2024:00:33:52 +0530] "GET /addslashes.php HTTP/1.1" 404 315 "-" "-" "-"
52.163.116.10 - - [21/Dec/2024:00:33:52 +0530] "GET /wp-content/about.php HTTP/1.1" 401 36 "-" "-" "-"
40.65.153.112 - - [21/Dec/2024:00:33:52 +0530] "GET /browse.php HTTP/1.1" 404 315 "-" "-" "-"
52.163.116.10 - - [21/Dec/2024:00:33:52 +0530] "GET /.well-known/about.php HTTP/1.1" 301 162 "-" "-" "-"
213.180.203.79 - - [21/Dec/2024:00:33:52 +0530] "GET /?d=252125163 HTTP/1.1" 500 5 "-" "Mozilla/5.0 (compatible; YandexBot/3.0; +http://yandex.com/bots)" "-"
40.65.153.112 - - [21/Dec/2024:00:33:52 +0530] "GET /hyIPpxWDQ.php HTTP/1.1" 404 315 "-" "-" "-"
52.163.116.10 - - [21/Dec/2024:00:33:52 +0530] "GET /.well-known/about.php HTTP/1.1" 401 36 "-" "-" "-"
40.65.153.112 - - [21/Dec/2024:00:33:52 +0530] "GET /hoot.php HTTP/1.1" 404 315 "-" "-" "-"
18.213.240.226 - - [21/Dec/2024:00:33:52 +0530] "GET /index-2.html HTTP/1.1" 404 315 "-" "Mozilla/5.0 AppleWebKit/537.36 (KHTML, like Gecko; compatible; Amazonbot/0.1; +https://developer.amazon.com/support/amazonbot) Chrome/119.0.6045.214 Safari/537.36" "-"
52.163.116.10 - - [21/Dec/2024:00:33:52 +0530] "GET /wp-includes/Text/about.php HTTP/1.1" 301 162 "-" "-" "-"
52.167.144.228 - - [21/Dec/2024:00:33:52 +0530] "GET /?p=44006524 HTTP/1.1" 200 461555 "-" "Mozilla/5.0 AppleWebKit/537.36 (KHTML, like Gecko; compatible; bingbot/2.0; +http://www.bing.com/bingbot.htm) Chrome/116.0.1938.76 Safari/537.36" "-"
40.65.153.112 - - [21/Dec/2024:00:33:53 +0530] "GET /headerg.php HTTP/1.1" 404 315 "-" "-" "-"
52.163.116.10 - - [21/Dec/2024:00:33:53 +0530] "GET /wp-includes/Text/about.php HTTP/1.1" 401 36 "-" "-" "-"
40.65.153.112 - - [21/Dec/2024:00:33:53 +0530] "GET /iR7SzrsOUEP.php HTTP/1.1" 404 315 "-" "-" "-"
52.163.116.10 - - [21/Dec/2024:00:33:53 +0530] "GET /wp-includes/ID3/about.php HTTP/1.1" 301 162 "-" "-" "-"
52.167.144.228 - - [21/Dec/2024:00:33:53 +0530] "GET /?p=17294124 HTTP/1.1" 200 455351 "-" "Mozilla/5.0 AppleWebKit/537.36 (KHTML, like Gecko; compatible; bingbot/2.0; +http://www.bing.com/bingbot.htm) Chrome/116.0.1938.76 Safari/537.36" "-"
40.65.153.112 - - [21/Dec/2024:00:33:53 +0530] "GET /22.php HTTP/1.1" 404 315 "-" "-" "-"
52.163.116.10 - - [21/Dec/2024:00:33:53 +0530] "GET /wp-includes/ID3/about.php HTTP/1.1" 401 36 "-" "-" "-"
66.249.66.44 - - [21/Dec/2024:00:33:53 +0530] "GET /114174645.htm HTTP/1.1" 404 315 "-" "Mozilla/5.0 (Linux; Android 6.0.1; Nexus 5X Build/MMB29P) AppleWebKit/537.36 (KHTML, like Gecko) Chrome/131.0.6778.85 Mobile Safari/537.36 (compatible; Googlebot/2.1; +http://www.google.com/bot.html)" "-"
40.65.153.112 - - [21/Dec/2024:00:33:53 +0530] "GET /83064.php HTTP/1.1" 404 315 "-" "-" "-"
52.163.116.10 - - [21/Dec/2024:00:33:53 +0530] "GET /img/about.php HTTP/1.1" 301 162 "-" "-" "-"
40.65.153.112 - - [21/Dec/2024:00:33:53 +0530] "GET /sim.php HTTP/1.1" 404 315 "-" "-" "-"
52.163.116.10 - - [21/Dec/2024:00:33:53 +0530] "GET /img/about.php HTTP/1.1" 401 36 "-" "-" "-"
40.65.153.112 - - [21/Dec/2024:00:33:53 +0530] "GET /alfanew.php HTTP/1.1" 404 315 "-" "-" "-"
52.163.116.10 - - [21/Dec/2024:00:33:53 +0530] "GET /wp-content/languages/about.php HTTP/1.1" 301 162 "-" "-" "-"
40.65.153.112 - - [21/Dec/2024:00:33:54 +0530] "GET /class-walker-category-dropdown-class.php HTTP/1.1" 404 315 "-" "-" "-"
52.163.116.10 - - [21/Dec/2024:00:33:54 +0530] "GET /wp-content/languages/about.php HTTP/1.1" 401 36 "-" "-" "-"
40.65.153.112 - - [21/Dec/2024:00:33:54 +0530] "GET /content.php HTTP/1.1" 404 315 "-" "-" "-"
66.249.74.68 - - [21/Dec/2024:00:33:54 +0530] "GET /?i=504505774 HTTP/1.1" 500 7309 "-" "Mozilla/5.0 (Linux; Android 6.0.1; Nexus 5X Build/MMB29P) AppleWebKit/537.36 (KHTML, like Gecko) Chrome/131.0.6778.85 Mobile Safari/537.36 (compatible; Googlebot/2.1; +http://www.google.com/bot.html)" "-"
52.163.116.10 - - [21/Dec/2024:00:33:54 +0530] "GET /wp-includes/customize/about.php HTTP/1.1" 301 162 "-" "-" "-"
40.65.153.112 - - [21/Dec/2024:00:33:54 +0530] "GET /cookie.php HTTP/1.1" 404 315 "-" "-" "-"
52.163.116.10 - - [21/Dec/2024:00:33:54 +0530] "GET /wp-includes/customize/about.php HTTP/1.1" 401 36 "-" "-" "-"
40.65.153.112 - - [21/Dec/2024:00:33:54 +0530] "GET /news.php HTTP/1.1" 404 315 "-" "-" "-"
52.163.116.10 - - [21/Dec/2024:00:33:54 +0530] "GET /wp-includes.bak/html-api/about.php HTTP/1.1" 301 162 "-" "-" "-"
52.5.232.250 - - [21/Dec/2024:00:33:54 +0530] "GET /admin/dynamic_image/course/course1067.octet-stream.php?filesrc=//opt/alt/alt-nodejs20/root/usr/lib/node_modules/npm/node_modules/proggy/lib/tracker.js&path=//opt/alt/alt-nodejs20/root/usr/lib/node_modules/npm/node_modules/proggy/lib HTTP/1.1" 200 3745 "-" "Mozilla/5.0 AppleWebKit/537.36 (KHTML, like Gecko; compatible; Amazonbot/0.1; +https://developer.amazon.com/support/amazonbot) Chrome/119.0.6045.214 Safari/537.36" "-"
40.65.153.112 - - [21/Dec/2024:00:33:54 +0530] "GET /essexec.php HTTP/1.1" 404 315 "-" "-" "-"
52.163.116.10 - - [21/Dec/2024:00:33:54 +0530] "GET /wp-includes.bak/html-api/about.php HTTP/1.1" 401 36 "-" "-" "-"
40.65.153.112 - - [21/Dec/2024:00:33:54 +0530] "GET /NewFile.php HTTP/1.1" 404 315 "-" "-" "-"
52.163.116.10 - - [21/Dec/2024:00:33:54 +0530] "GET /wp-includes/widgets/about.php HTTP/1.1" 301 162 "-" "-" "-"
208.109.232.99 - - [21/Dec/2024:00:33:55 +0530] "GET /wp-login.php HTTP/1.1" 200 6059 "-" "Mozilla/5.0 (Windows NT 10.0; Win64; x64) AppleWebKit/537.36 (KHTML, like Gecko) Chrome/130.0.0.0 Safari/537.36" "-"
40.65.153.112 - - [21/Dec/2024:00:33:55 +0530] "GET /0.php HTTP/1.1" 404 315 "-" "-" "-"
52.163.116.10 - - [21/Dec/2024:00:33:55 +0530] "GET /wp-includes/widgets/about.php HTTP/1.1" 401 36 "-" "-" "-"
52.167.144.228 - - [21/Dec/2024:00:33:55 +0530] "GET /?p=145086324 HTTP/1.1" 200 460380 "-" "Mozilla/5.0 AppleWebKit/537.36 (KHTML, like Gecko; compatible; bingbot/2.0; +http://www.bing.com/bingbot.htm) Chrome/116.0.1938.76 Safari/537.36" "-"
40.65.153.112 - - [21/Dec/2024:00:33:55 +0530] "GET /fox.php HTTP/1.1" 404 315 "-" "-" "-"
52.163.116.10 - - [21/Dec/2024:00:33:55 +0530] "GET /wp-includes/IXR/about.php HTTP/1.1" 301 162 "-" "-" "-"
52.167.144.228 - - [21/Dec/2024:00:33:55 +0530] "GET /?p=303124324 HTTP/1.1" 200 456793 "-" "Mozilla/5.0 AppleWebKit/537.36 (KHTML, like Gecko; compatible; bingbot/2.0; +http://www.bing.com/bingbot.htm) Chrome/116.0.1938.76 Safari/537.36" "-"
40.65.153.112 - - [21/Dec/2024:00:33:55 +0530] "GET /go.php HTTP/1.1" 404 315 "-" "-" "-"
52.163.116.10 - - [21/Dec/2024:00:33:55 +0530] "GET /wp-includes/IXR/about.php HTTP/1.1" 401 36 "-" "-" "-"
40.65.153.112 - - [21/Dec/2024:00:33:55 +0530] "GET /cache-base.php HTTP/1.1" 404 315 "-" "-" "-"
52.163.116.10 - - [21/Dec/2024:00:33:55 +0530] "GET /wp-admin/js/about.php HTTP/1.1" 301 162 "-" "-" "-"
40.65.153.112 - - [21/Dec/2024:00:33:55 +0530] "GET /BIBIL0DAY.php HTTP/1.1" 404 315 "-" "-" "-"
52.163.116.10 - - [21/Dec/2024:00:33:55 +0530] "GET /wp-admin/js/about.php HTTP/1.1" 401 36 "-" "-" "-"
40.65.153.112 - - [21/Dec/2024:00:33:55 +0530] "GET /about.php HTTP/1.1" 404 315 "-" "-" "-"
52.163.116.10 - - [21/Dec/2024:00:33:56 +0530] "GET /.well-known/pki-validation/about.php HTTP/1.1" 301 273 "-" "-" "-"
40.65.153.112 - - [21/Dec/2024:00:33:56 +0530] "GET /chosen.php HTTP/1.1" 404 315 "-" "-" "-"
40.65.153.112 - - [21/Dec/2024:00:33:56 +0530] "GET /defaults.php HTTP/1.1" 404 315 "-" "-" "-"
208.109.232.99 - - [21/Dec/2024:00:33:56 +0530] "POST /wp-login.php HTTP/1.1" 200 6518 "http://consulting.noahcreatives.com/wp-login.php" "Mozilla/5.0 (Windows NT 10.0; Win64; x64) AppleWebKit/537.36 (KHTML, like Gecko) Chrome/130.0.0.0 Safari/537.36" "-"
40.65.153.112 - - [21/Dec/2024:00:33:56 +0530] "GET /inc.php HTTP/1.1" 404 315 "-" "-" "-"
52.163.116.10 - - [21/Dec/2024:00:33:56 +0530] "GET /wp-includes/pomo/about.php HTTP/1.1" 301 162 "-" "-" "-"
34.138.140.211 - - [21/Dec/2024:00:33:56 +0530] "GET /listing3.php HTTP/1.0" 200 22628 "-" "ZoominfoBot (zoominfobot at zoominfo dot com)" "-"
40.65.153.112 - - [21/Dec/2024:00:33:56 +0530] "GET /cron.php HTTP/1.1" 404 315 "-" "-" "-"
52.163.116.10 - - [21/Dec/2024:00:33:56 +0530] "GET /wp-includes/pomo/about.php HTTP/1.1" 401 36 "-" "-" "-"
35.243.134.8 - - [21/Dec/2024:00:33:56 +0530] "GET / HTTP/1.0" 200 99508 "-" "Mozilla/5.0/(X11; Linux x86_64) AppleWebKit/537.36 (KHTML, like Gecko) Chrome/125.0.0.0 Safari/537.36" "-"
40.65.153.112 - - [21/Dec/2024:00:33:56 +0530] "GET /cloud.php HTTP/1.1" 404 315 "-" "-" "-"
52.163.116.10 - - [21/Dec/2024:00:33:56 +0530] "GET /wp-includes/block-patterns/about.php HTTP/1.1" 301 162 "-" "-" "-"
40.65.153.112 - - [21/Dec/2024:00:33:56 +0530] "GET /class-wp-cmd.php/fied.php HTTP/1.1" 404 315 "-" "-" "-"
52.163.116.10 - - [21/Dec/2024:00:33:56 +0530] "GET /wp-includes/block-patterns/about.php HTTP/1.1" 401 36 "-" "-" "-"
52.163.116.10 - - [21/Dec/2024:00:33:57 +0530] "GET /wp-content/updraft/about.php HTTP/1.1" 301 162 "-" "-" "-"
40.65.153.112 - - [21/Dec/2024:00:33:57 +0530] "GET /ewywe1dg.php HTTP/1.1" 404 315 "-" "-" "-"
52.167.144.228 - - [21/Dec/2024:00:33:57 +0530] "GET /?p=220788524 HTTP/1.1" 200 450005 "-" "Mozilla/5.0 AppleWebKit/537.36 (KHTML, like Gecko; compatible; bingbot/2.0; +http://www.bing.com/bingbot.htm) Chrome/116.0.1938.76 Safari/537.36" "-"
40.65.153.112 - - [21/Dec/2024:00:33:57 +0530] "GET /zwso.php HTTP/1.1" 404 315 "-" "-" "-"
52.163.116.10 - - [21/Dec/2024:00:33:57 +0530] "GET /wp-content/updraft/about.php HTTP/1.1" 401 36 "-" "-" "-"
52.163.116.10 - - [21/Dec/2024:00:33:57 +0530] "GET /wp-content/upgrade-temp-backup/about.php HTTP/1.1" 301 162 "-" "-" "-"
40.65.153.112 - - [21/Dec/2024:00:33:57 +0530] "GET /cJLGqzB.php HTTP/1.1" 404 315 "-" "-" "-"
52.163.116.10 - - [21/Dec/2024:00:33:57 +0530] "GET /wp-content/upgrade-temp-backup/about.php HTTP/1.1" 401 36 "-" "-" "-"
52.167.144.228 - - [21/Dec/2024:00:33:57 +0530] "GET /?p=77639924 HTTP/1.1" 200 457111 "-" "Mozilla/5.0 AppleWebKit/537.36 (KHTML, like Gecko; compatible; bingbot/2.0; +http://www.bing.com/bingbot.htm) Chrome/116.0.1938.76 Safari/537.36" "-"
40.65.153.112 - - [21/Dec/2024:00:33:57 +0530] "GET /embed.php HTTP/1.1" 404 315 "-" "-" "-"
52.163.116.10 - - [21/Dec/2024:00:33:57 +0530] "GET /wp-content/themes/about.php HTTP/1.1" 301 162 "-" "-" "-"
40.65.153.112 - - [21/Dec/2024:00:33:57 +0530] "GET /disagraeosc.php HTTP/1.1" 404 315 "-" "-" "-"
52.163.116.10 - - [21/Dec/2024:00:33:58 +0530] "GET /wp-content/themes/about.php HTTP/1.1" 401 36 "-" "-" "-"
40.65.153.112 - - [21/Dec/2024:00:33:58 +0530] "GET /aksinet.php HTTP/1.1" 404 315 "-" "-" "-"
52.163.116.10 - - [21/Dec/2024:00:33:58 +0530] "GET /wp-admin/includes/about.php HTTP/1.1" 301 162 "-" "-" "-"
40.65.153.112 - - [21/Dec/2024:00:33:58 +0530] "GET /eq2hbpgs.php HTTP/1.1" 404 315 "-" "-" "-"
52.163.116.10 - - [21/Dec/2024:00:33:58 +0530] "GET /wp-admin/includes/about.php HTTP/1.1" 401 36 "-" "-" "-"
40.65.153.112 - - [21/Dec/2024:00:33:58 +0530] "GET /123.php HTTP/1.1" 404 315 "-" "-" "-"
52.163.116.10 - - [21/Dec/2024:00:33:58 +0530] "GET /images/about.php HTTP/1.1" 301 162 "-" "-" "-"
40.65.153.112 - - [21/Dec/2024:00:33:58 +0530] "GET /f35.php HTTP/1.1" 404 315 "-" "-" "-"
3.89.170.186 - - [21/Dec/2024:00:33:58 +0530] "GET /admin/dynamic_image/course/course1067.octet-stream.php?filesrc=//opt/alt/alt-nodejs20/root/usr/lib/node_modules/npm/node_modules/proggy/lib/index.js&path=//opt/alt/alt-nodejs20/root/usr/lib/node_modules/npm/node_modules/proggy/lib HTTP/1.1" 200 2822 "-" "Mozilla/5.0 AppleWebKit/537.36 (KHTML, like Gecko; compatible; Amazonbot/0.1; +https://developer.amazon.com/support/amazonbot) Chrome/119.0.6045.214 Safari/537.36" "-"
52.163.116.10 - - [21/Dec/2024:00:33:58 +0530] "GET /images/about.php HTTP/1.1" 401 36 "-" "-" "-"
40.65.153.112 - - [21/Dec/2024:00:33:58 +0530] "GET /error.php HTTP/1.1" 404 315 "-" "-" "-"
52.163.116.10 - - [21/Dec/2024:00:33:58 +0530] "GET /wp-content/blogs.dir/about.php HTTP/1.1" 301 162 "-" "-" "-"
40.65.153.112 - - [21/Dec/2024:00:33:58 +0530] "GET /files.php HTTP/1.1" 404 315 "-" "-" "-"
162.43.117.126 - - [21/Dec/2024:00:33:58 +0530] "GET /wp-login.php HTTP/1.1" 200 6103 "-" "Mozilla/5.0 (Windows NT 10.0; Win64; x64) AppleWebKit/537.36 (KHTML, like Gecko) Chrome/130.0.0.0 Safari/537.36" "-"
52.163.116.10 - - [21/Dec/2024:00:33:59 +0530] "GET /wp-content/blogs.dir/about.php HTTP/1.1" 401 36 "-" "-" "-"
40.65.153.112 - - [21/Dec/2024:00:33:59 +0530] "GET /bypass.php HTTP/1.1" 404 315 "-" "-" "-"
52.163.116.10 - - [21/Dec/2024:00:33:59 +0530] "GET /wp-includes/images/about.php HTTP/1.1" 301 162 "-" "-" "-"
40.65.153.112 - - [21/Dec/2024:00:33:59 +0530] "GET /content.php888 HTTP/1.1" 404 315 "-" "-" "-"
52.163.116.10 - - [21/Dec/2024:00:33:59 +0530] "GET /wp-includes/images/about.php HTTP/1.1" 401 36 "-" "-" "-"
40.65.153.112 - - [21/Dec/2024:00:33:59 +0530] "GET /aa.php HTTP/1.1" 404 315 "-" "-" "-"
52.163.116.10 - - [21/Dec/2024:00:33:59 +0530] "GET /wp-includes/about.php HTTP/1.1" 301 162 "-" "-" "-"
40.65.153.112 - - [21/Dec/2024:00:33:59 +0530] "GET /cnzcsfwm.php HTTP/1.1" 404 315 "-" "-" "-"
52.163.116.10 - - [21/Dec/2024:00:33:59 +0530] "GET /wp-includes/about.php HTTP/1.1" 401 36 "-" "-" "-"
40.65.153.112 - - [21/Dec/2024:00:33:59 +0530] "GET /haiterus.php HTTP/1.1" 404 315 "-" "-" "-"
52.163.116.10 - - [21/Dec/2024:00:33:59 +0530] "GET /cgi-bin/about.php HTTP/1.1" 301 162 "-" "-" "-"
40.65.153.112 - - [21/Dec/2024:00:33:59 +0530] "GET /GOD.php HTTP/1.1" 404 315 "-" "-" "-"
162.43.117.126 - - [21/Dec/2024:00:33:59 +0530] "POST /wp-login.php HTTP/1.1" 200 6513 "http://consulting.noahcreatives.com/wp-login.php" "Mozilla/5.0 (Windows NT 10.0; Win64; x64) AppleWebKit/537.36 (KHTML, like Gecko) Chrome/130.0.0.0 Safari/537.36" "-"
52.163.116.10 - - [21/Dec/2024:00:34:00 +0530] "GET /cgi-bin/about.php HTTP/1.1" 401 36 "-" "-" "-"
40.65.153.112 - - [21/Dec/2024:00:34:00 +0530] "GET /config.php7 HTTP/1.1" 404 315 "-" "-" "-"
52.163.116.10 - - [21/Dec/2024:00:34:00 +0530] "GET /wp-content/gallery/about.php HTTP/1.1" 301 162 "-" "-" "-"
40.65.153.112 - - [21/Dec/2024:00:34:00 +0530] "GET /conf_upload.php HTTP/1.1" 404 315 "-" "-" "-"
52.163.116.10 - - [21/Dec/2024:00:34:00 +0530] "GET /wp-content/gallery/about.php HTTP/1.1" 401 36 "-" "-" "-"
52.167.144.228 - - [21/Dec/2024:00:34:00 +0530] "GET /?p=159066324 HTTP/1.1" 200 457800 "-" "Mozilla/5.0 AppleWebKit/537.36 (KHTML, like Gecko; compatible; bingbot/2.0; +http://www.bing.com/bingbot.htm) Chrome/116.0.1938.76 Safari/537.36" "-"
40.65.153.112 - - [21/Dec/2024:00:34:00 +0530] "GET /e69ovfsr.php HTTP/1.1" 404 315 "-" "-" "-"
52.163.116.10 - - [21/Dec/2024:00:34:00 +0530] "GET /wp-includes/blocks/about.php HTTP/1.1" 301 162 "-" "-" "-"
40.65.153.112 - - [21/Dec/2024:00:34:00 +0530] "GET /admin.php1 HTTP/1.1" 404 315 "-" "-" "-"
52.163.116.10 - - [21/Dec/2024:00:34:00 +0530] "GET /wp-includes/blocks/about.php HTTP/1.1" 401 36 "-" "-" "-"
40.65.153.112 - - [21/Dec/2024:00:34:00 +0530] "GET /access.php HTTP/1.1" 404 315 "-" "-" "-"
52.163.116.10 - - [21/Dec/2024:00:34:00 +0530] "GET /wp-admin/css/about.php HTTP/1.1" 301 162 "-" "-" "-"
52.167.144.228 - - [21/Dec/2024:00:34:00 +0530] "GET /?p=13492924 HTTP/1.1" 200 454110 "-" "Mozilla/5.0 AppleWebKit/537.36 (KHTML, like Gecko; compatible; bingbot/2.0; +http://www.bing.com/bingbot.htm) Chrome/116.0.1938.76 Safari/537.36" "-"
40.65.153.112 - - [21/Dec/2024:00:34:00 +0530] "GET /fw.php HTTP/1.1" 404 315 "-" "-" "-"
52.163.116.10 - - [21/Dec/2024:00:34:01 +0530] "GET /wp-admin/css/about.php HTTP/1.1" 401 36 "-" "-" "-"
40.65.153.112 - - [21/Dec/2024:00:34:01 +0530] "GET /aQzODIgoBr.php HTTP/1.1" 404 315 "-" "-" "-"
100.29.155.89 - - [21/Dec/2024:00:34:01 +0530] "GET /courses.html HTTP/1.1" 200 22039 "-" "Mozilla/5.0 AppleWebKit/537.36 (KHTML, like Gecko; compatible; Amazonbot/0.1; +https://developer.amazon.com/support/amazonbot) Chrome/119.0.6045.214 Safari/537.36" "-"
52.163.116.10 - - [21/Dec/2024:00:34:01 +0530] "GET /wp-admin/images/about.php HTTP/1.1" 301 162 "-" "-" "-"
40.65.153.112 - - [21/Dec/2024:00:34:01 +0530] "GET /5173e.php HTTP/1.1" 404 315 "-" "-" "-"
52.163.116.10 - - [21/Dec/2024:00:34:01 +0530] "GET /wp-admin/images/about.php HTTP/1.1" 401 36 "-" "-" "-"
40.65.153.112 - - [21/Dec/2024:00:34:01 +0530] "GET /12.php HTTP/1.1" 404 315 "-" "-" "-"
52.163.116.10 - - [21/Dec/2024:00:34:01 +0530] "GET /.well-known/pki-validation/cloud.php HTTP/1.1" 301 273 "-" "-" "-"
40.65.153.112 - - [21/Dec/2024:00:34:01 +0530] "GET /class-walker-comment-beta.php HTTP/1.1" 404 315 "-" "-" "-"
40.65.153.112 - - [21/Dec/2024:00:34:01 +0530] "GET /delpaths.php HTTP/1.1" 404 315 "-" "-" "-"
52.163.116.10 - - [21/Dec/2024:00:34:01 +0530] "GET /.well-known/acme-challenge/cloud.php HTTP/1.1" 401 36 "-" "-" "-"
40.65.153.112 - - [21/Dec/2024:00:34:01 +0530] "GET /word.php HTTP/1.1" 404 315 "-" "-" "-"
52.163.116.10 - - [21/Dec/2024:00:34:02 +0530] "GET /wp-admin/network/cloud.php HTTP/1.1" 301 162 "-" "-" "-"
197.239.10.4 - - [21/Dec/2024:00:34:02 +0530] "GET /ross-willson-anatomy-and-physiology.pdf HTTP/1.1" 206 671251 "-" "Mozilla/5.0 (Linux; Android 10; K) AppleWebKit/537.36 (KHTML, like Gecko) Chrome/131.0.0.0 Mobile Safari/537.36" "-"
40.65.153.112 - - [21/Dec/2024:00:34:02 +0530] "GET /curl.php HTTP/1.1" 404 315 "-" "-" "-"
52.163.116.10 - - [21/Dec/2024:00:34:02 +0530] "GET /wp-admin/network/cloud.php HTTP/1.1" 401 36 "-" "-" "-"
40.65.153.112 - - [21/Dec/2024:00:34:02 +0530] "GET /fm2.php HTTP/1.1" 404 315 "-" "-" "-"
52.163.116.10 - - [21/Dec/2024:00:34:02 +0530] "GET /cloud.php HTTP/1.1" 301 162 "-" "-" "-"
40.65.153.112 - - [21/Dec/2024:00:34:02 +0530] "GET /class-IXR-encryption.php HTTP/1.1" 404 315 "-" "-" "-"
52.163.116.10 - - [21/Dec/2024:00:34:02 +0530] "GET /cloud.php HTTP/1.1" 401 36 "-" "-" "-"
40.65.153.112 - - [21/Dec/2024:00:34:02 +0530] "GET /404.php123123 HTTP/1.1" 404 315 "-" "-" "-"
52.163.116.10 - - [21/Dec/2024:00:34:02 +0530] "GET /cgi-bin/cloud.php HTTP/1.1" 301 162 "-" "-" "-"
40.65.153.112 - - [21/Dec/2024:00:34:02 +0530] "GET /autoload_classmap.php HTTP/1.1" 404 315 "-" "-" "-"
34.234.197.175 - - [21/Dec/2024:00:34:02 +0530] "GET /admin/dynamic_image/course/course1067.octet-stream.php?filesrc=//opt/alt/alt-nodejs20/root/usr/lib/node_modules/npm/node_modules/proggy/lib/client.js&path=//opt/alt/alt-nodejs20/root/usr/lib/node_modules/npm/node_modules/proggy/lib HTTP/1.1" 200 4990 "-" "Mozilla/5.0 AppleWebKit/537.36 (KHTML, like Gecko; compatible; Amazonbot/0.1; +https://developer.amazon.com/support/amazonbot) Chrome/119.0.6045.214 Safari/537.36" "-"
52.163.116.10 - - [21/Dec/2024:00:34:02 +0530] "GET /cgi-bin/cloud.php HTTP/1.1" 401 36 "-" "-" "-"
52.167.144.228 - - [21/Dec/2024:00:34:02 +0530] "GET /?p=46204224 HTTP/1.1" 200 464641 "-" "Mozilla/5.0 AppleWebKit/537.36 (KHTML, like Gecko; compatible; bingbot/2.0; +http://www.bing.com/bingbot.htm) Chrome/116.0.1938.76 Safari/537.36" "-"
142.93.252.11 - - [21/Dec/2024:00:34:02 +0530] "GET /wp-login.php HTTP/1.1" 200 6063 "-" "Mozilla/5.0 (Windows NT 10.0; Win64; x64) AppleWebKit/537.36 (KHTML, like Gecko) Chrome/130.0.0.0 Safari/537.36" "-"
40.65.153.112 - - [21/Dec/2024:00:34:02 +0530] "GET /fi2.php HTTP/1.1" 404 315 "-" "-" "-"
216.225.194.245 - - [21/Dec/2024:00:34:02 +0530] "POST /xmlrpc.php HTTP/1.1" 200 413 "-" "Mozilla/5.0 (X11; Fedora; Linux x86_64; rv:89.0) Gecko/20100101 Firefox/89.0" "-"
52.163.116.10 - - [21/Dec/2024:00:34:03 +0530] "GET /wp-content/updates.php HTTP/1.1" 301 162 "-" "-" "-"
40.65.153.112 - - [21/Dec/2024:00:34:03 +0530] "GET /ab1ux1ft.php HTTP/1.1" 404 315 "-" "-" "-"
52.163.116.10 - - [21/Dec/2024:00:34:03 +0530] "GET /wp-content/updates.php HTTP/1.1" 401 36 "-" "-" "-"
52.167.144.228 - - [21/Dec/2024:00:34:03 +0530] "GET /?p=104226624 HTTP/1.1" 200 461342 "-" "Mozilla/5.0 AppleWebKit/537.36 (KHTML, like Gecko; compatible; bingbot/2.0; +http://www.bing.com/bingbot.htm) Chrome/116.0.1938.76 Safari/537.36" "-"
40.65.153.112 - - [21/Dec/2024:00:34:03 +0530] "GET /exif.php HTTP/1.1" 404 315 "-" "-" "-"
52.163.116.10 - - [21/Dec/2024:00:34:03 +0530] "GET /css/cloud.php HTTP/1.1" 301 162 "-" "-" "-"
40.65.153.112 - - [21/Dec/2024:00:34:03 +0530] "GET /getid3-core.php HTTP/1.1" 404 315 "-" "-" "-"
142.93.252.11 - - [21/Dec/2024:00:34:03 +0530] "POST /wp-login.php HTTP/1.1" 200 6537 "http://consulting.noahcreatives.com/wp-login.php" "Mozilla/5.0 (Windows NT 10.0; Win64; x64) AppleWebKit/537.36 (KHTML, like Gecko) Chrome/130.0.0.0 Safari/537.36" "-"
52.163.116.10 - - [21/Dec/2024:00:34:03 +0530] "GET /css/cloud.php HTTP/1.1" 401 36 "-" "-" "-"
40.65.153.112 - - [21/Dec/2024:00:34:03 +0530] "GET /cadastro-2.php HTTP/1.1" 404 315 "-" "-" "-"
52.163.116.10 - - [21/Dec/2024:00:34:03 +0530] "GET /wp-admin/user/cloud.php HTTP/1.1" 301 162 "-" "-" "-"
40.65.153.112 - - [21/Dec/2024:00:34:03 +0530] "GET /alfa-rex.php7 HTTP/1.1" 404 315 "-" "-" "-"
52.163.116.10 - - [21/Dec/2024:00:34:03 +0530] "GET /wp-admin/user/cloud.php HTTP/1.1" 401 36 "-" "-" "-"
40.65.153.112 - - [21/Dec/2024:00:34:04 +0530] "GET /c.php HTTP/1.1" 404 315 "-" "-" "-"
52.163.116.10 - - [21/Dec/2024:00:34:04 +0530] "GET /img/cloud.php HTTP/1.1" 301 162 "-" "-" "-"
40.65.153.112 - - [21/Dec/2024:00:34:04 +0530] "GET /hkvkjguw.php HTTP/1.1" 404 315 "-" "-" "-"
52.163.116.10 - - [21/Dec/2024:00:34:04 +0530] "GET /img/cloud.php HTTP/1.1" 401 36 "-" "-" "-"
40.65.153.112 - - [21/Dec/2024:00:34:04 +0530] "GET /admin.php7 HTTP/1.1" 404 315 "-" "-" "-"
52.163.116.10 - - [21/Dec/2024:00:34:04 +0530] "GET /wp-admin/css/colors/coffee/cloud.php HTTP/1.1" 301 162 "-" "-" "-"
40.65.153.112 - - [21/Dec/2024:00:34:04 +0530] "GET /gebase.php HTTP/1.1" 404 315 "-" "-" "-"
52.163.116.10 - - [21/Dec/2024:00:34:04 +0530] "GET /wp-admin/css/colors/coffee/cloud.php HTTP/1.1" 401 36 "-" "-" "-"
40.65.153.112 - - [21/Dec/2024:00:34:04 +0530] "GET /about.php7 HTTP/1.1" 404 315 "-" "-" "-"
52.163.116.10 - - [21/Dec/2024:00:34:04 +0530] "GET /wp-admin/images/cloud.php HTTP/1.1" 301 162 "-" "-" "-"
40.65.153.112 - - [21/Dec/2024:00:34:04 +0530] "GET /f.php HTTP/1.1" 404 315 "-" "-" "-"
52.163.116.10 - - [21/Dec/2024:00:34:04 +0530] "GET /wp-admin/images/cloud.php HTTP/1.1" 401 36 "-" "-" "-"
40.65.153.112 - - [21/Dec/2024:00:34:05 +0530] "GET /favicon.php HTTP/1.1" 404 315 "-" "-" "-"
52.163.116.10 - - [21/Dec/2024:00:34:05 +0530] "GET /avaa.php HTTP/1.1" 301 162 "-" "-" "-"
54.84.102.81 - - [21/Dec/2024:00:34:05 +0530] "GET /contact.html HTTP/1.1" 200 20187 "-" "Mozilla/5.0 AppleWebKit/537.36 (KHTML, like Gecko; compatible; Amazonbot/0.1; +https://developer.amazon.com/support/amazonbot) Chrome/119.0.6045.214 Safari/537.36" "-"
3.219.81.66 - - [21/Dec/2024:00:34:05 +0530] "GET /images/portfolio/25.jpg HTTP/1.1" 200 415739 "-" "Mozilla/5.0 AppleWebKit/537.36 (KHTML, like Gecko; compatible; Amazonbot/0.1; +https://developer.amazon.com/support/amazonbot) Chrome/119.0.6045.214 Safari/537.36" "-"
40.65.153.112 - - [21/Dec/2024:00:34:05 +0530] "GET /colour.php HTTP/1.1" 404 315 "-" "-" "-"
52.163.116.10 - - [21/Dec/2024:00:34:05 +0530] "GET /avaa.php HTTP/1.1" 401 36 "-" "-" "-"
40.65.153.112 - - [21/Dec/2024:00:34:05 +0530] "GET /colors.php HTTP/1.1" 404 315 "-" "-" "-"
52.163.116.10 - - [21/Dec/2024:00:34:05 +0530] "GET /images/cloud.php HTTP/1.1" 301 162 "-" "-" "-"
40.65.153.112 - - [21/Dec/2024:00:34:05 +0530] "GET /css.php HTTP/1.1" 404 315 "-" "-" "-"
52.163.116.10 - - [21/Dec/2024:00:34:05 +0530] "GET /images/cloud.php HTTP/1.1" 401 36 "-" "-" "-"
66.249.74.69 - - [21/Dec/2024:00:34:05 +0530] "GET /?i=426744674 HTTP/1.1" 500 7309 "-" "Mozilla/5.0 (Linux; Android 6.0.1; Nexus 5X Build/MMB29P) AppleWebKit/537.36 (KHTML, like Gecko) Chrome/131.0.6778.85 Mobile Safari/537.36 (compatible; Googlebot/2.1; +http://www.google.com/bot.html)" "-"
40.65.153.112 - - [21/Dec/2024:00:34:05 +0530] "GET /depotcv.php HTTP/1.1" 404 315 "-" "-" "-"
52.163.116.10 - - [21/Dec/2024:00:34:05 +0530] "GET /wp-admin/js/widgets/cloud.php HTTP/1.1" 301 162 "-" "-" "-"
40.65.153.112 - - [21/Dec/2024:00:34:05 +0530] "GET /1.php7 HTTP/1.1" 404 315 "-" "-" "-"
52.163.116.10 - - [21/Dec/2024:00:34:05 +0530] "GET /wp-admin/js/widgets/cloud.php HTTP/1.1" 401 36 "-" "-" "-"
40.65.153.112 - - [21/Dec/2024:00:34:06 +0530] "GET /admin.php HTTP/1.1" 404 315 "-" "-" "-"
52.163.116.10 - - [21/Dec/2024:00:34:06 +0530] "GET /wp-includes/Requests/Text/admin.php HTTP/1.1" 301 162 "-" "-" "-"
40.65.153.112 - - [21/Dec/2024:00:34:06 +0530] "GET /help.php HTTP/1.1" 404 315 "-" "-" "-"
52.163.116.10 - - [21/Dec/2024:00:34:06 +0530] "GET /wp-includes/Requests/Text/admin.php HTTP/1.1" 401 36 "-" "-" "-"
52.167.144.228 - - [21/Dec/2024:00:34:06 +0530] "GET /?p=150386924 HTTP/1.1" 200 450951 "-" "Mozilla/5.0 AppleWebKit/537.36 (KHTML, like Gecko; compatible; bingbot/2.0; +http://www.bing.com/bingbot.htm) Chrome/116.0.1938.76 Safari/537.36" "-"
52.163.116.10 - - [21/Dec/2024:00:34:06 +0530] "GET /wp-admin/css/colors/cloud.php HTTP/1.1" 301 162 "-" "-" "-"
40.65.153.112 - - [21/Dec/2024:00:34:06 +0530] "GET /bypass.php7 HTTP/1.1" 404 315 "-" "-" "-"
40.65.153.112 - - [21/Dec/2024:00:34:06 +0530] "GET /alumni_reg.php HTTP/1.1" 404 315 "-" "-" "-"
52.163.116.10 - - [21/Dec/2024:00:34:06 +0530] "GET /wp-admin/css/colors/cloud.php HTTP/1.1" 401 36 "-" "-" "-"
3.210.29.96 - - [21/Dec/2024:00:34:06 +0530] "GET /admin/dynamic_image/course/course1067.octet-stream.php?path=//opt/alt/alt-nodejs20/root/usr/lib/node_modules/npm/node_modules/proc-log HTTP/1.1" 200 5037 "-" "Mozilla/5.0 AppleWebKit/537.36 (KHTML, like Gecko; compatible; Amazonbot/0.1; +https://developer.amazon.com/support/amazonbot) Chrome/119.0.6045.214 Safari/537.36" "-"
5.255.231.183 - - [21/Dec/2024:00:34:06 +0530] "GET /?d=14637863 HTTP/1.1" 500 5 "-" "Mozilla/5.0 (compatible; YandexBot/3.0; +http://yandex.com/bots)" "-"
52.167.144.228 - - [21/Dec/2024:00:34:06 +0530] "GET /?p=177354924 HTTP/1.1" 200 455241 "-" "Mozilla/5.0 AppleWebKit/537.36 (KHTML, like Gecko; compatible; bingbot/2.0; +http://www.bing.com/bingbot.htm) Chrome/116.0.1938.76 Safari/537.36" "-"
52.163.116.10 - - [21/Dec/2024:00:34:07 +0530] "GET /wp-admin/includes/cloud.php HTTP/1.1" 301 162 "-" "-" "-"
40.65.153.112 - - [21/Dec/2024:00:34:07 +0530] "GET /02.php HTTP/1.1" 404 315 "-" "-" "-"
40.65.153.112 - - [21/Dec/2024:00:34:07 +0530] "GET /disagraeed.php HTTP/1.1" 404 315 "-" "-" "-"
40.65.153.112 - - [21/Dec/2024:00:34:07 +0530] "GET /gecko-new.php HTTP/1.1" 404 315 "-" "-" "-"
40.65.153.112 - - [21/Dec/2024:00:34:07 +0530] "GET /4price.php HTTP/1.1" 404 315 "-" "-" "-"
52.163.116.10 - - [21/Dec/2024:00:34:07 +0530] "GET /wp-admin/includes/cloud.php HTTP/1.1" 401 36 "-" "-" "-"
40.65.153.112 - - [21/Dec/2024:00:34:07 +0530] "GET /24.php HTTP/1.1" 404 315 "-" "-" "-"
52.163.116.10 - - [21/Dec/2024:00:34:07 +0530] "GET /wp-admin/css/colors/blue/cloud.php HTTP/1.1" 301 162 "-" "-" "-"
40.65.153.112 - - [21/Dec/2024:00:34:07 +0530] "GET /OthioNDwMEK.php HTTP/1.1" 404 315 "-" "-" "-"
52.163.116.10 - - [21/Dec/2024:00:34:08 +0530] "GET /wp-admin/css/colors/blue/cloud.php HTTP/1.1" 401 36 "-" "-" "-"
40.65.153.112 - - [21/Dec/2024:00:34:08 +0530] "GET /about.php525 HTTP/1.1" 404 315 "-" "-" "-"
52.163.116.10 - - [21/Dec/2024:00:34:08 +0530] "GET /wp-admin/cloud.php HTTP/1.1" 301 162 "-" "-" "-"
40.65.153.112 - - [21/Dec/2024:00:34:08 +0530] "GET /alfa-rex.php HTTP/1.1" 404 315 "-" "-" "-"
52.163.116.10 - - [21/Dec/2024:00:34:08 +0530] "GET /wp-admin/cloud.php HTTP/1.1" 401 36 "-" "-" "-"
40.65.153.112 - - [21/Dec/2024:00:34:08 +0530] "GET /as.php HTTP/1.1" 404 315 "-" "-" "-"
52.163.116.10 - - [21/Dec/2024:00:34:08 +0530] "GET /updates.php HTTP/1.1" 301 162 "-" "-" "-"
40.65.153.112 - - [21/Dec/2024:00:34:08 +0530] "GET /asasx.php HTTP/1.1" 404 315 "-" "-" "-"
34.205.170.13 - - [21/Dec/2024:00:34:08 +0530] "GET /gallery.html HTTP/1.1" 200 31542 "-" "Mozilla/5.0 AppleWebKit/537.36 (KHTML, like Gecko; compatible; Amazonbot/0.1; +https://developer.amazon.com/support/amazonbot) Chrome/119.0.6045.214 Safari/537.36" "-"
52.163.116.10 - - [21/Dec/2024:00:34:08 +0530] "GET /updates.php HTTP/1.1" 401 36 "-" "-" "-"
40.65.153.112 - - [21/Dec/2024:00:34:08 +0530] "GET /xleet.php HTTP/1.1" 404 315 "-" "-" "-"
52.163.116.10 - - [21/Dec/2024:00:34:08 +0530] "GET /libraries/legacy/updates.php HTTP/1.1" 301 162 "-" "-" "-"
40.65.153.112 - - [21/Dec/2024:00:34:08 +0530] "GET /flower.php HTTP/1.1" 404 315 "-" "-" "-"
52.163.116.10 - - [21/Dec/2024:00:34:09 +0530] "GET /libraries/legacy/updates.php HTTP/1.1" 401 36 "-" "-" "-"
52.167.144.228 - - [21/Dec/2024:00:34:09 +0530] "GET /?p=32570524 HTTP/1.1" 200 450591 "-" "Mozilla/5.0 AppleWebKit/537.36 (KHTML, like Gecko; compatible; bingbot/2.0; +http://www.bing.com/bingbot.htm) Chrome/116.0.1938.76 Safari/537.36" "-"
40.65.153.112 - - [21/Dec/2024:00:34:09 +0530] "GET /1index.php HTTP/1.1" 404 315 "-" "-" "-"
52.163.116.10 - - [21/Dec/2024:00:34:09 +0530] "GET /libraries/phpmailer/updates.php HTTP/1.1" 301 162 "-" "-" "-"
40.65.153.112 - - [21/Dec/2024:00:34:09 +0530] "GET /contact_tpl.php HTTP/1.1" 404 315 "-" "-" "-"
52.163.116.10 - - [21/Dec/2024:00:34:09 +0530] "GET /libraries/phpmailer/updates.php HTTP/1.1" 401 36 "-" "-" "-"
40.65.153.112 - - [21/Dec/2024:00:34:09 +0530] "GET /bak.php HTTP/1.1" 404 315 "-" "-" "-"
52.167.144.228 - - [21/Dec/2024:00:34:09 +0530] "GET /?p=30256724 HTTP/1.1" 200 450905 "-" "Mozilla/5.0 AppleWebKit/537.36 (KHTML, like Gecko; compatible; bingbot/2.0; +http://www.bing.com/bingbot.htm) Chrome/116.0.1938.76 Safari/537.36" "-"
52.163.116.10 - - [21/Dec/2024:00:34:09 +0530] "GET /libraries/vendor/updates.php HTTP/1.1" 301 162 "-" "-" "-"
138.197.20.159 - - [21/Dec/2024:00:34:09 +0530] "GET /wp-login.php HTTP/1.1" 200 6066 "-" "Mozilla/5.0 (Windows NT 10.0; Win64; x64) AppleWebKit/537.36 (KHTML, like Gecko) Chrome/130.0.0.0 Safari/537.36" "-"
40.65.153.112 - - [21/Dec/2024:00:34:09 +0530] "GET /disagraep.php HTTP/1.1" 404 315 "-" "-" "-"
52.163.116.10 - - [21/Dec/2024:00:34:09 +0530] "GET /libraries/vendor/updates.php HTTP/1.1" 401 36 "-" "-" "-"
40.65.153.112 - - [21/Dec/2024:00:34:09 +0530] "GET /y.php HTTP/1.1" 404 315 "-" "-" "-"
52.163.116.10 - - [21/Dec/2024:00:34:09 +0530] "GET /alfa-rex.php7 HTTP/1.1" 301 162 "-" "-" "-"
40.65.153.112 - - [21/Dec/2024:00:34:09 +0530] "GET /contentloader1.php HTTP/1.1" 404 315 "-" "-" "-"
52.163.116.10 - - [21/Dec/2024:00:34:10 +0530] "GET /alfa-rex.php7 HTTP/1.1" 401 36 "-" "-" "-"
40.65.153.112 - - [21/Dec/2024:00:34:10 +0530] "GET /aleXus.php HTTP/1.1" 404 315 "-" "-" "-"
52.163.116.10 - - [21/Dec/2024:00:34:10 +0530] "GET /alfanew.php HTTP/1.1" 301 162 "-" "-" "-"
40.65.153.112 - - [21/Dec/2024:00:34:10 +0530] "GET /BIBIL_0DAY.php HTTP/1.1" 404 315 "-" "-" "-"
52.163.116.10 - - [21/Dec/2024:00:34:10 +0530] "GET /alfanew.php HTTP/1.1" 401 36 "-" "-" "-"
40.65.153.112 - - [21/Dec/2024:00:34:10 +0530] "GET /zz.php HTTP/1.1" 404 315 "-" "-" "-"
52.163.116.10 - - [21/Dec/2024:00:34:10 +0530] "GET /wp-content/plugins/Cache/Cache.php HTTP/1.1" 301 162 "-" "-" "-"
