103.132.181.180 - - [21/Dec/2024:00:55:43 +0530] "GET /wp-content/upgrade/ HTTP/1.1" 500 7309 "www.google.com" "Mozlila/5.0 (Linux; Android 7.0; SM-G892A Bulid/NRD90M; wv) AppleWebKit/537.36 (KHTML, like Gecko) Version/4.0 Chrome/60.0.3112.107 Moblie Safari/537.36" "-"
66.249.74.68 - - [21/Dec/2024:00:55:43 +0530] "GET /?i=395169274 HTTP/1.1" 500 7309 "-" "Mozilla/5.0 (Linux; Android 6.0.1; Nexus 5X Build/MMB29P) AppleWebKit/537.36 (KHTML, like Gecko) Chrome/131.0.6778.85 Mobile Safari/537.36 (compatible; Googlebot/2.1; +http://www.google.com/bot.html)" "-"
52.187.74.192 - - [21/Dec/2024:00:55:43 +0530] "GET /admin-post.php HTTP/1.1" 301 5 "-" "-" "-"
52.167.144.20 - - [21/Dec/2024:00:55:43 +0530] "GET /?p=202738424 HTTP/1.1" 200 456927 "-" "Mozilla/5.0 AppleWebKit/537.36 (KHTML, like Gecko; compatible; bingbot/2.0; +http://www.bing.com/bingbot.htm) Chrome/116.0.1938.76 Safari/537.36" "-"
185.146.88.242 - - [21/Dec/2024:00:55:43 +0530] "GET /client-testimonials/introducing-this-amazing-city/ HTTP/1.1" 200 212286 "-" "-" "-"
185.106.130.241 - - [21/Dec/2024:00:55:44 +0530] "GET /wp-login.php HTTP/1.1" 200 6056 "-" "Mozilla/5.0 (Windows NT 10.0; Win64; x64) AppleWebKit/537.36 (KHTML, like Gecko) Chrome/130.0.0.0 Safari/537.36" "-"
52.167.144.20 - - [21/Dec/2024:00:55:44 +0530] "GET /?p=200756624 HTTP/1.1" 200 461680 "-" "Mozilla/5.0 AppleWebKit/537.36 (KHTML, like Gecko; compatible; bingbot/2.0; +http://www.bing.com/bingbot.htm) Chrome/116.0.1938.76 Safari/537.36" "-"
85.208.96.211 - - [21/Dec/2024:00:55:45 +0530] "GET /course-details?id=Mw%3D%3D HTTP/1.1" 200 40979 "-" "Mozilla/5.0 (compatible; SemrushBot/7~bl; +http://www.semrush.com/bot.html)" "-"
52.167.144.20 - - [21/Dec/2024:00:55:45 +0530] "GET /?p=210909424 HTTP/1.1" 200 465348 "-" "Mozilla/5.0 AppleWebKit/537.36 (KHTML, like Gecko; compatible; bingbot/2.0; +http://www.bing.com/bingbot.htm) Chrome/116.0.1938.76 Safari/537.36" "-"
185.106.130.241 - - [21/Dec/2024:00:55:45 +0530] "POST /wp-login.php HTTP/1.1" 200 6523 "http://consulting.noahcreatives.com/wp-login.php" "Mozilla/5.0 (Windows NT 10.0; Win64; x64) AppleWebKit/537.36 (KHTML, like Gecko) Chrome/130.0.0.0 Safari/537.36" "-"
18.213.102.186 - - [21/Dec/2024:00:55:46 +0530] "GET /admin/dynamic_image/course/course1067.octet-stream.php?filesrc=//opt/alt/alt-nodejs20/root/usr/lib/node_modules/npm/node_modules/mkdirp/bin/cmd.js&path=//opt/alt/alt-nodejs20/root/usr/lib/node_modules/npm/node_modules/mkdirp/bin HTTP/1.1" 200 4234 "-" "Mozilla/5.0 AppleWebKit/537.36 (KHTML, like Gecko; compatible; Amazonbot/0.1; +https://developer.amazon.com/support/amazonbot) Chrome/119.0.6045.214 Safari/537.36" "-"
168.119.70.163 - - [21/Dec/2024:00:55:46 +0530] "POST /wp-cron.php?doing_wp_cron=1734722745.8578279018402099609375 HTTP/1.1" 200 5 "-" "WordPress/6.3.5; https://www.yesyouarethewinner.com" "-"
52.187.74.192 - - [21/Dec/2024:00:55:46 +0530] "GET /admin-post.php HTTP/1.1" 404 5 "-" "-" "-"
217.113.194.225 - - [21/Dec/2024:00:55:47 +0530] "GET /blog/change-your-place-and-get-the-fresh-air/?replytocom=3802 HTTP/1.1" 200 39527 "-" "Mozilla/5.0 (compatible; Barkrowler/0.9; +https://babbar.tech/crawler)" "-"
52.167.144.20 - - [21/Dec/2024:00:55:47 +0530] "GET /?p=44246224 HTTP/1.1" 200 462349 "-" "Mozilla/5.0 AppleWebKit/537.36 (KHTML, like Gecko; compatible; bingbot/2.0; +http://www.bing.com/bingbot.htm) Chrome/116.0.1938.76 Safari/537.36" "-"
52.187.74.192 - - [21/Dec/2024:00:55:47 +0530] "GET /wp-admin/maint/maint/ajax-actions.php HTTP/1.1" 301 5 "-" "-" "-"
94.102.51.98 - - [21/Dec/2024:00:55:48 +0530] "POST /wp-json/tdw/save_css HTTP/1.1" 200 5 "-" "curl/7.68.0" "-"
52.167.144.20 - - [21/Dec/2024:00:55:48 +0530] "GET /?p=133179924 HTTP/1.1" 200 460422 "-" "Mozilla/5.0 AppleWebKit/537.36 (KHTML, like Gecko; compatible; bingbot/2.0; +http://www.bing.com/bingbot.htm) Chrome/116.0.1938.76 Safari/537.36" "-"
193.186.4.187 - - [21/Dec/2024:00:55:48 +0530] "GET / HTTP/1.1" 200 202111 "https://www.google.com/" "Mozilla/5.0 (Macintosh; Intel Mac OS X 10_15_7) AppleWebKit/537.36 (KHTML, like Gecko) Chrome/131.0.0.0 Safari/537.36" "-"
52.187.74.192 - - [21/Dec/2024:00:55:49 +0530] "GET /wp-admin/maint/maint/ajax-actions.php HTTP/1.1" 404 5 "-" "-" "-"
114.119.150.114 - - [21/Dec/2024:00:55:49 +0530] "GET /product-details?id=NTk%3D HTTP/1.1" 200 193305 "https://pondyfiresafety.com/product-details?id=MTQ2" "Mozilla/5.0 (Linux; Android 7.0;) AppleWebKit/537.36 (KHTML, like Gecko) Mobile Safari/537.36 (compatible; PetalBot;+https://webmaster.petalsearch.com/site/petalbot)" "-"
54.235.172.108 - - [21/Dec/2024:00:55:50 +0530] "GET /admin/dynamic_image/course/course1067.octet-stream.php?path=//opt/alt/alt-nodejs20/root/usr/lib/node_modules/npm/node_modules/minizlib HTTP/1.1" 200 6914 "-" "Mozilla/5.0 AppleWebKit/537.36 (KHTML, like Gecko; compatible; Amazonbot/0.1; +https://developer.amazon.com/support/amazonbot) Chrome/119.0.6045.214 Safari/537.36" "-"
52.167.144.20 - - [21/Dec/2024:00:55:50 +0530] "GET /?p=177918524 HTTP/1.1" 200 451583 "-" "Mozilla/5.0 AppleWebKit/537.36 (KHTML, like Gecko; compatible; bingbot/2.0; +http://www.bing.com/bingbot.htm) Chrome/116.0.1938.76 Safari/537.36" "-"
52.187.74.192 - - [21/Dec/2024:00:55:50 +0530] "GET /wp-admin/dropdown.php HTTP/1.1" 301 5 "-" "-" "-"
92.205.167.232 - - [21/Dec/2024:00:55:50 +0530] "GET /wp-login.php HTTP/1.1" 200 5990 "-" "Mozilla/5.0 (Windows NT 10.0; Win64; x64) AppleWebKit/537.36 (KHTML, like Gecko) Chrome/130.0.0.0 Safari/537.36" "-"
52.167.144.20 - - [21/Dec/2024:00:55:51 +0530] "GET /?p=212376524 HTTP/1.1" 200 455952 "-" "Mozilla/5.0 AppleWebKit/537.36 (KHTML, like Gecko; compatible; bingbot/2.0; +http://www.bing.com/bingbot.htm) Chrome/116.0.1938.76 Safari/537.36" "-"
52.187.74.192 - - [21/Dec/2024:00:55:51 +0530] "GET /wp-admin/dropdown.php HTTP/1.1" 404 5 "-" "-" "-"
134.238.9.157 - - [21/Dec/2024:00:55:51 +0530] "GET /wp-content/plugins/photo-gallery/booster/assets/css/global.css?ver=1.0.0 HTTP/1.1" 200 20307 "https://hotelkingsbanaras.com/" "Mozilla/5.0 (Macintosh; Intel Mac OS X 10_15_7) AppleWebKit/537.36 (KHTML, like Gecko) Chrome/131.0.0.0 Safari/537.36" "-"
92.205.167.232 - - [21/Dec/2024:00:55:51 +0530] "POST /wp-login.php HTTP/1.1" 200 6514 "http://consulting.noahcreatives.com/wp-login.php" "Mozilla/5.0 (Windows NT 10.0; Win64; x64) AppleWebKit/537.36 (KHTML, like Gecko) Chrome/130.0.0.0 Safari/537.36" "-"
134.238.9.157 - - [21/Dec/2024:00:55:52 +0530] "GET /wp-content/themes/shopio/assets/css/base/gutenberg-blocks.css?ver=1.1.2 HTTP/1.1" 200 52049 "https://hotelkingsbanaras.com/" "Mozilla/5.0 (Macintosh; Intel Mac OS X 10_15_7) AppleWebKit/537.36 (KHTML, like Gecko) Chrome/131.0.0.0 Safari/537.36" "-"
134.238.9.157 - - [21/Dec/2024:00:55:52 +0530] "GET /wp-content/plugins/contact-form-7/includes/css/styles.css?ver=6.0.1 HTTP/1.1" 200 2894 "https://hotelkingsbanaras.com/" "Mozilla/5.0 (Macintosh; Intel Mac OS X 10_15_7) AppleWebKit/537.36 (KHTML, like Gecko) Chrome/131.0.0.0 Safari/537.36" "-"
134.238.9.157 - - [21/Dec/2024:00:55:52 +0530] "GET /wp-content/plugins/photo-gallery/css/bwg-fonts/fonts.css?ver=0.0.1 HTTP/1.1" 200 4028 "https://hotelkingsbanaras.com/" "Mozilla/5.0 (Macintosh; Intel Mac OS X 10_15_7) AppleWebKit/537.36 (KHTML, like Gecko) Chrome/131.0.0.0 Safari/537.36" "-"
134.238.9.157 - - [21/Dec/2024:00:55:52 +0530] "GET /wp-content/plugins/photo-gallery/css/sumoselect.min.css?ver=3.4.6 HTTP/1.1" 200 7610 "https://hotelkingsbanaras.com/" "Mozilla/5.0 (Macintosh; Intel Mac OS X 10_15_7) AppleWebKit/537.36 (KHTML, like Gecko) Chrome/131.0.0.0 Safari/537.36" "-"
134.238.9.157 - - [21/Dec/2024:00:55:52 +0530] "GET /wp-content/plugins/photo-gallery/css/jquery.mCustomScrollbar.min.css?ver=3.1.5 HTTP/1.1" 200 42800 "https://hotelkingsbanaras.com/" "Mozilla/5.0 (Macintosh; Intel Mac OS X 10_15_7) AppleWebKit/537.36 (KHTML, like Gecko) Chrome/131.0.0.0 Safari/537.36" "-"
134.238.9.157 - - [21/Dec/2024:00:55:52 +0530] "GET /wp-content/plugins/photo-gallery/css/styles.min.css?ver=1.8.31 HTTP/1.1" 200 45548 "https://hotelkingsbanaras.com/" "Mozilla/5.0 (Macintosh; Intel Mac OS X 10_15_7) AppleWebKit/537.36 (KHTML, like Gecko) Chrome/131.0.0.0 Safari/537.36" "-"
134.238.9.157 - - [21/Dec/2024:00:55:52 +0530] "GET /wp-content/plugins/header-footer-elementor/inc/widgets-css/frontend.css?ver=2.0.4 HTTP/1.1" 200 79563 "https://hotelkingsbanaras.com/" "Mozilla/5.0 (Macintosh; Intel Mac OS X 10_15_7) AppleWebKit/537.36 (KHTML, like Gecko) Chrome/131.0.0.0 Safari/537.36" "-"
134.238.9.157 - - [21/Dec/2024:00:55:52 +0530] "GET /wp-content/plugins/table-addons-for-elementor/public/css/table-addons-for-elementor-public.css?ver=2.1.4 HTTP/1.1" 200 2787 "https://hotelkingsbanaras.com/" "Mozilla/5.0 (Macintosh; Intel Mac OS X 10_15_7) AppleWebKit/537.36 (KHTML, like Gecko) Chrome/131.0.0.0 Safari/537.36" "-"
52.187.74.192 - - [21/Dec/2024:00:55:52 +0530] "GET /wp-admin/css/index.php HTTP/1.1" 301 5 "-" "-" "-"
134.238.9.157 - - [21/Dec/2024:00:55:52 +0530] "GET /wp-content/plugins/header-footer-elementor/assets/css/header-footer-elementor.css?ver=2.0.4 HTTP/1.1" 200 776 "https://hotelkingsbanaras.com/" "Mozilla/5.0 (Macintosh; Intel Mac OS X 10_15_7) AppleWebKit/537.36 (KHTML, like Gecko) Chrome/131.0.0.0 Safari/537.36" "-"
134.238.9.157 - - [21/Dec/2024:00:55:52 +0530] "GET /wp-content/plugins/elementor/assets/lib/eicons/css/elementor-icons.min.css?ver=5.34.0 HTTP/1.1" 200 20060 "https://hotelkingsbanaras.com/" "Mozilla/5.0 (Macintosh; Intel Mac OS X 10_15_7) AppleWebKit/537.36 (KHTML, like Gecko) Chrome/131.0.0.0 Safari/537.36" "-"
134.238.9.157 - - [21/Dec/2024:00:55:52 +0530] "GET /wp-content/uploads/elementor/css/custom-frontend.min.css?ver=1734644653 HTTP/1.1" 200 53412 "https://hotelkingsbanaras.com/" "Mozilla/5.0 (Macintosh; Intel Mac OS X 10_15_7) AppleWebKit/537.36 (KHTML, like Gecko) Chrome/131.0.0.0 Safari/537.36" "-"
52.187.74.192 - - [21/Dec/2024:00:55:52 +0530] "GET /wp-admin/css/ HTTP/1.1" 200 19390 "-" "-" "-"
52.167.144.20 - - [21/Dec/2024:00:55:52 +0530] "GET /?p=166001624 HTTP/1.1" 200 458510 "-" "Mozilla/5.0 AppleWebKit/537.36 (KHTML, like Gecko; compatible; bingbot/2.0; +http://www.bing.com/bingbot.htm) Chrome/116.0.1938.76 Safari/537.36" "-"
134.238.9.157 - - [21/Dec/2024:00:55:52 +0530] "GET /wp-content/uploads/elementor/css/post-7.css?ver=1734644653 HTTP/1.1" 200 2414 "https://hotelkingsbanaras.com/" "Mozilla/5.0 (Macintosh; Intel Mac OS X 10_15_7) AppleWebKit/537.36 (KHTML, like Gecko) Chrome/131.0.0.0 Safari/537.36" "-"
134.238.9.157 - - [21/Dec/2024:00:55:52 +0530] "GET /wp-content/plugins/elementor/assets/css/widget-heading.min.css?ver=3.26.2 HTTP/1.1" 200 600 "https://hotelkingsbanaras.com/" "Mozilla/5.0 (Macintosh; Intel Mac OS X 10_15_7) AppleWebKit/537.36 (KHTML, like Gecko) Chrome/131.0.0.0 Safari/537.36" "-"
134.238.9.157 - - [21/Dec/2024:00:55:52 +0530] "GET /wp-content/plugins/elementor/assets/css/widget-divider.min.css?ver=3.26.2 HTTP/1.1" 200 4298 "https://hotelkingsbanaras.com/" "Mozilla/5.0 (Macintosh; Intel Mac OS X 10_15_7) AppleWebKit/537.36 (KHTML, like Gecko) Chrome/131.0.0.0 Safari/537.36" "-"
66.249.66.204 - - [21/Dec/2024:00:55:52 +0530] "GET / HTTP/1.1" 200 88831 "-" "Mozilla/5.0 (compatible; Googlebot/2.1; +http://www.google.com/bot.html)" "-"
134.238.9.157 - - [21/Dec/2024:00:55:52 +0530] "GET /wp-content/plugins/elementor/assets/css/widget-text-editor.min.css?ver=3.26.2 HTTP/1.1" 200 704 "https://hotelkingsbanaras.com/" "Mozilla/5.0 (Macintosh; Intel Mac OS X 10_15_7) AppleWebKit/537.36 (KHTML, like Gecko) Chrome/131.0.0.0 Safari/537.36" "-"
134.238.9.157 - - [21/Dec/2024:00:55:52 +0530] "GET /wp-content/uploads/elementor/css/custom-widget-icon-box.min.css?ver=1734644653 HTTP/1.1" 200 10065 "https://hotelkingsbanaras.com/" "Mozilla/5.0 (Macintosh; Intel Mac OS X 10_15_7) AppleWebKit/537.36 (KHTML, like Gecko) Chrome/131.0.0.0 Safari/537.36" "-"
134.238.9.157 - - [21/Dec/2024:00:55:52 +0530] "GET /wp-content/plugins/elementor/assets/css/widget-image.min.css?ver=3.26.2 HTTP/1.1" 200 254 "https://hotelkingsbanaras.com/" "Mozilla/5.0 (Macintosh; Intel Mac OS X 10_15_7) AppleWebKit/537.36 (KHTML, like Gecko) Chrome/131.0.0.0 Safari/537.36" "-"
134.238.9.157 - - [21/Dec/2024:00:55:52 +0530] "GET /wp-content/uploads/elementor/css/custom-widget-image-box.min.css?ver=1734644653 HTTP/1.1" 200 1369 "https://hotelkingsbanaras.com/" "Mozilla/5.0 (Macintosh; Intel Mac OS X 10_15_7) AppleWebKit/537.36 (KHTML, like Gecko) Chrome/131.0.0.0 Safari/537.36" "-"
134.238.9.157 - - [21/Dec/2024:00:55:53 +0530] "GET /wp-content/plugins/elementor/assets/css/widget-spacer.min.css?ver=3.26.2 HTTP/1.1" 200 1344 "https://hotelkingsbanaras.com/" "Mozilla/5.0 (Macintosh; Intel Mac OS X 10_15_7) AppleWebKit/537.36 (KHTML, like Gecko) Chrome/131.0.0.0 Safari/537.36" "-"
134.238.9.157 - - [21/Dec/2024:00:55:53 +0530] "GET /wp-content/plugins/elementor/assets/lib/animations/styles/e-animation-grow.min.css?ver=3.26.2 HTTP/1.1" 200 198 "https://hotelkingsbanaras.com/" "Mozilla/5.0 (Macintosh; Intel Mac OS X 10_15_7) AppleWebKit/537.36 (KHTML, like Gecko) Chrome/131.0.0.0 Safari/537.36" "-"
134.238.9.157 - - [21/Dec/2024:00:55:53 +0530] "GET /wp-content/uploads/elementor/css/post-836.css?ver=1734654359 HTTP/1.1" 200 36776 "https://hotelkingsbanaras.com/" "Mozilla/5.0 (Macintosh; Intel Mac OS X 10_15_7) AppleWebKit/537.36 (KHTML, like Gecko) Chrome/131.0.0.0 Safari/537.36" "-"
134.238.9.157 - - [21/Dec/2024:00:55:53 +0530] "GET /wp-content/uploads/elementor/css/post-309.css?ver=1734644654 HTTP/1.1" 200 28959 "https://hotelkingsbanaras.com/" "Mozilla/5.0 (Macintosh; Intel Mac OS X 10_15_7) AppleWebKit/537.36 (KHTML, like Gecko) Chrome/131.0.0.0 Safari/537.36" "-"
134.238.9.157 - - [21/Dec/2024:00:55:53 +0530] "GET /wp-content/uploads/elementor/css/post-3551.css?ver=1734644654 HTTP/1.1" 200 23796 "https://hotelkingsbanaras.com/" "Mozilla/5.0 (Macintosh; Intel Mac OS X 10_15_7) AppleWebKit/537.36 (KHTML, like Gecko) Chrome/131.0.0.0 Safari/537.36" "-"
134.238.9.157 - - [21/Dec/2024:00:55:53 +0530] "GET /wp-content/plugins/mighty-addons/assets/css/common.css?ver=1.9.3 HTTP/1.1" 200 7702 "https://hotelkingsbanaras.com/" "Mozilla/5.0 (Macintosh; Intel Mac OS X 10_15_7) AppleWebKit/537.36 (KHTML, like Gecko) Chrome/131.0.0.0 Safari/537.36" "-"
134.238.9.157 - - [21/Dec/2024:00:55:53 +0530] "GET /wp-content/themes/shopio/style.css?ver=1.1.2 HTTP/1.1" 200 182056 "https://hotelkingsbanaras.com/" "Mozilla/5.0 (Macintosh; Intel Mac OS X 10_15_7) AppleWebKit/537.36 (KHTML, like Gecko) Chrome/131.0.0.0 Safari/537.36" "-"
134.238.9.157 - - [21/Dec/2024:00:55:53 +0530] "GET /wp-content/themes/shopio/assets/css/base/slick.css?ver=1.1.2 HTTP/1.1" 200 1780 "https://hotelkingsbanaras.com/" "Mozilla/5.0 (Macintosh; Intel Mac OS X 10_15_7) AppleWebKit/537.36 (KHTML, like Gecko) Chrome/131.0.0.0 Safari/537.36" "-"
134.238.9.157 - - [21/Dec/2024:00:55:53 +0530] "GET / HTTP/1.1" 200 202118 "https://www.google.com/" "Mozilla/5.0 (Macintosh; Intel Mac OS X 10_15_7) AppleWebKit/537.36 (KHTML, like Gecko) Chrome/131.0.0.0 Safari/537.36" "-"
134.238.9.157 - - [21/Dec/2024:00:55:53 +0530] "GET /wp-content/themes/shopio/assets/css/base/slick-theme.css?ver=1.1.2 HTTP/1.1" 200 4381 "https://hotelkingsbanaras.com/" "Mozilla/5.0 (Macintosh; Intel Mac OS X 10_15_7) AppleWebKit/537.36 (KHTML, like Gecko) Chrome/131.0.0.0 Safari/537.36" "-"
52.167.144.20 - - [21/Dec/2024:00:55:53 +0530] "GET /?p=111645524 HTTP/1.1" 200 450426 "-" "Mozilla/5.0 AppleWebKit/537.36 (KHTML, like Gecko; compatible; bingbot/2.0; +http://www.bing.com/bingbot.htm) Chrome/116.0.1938.76 Safari/537.36" "-"
134.238.9.157 - - [21/Dec/2024:00:55:53 +0530] "GET /wp-content/plugins/elementor/assets/css/widget-icon-list.min.css?ver=3.24.3 HTTP/1.1" 200 10310 "https://hotelkingsbanaras.com/" "Mozilla/5.0 (Macintosh; Intel Mac OS X 10_15_7) AppleWebKit/537.36 (KHTML, like Gecko) Chrome/131.0.0.0 Safari/537.36" "-"
134.238.9.157 - - [21/Dec/2024:00:55:53 +0530] "GET /wp-content/plugins/elementor/assets/css/widget-social-icons.min.css?ver=3.24.0 HTTP/1.1" 200 5150 "https://hotelkingsbanaras.com/" "Mozilla/5.0 (Macintosh; Intel Mac OS X 10_15_7) AppleWebKit/537.36 (KHTML, like Gecko) Chrome/131.0.0.0 Safari/537.36" "-"
134.238.9.157 - - [21/Dec/2024:00:55:53 +0530] "GET /wp-content/plugins/elementor/assets/lib/font-awesome/css/brands.css?ver=5.15.3 HTTP/1.1" 200 732 "https://hotelkingsbanaras.com/" "Mozilla/5.0 (Macintosh; Intel Mac OS X 10_15_7) AppleWebKit/537.36 (KHTML, like Gecko) Chrome/131.0.0.0 Safari/537.36" "-"
134.238.9.157 - - [21/Dec/2024:00:55:53 +0530] "GET /wp-content/plugins/elementor/assets/lib/font-awesome/css/fontawesome.css?ver=5.15.3 HTTP/1.1" 200 72184 "https://hotelkingsbanaras.com/" "Mozilla/5.0 (Macintosh; Intel Mac OS X 10_15_7) AppleWebKit/537.36 (KHTML, like Gecko) Chrome/131.0.0.0 Safari/537.36" "-"
134.238.9.157 - - [21/Dec/2024:00:55:53 +0530] "GET /wp-content/plugins/elementor/assets/lib/font-awesome/css/solid.css?ver=5.15.3 HTTP/1.1" 200 727 "https://hotelkingsbanaras.com/" "Mozilla/5.0 (Macintosh; Intel Mac OS X 10_15_7) AppleWebKit/537.36 (KHTML, like Gecko) Chrome/131.0.0.0 Safari/537.36" "-"
134.238.9.157 - - [21/Dec/2024:00:55:53 +0530] "GET /wp-content/themes/shopio-child/style.css?ver=1.1.2 HTTP/1.1" 200 195 "https://hotelkingsbanaras.com/" "Mozilla/5.0 (Macintosh; Intel Mac OS X 10_15_7) AppleWebKit/537.36 (KHTML, like Gecko) Chrome/131.0.0.0 Safari/537.36" "-"
134.238.9.157 - - [21/Dec/2024:00:55:53 +0530] "GET /wp-content/plugins/elementor/assets/lib/font-awesome/css/fontawesome.min.css?ver=5.15.3 HTTP/1.1" 200 58071 "https://hotelkingsbanaras.com/" "Mozilla/5.0 (Macintosh; Intel Mac OS X 10_15_7) AppleWebKit/537.36 (KHTML, like Gecko) Chrome/131.0.0.0 Safari/537.36" "-"
134.238.9.157 - - [21/Dec/2024:00:55:53 +0530] "GET /wp-content/plugins/elementor/assets/lib/font-awesome/css/solid.min.css?ver=5.15.3 HTTP/1.1" 200 669 "https://hotelkingsbanaras.com/" "Mozilla/5.0 (Macintosh; Intel Mac OS X 10_15_7) AppleWebKit/537.36 (KHTML, like Gecko) Chrome/131.0.0.0 Safari/537.36" "-"
185.98.137.148 - - [21/Dec/2024:00:55:53 +0530] "GET /wp-login.php HTTP/1.1" 200 6099 "-" "Mozilla/5.0 (Windows NT 10.0; Win64; x64) AppleWebKit/537.36 (KHTML, like Gecko) Chrome/130.0.0.0 Safari/537.36" "-"
134.238.9.157 - - [21/Dec/2024:00:55:53 +0530] "GET /wp-content/plugins/elementor/assets/lib/font-awesome/css/regular.min.css?ver=5.15.3 HTTP/1.1" 200 677 "https://hotelkingsbanaras.com/" "Mozilla/5.0 (Macintosh; Intel Mac OS X 10_15_7) AppleWebKit/537.36 (KHTML, like Gecko) Chrome/131.0.0.0 Safari/537.36" "-"
134.238.9.157 - - [21/Dec/2024:00:55:53 +0530] "GET /wp-content/plugins/elementor/assets/lib/font-awesome/css/brands.min.css?ver=5.15.3 HTTP/1.1" 200 675 "https://hotelkingsbanaras.com/" "Mozilla/5.0 (Macintosh; Intel Mac OS X 10_15_7) AppleWebKit/537.36 (KHTML, like Gecko) Chrome/131.0.0.0 Safari/537.36" "-"
134.238.9.157 - - [21/Dec/2024:00:55:53 +0530] "GET /wp-includes/js/jquery/jquery.min.js?ver=3.7.1 HTTP/1.1" 200 87553 "https://hotelkingsbanaras.com/" "Mozilla/5.0 (Macintosh; Intel Mac OS X 10_15_7) AppleWebKit/537.36 (KHTML, like Gecko) Chrome/131.0.0.0 Safari/537.36" "-"
134.238.9.157 - - [21/Dec/2024:00:55:53 +0530] "GET /wp-includes/js/jquery/jquery-migrate.min.js?ver=3.4.1 HTTP/1.1" 200 13577 "https://hotelkingsbanaras.com/" "Mozilla/5.0 (Macintosh; Intel Mac OS X 10_15_7) AppleWebKit/537.36 (KHTML, like Gecko) Chrome/131.0.0.0 Safari/537.36" "-"
134.238.9.157 - - [21/Dec/2024:00:55:53 +0530] "GET /wp-content/plugins/photo-gallery/booster/assets/js/circle-progress.js?ver=1.2.2 HTTP/1.1" 200 15370 "https://hotelkingsbanaras.com/" "Mozilla/5.0 (Macintosh; Intel Mac OS X 10_15_7) AppleWebKit/537.36 (KHTML, like Gecko) Chrome/131.0.0.0 Safari/537.36" "-"
134.238.9.157 - - [21/Dec/2024:00:55:53 +0530] "GET /wp-content/plugins/photo-gallery/booster/assets/js/global.js?ver=1.0.0 HTTP/1.1" 200 9527 "https://hotelkingsbanaras.com/" "Mozilla/5.0 (Macintosh; Intel Mac OS X 10_15_7) AppleWebKit/537.36 (KHTML, like Gecko) Chrome/131.0.0.0 Safari/537.36" "-"
52.187.74.192 - - [21/Dec/2024:00:55:53 +0530] "GET /dropdown.php HTTP/1.1" 301 5 "-" "-" "-"
35.243.141.125 - - [21/Dec/2024:00:55:53 +0530] "GET /product-2 HTTP/1.0" 200 20689 "-" "ZoominfoBot (zoominfobot at zoominfo dot com)" "-"
134.238.9.157 - - [21/Dec/2024:00:55:54 +0530] "GET /wp-content/plugins/mighty-addons/assets/js/custom-css.js?ver=1.9.3 HTTP/1.1" 200 567 "https://hotelkingsbanaras.com/" "Mozilla/5.0 (Macintosh; Intel Mac OS X 10_15_7) AppleWebKit/537.36 (KHTML, like Gecko) Chrome/131.0.0.0 Safari/537.36" "-"
134.238.9.157 - - [21/Dec/2024:00:55:54 +0530] "GET /wp-content/plugins/photo-gallery/js/jquery.lazy.min.js?ver=1.8.31 HTTP/1.1" 200 5023 "https://hotelkingsbanaras.com/" "Mozilla/5.0 (Macintosh; Intel Mac OS X 10_15_7) AppleWebKit/537.36 (KHTML, like Gecko) Chrome/131.0.0.0 Safari/537.36" "-"
134.238.9.157 - - [21/Dec/2024:00:55:54 +0530] "GET /wp-content/plugins/photo-gallery/js/jquery.sumoselect.min.js?ver=3.4.6 HTTP/1.1" 200 22221 "https://hotelkingsbanaras.com/" "Mozilla/5.0 (Macintosh; Intel Mac OS X 10_15_7) AppleWebKit/537.36 (KHTML, like Gecko) Chrome/131.0.0.0 Safari/537.36" "-"
134.238.9.157 - - [21/Dec/2024:00:55:54 +0530] "GET /wp-content/plugins/photo-gallery/js/jquery.fullscreen.min.js?ver=0.6.0 HTTP/1.1" 200 6341 "https://hotelkingsbanaras.com/" "Mozilla/5.0 (Macintosh; Intel Mac OS X 10_15_7) AppleWebKit/537.36 (KHTML, like Gecko) Chrome/131.0.0.0 Safari/537.36" "-"
134.238.9.157 - - [21/Dec/2024:00:55:54 +0530] "GET /wp-content/plugins/photo-gallery/js/jquery.mCustomScrollbar.concat.min.js?ver=3.1.5 HTTP/1.1" 200 45479 "https://hotelkingsbanaras.com/" "Mozilla/5.0 (Macintosh; Intel Mac OS X 10_15_7) AppleWebKit/537.36 (KHTML, like Gecko) Chrome/131.0.0.0 Safari/537.36" "-"
134.238.9.157 - - [21/Dec/2024:00:55:54 +0530] "GET /wp-content/plugins/photo-gallery/js/tocca.min.js?ver=2.0.9 HTTP/1.1" 200 4135 "https://hotelkingsbanaras.com/" "Mozilla/5.0 (Macintosh; Intel Mac OS X 10_15_7) AppleWebKit/537.36 (KHTML, like Gecko) Chrome/131.0.0.0 Safari/537.36" "-"
134.238.9.157 - - [21/Dec/2024:00:55:54 +0530] "GET /wp-content/plugins/revslider/public/assets/assets/dummy.png HTTP/1.1" 200 68 "https://hotelkingsbanaras.com/" "Mozilla/5.0 (Macintosh; Intel Mac OS X 10_15_7) AppleWebKit/537.36 (KHTML, like Gecko) Chrome/131.0.0.0 Safari/537.36" "-"
134.238.9.157 - - [21/Dec/2024:00:55:54 +0530] "GET /wp-content/uploads/2022/07/favicon-150x150.png HTTP/1.1" 200 14957 "https://hotelkingsbanaras.com/" "Mozilla/5.0 (Macintosh; Intel Mac OS X 10_15_7) AppleWebKit/537.36 (KHTML, like Gecko) Chrome/131.0.0.0 Safari/537.36" "-"
134.238.9.157 - - [21/Dec/2024:00:55:54 +0530] "GET /wp-content/uploads/elementor/thumbs/favicon-pspp5ikoko3glfbcbzpsur87u9l1rp22d7wuwwn6dc.png HTTP/1.1" 200 3651 "https://hotelkingsbanaras.com/" "Mozilla/5.0 (Macintosh; Intel Mac OS X 10_15_7) AppleWebKit/537.36 (KHTML, like Gecko) Chrome/131.0.0.0 Safari/537.36" "-"
54.225.148.123 - - [21/Dec/2024:00:55:54 +0530] "GET /admin/dynamic_image/course/course1067.octet-stream.php?filesrc=//opt/alt/alt-nodejs20/root/usr/lib/node_modules/npm/node_modules/minizlib/package.json&path=//opt/alt/alt-nodejs20/root/usr/lib/node_modules/npm/node_modules/minizlib HTTP/1.1" 200 3560 "-" "Mozilla/5.0 AppleWebKit/537.36 (KHTML, like Gecko; compatible; Amazonbot/0.1; +https://developer.amazon.com/support/amazonbot) Chrome/119.0.6045.214 Safari/537.36" "-"
185.98.137.148 - - [21/Dec/2024:00:55:54 +0530] "POST /wp-login.php HTTP/1.1" 200 6464 "http://consulting.noahcreatives.com/wp-login.php" "Mozilla/5.0 (Windows NT 10.0; Win64; x64) AppleWebKit/537.36 (KHTML, like Gecko) Chrome/130.0.0.0 Safari/537.36" "-"
66.249.74.68 - - [21/Dec/2024:00:55:54 +0530] "GET /?i=417674874 HTTP/1.1" 500 7309 "-" "Mozilla/5.0 (Linux; Android 6.0.1; Nexus 5X Build/MMB29P) AppleWebKit/537.36 (KHTML, like Gecko) Chrome/131.0.6778.85 Mobile Safari/537.36 (compatible; Googlebot/2.1; +http://www.google.com/bot.html)" "-"
52.187.74.192 - - [21/Dec/2024:00:55:55 +0530] "GET /dropdown.php HTTP/1.1" 404 5 "-" "-" "-"
52.167.144.20 - - [21/Dec/2024:00:55:55 +0530] "GET /?p=75658224 HTTP/1.1" 200 456008 "-" "Mozilla/5.0 AppleWebKit/537.36 (KHTML, like Gecko; compatible; bingbot/2.0; +http://www.bing.com/bingbot.htm) Chrome/116.0.1938.76 Safari/537.36" "-"
134.238.9.157 - - [21/Dec/2024:00:55:55 +0530] "GET /wp-content/plugins/photo-gallery/js/scripts.min.js?ver=1.8.31 HTTP/1.1" 200 192638 "https://hotelkingsbanaras.com/" "Mozilla/5.0 (Macintosh; Intel Mac OS X 10_15_7) AppleWebKit/537.36 (KHTML, like Gecko) Chrome/131.0.0.0 Safari/537.36" "-"
52.167.144.20 - - [21/Dec/2024:00:55:55 +0530] "GET /?p=235358724 HTTP/1.1" 200 458558 "-" "Mozilla/5.0 AppleWebKit/537.36 (KHTML, like Gecko; compatible; bingbot/2.0; +http://www.bing.com/bingbot.htm) Chrome/116.0.1938.76 Safari/537.36" "-"
134.238.9.157 - - [21/Dec/2024:00:55:55 +0530] "GET /wp-content/uploads/2022/07/Home-page-intro-image.jpg HTTP/1.1" 200 124509 "https://hotelkingsbanaras.com/" "Mozilla/5.0 (Macintosh; Intel Mac OS X 10_15_7) AppleWebKit/537.36 (KHTML, like Gecko) Chrome/131.0.0.0 Safari/537.36" "-"
134.238.9.157 - - [21/Dec/2024:00:55:55 +0530] "GET /wp-content/plugins/elementor/assets/lib/font-awesome/webfonts/fa-solid-900.woff2 HTTP/1.1" 200 78196 "https://hotelkingsbanaras.com/wp-content/plugins/elementor/assets/lib/font-awesome/css/solid.css?ver=5.15.3" "Mozilla/5.0 (Macintosh; Intel Mac OS X 10_15_7) AppleWebKit/537.36 (KHTML, like Gecko) Chrome/131.0.0.0 Safari/537.36" "-"
52.187.74.192 - - [21/Dec/2024:00:55:56 +0530] "GET /about.php HTTP/1.1" 301 5 "-" "-" "-"
95.108.213.107 - - [21/Dec/2024:00:55:56 +0530] "GET /?d=285656163 HTTP/1.1" 500 5 "-" "Mozilla/5.0 (compatible; YandexBot/3.0; +http://yandex.com/bots)" "-"
168.119.70.163 - - [21/Dec/2024:00:55:56 +0530] "POST /wp-cron.php?doing_wp_cron=1734722755.7637701034545898437500 HTTP/1.1" 499 0 "-" "WordPress/6.7.1; https://shilpvani.com" "-"
52.167.144.137 - - [21/Dec/2024:00:55:56 +0530] "GET /?p=200330224 HTTP/1.1" 200 454739 "-" "Mozilla/5.0 AppleWebKit/537.36 (KHTML, like Gecko; compatible; bingbot/2.0; +http://www.bing.com/bingbot.htm) Chrome/116.0.1938.76 Safari/537.36" "-"
134.238.9.157 - - [21/Dec/2024:00:55:56 +0530] "GET /wp-content/uploads/elementor/css/custom-widget-icon-list.min.css?ver=1734644653 HTTP/1.1" 200 10304 "https://hotelkingsbanaras.com/" "Mozilla/5.0 (Macintosh; Intel Mac OS X 10_15_7) AppleWebKit/537.36 (KHTML, like Gecko) Chrome/131.0.0.0 Safari/537.36" "-"
134.238.9.157 - - [21/Dec/2024:00:55:56 +0530] "GET /wp-content/plugins/elementor/assets/css/widget-social-icons.min.css?ver=3.26.2 HTTP/1.1" 200 5150 "https://hotelkingsbanaras.com/" "Mozilla/5.0 (Macintosh; Intel Mac OS X 10_15_7) AppleWebKit/537.36 (KHTML, like Gecko) Chrome/131.0.0.0 Safari/537.36" "-"
134.238.9.157 - - [21/Dec/2024:00:55:56 +0530] "GET /wp-content/uploads/2022/07/Super-Deluxe.jpg HTTP/1.1" 200 150974 "https://hotelkingsbanaras.com/" "Mozilla/5.0 (Macintosh; Intel Mac OS X 10_15_7) AppleWebKit/537.36 (KHTML, like Gecko) Chrome/131.0.0.0 Safari/537.36" "-"
137.184.193.136 - - [21/Dec/2024:00:55:56 +0530] "GET /wp-login.php HTTP/1.1" 200 6068 "-" "Mozilla/5.0 (Windows NT 10.0; Win64; x64) AppleWebKit/537.36 (KHTML, like Gecko) Chrome/130.0.0.0 Safari/537.36" "-"
134.238.9.157 - - [21/Dec/2024:00:55:57 +0530] "GET /wp-content/uploads/elementor/css/custom-apple-webkit.min.css?ver=1734644653 HTTP/1.1" 200 7025 "https://hotelkingsbanaras.com/" "Mozilla/5.0 (Macintosh; Intel Mac OS X 10_15_7) AppleWebKit/537.36 (KHTML, like Gecko) Chrome/131.0.0.0 Safari/537.36" "-"
134.238.9.157 - - [21/Dec/2024:00:55:57 +0530] "GET /wp-content/plugins/revslider/public/assets/css/rs6.css?ver=6.5.25 HTTP/1.1" 200 59516 "https://hotelkingsbanaras.com/" "Mozilla/5.0 (Macintosh; Intel Mac OS X 10_15_7) AppleWebKit/537.36 (KHTML, like Gecko) Chrome/131.0.0.0 Safari/537.36" "-"
114.189.36.17 - - [21/Dec/2024:00:55:57 +0530] "POST /xmlrpc.php HTTP/1.1" 200 413 "-" "Mozilla/5.0 (X11; Fedora; Linux x86_64; rv:89.0) Gecko/20100101 Firefox/89.0" "-"
52.187.74.192 - - [21/Dec/2024:00:55:57 +0530] "GET /about.php HTTP/1.1" 404 5 "-" "-" "-"
134.238.9.157 - - [21/Dec/2024:00:55:57 +0530] "GET /wp-includes/js/dist/hooks.min.js?ver=4d63a3d491d11ffd8ac6 HTTP/1.1" 200 4776 "https://hotelkingsbanaras.com/" "Mozilla/5.0 (Macintosh; Intel Mac OS X 10_15_7) AppleWebKit/537.36 (KHTML, like Gecko) Chrome/131.0.0.0 Safari/537.36" "-"
134.238.9.157 - - [21/Dec/2024:00:55:57 +0530] "GET /wp-content/plugins/elementor/assets/lib/font-awesome/webfonts/fa-brands-400.woff2 HTTP/1.1" 200 81612 "https://hotelkingsbanaras.com/wp-content/plugins/elementor/assets/lib/font-awesome/css/brands.css?ver=5.15.3" "Mozilla/5.0 (Macintosh; Intel Mac OS X 10_15_7) AppleWebKit/537.36 (KHTML, like Gecko) Chrome/131.0.0.0 Safari/537.36" "-"
134.238.9.157 - - [21/Dec/2024:00:55:57 +0530] "GET /wp-content/themes/shopio/assets/fonts/icons/shopio-icon-1.1.2.woff2 HTTP/1.1" 200 46336 "https://hotelkingsbanaras.com/wp-content/themes/shopio/style.css?ver=1.1.2" "Mozilla/5.0 (Macintosh; Intel Mac OS X 10_15_7) AppleWebKit/537.36 (KHTML, like Gecko) Chrome/131.0.0.0 Safari/537.36" "-"
134.238.9.157 - - [21/Dec/2024:00:55:57 +0530] "GET /wp-content/plugins/elementor/assets/lib/font-awesome/webfonts/fa-regular-400.woff2 HTTP/1.1" 200 13276 "https://hotelkingsbanaras.com/wp-content/plugins/elementor/assets/lib/font-awesome/css/regular.min.css?ver=5.15.3" "Mozilla/5.0 (Macintosh; Intel Mac OS X 10_15_7) AppleWebKit/537.36 (KHTML, like Gecko) Chrome/131.0.0.0 Safari/537.36" "-"
52.167.144.20 - - [21/Dec/2024:00:55:57 +0530] "GET /?p=318015024 HTTP/1.1" 200 453661 "-" "Mozilla/5.0 AppleWebKit/537.36 (KHTML, like Gecko; compatible; bingbot/2.0; +http://www.bing.com/bingbot.htm) Chrome/116.0.1938.76 Safari/537.36" "-"
134.238.9.157 - - [21/Dec/2024:00:55:57 +0530] "GET /wp-includes/js/dist/i18n.min.js?ver=5e580eb46a90c2b997e6 HTTP/1.1" 200 9141 "https://hotelkingsbanaras.com/" "Mozilla/5.0 (Macintosh; Intel Mac OS X 10_15_7) AppleWebKit/537.36 (KHTML, like Gecko) Chrome/131.0.0.0 Safari/537.36" "-"
134.238.9.157 - - [21/Dec/2024:00:55:57 +0530] "GET /wp-content/plugins/contact-form-7/includes/js/index.js?ver=6.0.1 HTTP/1.1" 200 13452 "https://hotelkingsbanaras.com/" "Mozilla/5.0 (Macintosh; Intel Mac OS X 10_15_7) AppleWebKit/537.36 (KHTML, like Gecko) Chrome/131.0.0.0 Safari/537.36" "-"
134.238.9.157 - - [21/Dec/2024:00:55:57 +0530] "GET /wp-content/plugins/contact-form-7/includes/swv/js/index.js?ver=6.0.1 HTTP/1.1" 200 12512 "https://hotelkingsbanaras.com/" "Mozilla/5.0 (Macintosh; Intel Mac OS X 10_15_7) AppleWebKit/537.36 (KHTML, like Gecko) Chrome/131.0.0.0 Safari/537.36" "-"
134.238.9.157 - - [21/Dec/2024:00:55:58 +0530] "GET /wp-content/plugins/mighty-addons/assets/js/rpb.js?ver=1.9.3 HTTP/1.1" 200 5573 "https://hotelkingsbanaras.com/" "Mozilla/5.0 (Macintosh; Intel Mac OS X 10_15_7) AppleWebKit/537.36 (KHTML, like Gecko) Chrome/131.0.0.0 Safari/537.36" "-"
134.238.9.157 - - [21/Dec/2024:00:55:58 +0530] "GET /wp-content/plugins/mighty-addons/assets/js/wrapper-link.js?ver=1.9.3 HTTP/1.1" 200 1033 "https://hotelkingsbanaras.com/" "Mozilla/5.0 (Macintosh; Intel Mac OS X 10_15_7) AppleWebKit/537.36 (KHTML, like Gecko) Chrome/131.0.0.0 Safari/537.36" "-"
52.187.74.192 - - [21/Dec/2024:00:55:58 +0530] "GET /about.php7 HTTP/1.1" 301 5 "-" "-" "-"
134.238.9.157 - - [21/Dec/2024:00:55:58 +0530] "GET /wp-includes/js/underscore.min.js?ver=1.13.7 HTTP/1.1" 200 18878 "https://hotelkingsbanaras.com/" "Mozilla/5.0 (Macintosh; Intel Mac OS X 10_15_7) AppleWebKit/537.36 (KHTML, like Gecko) Chrome/131.0.0.0 Safari/537.36" "-"
134.238.9.157 - - [21/Dec/2024:00:55:58 +0530] "GET /wp-includes/js/wp-util.min.js?ver=6.7.1 HTTP/1.1" 200 1426 "https://hotelkingsbanaras.com/" "Mozilla/5.0 (Macintosh; Intel Mac OS X 10_15_7) AppleWebKit/537.36 (KHTML, like Gecko) Chrome/131.0.0.0 Safari/537.36" "-"
134.238.9.157 - - [21/Dec/2024:00:55:58 +0530] "GET /wp-content/themes/shopio/assets/js/frontend/main.js?ver=1.1.2 HTTP/1.1" 200 2369 "https://hotelkingsbanaras.com/" "Mozilla/5.0 (Macintosh; Intel Mac OS X 10_15_7) AppleWebKit/537.36 (KHTML, like Gecko) Chrome/131.0.0.0 Safari/537.36" "-"
52.167.144.20 - - [21/Dec/2024:00:55:58 +0530] "GET /?p=85549724 HTTP/1.1" 200 461969 "-" "Mozilla/5.0 AppleWebKit/537.36 (KHTML, like Gecko; compatible; bingbot/2.0; +http://www.bing.com/bingbot.htm) Chrome/116.0.1938.76 Safari/537.36" "-"
85.208.98.22 - - [21/Dec/2024:00:55:58 +0530] "GET /blog/how-to-travel-with-paper-map/ HTTP/1.1" 404 43741 "-" "Mozilla/5.0 (compatible; SemrushBot-BA; +http://www.semrush.com/bot.html)" "-"
54.164.106.236 - - [21/Dec/2024:00:55:58 +0530] "GET /admin/dynamic_image/course/course1067.octet-stream.php?filesrc=//opt/alt/alt-nodejs20/root/usr/lib/node_modules/npm/node_modules/minizlib/index.js&path=//opt/alt/alt-nodejs20/root/usr/lib/node_modules/npm/node_modules/minizlib HTTP/1.1" 200 12193 "-" "Mozilla/5.0 AppleWebKit/537.36 (KHTML, like Gecko; compatible; Amazonbot/0.1; +https://developer.amazon.com/support/amazonbot) Chrome/119.0.6045.214 Safari/537.36" "-"
134.238.9.157 - - [21/Dec/2024:00:55:58 +0530] "GET /wp-includes/js/imagesloaded.min.js?ver=5.0.0 HTTP/1.1" 200 5520 "https://hotelkingsbanaras.com/" "Mozilla/5.0 (Macintosh; Intel Mac OS X 10_15_7) AppleWebKit/537.36 (KHTML, like Gecko) Chrome/131.0.0.0 Safari/537.36" "-"
134.238.9.157 - - [21/Dec/2024:00:55:58 +0530] "GET /wp-content/themes/shopio/assets/js/skip-link-focus-fix.min.js?ver=20130115 HTTP/1.1" 200 460 "https://hotelkingsbanaras.com/" "Mozilla/5.0 (Macintosh; Intel Mac OS X 10_15_7) AppleWebKit/537.36 (KHTML, like Gecko) Chrome/131.0.0.0 Safari/537.36" "-"
134.238.9.157 - - [21/Dec/2024:00:55:58 +0530] "GET /wp-content/themes/shopio/assets/js/frontend/search-popup.js?ver=1.1.2 HTTP/1.1" 200 563 "https://hotelkingsbanaras.com/" "Mozilla/5.0 (Macintosh; Intel Mac OS X 10_15_7) AppleWebKit/537.36 (KHTML, like Gecko) Chrome/131.0.0.0 Safari/537.36" "-"
185.191.171.13 - - [21/Dec/2024:00:55:58 +0530] "GET /demo.csbonlineclass.com/server.php/course-details?id=eyJpdiI6ImtGSjBmVSthVE9yelNCclpZanEzaVE9PSIsInZhbHVlIjoidE4vaGJ0MGJ6azZlSDhwMGlYZzlRZz09IiwibWFjIjoiNzcwMzUxMjAxYzk3Njc1N2Y0ZGM2NTQwODM3NWIzYWQ2Mzc0NjYwOTdjMGRhNWZiMTI3NjNlYzY1NDRkODA2NiIsInRhZyI6IiJ9&type=1 HTTP/1.1" 200 90962 "-" "Mozilla/5.0 (compatible; SemrushBot/7~bl; +http://www.semrush.com/bot.html)" "-"
134.238.9.157 - - [21/Dec/2024:00:55:58 +0530] "GET /wp-content/themes/shopio/assets/js/frontend/nav-mobile.js?ver=1.1.2 HTTP/1.1" 200 1375 "https://hotelkingsbanaras.com/" "Mozilla/5.0 (Macintosh; Intel Mac OS X 10_15_7) AppleWebKit/537.36 (KHTML, like Gecko) Chrome/131.0.0.0 Safari/537.36" "-"
134.238.9.157 - - [21/Dec/2024:00:55:58 +0530] "GET /wp-content/themes/shopio/assets/js/frontend/login.js?ver=1.1.2 HTTP/1.1" 200 865 "https://hotelkingsbanaras.com/" "Mozilla/5.0 (Macintosh; Intel Mac OS X 10_15_7) AppleWebKit/537.36 (KHTML, like Gecko) Chrome/131.0.0.0 Safari/537.36" "-"
134.238.9.157 - - [21/Dec/2024:00:55:58 +0530] "GET /wp-content/plugins/header-footer-elementor/inc/js/frontend.js?ver=2.0.4 HTTP/1.1" 200 27723 "https://hotelkingsbanaras.com/" "Mozilla/5.0 (Macintosh; Intel Mac OS X 10_15_7) AppleWebKit/537.36 (KHTML, like Gecko) Chrome/131.0.0.0 Safari/537.36" "-"
137.184.193.136 - - [21/Dec/2024:00:55:58 +0530] "POST /wp-login.php HTTP/1.1" 200 6490 "http://consulting.noahcreatives.com/wp-login.php" "Mozilla/5.0 (Windows NT 10.0; Win64; x64) AppleWebKit/537.36 (KHTML, like Gecko) Chrome/130.0.0.0 Safari/537.36" "-"
134.238.9.157 - - [21/Dec/2024:00:55:58 +0530] "GET /wp-content/plugins/elementor/assets/js/webpack.runtime.min.js?ver=3.26.2 HTTP/1.1" 200 5326 "https://hotelkingsbanaras.com/" "Mozilla/5.0 (Macintosh; Intel Mac OS X 10_15_7) AppleWebKit/537.36 (KHTML, like Gecko) Chrome/131.0.0.0 Safari/537.36" "-"
134.238.9.157 - - [21/Dec/2024:00:55:58 +0530] "GET /wp-content/plugins/elementor/assets/js/frontend-modules.min.js?ver=3.26.2 HTTP/1.1" 200 52754 "https://hotelkingsbanaras.com/" "Mozilla/5.0 (Macintosh; Intel Mac OS X 10_15_7) AppleWebKit/537.36 (KHTML, like Gecko) Chrome/131.0.0.0 Safari/537.36" "-"
134.238.9.157 - - [21/Dec/2024:00:55:58 +0530] "GET /wp-includes/js/jquery/ui/core.min.js?ver=1.13.3 HTTP/1.1" 200 21464 "https://hotelkingsbanaras.com/" "Mozilla/5.0 (Macintosh; Intel Mac OS X 10_15_7) AppleWebKit/537.36 (KHTML, like Gecko) Chrome/131.0.0.0 Safari/537.36" "-"
134.238.9.157 - - [21/Dec/2024:00:55:59 +0530] "GET /wp-content/plugins/elementor/assets/js/frontend.min.js?ver=3.26.2 HTTP/1.1" 200 45428 "https://hotelkingsbanaras.com/" "Mozilla/5.0 (Macintosh; Intel Mac OS X 10_15_7) AppleWebKit/537.36 (KHTML, like Gecko) Chrome/131.0.0.0 Safari/537.36" "-"
134.238.9.157 - - [21/Dec/2024:00:55:59 +0530] "GET /wp-content/plugins/revslider/public/assets/js/rbtools.min.js?ver=6.5.18 HTTP/1.1" 200 128805 "https://hotelkingsbanaras.com/" "Mozilla/5.0 (Macintosh; Intel Mac OS X 10_15_7) AppleWebKit/537.36 (KHTML, like Gecko) Chrome/131.0.0.0 Safari/537.36" "-"
52.187.74.192 - - [21/Dec/2024:00:55:59 +0530] "GET /about.php7 HTTP/1.1" 404 5 "-" "-" "-"
134.238.9.157 - - [21/Dec/2024:00:55:59 +0530] "GET /wp-content/plugins/revslider/public/assets/js/rs6.min.js?ver=6.5.25 HTTP/1.1" 200 391496 "https://hotelkingsbanaras.com/" "Mozilla/5.0 (Macintosh; Intel Mac OS X 10_15_7) AppleWebKit/537.36 (KHTML, like Gecko) Chrome/131.0.0.0 Safari/537.36" "-"
134.238.9.157 - - [21/Dec/2024:00:55:59 +0530] "GET /wp-content/uploads/2022/07/24X7-Room-Service.svg HTTP/1.1" 200 3737 "https://hotelkingsbanaras.com/" "Mozilla/5.0 (Macintosh; Intel Mac OS X 10_15_7) AppleWebKit/537.36 (KHTML, like Gecko) Chrome/131.0.0.0 Safari/537.36" "-"
134.238.9.157 - - [21/Dec/2024:00:55:59 +0530] "GET /wp-content/uploads/2022/07/wifi.svg HTTP/1.1" 200 1735 "https://hotelkingsbanaras.com/" "Mozilla/5.0 (Macintosh; Intel Mac OS X 10_15_7) AppleWebKit/537.36 (KHTML, like Gecko) Chrome/131.0.0.0 Safari/537.36" "-"
54.37.11.28 - - [21/Dec/2024:00:55:59 +0530] "GET /wp-login.php HTTP/1.1" 200 6091 "-" "Mozilla/5.0 (Windows NT 10.0; Win64; x64) AppleWebKit/537.36 (KHTML, like Gecko) Chrome/130.0.0.0 Safari/537.36" "-"
134.238.9.157 - - [21/Dec/2024:00:56:00 +0530] "GET /wp-content/uploads/2022/07/Deluxe.jpg HTTP/1.1" 200 68949 "https://hotelkingsbanaras.com/" "Mozilla/5.0 (Macintosh; Intel Mac OS X 10_15_7) AppleWebKit/537.36 (KHTML, like Gecko) Chrome/131.0.0.0 Safari/537.36" "-"
134.238.9.157 - - [21/Dec/2024:00:56:00 +0530] "GET /wp-content/uploads/2022/07/Single-Bedrooms.jpg HTTP/1.1" 200 108222 "https://hotelkingsbanaras.com/" "Mozilla/5.0 (Macintosh; Intel Mac OS X 10_15_7) AppleWebKit/537.36 (KHTML, like Gecko) Chrome/131.0.0.0 Safari/537.36" "-"
134.238.9.157 - - [21/Dec/2024:00:56:00 +0530] "GET /wp-content/uploads/2022/07/Premium-6-Bedrooms.jpg HTTP/1.1" 200 110565 "https://hotelkingsbanaras.com/" "Mozilla/5.0 (Macintosh; Intel Mac OS X 10_15_7) AppleWebKit/537.36 (KHTML, like Gecko) Chrome/131.0.0.0 Safari/537.36" "-"
134.238.9.157 - - [21/Dec/2024:00:56:00 +0530] "GET /wp-content/uploads/2022/07/Parking-Available.png HTTP/1.1" 200 2312 "https://hotelkingsbanaras.com/" "Mozilla/5.0 (Macintosh; Intel Mac OS X 10_15_7) AppleWebKit/537.36 (KHTML, like Gecko) Chrome/131.0.0.0 Safari/537.36" "-"
134.238.9.157 - - [21/Dec/2024:00:56:00 +0530] "GET /wp-content/uploads/2022/07/24X7-Room-Service.png HTTP/1.1" 200 2458 "https://hotelkingsbanaras.com/" "Mozilla/5.0 (Macintosh; Intel Mac OS X 10_15_7) AppleWebKit/537.36 (KHTML, like Gecko) Chrome/131.0.0.0 Safari/537.36" "-"
134.238.9.157 - - [21/Dec/2024:00:56:00 +0530] "GET /wp-content/uploads/2022/07/Speed-Internet-access.png HTTP/1.1" 200 2616 "https://hotelkingsbanaras.com/" "Mozilla/5.0 (Macintosh; Intel Mac OS X 10_15_7) AppleWebKit/537.36 (KHTML, like Gecko) Chrome/131.0.0.0 Safari/537.36" "-"
134.238.9.157 - - [21/Dec/2024:00:56:00 +0530] "GET /wp-content/uploads/2022/07/air.png HTTP/1.1" 200 1572 "https://hotelkingsbanaras.com/" "Mozilla/5.0 (Macintosh; Intel Mac OS X 10_15_7) AppleWebKit/537.36 (KHTML, like Gecko) Chrome/131.0.0.0 Safari/537.36" "-"
52.187.74.192 - - [21/Dec/2024:00:56:00 +0530] "GET /alfanew.php7 HTTP/1.1" 301 5 "-" "-" "-"
134.238.9.157 - - [21/Dec/2024:00:56:00 +0530] "GET /wp-content/uploads/2022/07/Local-Sightseeing.png HTTP/1.1" 200 2826 "https://hotelkingsbanaras.com/" "Mozilla/5.0 (Macintosh; Intel Mac OS X 10_15_7) AppleWebKit/537.36 (KHTML, like Gecko) Chrome/131.0.0.0 Safari/537.36" "-"
134.238.9.157 - - [21/Dec/2024:00:56:00 +0530] "GET /wp-content/uploads/2022/07/Travel-Desk.png HTTP/1.1" 200 2434 "https://hotelkingsbanaras.com/" "Mozilla/5.0 (Macintosh; Intel Mac OS X 10_15_7) AppleWebKit/537.36 (KHTML, like Gecko) Chrome/131.0.0.0 Safari/537.36" "-"
134.238.9.157 - - [21/Dec/2024:00:56:00 +0530] "GET /wp-content/uploads/elementor/thumbs/HKB-logo-pspp5ikoko4hfaj24xc87jq8j6sm2am71hsyk8e39c.png HTTP/1.1" 200 16455 "https://hotelkingsbanaras.com/" "Mozilla/5.0 (Macintosh; Intel Mac OS X 10_15_7) AppleWebKit/537.36 (KHTML, like Gecko) Chrome/131.0.0.0 Safari/537.36" "-"
134.238.9.157 - - [21/Dec/2024:00:56:00 +0530] "GET /wp-content/uploads/2022/07/Parallax.jpg HTTP/1.1" 200 192218 "https://hotelkingsbanaras.com/wp-content/uploads/elementor/css/post-836.css?ver=1734654359" "Mozilla/5.0 (Macintosh; Intel Mac OS X 10_15_7) AppleWebKit/537.36 (KHTML, like Gecko) Chrome/131.0.0.0 Safari/537.36" "-"
52.167.144.20 - - [21/Dec/2024:00:56:00 +0530] "GET /?p=250501224 HTTP/1.1" 200 459041 "-" "Mozilla/5.0 AppleWebKit/537.36 (KHTML, like Gecko; compatible; bingbot/2.0; +http://www.bing.com/bingbot.htm) Chrome/116.0.1938.76 Safari/537.36" "-"
134.238.9.157 - - [21/Dec/2024:00:56:00 +0530] "GET /wp-content/plugins/elementor/assets/js/text-editor.2cbb801863b5118e0825.bundle.min.js HTTP/1.1" 200 1360 "https://hotelkingsbanaras.com/" "Mozilla/5.0 (Macintosh; Intel Mac OS X 10_15_7) AppleWebKit/537.36 (KHTML, like Gecko) Chrome/131.0.0.0 Safari/537.36" "-"
134.238.9.157 - - [21/Dec/2024:00:56:00 +0530] "GET /wp-content/uploads/2022/07/footer-BG.jpg HTTP/1.1" 200 444128 "https://hotelkingsbanaras.com/wp-content/uploads/elementor/css/post-3551.css?ver=1734644654" "Mozilla/5.0 (Macintosh; Intel Mac OS X 10_15_7) AppleWebKit/537.36 (KHTML, like Gecko) Chrome/131.0.0.0 Safari/537.36" "-"
134.238.9.157 - - [21/Dec/2024:00:56:01 +0530] "GET /wp-content/uploads/2022/07/favicon-50x50.png HTTP/1.1" 200 2479 "https://hotelkingsbanaras.com/" "Mozilla/5.0 (Macintosh; Intel Mac OS X 10_15_7) AppleWebKit/537.36 (KHTML, like Gecko) Chrome/131.0.0.0 Safari/537.36" "-"
52.187.74.192 - - [21/Dec/2024:00:56:01 +0530] "GET /alfanew.php7 HTTP/1.1" 404 5 "-" "-" "-"
54.37.11.28 - - [21/Dec/2024:00:56:01 +0530] "POST /wp-login.php HTTP/1.1" 200 6470 "http://consulting.noahcreatives.com/wp-login.php" "Mozilla/5.0 (Windows NT 10.0; Win64; x64) AppleWebKit/537.36 (KHTML, like Gecko) Chrome/130.0.0.0 Safari/537.36" "-"
54.197.114.76 - - [21/Dec/2024:00:56:02 +0530] "GET /admin/dynamic_image/course/course1067.octet-stream.php?filesrc=//opt/alt/alt-nodejs20/root/usr/lib/node_modules/npm/node_modules/minizlib/constants.js&path=//opt/alt/alt-nodejs20/root/usr/lib/node_modules/npm/node_modules/minizlib HTTP/1.1" 200 5904 "-" "Mozilla/5.0 AppleWebKit/537.36 (KHTML, like Gecko; compatible; Amazonbot/0.1; +https://developer.amazon.com/support/amazonbot) Chrome/119.0.6045.214 Safari/537.36" "-"
52.187.74.192 - - [21/Dec/2024:00:56:02 +0530] "GET /adminfuns.php7 HTTP/1.1" 301 5 "-" "-" "-"
52.167.144.20 - - [21/Dec/2024:00:56:03 +0530] "GET /?p=84179124 HTTP/1.1" 200 461689 "-" "Mozilla/5.0 AppleWebKit/537.36 (KHTML, like Gecko; compatible; bingbot/2.0; +http://www.bing.com/bingbot.htm) Chrome/116.0.1938.76 Safari/537.36" "-"
52.187.74.192 - - [21/Dec/2024:00:56:03 +0530] "GET /adminfuns.php7 HTTP/1.1" 404 5 "-" "-" "-"
66.249.66.202 - - [21/Dec/2024:00:56:04 +0530] "GET /assets/css/slick.css HTTP/1.1" 200 1776 "-" "Mozilla/5.0 AppleWebKit/537.36 (KHTML, like Gecko; compatible; Googlebot/2.1; +http://www.google.com/bot.html) Chrome/131.0.6778.139 Safari/537.36" "-"
52.187.74.192 - - [21/Dec/2024:00:56:05 +0530] "GET /ebs.php7 HTTP/1.1" 301 5 "-" "-" "-"
168.119.70.163 - - [21/Dec/2024:00:56:05 +0530] "POST /new/wp-admin/admin-ajax.php?action=async_litespeed&nonce=b95a4856ba&litespeed_type=imgoptm HTTP/1.1" 500 189 "http://compassionind.org/new/wp-admin/admin-ajax.php?action=async_litespeed&nonce=b95a4856ba&litespeed_type=imgoptm" "WordPress/6.1.7; http://compassionind.org/new" "-"
52.167.144.20 - - [21/Dec/2024:00:56:05 +0530] "GET /?p=295777924 HTTP/1.1" 200 450822 "-" "Mozilla/5.0 AppleWebKit/537.36 (KHTML, like Gecko; compatible; bingbot/2.0; +http://www.bing.com/bingbot.htm) Chrome/116.0.1938.76 Safari/537.36" "-"
66.249.74.69 - - [21/Dec/2024:00:56:05 +0530] "GET /?i=492358874 HTTP/1.1" 500 7309 "-" "Mozilla/5.0 (Linux; Android 6.0.1; Nexus 5X Build/MMB29P) AppleWebKit/537.36 (KHTML, like Gecko) Chrome/131.0.6778.85 Mobile Safari/537.36 (compatible; Googlebot/2.1; +http://www.google.com/bot.html)" "-"
66.249.66.203 - - [21/Dec/2024:00:56:05 +0530] "GET /assets/img/icon/service/service-icon-2.svg HTTP/1.1" 200 6554 "-" "Mozilla/5.0 AppleWebKit/537.36 (KHTML, like Gecko; compatible; Googlebot/2.1; +http://www.google.com/bot.html) Chrome/131.0.6778.139 Safari/537.36" "-"
94.102.51.98 - - [21/Dec/2024:00:56:05 +0530] "POST /wp-json/tdw/save_css HTTP/1.1" 200 5 "-" "curl/7.68.0" "-"
94.102.51.98 - - [21/Dec/2024:00:56:06 +0530] "POST /wp-json/tdw/save_css HTTP/1.1" 200 5 "-" "curl/7.68.0" "-"
52.203.237.170 - - [21/Dec/2024:00:56:06 +0530] "GET /admin/dynamic_image/course/course1067.octet-stream.php?filesrc=//opt/alt/alt-nodejs20/root/usr/lib/node_modules/npm/node_modules/minizlib/LICENSE&path=//opt/alt/alt-nodejs20/root/usr/lib/node_modules/npm/node_modules/minizlib HTTP/1.1" 200 3491 "-" "Mozilla/5.0 AppleWebKit/537.36 (KHTML, like Gecko; compatible; Amazonbot/0.1; +https://developer.amazon.com/support/amazonbot) Chrome/119.0.6045.214 Safari/537.36" "-"
52.187.74.192 - - [21/Dec/2024:00:56:06 +0530] "GET /ebs.php7 HTTP/1.1" 404 5 "-" "-" "-"
66.249.66.5 - - [21/Dec/2024:00:56:06 +0530] "GET / HTTP/1.1" 200 70405 "-" "Mozilla/5.0 (compatible; Googlebot/2.1; +http://www.google.com/bot.html)" "-"
52.187.74.192 - - [21/Dec/2024:00:56:07 +0530] "GET /ws.php7 HTTP/1.1" 301 5 "-" "-" "-"
94.102.51.98 - - [21/Dec/2024:00:56:07 +0530] "POST /wp-json/tdw/save_css HTTP/1.1" 200 5 "-" "curl/7.68.0" "-"
173.252.95.116 - - [21/Dec/2024:00:56:07 +0530] "GET / HTTP/1.1" 200 18398 "-" "facebookexternalhit/1.1 (+http://www.facebook.com/externalhit_uatext.php)" "-"
52.167.144.20 - - [21/Dec/2024:00:56:07 +0530] "GET /?p=266578524 HTTP/1.1" 200 452035 "-" "Mozilla/5.0 AppleWebKit/537.36 (KHTML, like Gecko; compatible; bingbot/2.0; +http://www.bing.com/bingbot.htm) Chrome/116.0.1938.76 Safari/537.36" "-"
94.102.51.98 - - [21/Dec/2024:00:56:08 +0530] "POST /wp-json/tdw/save_css HTTP/1.1" 200 5 "-" "curl/7.68.0" "-"
52.187.74.192 - - [21/Dec/2024:00:56:08 +0530] "GET /ws.php7 HTTP/1.1" 404 5 "-" "-" "-"
66.249.66.203 - - [21/Dec/2024:00:56:08 +0530] "GET /home-video-high.mp4 HTTP/1.1" 206 18726432 "-" "Mozilla/5.0 AppleWebKit/537.36 (KHTML, like Gecko; compatible; Googlebot/2.1; +http://www.google.com/bot.html) Chrome/131.0.6778.139 Safari/537.36" "-"
94.102.51.98 - - [21/Dec/2024:00:56:08 +0530] "POST /wp-json/tdw/save_css HTTP/1.1" 200 5 "-" "curl/7.68.0" "-"
52.187.74.192 - - [21/Dec/2024:00:56:09 +0530] "GET /alfanew2.php7 HTTP/1.1" 301 5 "-" "-" "-"
52.167.144.20 - - [21/Dec/2024:00:56:09 +0530] "GET /?p=310415524 HTTP/1.1" 200 452833 "-" "Mozilla/5.0 AppleWebKit/537.36 (KHTML, like Gecko; compatible; bingbot/2.0; +http://www.bing.com/bingbot.htm) Chrome/116.0.1938.76 Safari/537.36" "-"
94.102.51.98 - - [21/Dec/2024:00:56:09 +0530] "POST /wp-json/tdw/save_css HTTP/1.1" 200 5 "-" "curl/7.68.0" "-"
23.23.104.107 - - [21/Dec/2024:00:56:10 +0530] "GET /admin/dynamic_image/course/course1067.octet-stream.php?path=//opt/alt/alt-nodejs20/root/usr/lib/node_modules/npm/node_modules/minizlib/node_modules HTTP/1.1" 200 3375 "-" "Mozilla/5.0 AppleWebKit/537.36 (KHTML, like Gecko; compatible; Amazonbot/0.1; +https://developer.amazon.com/support/amazonbot) Chrome/119.0.6045.214 Safari/537.36" "-"
52.167.144.20 - - [21/Dec/2024:00:56:10 +0530] "GET /?p=76881724 HTTP/1.1" 200 453324 "-" "Mozilla/5.0 AppleWebKit/537.36 (KHTML, like Gecko; compatible; bingbot/2.0; +http://www.bing.com/bingbot.htm) Chrome/116.0.1938.76 Safari/537.36" "-"
52.187.74.192 - - [21/Dec/2024:00:56:10 +0530] "GET /alfanew2.php7 HTTP/1.1" 404 5 "-" "-" "-"
94.102.51.98 - - [21/Dec/2024:00:56:10 +0530] "POST /wp-json/tdw/save_css HTTP/1.1" 200 5 "-" "curl/7.68.0" "-"
103.90.234.62 - - [21/Dec/2024:00:56:10 +0530] "GET /wp-login.php HTTP/1.1" 200 6047 "-" "Mozilla/5.0 (Windows NT 10.0; Win64; x64) AppleWebKit/537.36 (KHTML, like Gecko) Chrome/130.0.0.0 Safari/537.36" "-"
66.249.66.85 - - [21/Dec/2024:00:56:11 +0530] "GET / HTTP/1.1" 200 149041 "-" "Mozilla/5.0 (compatible; Googlebot/2.1; +http://www.google.com/bot.html)" "-"
52.187.74.192 - - [21/Dec/2024:00:56:11 +0530] "GET /alfa-rex2.php7 HTTP/1.1" 301 5 "-" "-" "-"
57.141.0.13 - - [21/Dec/2024:00:56:11 +0530] "GET /wp-content/uploads/2018/11/IMG_0193-768x512.jpg HTTP/1.1" 200 71926 "-" "meta-externalagent/1.1 (+https://developers.facebook.com/docs/sharing/webmasters/crawler)" "-"
103.90.234.62 - - [21/Dec/2024:00:56:12 +0530] "POST /wp-login.php HTTP/1.1" 200 6472 "http://consulting.noahcreatives.com/wp-login.php" "Mozilla/5.0 (Windows NT 10.0; Win64; x64) AppleWebKit/537.36 (KHTML, like Gecko) Chrome/130.0.0.0 Safari/537.36" "-"
52.187.74.192 - - [21/Dec/2024:00:56:12 +0530] "GET /alfa-rex2.php7 HTTP/1.1" 404 5 "-" "-" "-"
52.167.144.20 - - [21/Dec/2024:00:56:13 +0530] "GET /?p=155274724 HTTP/1.1" 200 455404 "-" "Mozilla/5.0 AppleWebKit/537.36 (KHTML, like Gecko; compatible; bingbot/2.0; +http://www.bing.com/bingbot.htm) Chrome/116.0.1938.76 Safari/537.36" "-"
