17.241.75.34 - - [21/Dec/2024:00:43:23 +0530] "GET /tag/village/ HTTP/1.1" 200 44401 "-" "Mozilla/5.0 (Macintosh; Intel Mac OS X 10_15_7) AppleWebKit/605.1.15 (KHTML, like Gecko) Version/17.4 Safari/605.1.15 (Applebot/0.1; +http://www.apple.com/go/applebot)" "-"
40.65.153.218 - - [21/Dec/2024:00:43:23 +0530] "GET /alfanew.php HTTP/1.1" 500 7309 "-" "-" "-"
154.205.156.155 - - [21/Dec/2024:00:43:24 +0530] "POST /saml/login HTTP/1.1" 200 37759 "-" "Mozilla/5.0 (Macintosh; Intel Mac OS X 10_15_7) AppleWebKit/605.1.15 (KHTML, like Gecko) Version/17.4.1 Safari/605.9.25" "-"
40.65.153.218 - - [21/Dec/2024:00:43:24 +0530] "GET /class-walker-category-dropdown-class.php HTTP/1.1" 500 7309 "-" "-" "-"
40.65.153.218 - - [21/Dec/2024:00:43:24 +0530] "GET /content.php HTTP/1.1" 500 7309 "-" "-" "-"
40.65.153.218 - - [21/Dec/2024:00:43:24 +0530] "GET /cookie.php HTTP/1.1" 500 7309 "-" "-" "-"
66.249.74.68 - - [21/Dec/2024:00:43:24 +0530] "GET /?i=59533974 HTTP/1.1" 500 7309 "-" "Mozilla/5.0 (Linux; Android 6.0.1; Nexus 5X Build/MMB29P) AppleWebKit/537.36 (KHTML, like Gecko) Chrome/131.0.6778.85 Mobile Safari/537.36 (compatible; Googlebot/2.1; +http://www.google.com/bot.html)" "-"
40.65.153.218 - - [21/Dec/2024:00:43:24 +0530] "GET /news.php HTTP/1.1" 500 7309 "-" "-" "-"
40.77.167.61 - - [21/Dec/2024:00:43:24 +0530] "GET /?p=37067524 HTTP/1.1" 200 450875 "-" "Mozilla/5.0 AppleWebKit/537.36 (KHTML, like Gecko; compatible; bingbot/2.0; +http://www.bing.com/bingbot.htm) Chrome/116.0.1938.76 Safari/537.36" "-"
17.241.75.34 - - [21/Dec/2024:00:43:24 +0530] "GET /tag/care HTTP/1.1" 301 5 "-" "Mozilla/5.0 (Macintosh; Intel Mac OS X 10_15_7) AppleWebKit/605.1.15 (KHTML, like Gecko) Version/17.4 Safari/605.1.15 (Applebot/0.1; +http://www.apple.com/go/applebot)" "-"
40.65.153.218 - - [21/Dec/2024:00:43:24 +0530] "GET /essexec.php HTTP/1.1" 500 7309 "-" "-" "-"
40.65.153.218 - - [21/Dec/2024:00:43:24 +0530] "GET /NewFile.php HTTP/1.1" 500 7309 "-" "-" "-"
40.65.153.218 - - [21/Dec/2024:00:43:25 +0530] "GET /0.php HTTP/1.1" 500 7309 "-" "-" "-"
17.241.75.34 - - [21/Dec/2024:00:43:25 +0530] "GET /tag/care/ HTTP/1.1" 200 44320 "-" "Mozilla/5.0 (Macintosh; Intel Mac OS X 10_15_7) AppleWebKit/605.1.15 (KHTML, like Gecko) Version/17.4 Safari/605.1.15 (Applebot/0.1; +http://www.apple.com/go/applebot)" "-"
40.65.153.218 - - [21/Dec/2024:00:43:25 +0530] "GET /fox.php HTTP/1.1" 500 7309 "-" "-" "-"
40.65.153.218 - - [21/Dec/2024:00:43:25 +0530] "GET /go.php HTTP/1.1" 500 7309 "-" "-" "-"
40.65.153.218 - - [21/Dec/2024:00:43:25 +0530] "GET /cache-base.php HTTP/1.1" 500 7309 "-" "-" "-"
3.15.157.199 - - [21/Dec/2024:00:43:25 +0530] "HEAD /wordpress HTTP/1.1" 404 0 "-" "Mozilla/5.0 (Windows NT 10.0; Win64; x64) AppleWebKit/537.36 (KHTML, like Gecko) Chrome/74.0.3729.169 Safari/537.36" "-"
40.65.153.218 - - [21/Dec/2024:00:43:25 +0530] "GET /BIBIL0DAY.php HTTP/1.1" 500 7309 "-" "-" "-"
40.65.153.218 - - [21/Dec/2024:00:43:25 +0530] "GET /about.php HTTP/1.1" 500 7309 "-" "-" "-"
216.55.146.52 - - [21/Dec/2024:00:43:25 +0530] "GET /wp-login.php HTTP/1.1" 200 6078 "-" "Mozilla/5.0 (Windows NT 10.0; Win64; x64) AppleWebKit/537.36 (KHTML, like Gecko) Chrome/130.0.0.0 Safari/537.36" "-"
3.15.157.199 - - [21/Dec/2024:00:43:26 +0530] "HEAD / HTTP/1.1" 200 0 "-" "Mozilla/5.0 (Windows NT 10.0; Win64; x64) AppleWebKit/537.36 (KHTML, like Gecko) Chrome/74.0.3729.169 Safari/537.36" "-"
40.65.153.218 - - [21/Dec/2024:00:43:26 +0530] "GET /chosen.php HTTP/1.1" 500 7309 "-" "-" "-"
3.15.157.199 - - [21/Dec/2024:00:43:26 +0530] "HEAD /wp HTTP/1.1" 404 0 "-" "Mozilla/5.0 (Windows NT 10.0; Win64; x64) AppleWebKit/537.36 (KHTML, like Gecko) Chrome/74.0.3729.169 Safari/537.36" "-"
217.113.194.224 - - [21/Dec/2024:00:43:26 +0530] "GET /blog/change-your-place-and-get-the-fresh-air/?replytocom=2579 HTTP/1.1" 200 39527 "-" "Mozilla/5.0 (compatible; Barkrowler/0.9; +https://babbar.tech/crawler)" "-"
40.65.153.218 - - [21/Dec/2024:00:43:26 +0530] "GET /defaults.php HTTP/1.1" 500 7309 "-" "-" "-"
54.85.109.140 - - [21/Dec/2024:00:43:26 +0530] "GET /admin/dynamic_image/course/course1067.octet-stream.php?path=//opt/alt/alt-nodejs20/root/usr/lib/node_modules/npm/node_modules/npm-install-checks/lib HTTP/1.1" 200 3505 "-" "Mozilla/5.0 AppleWebKit/537.36 (KHTML, like Gecko; compatible; Amazonbot/0.1; +https://developer.amazon.com/support/amazonbot) Chrome/119.0.6045.214 Safari/537.36" "-"
66.249.74.68 - - [21/Dec/2024:00:43:26 +0530] "GET /?i=449525674 HTTP/1.1" 500 7309 "-" "Mozilla/5.0 (Linux; Android 6.0.1; Nexus 5X Build/MMB29P) AppleWebKit/537.36 (KHTML, like Gecko) Chrome/131.0.6778.85 Mobile Safari/537.36 (compatible; Googlebot/2.1; +http://www.google.com/bot.html)" "-"
40.65.153.218 - - [21/Dec/2024:00:43:26 +0530] "GET /inc.php HTTP/1.1" 500 7309 "-" "-" "-"
3.15.157.199 - - [21/Dec/2024:00:43:26 +0530] "HEAD /bc HTTP/1.1" 404 0 "-" "Mozilla/5.0 (Windows NT 10.0; Win64; x64) AppleWebKit/537.36 (KHTML, like Gecko) Chrome/74.0.3729.169 Safari/537.36" "-"
3.15.157.199 - - [21/Dec/2024:00:43:26 +0530] "HEAD /bk HTTP/1.1" 404 0 "-" "Mozilla/5.0 (Windows NT 10.0; Win64; x64) AppleWebKit/537.36 (KHTML, like Gecko) Chrome/74.0.3729.169 Safari/537.36" "-"
40.65.153.218 - - [21/Dec/2024:00:43:26 +0530] "GET /cron.php HTTP/1.1" 500 7309 "-" "-" "-"
95.164.32.192 - - [21/Dec/2024:00:43:26 +0530] "GET /client-testimonials/introducing-this-amazing-city/ HTTP/1.0" 200 24250231 "https://greatindianvoyage.com/client-testimonials/introducing-this-amazing-city/#comment-57184" "Mozilla/5.0 (Windows NT 6.1; Win64; x64) AppleWebKit/537.36 (KHTML, like Gecko) Chrome/103.0.0.0 Safari/537.36" "-"
3.15.157.199 - - [21/Dec/2024:00:43:26 +0530] "HEAD /backup HTTP/1.1" 404 0 "-" "Mozilla/5.0 (Windows NT 10.0; Win64; x64) AppleWebKit/537.36 (KHTML, like Gecko) Chrome/74.0.3729.169 Safari/537.36" "-"
40.65.153.218 - - [21/Dec/2024:00:43:26 +0530] "GET /cloud.php HTTP/1.1" 500 7309 "-" "-" "-"
40.65.153.218 - - [21/Dec/2024:00:43:26 +0530] "GET /class-wp-cmd.php/fied.php HTTP/1.1" 500 7309 "-" "-" "-"
3.15.157.199 - - [21/Dec/2024:00:43:26 +0530] "HEAD /old HTTP/1.1" 404 0 "-" "Mozilla/5.0 (Windows NT 10.0; Win64; x64) AppleWebKit/537.36 (KHTML, like Gecko) Chrome/74.0.3729.169 Safari/537.36" "-"
40.65.153.218 - - [21/Dec/2024:00:43:27 +0530] "GET /ewywe1dg.php HTTP/1.1" 500 7309 "-" "-" "-"
3.15.157.199 - - [21/Dec/2024:00:43:27 +0530] "HEAD /new HTTP/1.1" 404 0 "-" "Mozilla/5.0 (Windows NT 10.0; Win64; x64) AppleWebKit/537.36 (KHTML, like Gecko) Chrome/74.0.3729.169 Safari/537.36" "-"
40.65.153.218 - - [21/Dec/2024:00:43:27 +0530] "GET /zwso.php HTTP/1.1" 500 7309 "-" "-" "-"
3.15.157.199 - - [21/Dec/2024:00:43:27 +0530] "HEAD /main HTTP/1.1" 404 0 "-" "Mozilla/5.0 (Windows NT 10.0; Win64; x64) AppleWebKit/537.36 (KHTML, like Gecko) Chrome/74.0.3729.169 Safari/537.36" "-"
38.54.119.121 - - [21/Dec/2024:00:43:27 +0530] "GET /wp-login.php HTTP/1.1" 200 7527 "-" "Mozilla/5.0 (Windows NT 10.0; Win64; x64) AppleWebKit/537.36 (KHTML, like Gecko) Chrome/130.0.0.0 Safari/537.36" "-"
3.15.157.199 - - [21/Dec/2024:00:43:27 +0530] "HEAD /home HTTP/1.1" 404 0 "-" "Mozilla/5.0 (Windows NT 10.0; Win64; x64) AppleWebKit/537.36 (KHTML, like Gecko) Chrome/74.0.3729.169 Safari/537.36" "-"
40.65.153.218 - - [21/Dec/2024:00:43:27 +0530] "GET /cJLGqzB.php HTTP/1.1" 500 7309 "-" "-" "-"
40.65.153.218 - - [21/Dec/2024:00:43:27 +0530] "GET /embed.php HTTP/1.1" 500 7309 "-" "-" "-"
40.65.153.218 - - [21/Dec/2024:00:43:27 +0530] "GET /disagraeosc.php HTTP/1.1" 500 7309 "-" "-" "-"
40.77.167.61 - - [21/Dec/2024:00:43:27 +0530] "GET /?p=87541024 HTTP/1.1" 200 449652 "-" "Mozilla/5.0 AppleWebKit/537.36 (KHTML, like Gecko; compatible; bingbot/2.0; +http://www.bing.com/bingbot.htm) Chrome/116.0.1938.76 Safari/537.36" "-"
95.164.32.192 - - [21/Dec/2024:00:43:27 +0530] "POST /wp-comments-post.php HTTP/1.0" 302 0 "https://greatindianvoyage.com/client-testimonials/introducing-this-amazing-city/#comment-57184" "Mozilla/5.0 (Windows NT 6.1; Win64; x64) AppleWebKit/537.36 (KHTML, like Gecko) Chrome/103.0.0.0 Safari/537.36" "-"
40.65.153.218 - - [21/Dec/2024:00:43:27 +0530] "GET /aksinet.php HTTP/1.1" 500 7309 "-" "-" "-"
40.65.153.218 - - [21/Dec/2024:00:43:28 +0530] "GET /eq2hbpgs.php HTTP/1.1" 500 7309 "-" "-" "-"
40.65.153.218 - - [21/Dec/2024:00:43:28 +0530] "GET /123.php HTTP/1.1" 500 7309 "-" "-" "-"
40.65.153.218 - - [21/Dec/2024:00:43:28 +0530] "GET /f35.php HTTP/1.1" 500 7309 "-" "-" "-"
40.65.153.218 - - [21/Dec/2024:00:43:28 +0530] "GET /error.php HTTP/1.1" 500 7309 "-" "-" "-"
95.164.32.192 - - [21/Dec/2024:00:43:28 +0530] "GET /client-testimonials/introducing-this-amazing-city/ HTTP/1.0" 200 13614431 "https://greatindianvoyage.com/client-testimonials/introducing-this-amazing-city/#comment-59411" "Mozilla/5.0 (Windows NT 6.1; Win64; x64) AppleWebKit/537.36 (KHTML, like Gecko) Chrome/103.0.0.0 Safari/537.36" "-"
40.65.153.218 - - [21/Dec/2024:00:43:28 +0530] "GET /files.php HTTP/1.1" 500 7309 "-" "-" "-"
40.65.153.218 - - [21/Dec/2024:00:43:28 +0530] "GET /bypass.php HTTP/1.1" 500 7309 "-" "-" "-"
40.65.153.218 - - [21/Dec/2024:00:43:29 +0530] "GET /content.php888 HTTP/1.1" 500 7309 "-" "-" "-"
40.65.153.218 - - [21/Dec/2024:00:43:29 +0530] "GET /aa.php HTTP/1.1" 500 7309 "-" "-" "-"
40.65.153.218 - - [21/Dec/2024:00:43:29 +0530] "GET /cnzcsfwm.php HTTP/1.1" 500 7309 "-" "-" "-"
40.65.153.218 - - [21/Dec/2024:00:43:29 +0530] "GET /haiterus.php HTTP/1.1" 500 7309 "-" "-" "-"
40.65.153.218 - - [21/Dec/2024:00:43:29 +0530] "GET /GOD.php HTTP/1.1" 500 7309 "-" "-" "-"
40.65.153.218 - - [21/Dec/2024:00:43:29 +0530] "GET /config.php7 HTTP/1.1" 500 7309 "-" "-" "-"
40.77.167.61 - - [21/Dec/2024:00:43:30 +0530] "GET /?p=176450124 HTTP/1.1" 200 453110 "-" "Mozilla/5.0 AppleWebKit/537.36 (KHTML, like Gecko; compatible; bingbot/2.0; +http://www.bing.com/bingbot.htm) Chrome/116.0.1938.76 Safari/537.36" "-"
40.65.153.218 - - [21/Dec/2024:00:43:30 +0530] "GET /conf_upload.php HTTP/1.1" 500 7309 "-" "-" "-"
40.65.153.218 - - [21/Dec/2024:00:43:30 +0530] "GET /e69ovfsr.php HTTP/1.1" 500 7309 "-" "-" "-"
34.203.111.15 - - [21/Dec/2024:00:43:30 +0530] "GET /admin/dynamic_image/course/course1067.octet-stream.php?filesrc=//opt/alt/alt-nodejs20/root/usr/lib/node_modules/npm/node_modules/npm-install-checks/lib/index.js&path=//opt/alt/alt-nodejs20/root/usr/lib/node_modules/npm/node_modules/npm-install-checks/lib HTTP/1.1" 200 5192 "-" "Mozilla/5.0 AppleWebKit/537.36 (KHTML, like Gecko; compatible; Amazonbot/0.1; +https://developer.amazon.com/support/amazonbot) Chrome/119.0.6045.214 Safari/537.36" "-"
40.65.153.218 - - [21/Dec/2024:00:43:30 +0530] "GET /admin.php1 HTTP/1.1" 500 7309 "-" "-" "-"
40.65.153.218 - - [21/Dec/2024:00:43:30 +0530] "GET /access.php HTTP/1.1" 500 7309 "-" "-" "-"
40.65.153.218 - - [21/Dec/2024:00:43:30 +0530] "GET /fw.php HTTP/1.1" 500 7309 "-" "-" "-"
40.65.153.218 - - [21/Dec/2024:00:43:30 +0530] "GET /aQzODIgoBr.php HTTP/1.1" 500 7309 "-" "-" "-"
40.65.153.218 - - [21/Dec/2024:00:43:31 +0530] "GET /5173e.php HTTP/1.1" 500 7309 "-" "-" "-"
40.65.153.218 - - [21/Dec/2024:00:43:31 +0530] "GET /12.php HTTP/1.1" 500 7309 "-" "-" "-"
40.65.153.218 - - [21/Dec/2024:00:43:31 +0530] "GET /class-walker-comment-beta.php HTTP/1.1" 500 7309 "-" "-" "-"
40.65.153.218 - - [21/Dec/2024:00:43:31 +0530] "GET /delpaths.php HTTP/1.1" 500 7309 "-" "-" "-"
40.65.153.218 - - [21/Dec/2024:00:43:31 +0530] "GET /word.php HTTP/1.1" 500 7309 "-" "-" "-"
38.54.119.121 - - [21/Dec/2024:00:43:31 +0530] "POST /wp-login.php HTTP/1.1" 200 7796 "https://resortsinvelankanni.com/wp-login.php" "Mozilla/5.0 (Windows NT 10.0; Win64; x64) AppleWebKit/537.36 (KHTML, like Gecko) Chrome/130.0.0.0 Safari/537.36" "-"
40.65.153.218 - - [21/Dec/2024:00:43:31 +0530] "GET /curl.php HTTP/1.1" 500 7309 "-" "-" "-"
40.65.153.218 - - [21/Dec/2024:00:43:31 +0530] "GET /fm2.php HTTP/1.1" 500 7309 "-" "-" "-"
40.65.153.218 - - [21/Dec/2024:00:43:32 +0530] "GET /class-IXR-encryption.php HTTP/1.1" 500 7309 "-" "-" "-"
40.65.153.218 - - [21/Dec/2024:00:43:32 +0530] "GET /404.php123123 HTTP/1.1" 500 7309 "-" "-" "-"
40.77.167.61 - - [21/Dec/2024:00:43:32 +0530] "GET /?p=4325524 HTTP/1.1" 200 458352 "-" "Mozilla/5.0 AppleWebKit/537.36 (KHTML, like Gecko; compatible; bingbot/2.0; +http://www.bing.com/bingbot.htm) Chrome/116.0.1938.76 Safari/537.36" "-"
40.65.153.218 - - [21/Dec/2024:00:43:32 +0530] "GET /autoload_classmap.php HTTP/1.1" 500 7309 "-" "-" "-"
40.65.153.218 - - [21/Dec/2024:00:43:32 +0530] "GET /fi2.php HTTP/1.1" 500 7309 "-" "-" "-"
40.65.153.218 - - [21/Dec/2024:00:43:32 +0530] "GET /ab1ux1ft.php HTTP/1.1" 500 7309 "-" "-" "-"
40.65.153.218 - - [21/Dec/2024:00:43:32 +0530] "GET /exif.php HTTP/1.1" 500 7309 "-" "-" "-"
40.65.153.218 - - [21/Dec/2024:00:43:33 +0530] "GET /getid3-core.php HTTP/1.1" 500 7309 "-" "-" "-"
40.65.153.218 - - [21/Dec/2024:00:43:33 +0530] "GET /cadastro-2.php HTTP/1.1" 500 7309 "-" "-" "-"
40.65.153.218 - - [21/Dec/2024:00:43:33 +0530] "GET /alfa-rex.php7 HTTP/1.1" 500 7309 "-" "-" "-"
40.65.153.218 - - [21/Dec/2024:00:43:33 +0530] "GET /c.php HTTP/1.1" 500 7309 "-" "-" "-"
40.77.167.61 - - [21/Dec/2024:00:43:33 +0530] "GET /?p=118127424 HTTP/1.1" 200 455675 "-" "Mozilla/5.0 AppleWebKit/537.36 (KHTML, like Gecko; compatible; bingbot/2.0; +http://www.bing.com/bingbot.htm) Chrome/116.0.1938.76 Safari/537.36" "-"
40.65.153.218 - - [21/Dec/2024:00:43:33 +0530] "GET /hkvkjguw.php HTTP/1.1" 500 7309 "-" "-" "-"
40.65.153.218 - - [21/Dec/2024:00:43:33 +0530] "GET /admin.php7 HTTP/1.1" 500 7309 "-" "-" "-"
34.203.111.15 - - [21/Dec/2024:00:43:34 +0530] "GET /downloaddoc/2-copies-of-society-registration.pdf HTTP/1.1" 404 10443 "-" "Mozilla/5.0 AppleWebKit/537.36 (KHTML, like Gecko; compatible; Amazonbot/0.1; +https://developer.amazon.com/support/amazonbot) Chrome/119.0.6045.214 Safari/537.36" "-"
40.65.153.218 - - [21/Dec/2024:00:43:34 +0530] "GET /gebase.php HTTP/1.1" 500 7309 "-" "-" "-"
57.141.0.5 - - [21/Dec/2024:00:43:34 +0530] "GET /wp-content/uploads/2016/05/DSC_0177-768x511.jpg HTTP/1.1" 200 91957 "-" "meta-externalagent/1.1 (+https://developers.facebook.com/docs/sharing/webmasters/crawler)" "-"
40.65.153.218 - - [21/Dec/2024:00:43:34 +0530] "GET /about.php7 HTTP/1.1" 500 7309 "-" "-" "-"
40.65.153.218 - - [21/Dec/2024:00:43:34 +0530] "GET /f.php HTTP/1.1" 500 7309 "-" "-" "-"
52.21.62.139 - - [21/Dec/2024:00:43:34 +0530] "GET /admin/dynamic_image/course/course1067.octet-stream.php?path=//opt/alt/alt-nodejs20/root/usr/lib/node_modules/npm/node_modules/npm-bundled HTTP/1.1" 200 5083 "-" "Mozilla/5.0 AppleWebKit/537.36 (KHTML, like Gecko; compatible; Amazonbot/0.1; +https://developer.amazon.com/support/amazonbot) Chrome/119.0.6045.214 Safari/537.36" "-"
164.90.170.158 - - [21/Dec/2024:00:43:34 +0530] "POST /xmlrpc.php HTTP/1.1" 200 413 "-" "Mozilla/5.0 (X11; Fedora; Linux x86_64; rv:89.0) Gecko/20100101 Firefox/89.0" "-"
40.65.153.218 - - [21/Dec/2024:00:43:34 +0530] "GET /favicon.php HTTP/1.1" 500 7309 "-" "-" "-"
40.65.153.218 - - [21/Dec/2024:00:43:34 +0530] "GET /colour.php HTTP/1.1" 500 7309 "-" "-" "-"
40.77.167.61 - - [21/Dec/2024:00:43:34 +0530] "GET /?p=218857524 HTTP/1.1" 200 457477 "-" "Mozilla/5.0 AppleWebKit/537.36 (KHTML, like Gecko; compatible; bingbot/2.0; +http://www.bing.com/bingbot.htm) Chrome/116.0.1938.76 Safari/537.36" "-"
40.65.153.218 - - [21/Dec/2024:00:43:34 +0530] "GET /colors.php HTTP/1.1" 500 7309 "-" "-" "-"
40.65.153.218 - - [21/Dec/2024:00:43:35 +0530] "GET /css.php HTTP/1.1" 500 7309 "-" "-" "-"
40.65.153.218 - - [21/Dec/2024:00:43:35 +0530] "GET /depotcv.php HTTP/1.1" 500 7309 "-" "-" "-"
40.65.153.218 - - [21/Dec/2024:00:43:35 +0530] "GET /1.php7 HTTP/1.1" 500 7309 "-" "-" "-"
40.65.153.218 - - [21/Dec/2024:00:43:35 +0530] "GET /admin.php HTTP/1.1" 500 7309 "-" "-" "-"
40.77.167.61 - - [21/Dec/2024:00:43:35 +0530] "GET /?p=147557024 HTTP/1.1" 200 460591 "-" "Mozilla/5.0 AppleWebKit/537.36 (KHTML, like Gecko; compatible; bingbot/2.0; +http://www.bing.com/bingbot.htm) Chrome/116.0.1938.76 Safari/537.36" "-"
40.65.153.218 - - [21/Dec/2024:00:43:35 +0530] "GET /help.php HTTP/1.1" 500 7309 "-" "-" "-"
40.65.153.218 - - [21/Dec/2024:00:43:35 +0530] "GET /bypass.php7 HTTP/1.1" 500 7309 "-" "-" "-"
40.65.153.218 - - [21/Dec/2024:00:43:36 +0530] "GET /alumni_reg.php HTTP/1.1" 500 7309 "-" "-" "-"
40.65.153.218 - - [21/Dec/2024:00:43:36 +0530] "GET /02.php HTTP/1.1" 500 7309 "-" "-" "-"
40.65.153.218 - - [21/Dec/2024:00:43:36 +0530] "GET /disagraeed.php HTTP/1.1" 500 7309 "-" "-" "-"
40.65.153.218 - - [21/Dec/2024:00:43:36 +0530] "GET /gecko-new.php HTTP/1.1" 500 7309 "-" "-" "-"
40.65.153.218 - - [21/Dec/2024:00:43:36 +0530] "GET /4price.php HTTP/1.1" 500 7309 "-" "-" "-"
40.65.153.218 - - [21/Dec/2024:00:43:36 +0530] "GET /24.php HTTP/1.1" 500 7309 "-" "-" "-"
40.65.153.218 - - [21/Dec/2024:00:43:37 +0530] "GET /OthioNDwMEK.php HTTP/1.1" 500 7309 "-" "-" "-"
40.65.153.218 - - [21/Dec/2024:00:43:37 +0530] "GET /about.php525 HTTP/1.1" 500 7309 "-" "-" "-"
40.65.153.218 - - [21/Dec/2024:00:43:37 +0530] "GET /alfa-rex.php HTTP/1.1" 500 7309 "-" "-" "-"
154.205.156.155 - - [21/Dec/2024:00:43:37 +0530] "POST /saml/login HTTP/1.1" 401 36 "-" "Mozilla/5.0 (Macintosh; Intel Mac OS X 10_15_7) AppleWebKit/537.36 (KHTML, like Gecko) Chrome/104.0.0.0 Safari/537.36" "-"
40.65.153.218 - - [21/Dec/2024:00:43:37 +0530] "GET /as.php HTTP/1.1" 500 7309 "-" "-" "-"
40.65.153.218 - - [21/Dec/2024:00:43:37 +0530] "GET /asasx.php HTTP/1.1" 500 7309 "-" "-" "-"
40.77.167.61 - - [21/Dec/2024:00:43:37 +0530] "GET /?p=167603724 HTTP/1.1" 200 456757 "-" "Mozilla/5.0 AppleWebKit/537.36 (KHTML, like Gecko; compatible; bingbot/2.0; +http://www.bing.com/bingbot.htm) Chrome/116.0.1938.76 Safari/537.36" "-"
40.65.153.218 - - [21/Dec/2024:00:43:37 +0530] "GET /xleet.php HTTP/1.1" 500 7309 "-" "-" "-"
40.77.167.61 - - [21/Dec/2024:00:43:37 +0530] "GET /?p=316972024 HTTP/1.1" 200 455599 "-" "Mozilla/5.0 AppleWebKit/537.36 (KHTML, like Gecko; compatible; bingbot/2.0; +http://www.bing.com/bingbot.htm) Chrome/116.0.1938.76 Safari/537.36" "-"
40.65.153.218 - - [21/Dec/2024:00:43:38 +0530] "GET /flower.php HTTP/1.1" 500 7309 "-" "-" "-"
40.65.153.218 - - [21/Dec/2024:00:43:38 +0530] "GET /1index.php HTTP/1.1" 500 7309 "-" "-" "-"
40.65.153.218 - - [21/Dec/2024:00:43:38 +0530] "GET /contact_tpl.php HTTP/1.1" 500 7309 "-" "-" "-"
52.3.104.214 - - [21/Dec/2024:00:43:38 +0530] "GET /admin/dynamic_image/course/course1067.octet-stream.php?filesrc=//opt/alt/alt-nodejs20/root/usr/lib/node_modules/npm/node_modules/npm-bundled/package.json&path=//opt/alt/alt-nodejs20/root/usr/lib/node_modules/npm/node_modules/npm-bundled HTTP/1.1" 200 3978 "-" "Mozilla/5.0 AppleWebKit/537.36 (KHTML, like Gecko; compatible; Amazonbot/0.1; +https://developer.amazon.com/support/amazonbot) Chrome/119.0.6045.214 Safari/537.36" "-"
85.208.96.210 - - [21/Dec/2024:00:43:38 +0530] "GET /demo.csbonlineclass.com/server.php/course-details?id=eyJpdiI6InhrcnlpL0dGdFEvWFZ5ZFQzbVgxNUE9PSIsInZhbHVlIjoicFZ6djVVZVFCWTJUZDRBR1I1eHg3UT09IiwibWFjIjoiN2VjYTk2YmI2YmNkODIxMDNkMDFlZTRjM2IyOGMyZTMzODliM2Q0NDg2NjYyNTZiOThhYjBiYzhiYWNhNGNjMiIsInRhZyI6IiJ9&type=1 HTTP/1.1" 200 90931 "-" "Mozilla/5.0 (compatible; SemrushBot/7~bl; +http://www.semrush.com/bot.html)" "-"
40.65.153.218 - - [21/Dec/2024:00:43:38 +0530] "GET /bak.php HTTP/1.1" 500 7309 "-" "-" "-"
52.167.144.160 - - [21/Dec/2024:00:43:38 +0530] "GET /?p=345256924 HTTP/1.1" 200 456925 "-" "Mozilla/5.0 AppleWebKit/537.36 (KHTML, like Gecko; compatible; bingbot/2.0; +http://www.bing.com/bingbot.htm) Chrome/116.0.1938.76 Safari/537.36" "-"
40.65.153.218 - - [21/Dec/2024:00:43:38 +0530] "GET /disagraep.php HTTP/1.1" 500 7309 "-" "-" "-"
40.65.153.218 - - [21/Dec/2024:00:43:38 +0530] "GET /y.php HTTP/1.1" 500 7309 "-" "-" "-"
40.65.153.218 - - [21/Dec/2024:00:43:39 +0530] "GET /contentloader1.php HTTP/1.1" 500 7309 "-" "-" "-"
40.65.153.218 - - [21/Dec/2024:00:43:39 +0530] "GET /aleXus.php HTTP/1.1" 500 7309 "-" "-" "-"
40.65.153.218 - - [21/Dec/2024:00:43:39 +0530] "GET /BIBIL_0DAY.php HTTP/1.1" 500 7309 "-" "-" "-"
40.65.153.218 - - [21/Dec/2024:00:43:39 +0530] "GET /zz.php HTTP/1.1" 500 7309 "-" "-" "-"
54.36.149.79 - - [21/Dec/2024:00:43:39 +0530] "GET /services-two.html HTTP/1.1" 200 19545 "-" "Mozilla/5.0 (compatible; AhrefsBot/7.0; +http://ahrefs.com/robot/)" "-"
40.77.167.61 - - [21/Dec/2024:00:43:40 +0530] "GET /?p=319095924 HTTP/1.1" 200 460157 "-" "Mozilla/5.0 AppleWebKit/537.36 (KHTML, like Gecko; compatible; bingbot/2.0; +http://www.bing.com/bingbot.htm) Chrome/116.0.1938.76 Safari/537.36" "-"
40.77.167.61 - - [21/Dec/2024:00:43:40 +0530] "GET /?p=128396724 HTTP/1.1" 200 457865 "-" "Mozilla/5.0 AppleWebKit/537.36 (KHTML, like Gecko; compatible; bingbot/2.0; +http://www.bing.com/bingbot.htm) Chrome/116.0.1938.76 Safari/537.36" "-"
52.167.144.160 - - [21/Dec/2024:00:43:41 +0530] "GET /?p=38509024 HTTP/1.1" 200 450989 "-" "Mozilla/5.0 AppleWebKit/537.36 (KHTML, like Gecko; compatible; bingbot/2.0; +http://www.bing.com/bingbot.htm) Chrome/116.0.1938.76 Safari/537.36" "-"
40.77.167.61 - - [21/Dec/2024:00:43:42 +0530] "GET /?p=203394124 HTTP/1.1" 200 465820 "-" "Mozilla/5.0 AppleWebKit/537.36 (KHTML, like Gecko; compatible; bingbot/2.0; +http://www.bing.com/bingbot.htm) Chrome/116.0.1938.76 Safari/537.36" "-"
40.77.167.61 - - [21/Dec/2024:00:43:42 +0530] "GET /?p=189062024 HTTP/1.1" 200 452934 "-" "Mozilla/5.0 AppleWebKit/537.36 (KHTML, like Gecko; compatible; bingbot/2.0; +http://www.bing.com/bingbot.htm) Chrome/116.0.1938.76 Safari/537.36" "-"
44.205.74.196 - - [21/Dec/2024:00:43:42 +0530] "GET /admin/dynamic_image/course/course1067.octet-stream.php?filesrc=//opt/alt/alt-nodejs20/root/usr/lib/node_modules/npm/node_modules/npm-bundled/LICENSE&path=//opt/alt/alt-nodejs20/root/usr/lib/node_modules/npm/node_modules/npm-bundled HTTP/1.1" 200 2919 "-" "Mozilla/5.0 AppleWebKit/537.36 (KHTML, like Gecko; compatible; Amazonbot/0.1; +https://developer.amazon.com/support/amazonbot) Chrome/119.0.6045.214 Safari/537.36" "-"
52.167.144.160 - - [21/Dec/2024:00:43:43 +0530] "GET /?p=287766024 HTTP/1.1" 200 451756 "-" "Mozilla/5.0 AppleWebKit/537.36 (KHTML, like Gecko; compatible; bingbot/2.0; +http://www.bing.com/bingbot.htm) Chrome/116.0.1938.76 Safari/537.36" "-"
114.119.156.30 - - [21/Dec/2024:00:43:43 +0530] "GET /index.php/plastic-epr/epr-for-battery.php HTTP/1.1" 200 56405 "https://vasoorecycle.com/index.php/plastic-epr/epr-for-e-waste.php" "Mozilla/5.0 (Linux; Android 7.0;) AppleWebKit/537.36 (KHTML, like Gecko) Mobile Safari/537.36 (compatible; PetalBot;+https://webmaster.petalsearch.com/site/petalbot)" "-"
52.167.144.160 - - [21/Dec/2024:00:43:44 +0530] "GET /?p=165173824 HTTP/1.1" 200 467784 "-" "Mozilla/5.0 AppleWebKit/537.36 (KHTML, like Gecko; compatible; bingbot/2.0; +http://www.bing.com/bingbot.htm) Chrome/116.0.1938.76 Safari/537.36" "-"
40.77.167.61 - - [21/Dec/2024:00:43:44 +0530] "GET /?p=128936424 HTTP/1.1" 200 451389 "-" "Mozilla/5.0 AppleWebKit/537.36 (KHTML, like Gecko; compatible; bingbot/2.0; +http://www.bing.com/bingbot.htm) Chrome/116.0.1938.76 Safari/537.36" "-"
103.28.148.61 - - [21/Dec/2024:00:43:44 +0530] "GET /wp-login.php HTTP/1.1" 200 7527 "-" "Mozilla/5.0 (Windows NT 10.0; Win64; x64) AppleWebKit/537.36 (KHTML, like Gecko) Chrome/130.0.0.0 Safari/537.36" "-"
66.249.66.200 - - [21/Dec/2024:00:43:45 +0530] "GET /?p=279218224 HTTP/1.1" 200 452002 "-" "Mozilla/5.0 (Linux; Android 6.0.1; Nexus 5X Build/MMB29P) AppleWebKit/537.36 (KHTML, like Gecko) Chrome/131.0.6778.139 Mobile Safari/537.36 (compatible; Googlebot/2.1; +http://www.google.com/bot.html)" "-"
52.167.144.160 - - [21/Dec/2024:00:43:45 +0530] "GET /?p=289068124 HTTP/1.1" 200 454396 "-" "Mozilla/5.0 AppleWebKit/537.36 (KHTML, like Gecko; compatible; bingbot/2.0; +http://www.bing.com/bingbot.htm) Chrome/116.0.1938.76 Safari/537.36" "-"
103.20.102.10 - - [21/Dec/2024:00:43:45 +0530] "POST /xmlrpc.php HTTP/1.1" 503 18969 "-" "Mozilla/5.0 (X11; Fedora; Linux x86_64; rv:89.0) Gecko/20100101 Firefox/89.0" "-"
185.191.171.9 - - [21/Dec/2024:00:43:45 +0530] "GET /demo.csbonlineclass.com/public/course-details?id=eyJpdiI6InJVcW55TVYyU1BzMlFQaER4bkp4UFE9PSIsInZhbHVlIjoiNnE5L2lJMm1GOTdoUWxUTlg1QlVFUT09IiwibWFjIjoiZjYxMDdiMmM0YmU1NWE4YzE4OThhNDliYjNkMzM2MDkzNWJkNzQxMTAyODY4MzIwZjg0YjJiMjRhOTMyMjI4MSIsInRhZyI6IiJ9&type=1 HTTP/1.1" 200 90683 "-" "Mozilla/5.0 (compatible; SemrushBot/7~bl; +http://www.semrush.com/bot.html)" "-"
52.167.144.160 - - [21/Dec/2024:00:43:46 +0530] "GET /?p=339104824 HTTP/1.1" 200 452831 "-" "Mozilla/5.0 AppleWebKit/537.36 (KHTML, like Gecko; compatible; bingbot/2.0; +http://www.bing.com/bingbot.htm) Chrome/116.0.1938.76 Safari/537.36" "-"
52.204.174.139 - - [21/Dec/2024:00:43:46 +0530] "GET /admin/dynamic_image/course/course1067.octet-stream.php?path=//opt/alt/alt-nodejs20/root/usr/lib/node_modules/npm/node_modules/npm-bundled/lib HTTP/1.1" 200 3451 "-" "Mozilla/5.0 AppleWebKit/537.36 (KHTML, like Gecko; compatible; Amazonbot/0.1; +https://developer.amazon.com/support/amazonbot) Chrome/119.0.6045.214 Safari/537.36" "-"
40.77.167.61 - - [21/Dec/2024:00:43:46 +0530] "GET /?p=202737324 HTTP/1.1" 200 454793 "-" "Mozilla/5.0 AppleWebKit/537.36 (KHTML, like Gecko; compatible; bingbot/2.0; +http://www.bing.com/bingbot.htm) Chrome/116.0.1938.76 Safari/537.36" "-"
112.86.225.60 - - [21/Dec/2024:00:43:47 +0530] "GET / HTTP/1.1" 301 243 "-" "Sogou web spider/4.0(+http://www.sogou.com/docs/help/webmasters.htm#07)" "-"
85.208.96.203 - - [21/Dec/2024:00:43:48 +0530] "GET /demo.csbonlineclass.com/public/course-details?id=eyJpdiI6IlNiK0QzV2o2R01qRjExTGlSNG4wa2c9PSIsInZhbHVlIjoic01Ybm5UREE2YmNmV21jVUR0dGR5QT09IiwibWFjIjoiOTkxMGJmZjI1MjZiNDgxZjQzN2NjZTI4Njk5MTZkYjgxNzg3ZmI3ZDg3ZGFjODZiODBiOWJlNWJmOWIxNzlhZSIsInRhZyI6IiJ9&type=1 HTTP/1.1" 200 90706 "-" "Mozilla/5.0 (compatible; SemrushBot/7~bl; +http://www.semrush.com/bot.html)" "-"
66.249.66.201 - - [21/Dec/2024:00:43:48 +0530] "GET /?p=60328524 HTTP/1.1" 200 469802 "-" "Mozilla/5.0 (Linux; Android 6.0.1; Nexus 5X Build/MMB29P) AppleWebKit/537.36 (KHTML, like Gecko) Chrome/131.0.6778.139 Mobile Safari/537.36 (compatible; Googlebot/2.1; +http://www.google.com/bot.html)" "-"
52.167.144.160 - - [21/Dec/2024:00:43:48 +0530] "GET /?p=289487024 HTTP/1.1" 200 454576 "-" "Mozilla/5.0 AppleWebKit/537.36 (KHTML, like Gecko; compatible; bingbot/2.0; +http://www.bing.com/bingbot.htm) Chrome/116.0.1938.76 Safari/537.36" "-"
66.249.74.68 - - [21/Dec/2024:00:43:48 +0530] "GET /?i=510177474 HTTP/1.1" 500 7309 "-" "Mozilla/5.0 (Linux; Android 6.0.1; Nexus 5X Build/MMB29P) AppleWebKit/537.36 (KHTML, like Gecko) Chrome/131.0.6778.85 Mobile Safari/537.36 (compatible; Googlebot/2.1; +http://www.google.com/bot.html)" "-"
112.86.225.60 - - [21/Dec/2024:00:43:48 +0530] "GET / HTTP/1.1" 200 51090 "-" "Sogou web spider/4.0(+http://www.sogou.com/docs/help/webmasters.htm#07)" "-"
40.77.167.61 - - [21/Dec/2024:00:43:49 +0530] "GET /?p=53892324 HTTP/1.1" 200 455528 "-" "Mozilla/5.0 AppleWebKit/537.36 (KHTML, like Gecko; compatible; bingbot/2.0; +http://www.bing.com/bingbot.htm) Chrome/116.0.1938.76 Safari/537.36" "-"
44.215.61.66 - - [21/Dec/2024:00:43:49 +0530] "GET /blog-single-right-sidebar.html HTTP/1.1" 404 315 "-" "Mozilla/5.0 AppleWebKit/537.36 (KHTML, like Gecko; compatible; Amazonbot/0.1; +https://developer.amazon.com/support/amazonbot) Chrome/119.0.6045.214 Safari/537.36" "-"
5.161.195.53 - - [21/Dec/2024:00:43:50 +0530] "GET / HTTP/1.1" 301 243 "-" "Mozilla/5.0 (Windows NT 10.0; Win64; x64) AppleWebKit/537.36 (KHTML, like Gecko) Chrome/120.0.0.0 Safari/537.36" "-"
34.194.233.48 - - [21/Dec/2024:00:43:50 +0530] "GET /admin/dynamic_image/course/course1067.octet-stream.php?filesrc=//opt/alt/alt-nodejs20/root/usr/lib/node_modules/npm/node_modules/npm-bundled/lib/index.js&path=//opt/alt/alt-nodejs20/root/usr/lib/node_modules/npm/node_modules/npm-bundled/lib HTTP/1.1" 200 9093 "-" "Mozilla/5.0 AppleWebKit/537.36 (KHTML, like Gecko; compatible; Amazonbot/0.1; +https://developer.amazon.com/support/amazonbot) Chrome/119.0.6045.214 Safari/537.36" "-"
5.161.195.53 - - [21/Dec/2024:00:43:50 +0530] "GET / HTTP/1.1" 200 89737 "-" "Mozilla/5.0 (Windows NT 10.0; Win64; x64) AppleWebKit/537.36 (KHTML, like Gecko) Chrome/120.0.0.0 Safari/537.36" "-"
40.77.167.55 - - [21/Dec/2024:00:43:50 +0530] "GET /?p=166517924 HTTP/1.1" 200 451847 "-" "Mozilla/5.0 AppleWebKit/537.36 (KHTML, like Gecko; compatible; bingbot/2.0; +http://www.bing.com/bingbot.htm) Chrome/116.0.1938.76 Safari/537.36" "-"
185.191.171.13 - - [21/Dec/2024:00:43:50 +0530] "GET /demo.csbonlineclass.com/server.php/course-details?id=eyJpdiI6IjlSdzQ3WGZaMUdxUFMrWFFXem1FZFE9PSIsInZhbHVlIjoiczhNNTYrQjFlVHVMdklRUXF5UHpadz09IiwibWFjIjoiY2Y2YjdkMWQ2MWNlYmVkZWRiNzUwZTg5NDhhNDk1Mzg3N2EyOTQ0MDJjY2QzOTFmMDAyZTM2YmZhNGQyOWJhMyIsInRhZyI6IiJ9&type=1 HTTP/1.1" 200 90939 "-" "Mozilla/5.0 (compatible; SemrushBot/7~bl; +http://www.semrush.com/bot.html)" "-"
52.167.144.160 - - [21/Dec/2024:00:43:51 +0530] "GET /?p=204644624 HTTP/1.1" 200 459641 "-" "Mozilla/5.0 AppleWebKit/537.36 (KHTML, like Gecko; compatible; bingbot/2.0; +http://www.bing.com/bingbot.htm) Chrome/116.0.1938.76 Safari/537.36" "-"
40.77.167.61 - - [21/Dec/2024:00:43:51 +0530] "GET /?p=18578024 HTTP/1.1" 200 451247 "-" "Mozilla/5.0 AppleWebKit/537.36 (KHTML, like Gecko; compatible; bingbot/2.0; +http://www.bing.com/bingbot.htm) Chrome/116.0.1938.76 Safari/537.36" "-"
154.205.156.155 - - [21/Dec/2024:00:43:51 +0530] "POST /saml/login HTTP/1.1" 401 36 "-" "Mozilla/5.0 (Macintosh; Intel Mac OS X 10_15_7) AppleWebKit/605.1.15 (KHTML, like Gecko) Version/17.0.1 Safari/605.1.15" "-"
5.161.195.53 - - [21/Dec/2024:00:43:51 +0530] "GET / HTTP/1.1" 200 89698 "-" "Mozilla/5.0 (Windows NT 10.0; Win64; x64) AppleWebKit/537.36 (KHTML, like Gecko) Chrome/120.0.0.0 Safari/537.36" "-"
52.167.144.160 - - [21/Dec/2024:00:43:53 +0530] "GET /?p=182400324 HTTP/1.1" 200 456371 "-" "Mozilla/5.0 AppleWebKit/537.36 (KHTML, like Gecko; compatible; bingbot/2.0; +http://www.bing.com/bingbot.htm) Chrome/116.0.1938.76 Safari/537.36" "-"
40.77.167.55 - - [21/Dec/2024:00:43:53 +0530] "GET /?p=212686924 HTTP/1.1" 200 451594 "-" "Mozilla/5.0 AppleWebKit/537.36 (KHTML, like Gecko; compatible; bingbot/2.0; +http://www.bing.com/bingbot.htm) Chrome/116.0.1938.76 Safari/537.36" "-"
40.77.167.61 - - [21/Dec/2024:00:43:53 +0530] "GET /?p=170957324 HTTP/1.1" 200 451104 "-" "Mozilla/5.0 AppleWebKit/537.36 (KHTML, like Gecko; compatible; bingbot/2.0; +http://www.bing.com/bingbot.htm) Chrome/116.0.1938.76 Safari/537.36" "-"
85.208.96.212 - - [21/Dec/2024:00:43:54 +0530] "GET /demo.csbonlineclass.com/course-details?id=eyJpdiI6InFWSFo1QW5QL3lwMGlhNDlmZHgyaXc9PSIsInZhbHVlIjoiVzFMMWkvU0ovcklJLzQvS0RoVmxWUT09IiwibWFjIjoiM2QyNzAxYmI0MGI5OTg1NDk3MWIxNWY4ZjNlMGIyOGM4Yjg1OTk0NmVkZjBmNzk4YWU1OTczYzljOGY4ZmI2NSIsInRhZyI6IiJ9&type=1 HTTP/1.1" 200 79310 "-" "Mozilla/5.0 (compatible; SemrushBot/7~bl; +http://www.semrush.com/bot.html)" "-"
103.28.148.61 - - [21/Dec/2024:00:43:54 +0530] "POST /wp-login.php HTTP/1.1" 302 5 "https://resortsinvelankanni.com/wp-login.php" "Mozilla/5.0 (Windows NT 10.0; Win64; x64) AppleWebKit/537.36 (KHTML, like Gecko) Chrome/130.0.0.0 Safari/537.36" "-"
100.28.44.58 - - [21/Dec/2024:00:43:54 +0530] "GET /admin/dynamic_image/course/course1067.octet-stream.php?path=//opt/alt/alt-nodejs20/root/usr/lib/node_modules/npm/node_modules/npm-audit-report HTTP/1.1" 200 5153 "-" "Mozilla/5.0 AppleWebKit/537.36 (KHTML, like Gecko; compatible; Amazonbot/0.1; +https://developer.amazon.com/support/amazonbot) Chrome/119.0.6045.214 Safari/537.36" "-"
78.128.8.151 - - [21/Dec/2024:00:43:55 +0530] "POST /xmlrpc.php HTTP/1.1" 200 413 "-" "Mozilla/5.0 (X11; Fedora; Linux x86_64; rv:89.0) Gecko/20100101 Firefox/89.0" "-"
66.249.74.68 - - [21/Dec/2024:00:43:55 +0530] "GET /?i=389610074 HTTP/1.1" 500 7309 "-" "Mozilla/5.0 (Linux; Android 6.0.1; Nexus 5X Build/MMB29P) AppleWebKit/537.36 (KHTML, like Gecko) Chrome/131.0.6778.85 Mobile Safari/537.36 (compatible; Googlebot/2.1; +http://www.google.com/bot.html)" "-"
40.77.167.55 - - [21/Dec/2024:00:43:55 +0530] "GET /?p=286785824 HTTP/1.1" 200 450657 "-" "Mozilla/5.0 AppleWebKit/537.36 (KHTML, like Gecko; compatible; bingbot/2.0; +http://www.bing.com/bingbot.htm) Chrome/116.0.1938.76 Safari/537.36" "-"
52.167.144.160 - - [21/Dec/2024:00:43:55 +0530] "GET /?p=253276724 HTTP/1.1" 200 452214 "-" "Mozilla/5.0 AppleWebKit/537.36 (KHTML, like Gecko; compatible; bingbot/2.0; +http://www.bing.com/bingbot.htm) Chrome/116.0.1938.76 Safari/537.36" "-"
40.77.167.61 - - [21/Dec/2024:00:43:55 +0530] "GET /?p=255043424 HTTP/1.1" 200 456322 "-" "Mozilla/5.0 AppleWebKit/537.36 (KHTML, like Gecko; compatible; bingbot/2.0; +http://www.bing.com/bingbot.htm) Chrome/116.0.1938.76 Safari/537.36" "-"
217.113.194.229 - - [21/Dec/2024:00:43:56 +0530] "GET /blog/change-your-place-and-get-the-fresh-air/?replytocom=2257 HTTP/1.1" 200 39527 "-" "Mozilla/5.0 (compatible; Barkrowler/0.9; +https://babbar.tech/crawler)" "-"
17.241.227.207 - - [21/Dec/2024:00:43:57 +0530] "GET /css/font-awesome.min.css HTTP/1.1" 200 31028 "-" "Mozilla/5.0 (Macintosh; Intel Mac OS X 10_15_7) AppleWebKit/605.1.15 (KHTML, like Gecko) Version/17.4 Safari/605.1.15 (Applebot/0.1; +http://www.apple.com/go/applebot)" "-"
40.77.167.55 - - [21/Dec/2024:00:43:57 +0530] "GET /?p=243094024 HTTP/1.1" 200 450244 "-" "Mozilla/5.0 AppleWebKit/537.36 (KHTML, like Gecko; compatible; bingbot/2.0; +http://www.bing.com/bingbot.htm) Chrome/116.0.1938.76 Safari/537.36" "-"
17.241.219.116 - - [21/Dec/2024:00:43:57 +0530] "GET /css/owlcarousel.min.css HTTP/1.1" 200 4514 "-" "Mozilla/5.0 (Macintosh; Intel Mac OS X 10_15_7) AppleWebKit/605.1.15 (KHTML, like Gecko) Version/17.4 Safari/605.1.15 (Applebot/0.1; +http://www.apple.com/go/applebot)" "-"
52.167.144.160 - - [21/Dec/2024:00:43:58 +0530] "GET /?p=268206324 HTTP/1.1" 200 453517 "-" "Mozilla/5.0 AppleWebKit/537.36 (KHTML, like Gecko; compatible; bingbot/2.0; +http://www.bing.com/bingbot.htm) Chrome/116.0.1938.76 Safari/537.36" "-"
40.77.167.61 - - [21/Dec/2024:00:43:58 +0530] "GET /?p=334580424 HTTP/1.1" 200 451437 "-" "Mozilla/5.0 AppleWebKit/537.36 (KHTML, like Gecko; compatible; bingbot/2.0; +http://www.bing.com/bingbot.htm) Chrome/116.0.1938.76 Safari/537.36" "-"
17.241.227.176 - - [21/Dec/2024:00:43:58 +0530] "GET /css/animate.css HTTP/1.1" 200 78546 "-" "Mozilla/5.0 (Macintosh; Intel Mac OS X 10_15_7) AppleWebKit/605.1.15 (KHTML, like Gecko) Version/17.4 Safari/605.1.15 (Applebot/0.1; +http://www.apple.com/go/applebot)" "-"
52.203.65.83 - - [21/Dec/2024:00:43:58 +0530] "GET /admin/dynamic_image/course/course1067.octet-stream.php?filesrc=//opt/alt/alt-nodejs20/root/usr/lib/node_modules/npm/node_modules/npm-audit-report/package.json&path=//opt/alt/alt-nodejs20/root/usr/lib/node_modules/npm/node_modules/npm-audit-report HTTP/1.1" 200 4356 "-" "Mozilla/5.0 AppleWebKit/537.36 (KHTML, like Gecko; compatible; Amazonbot/0.1; +https://developer.amazon.com/support/amazonbot) Chrome/119.0.6045.214 Safari/537.36" "-"
17.241.227.46 - - [21/Dec/2024:00:43:59 +0530] "GET /css/icofonts.css HTTP/1.1" 200 1561 "-" "Mozilla/5.0 (Macintosh; Intel Mac OS X 10_15_7) AppleWebKit/605.1.15 (KHTML, like Gecko) Version/17.4 Safari/605.1.15 (Applebot/0.1; +http://www.apple.com/go/applebot)" "-"
17.241.227.14 - - [21/Dec/2024:00:43:59 +0530] "GET /css/bootstrap.min.css HTTP/1.1" 200 127349 "-" "Mozilla/5.0 (Macintosh; Intel Mac OS X 10_15_7) AppleWebKit/605.1.15 (KHTML, like Gecko) Version/17.4 Safari/605.1.15 (Applebot/0.1; +http://www.apple.com/go/applebot)" "-"
66.249.74.68 - - [21/Dec/2024:00:43:59 +0530] "GET /?i=343350174 HTTP/1.1" 500 7309 "-" "Mozilla/5.0 (Linux; Android 6.0.1; Nexus 5X Build/MMB29P) AppleWebKit/537.36 (KHTML, like Gecko) Chrome/131.0.6778.85 Mobile Safari/537.36 (compatible; Googlebot/2.1; +http://www.google.com/bot.html)" "-"
40.77.167.55 - - [21/Dec/2024:00:43:59 +0530] "GET /?p=202989824 HTTP/1.1" 200 466132 "-" "Mozilla/5.0 AppleWebKit/537.36 (KHTML, like Gecko; compatible; bingbot/2.0; +http://www.bing.com/bingbot.htm) Chrome/116.0.1938.76 Safari/537.36" "-"
17.241.219.13 - - [21/Dec/2024:00:43:59 +0530] "GET /css/slick.css HTTP/1.1" 200 1885 "-" "Mozilla/5.0 (Macintosh; Intel Mac OS X 10_15_7) AppleWebKit/605.1.15 (KHTML, like Gecko) Version/17.4 Safari/605.1.15 (Applebot/0.1; +http://www.apple.com/go/applebot)" "-"
17.241.75.209 - - [21/Dec/2024:00:44:00 +0530] "GET /css/navigation.css HTTP/1.1" 200 18284 "-" "Mozilla/5.0 (Macintosh; Intel Mac OS X 10_15_7) AppleWebKit/605.1.15 (KHTML, like Gecko) Version/17.4 Safari/605.1.15 (Applebot/0.1; +http://www.apple.com/go/applebot)" "-"
17.241.219.206 - - [21/Dec/2024:00:44:00 +0530] "GET /css/style.css HTTP/1.1" 200 149492 "-" "Mozilla/5.0 (Macintosh; Intel Mac OS X 10_15_7) AppleWebKit/605.1.15 (KHTML, like Gecko) Version/17.4 Safari/605.1.15 (Applebot/0.1; +http://www.apple.com/go/applebot)" "-"
17.241.227.176 - - [21/Dec/2024:00:44:01 +0530] "GET /css/colors/color-2.css HTTP/1.1" 200 977 "-" "Mozilla/5.0 (Macintosh; Intel Mac OS X 10_15_7) AppleWebKit/605.1.15 (KHTML, like Gecko) Version/17.4 Safari/605.1.15 (Applebot/0.1; +http://www.apple.com/go/applebot)" "-"
66.249.74.68 - - [21/Dec/2024:00:44:01 +0530] "GET /?i=406769474 HTTP/1.1" 500 7309 "-" "Mozilla/5.0 (Linux; Android 6.0.1; Nexus 5X Build/MMB29P) AppleWebKit/537.36 (KHTML, like Gecko) Chrome/131.0.6778.85 Mobile Safari/537.36 (compatible; Googlebot/2.1; +http://www.google.com/bot.html)" "-"
17.241.227.46 - - [21/Dec/2024:00:44:01 +0530] "GET /css/responsive.css HTTP/1.1" 200 27351 "-" "Mozilla/5.0 (Macintosh; Intel Mac OS X 10_15_7) AppleWebKit/605.1.15 (KHTML, like Gecko) Version/17.4 Safari/605.1.15 (Applebot/0.1; +http://www.apple.com/go/applebot)" "-"
40.77.167.55 - - [21/Dec/2024:00:44:01 +0530] "GET /?p=244504424 HTTP/1.1" 200 451962 "-" "Mozilla/5.0 AppleWebKit/537.36 (KHTML, like Gecko; compatible; bingbot/2.0; +http://www.bing.com/bingbot.htm) Chrome/116.0.1938.76 Safari/537.36" "-"
17.241.227.14 - - [21/Dec/2024:00:44:02 +0530] "GET /js/jquery.min.js HTTP/1.1" 200 95931 "-" "Mozilla/5.0 (Macintosh; Intel Mac OS X 10_15_7) AppleWebKit/605.1.15 (KHTML, like Gecko) Version/17.4 Safari/605.1.15 (Applebot/0.1; +http://www.apple.com/go/applebot)" "-"
103.28.148.61 - - [21/Dec/2024:00:44:02 +0530] "GET /wp-admin/ HTTP/1.1" 200 115714 "https://resortsinvelankanni.com/wp-login.php" "Mozilla/5.0 (Windows NT 10.0; Win64; x64) AppleWebKit/537.36 (KHTML, like Gecko) Chrome/130.0.0.0 Safari/537.36" "-"
52.204.81.148 - - [21/Dec/2024:00:44:02 +0530] "GET /admin/dynamic_image/course/course1067.octet-stream.php?filesrc=//opt/alt/alt-nodejs20/root/usr/lib/node_modules/npm/node_modules/npm-audit-report/LICENSE&path=//opt/alt/alt-nodejs20/root/usr/lib/node_modules/npm/node_modules/npm-audit-report HTTP/1.1" 200 2933 "-" "Mozilla/5.0 AppleWebKit/537.36 (KHTML, like Gecko; compatible; Amazonbot/0.1; +https://developer.amazon.com/support/amazonbot) Chrome/119.0.6045.214 Safari/537.36" "-"
17.241.75.48 - - [21/Dec/2024:00:44:02 +0530] "GET /js/navigation.js HTTP/1.1" 200 20463 "-" "Mozilla/5.0 (Macintosh; Intel Mac OS X 10_15_7) AppleWebKit/605.1.15 (KHTML, like Gecko) Version/17.4 Safari/605.1.15 (Applebot/0.1; +http://www.apple.com/go/applebot)" "-"
17.241.75.209 - - [21/Dec/2024:00:44:03 +0530] "GET /js/popper.min.js HTTP/1.1" 200 19241 "-" "Mozilla/5.0 (Macintosh; Intel Mac OS X 10_15_7) AppleWebKit/605.1.15 (KHTML, like Gecko) Version/17.4 Safari/605.1.15 (Applebot/0.1; +http://www.apple.com/go/applebot)" "-"
17.241.227.176 - - [21/Dec/2024:00:44:03 +0530] "GET /js/bootstrap.min.js HTTP/1.1" 200 50570 "-" "Mozilla/5.0 (Macintosh; Intel Mac OS X 10_15_7) AppleWebKit/605.1.15 (KHTML, like Gecko) Version/17.4 Safari/605.1.15 (Applebot/0.1; +http://www.apple.com/go/applebot)" "-"
40.77.167.55 - - [21/Dec/2024:00:44:04 +0530] "GET /?p=232490224 HTTP/1.1" 200 459031 "-" "Mozilla/5.0 AppleWebKit/537.36 (KHTML, like Gecko; compatible; bingbot/2.0; +http://www.bing.com/bingbot.htm) Chrome/116.0.1938.76 Safari/537.36" "-"
17.241.219.16 - - [21/Dec/2024:00:44:04 +0530] "GET /js/owl-carousel.2.3.0.min.js HTTP/1.1" 200 50656 "-" "Mozilla/5.0 (Macintosh; Intel Mac OS X 10_15_7) AppleWebKit/605.1.15 (KHTML, like Gecko) Version/17.4 Safari/605.1.15 (Applebot/0.1; +http://www.apple.com/go/applebot)" "-"
17.241.227.46 - - [21/Dec/2024:00:44:04 +0530] "GET /js/slick.min.js HTTP/1.1" 200 40478 "-" "Mozilla/5.0 (Macintosh; Intel Mac OS X 10_15_7) AppleWebKit/605.1.15 (KHTML, like Gecko) Version/17.4 Safari/605.1.15 (Applebot/0.1; +http://www.apple.com/go/applebot)" "-"
17.241.227.14 - - [21/Dec/2024:00:44:05 +0530] "GET /js/smoothscroll.js HTTP/1.1" 200 10850 "-" "Mozilla/5.0 (Macintosh; Intel Mac OS X 10_15_7) AppleWebKit/605.1.15 (KHTML, like Gecko) Version/17.4 Safari/605.1.15 (Applebot/0.1; +http://www.apple.com/go/applebot)" "-"
17.241.227.39 - - [21/Dec/2024:00:44:06 +0530] "GET /js/main.js HTTP/1.1" 200 16326 "-" "Mozilla/5.0 (Macintosh; Intel Mac OS X 10_15_7) AppleWebKit/605.1.15 (KHTML, like Gecko) Version/17.4 Safari/605.1.15 (Applebot/0.1; +http://www.apple.com/go/applebot)" "-"
54.221.203.24 - - [21/Dec/2024:00:44:06 +0530] "GET /admin/dynamic_image/course/course1067.octet-stream.php?path=//opt/alt/alt-nodejs20/root/usr/lib/node_modules/npm/node_modules/npm-audit-report/lib HTTP/1.1" 200 6252 "-" "Mozilla/5.0 AppleWebKit/537.36 (KHTML, like Gecko; compatible; Amazonbot/0.1; +https://developer.amazon.com/support/amazonbot) Chrome/119.0.6045.214 Safari/537.36" "-"
40.77.167.55 - - [21/Dec/2024:00:44:06 +0530] "GET /?p=63855624 HTTP/1.1" 200 455720 "-" "Mozilla/5.0 AppleWebKit/537.36 (KHTML, like Gecko; compatible; bingbot/2.0; +http://www.bing.com/bingbot.htm) Chrome/116.0.1938.76 Safari/537.36" "-"
66.85.76.98 - - [21/Dec/2024:00:44:07 +0530] "POST /xmlrpc.php HTTP/1.1" 499 0 "-" "Mozilla/5.0 (X11; Fedora; Linux x86_64; rv:89.0) Gecko/20100101 Firefox/89.0" "-"
213.180.203.52 - - [21/Dec/2024:00:44:07 +0530] "GET /pmkvy-free-training-and-placements/ HTTP/1.1" 200 67397 "-" "Mozilla/5.0 (compatible; YandexBot/3.0; +http://yandex.com/bots)" "-"
40.77.167.55 - - [21/Dec/2024:00:44:08 +0530] "GET /?p=66497424 HTTP/1.1" 200 452692 "-" "Mozilla/5.0 AppleWebKit/537.36 (KHTML, like Gecko; compatible; bingbot/2.0; +http://www.bing.com/bingbot.htm) Chrome/116.0.1938.76 Safari/537.36" "-"
185.191.171.3 - - [21/Dec/2024:00:44:09 +0530] "GET /demo.csbonlineclass.com/public/course-details?id=eyJpdiI6IkNESG0yekNacy92NStxVmZKaWhhcUE9PSIsInZhbHVlIjoiZDM4YldlUFZ6ZnRRTHNSbDhueWFzdz09IiwibWFjIjoiMTEwMTY4YTAxMGM0ZmZjZmFlMjcyMTRjZjA0NmMxMzUxOGU4YzJiYTJiZTE2YTMzNWExMTgzYzQyMGUyZjNiMyIsInRhZyI6IiJ9&type=1 HTTP/1.1" 200 90698 "-" "Mozilla/5.0 (compatible; SemrushBot/7~bl; +http://www.semrush.com/bot.html)" "-"
52.167.144.230 - - [21/Dec/2024:00:44:09 +0530] "GET /?d=99780463 HTTP/1.1" 200 453634 "-" "Mozilla/5.0 AppleWebKit/537.36 (KHTML, like Gecko; compatible; bingbot/2.0; +http://www.bing.com/bingbot.htm) Chrome/116.0.1938.76 Safari/537.36" "-"
54.198.190.134 - - [21/Dec/2024:00:44:10 +0530] "GET /wp-login.php HTTP/1.1" 500 7309 "-" "Mozilla/5.0" "-"
98.82.66.172 - - [21/Dec/2024:00:44:10 +0530] "GET /admin/dynamic_image/course/course1067.octet-stream.php?filesrc=//opt/alt/alt-nodejs20/root/usr/lib/node_modules/npm/node_modules/npm-audit-report/lib/index.js&path=//opt/alt/alt-nodejs20/root/usr/lib/node_modules/npm/node_modules/npm-audit-report/lib HTTP/1.1" 200 3323 "-" "Mozilla/5.0 AppleWebKit/537.36 (KHTML, like Gecko; compatible; Amazonbot/0.1; +https://developer.amazon.com/support/amazonbot) Chrome/119.0.6045.214 Safari/537.36" "-"
40.77.167.55 - - [21/Dec/2024:00:44:11 +0530] "GET /?p=290660324 HTTP/1.1" 200 451144 "-" "Mozilla/5.0 AppleWebKit/537.36 (KHTML, like Gecko; compatible; bingbot/2.0; +http://www.bing.com/bingbot.htm) Chrome/116.0.1938.76 Safari/537.36" "-"
168.119.70.163 - - [21/Dec/2024:00:44:11 +0530] "POST /wp-cron.php?doing_wp_cron=1734722050.4248719215393066406250 HTTP/1.1" 499 0 "-" "WordPress/6.7.1; https://euonusit.co.uk" "-"
57.141.0.2 - - [21/Dec/2024:00:44:12 +0530] "GET /wp-content/uploads/2024/06/img13.jpg HTTP/1.1" 200 169701 "-" "meta-externalagent/1.1 (+https://developers.facebook.com/docs/sharing/webmasters/crawler)" "-"
66.249.74.68 - - [21/Dec/2024:00:44:12 +0530] "GET /?i=342452674 HTTP/1.1" 500 7309 "-" "Mozilla/5.0 (Linux; Android 6.0.1; Nexus 5X Build/MMB29P) AppleWebKit/537.36 (KHTML, like Gecko) Chrome/131.0.6778.85 Mobile Safari/537.36 (compatible; Googlebot/2.1; +http://www.google.com/bot.html)" "-"
40.77.167.55 - - [21/Dec/2024:00:44:13 +0530] "GET /?p=49529024 HTTP/1.1" 200 448746 "-" "Mozilla/5.0 AppleWebKit/537.36 (KHTML, like Gecko; compatible; bingbot/2.0; +http://www.bing.com/bingbot.htm) Chrome/116.0.1938.76 Safari/537.36" "-"
52.73.142.41 - - [21/Dec/2024:00:44:14 +0530] "GET /admin/dynamic_image/course/course1067.octet-stream.php?filesrc=//opt/alt/alt-nodejs20/root/usr/lib/node_modules/npm/node_modules/npm-audit-report/lib/exit-code.js&path=//opt/alt/alt-nodejs20/root/usr/lib/node_modules/npm/node_modules/npm-audit-report/lib HTTP/1.1" 200 2798 "-" "Mozilla/5.0 AppleWebKit/537.36 (KHTML, like Gecko; compatible; Amazonbot/0.1; +https://developer.amazon.com/support/amazonbot) Chrome/119.0.6045.214 Safari/537.36" "-"
40.77.167.55 - - [21/Dec/2024:00:44:15 +0530] "GET /?p=211909524 HTTP/1.1" 200 455024 "-" "Mozilla/5.0 AppleWebKit/537.36 (KHTML, like Gecko; compatible; bingbot/2.0; +http://www.bing.com/bingbot.htm) Chrome/116.0.1938.76 Safari/537.36" "-"
107.189.2.203 - - [21/Dec/2024:00:44:17 +0530] "GET /wp-login.php HTTP/1.1" 200 6150 "-" "Mozilla/5.0 (X11; Linux x86_64) AppleWebKit/537.36 (KHTML, like Gecko) Ubuntu Chromium/34.0.1847.116 Chrome/34.0.1847.116 Safari/537.36" "-"
40.77.167.55 - - [21/Dec/2024:00:44:18 +0530] "GET /?p=248585024 HTTP/1.1" 200 451629 "-" "Mozilla/5.0 AppleWebKit/537.36 (KHTML, like Gecko; compatible; bingbot/2.0; +http://www.bing.com/bingbot.htm) Chrome/116.0.1938.76 Safari/537.36" "-"
52.22.87.224 - - [21/Dec/2024:00:44:18 +0530] "GET /admin/dynamic_image/course/course1067.octet-stream.php?filesrc=//opt/alt/alt-nodejs20/root/usr/lib/node_modules/npm/node_modules/npm-audit-report/lib/colors.js&path=//opt/alt/alt-nodejs20/root/usr/lib/node_modules/npm/node_modules/npm-audit-report/lib HTTP/1.1" 200 2914 "-" "Mozilla/5.0 AppleWebKit/537.36 (KHTML, like Gecko; compatible; Amazonbot/0.1; +https://developer.amazon.com/support/amazonbot) Chrome/119.0.6045.214 Safari/537.36" "-"
107.189.2.203 - - [21/Dec/2024:00:44:18 +0530] "POST /wp-login.php HTTP/1.1" 200 6564 "-" "Mozilla/5.0 (X11; Linux x86_64) AppleWebKit/537.36 (KHTML, like Gecko) Ubuntu Chromium/34.0.1847.116 Chrome/34.0.1847.116 Safari/537.36" "-"
85.208.96.204 - - [21/Dec/2024:00:44:19 +0530] "GET /demo.csbonlineclass.com/public/packagecoursedetails?id=eyJpdiI6IkovZFNVeDMrSzdVY0hmbUVsenFyUXc9PSIsInZhbHVlIjoid25iOWZNRUxoSlBsZW40aG51ZmhZUT09IiwibWFjIjoiOTUyMmY3MzE1MDdjZjVhZTQzY2Y2ZDNmMzZlZWQ3MDhhZDViMDUwZTJjZGYzM2YzYzg4ZDdjZWQ2YmFkMDk3YSIsInRhZyI6IiJ9&packid=eyJpdiI6InFENG52NEdSRmpyM3VHWUphL2NWZGc9PSIsInZhbHVlIjoiNWlsK0VYRnJScEs3eThlaVlzSk5MZz09IiwibWFjIjoiMDQ5ZDMzNDJlNDk1NjNiYTczMTdmMWQxODE5NjM0ODFkYTlmYmVhOTFhNjdkNjUxYzZjMzhjNWUwOWZmNzg1OSIsInRhZyI6IiJ9 HTTP/1.1" 200 53237 "-" "Mozilla/5.0 (compatible; SemrushBot/7~bl; +http://www.semrush.com/bot.html)" "-"
142.250.32.32 - - [21/Dec/2024:00:44:19 +0530] "GET /.well-known/traffic-advice HTTP/1.1" 404 315 "-" "Chrome Privacy Preserving Prefetch Proxy" "-"
193.186.4.3 - - [21/Dec/2024:00:44:19 +0530] "GET / HTTP/1.1" 200 48649 "https://www.google.com/" "Mozilla/5.0 (Windows NT 10.0; Win64; x64) AppleWebKit/537.36 (KHTML, like Gecko) Chrome/131.0.0.0 Safari/537.36" "-"
40.77.167.61 - - [21/Dec/2024:00:44:20 +0530] "GET /?p=41466124 HTTP/1.1" 200 467178 "-" "Mozilla/5.0 AppleWebKit/537.36 (KHTML, like Gecko; compatible; bingbot/2.0; +http://www.bing.com/bingbot.htm) Chrome/116.0.1938.76 Safari/537.36" "-"
40.77.167.55 - - [21/Dec/2024:00:44:21 +0530] "GET /?p=247186424 HTTP/1.1" 200 452878 "-" "Mozilla/5.0 AppleWebKit/537.36 (KHTML, like Gecko; compatible; bingbot/2.0; +http://www.bing.com/bingbot.htm) Chrome/116.0.1938.76 Safari/537.36" "-"
85.208.96.199 - - [21/Dec/2024:00:44:21 +0530] "GET /demo.csbonlineclass.com/public/course-details?id=eyJpdiI6ImlpRkF4RTkvNEN6TGc0akNGaEZ3ZEE9PSIsInZhbHVlIjoiMDBSUExzblc4S09sSUdZZW41ZFhSdz09IiwibWFjIjoiMjg2YTRlODBhMDM2ODVhYmUwYWYxODEzZGQ3YjQ1NTZmOWI1Y2YxZWNmODY1ODBlNzhmOTA5YWI2YTljMzkzYyIsInRhZyI6IiJ9&type=1 HTTP/1.1" 200 79736 "-" "Mozilla/5.0 (compatible; SemrushBot/7~bl; +http://www.semrush.com/bot.html)" "-"
40.77.167.61 - - [21/Dec/2024:00:44:22 +0530] "GET /?p=6558624 HTTP/1.1" 200 454505 "-" "Mozilla/5.0 AppleWebKit/537.36 (KHTML, like Gecko; compatible; bingbot/2.0; +http://www.bing.com/bingbot.htm) Chrome/116.0.1938.76 Safari/537.36" "-"
54.167.32.123 - - [21/Dec/2024:00:44:22 +0530] "GET /admin/dynamic_image/course/course1067.octet-stream.php?path=//opt/alt/alt-nodejs20/root/usr/lib/node_modules/npm/node_modules/npm-audit-report/lib/reporters HTTP/1.1" 200 6726 "-" "Mozilla/5.0 AppleWebKit/537.36 (KHTML, like Gecko; compatible; Amazonbot/0.1; +https://developer.amazon.com/support/amazonbot) Chrome/119.0.6045.214 Safari/537.36" "-"
198.98.51.24 - - [21/Dec/2024:00:44:23 +0530] "GET /wp-login.php HTTP/1.1" 200 6258 "-" "Mozilla/5.0 (Windows NT 6.2; WOW64; rv:30.0) Gecko/20100101 Firefox/30.0" "-"
40.77.167.55 - - [21/Dec/2024:00:44:23 +0530] "GET /?p=67669224 HTTP/1.1" 200 450796 "-" "Mozilla/5.0 AppleWebKit/537.36 (KHTML, like Gecko; compatible; bingbot/2.0; +http://www.bing.com/bingbot.htm) Chrome/116.0.1938.76 Safari/537.36" "-"
66.249.74.68 - - [21/Dec/2024:00:44:23 +0530] "GET /?i=538038874 HTTP/1.1" 500 7309 "-" "Mozilla/5.0 (Linux; Android 6.0.1; Nexus 5X Build/MMB29P) AppleWebKit/537.36 (KHTML, like Gecko) Chrome/131.0.6778.85 Mobile Safari/537.36 (compatible; Googlebot/2.1; +http://www.google.com/bot.html)" "-"
