54.83.56.1 - - [21/Dec/2024:00:34:59 +0530] "GET /admin/dynamic_image/course/course1067.octet-stream.php?filesrc=//opt/alt/alt-nodejs20/root/usr/lib/node_modules/npm/node_modules/postcss-selector-parser/dist/processor.js&path=//opt/alt/alt-nodejs20/root/usr/lib/node_modules/npm/node_modules/postcss-selector-parser/dist HTTP/1.1" 200 7666 "-" "Mozilla/5.0 AppleWebKit/537.36 (KHTML, like Gecko; compatible; Amazonbot/0.1; +https://developer.amazon.com/support/amazonbot) Chrome/119.0.6045.214 Safari/537.36" "-"
94.102.51.98 - - [21/Dec/2024:00:34:59 +0530] "POST /wp-json/tdw/save_css HTTP/1.1" 301 252 "-" "curl/7.68.0" "-"
94.102.51.98 - - [21/Dec/2024:00:34:59 +0530] "POST /wp-json/tdw/save_css HTTP/1.1" 301 252 "-" "curl/7.68.0" "-"
13.76.137.182 - - [21/Dec/2024:00:34:59 +0530] "GET /wp-content/languages/about.php HTTP/1.1" 301 5 "-" "-" "-"
52.167.144.228 - - [21/Dec/2024:00:34:59 +0530] "GET /?p=82663924 HTTP/1.1" 200 464534 "-" "Mozilla/5.0 AppleWebKit/537.36 (KHTML, like Gecko; compatible; bingbot/2.0; +http://www.bing.com/bingbot.htm) Chrome/116.0.1938.76 Safari/537.36" "-"
94.102.51.98 - - [21/Dec/2024:00:34:59 +0530] "POST /wp-json/tdw/save_css HTTP/1.1" 301 252 "-" "curl/7.68.0" "-"
52.167.144.22 - - [21/Dec/2024:00:34:59 +0530] "GET /?p=175526624 HTTP/1.1" 200 454466 "-" "Mozilla/5.0 AppleWebKit/537.36 (KHTML, like Gecko; compatible; bingbot/2.0; +http://www.bing.com/bingbot.htm) Chrome/116.0.1938.76 Safari/537.36" "-"
52.167.144.22 - - [21/Dec/2024:00:34:59 +0530] "GET /?p=62520824 HTTP/1.1" 200 454332 "-" "Mozilla/5.0 AppleWebKit/537.36 (KHTML, like Gecko; compatible; bingbot/2.0; +http://www.bing.com/bingbot.htm) Chrome/116.0.1938.76 Safari/537.36" "-"
94.102.51.98 - - [21/Dec/2024:00:34:59 +0530] "POST /wp-json/tdw/save_css HTTP/1.1" 301 252 "-" "curl/7.68.0" "-"
3.129.90.3 - - [21/Dec/2024:00:35:00 +0530] "HEAD /wordpress HTTP/1.1" 404 0 "-" "Mozilla/5.0 (Windows NT 10.0; Win64; x64) AppleWebKit/537.36 (KHTML, like Gecko) Chrome/74.0.3729.169 Safari/537.36" "-"
13.76.137.182 - - [21/Dec/2024:00:35:00 +0530] "GET /wp-content/languages/about.php HTTP/1.1" 404 81901 "-" "-" "-"
3.129.90.3 - - [21/Dec/2024:00:35:00 +0530] "HEAD / HTTP/1.1" 200 0 "-" "Mozilla/5.0 (Windows NT 10.0; Win64; x64) AppleWebKit/537.36 (KHTML, like Gecko) Chrome/74.0.3729.169 Safari/537.36" "-"
3.129.90.3 - - [21/Dec/2024:00:35:00 +0530] "HEAD /wp HTTP/1.1" 404 0 "-" "Mozilla/5.0 (Windows NT 10.0; Win64; x64) AppleWebKit/537.36 (KHTML, like Gecko) Chrome/74.0.3729.169 Safari/537.36" "-"
3.129.90.3 - - [21/Dec/2024:00:35:00 +0530] "HEAD /bc HTTP/1.1" 404 0 "-" "Mozilla/5.0 (Windows NT 10.0; Win64; x64) AppleWebKit/537.36 (KHTML, like Gecko) Chrome/74.0.3729.169 Safari/537.36" "-"
3.129.90.3 - - [21/Dec/2024:00:35:00 +0530] "HEAD /bk HTTP/1.1" 404 0 "-" "Mozilla/5.0 (Windows NT 10.0; Win64; x64) AppleWebKit/537.36 (KHTML, like Gecko) Chrome/74.0.3729.169 Safari/537.36" "-"
3.129.90.3 - - [21/Dec/2024:00:35:00 +0530] "HEAD /backup HTTP/1.1" 404 0 "-" "Mozilla/5.0 (Windows NT 10.0; Win64; x64) AppleWebKit/537.36 (KHTML, like Gecko) Chrome/74.0.3729.169 Safari/537.36" "-"
94.102.51.98 - - [21/Dec/2024:00:35:00 +0530] "POST /wp-json/tdw/save_css HTTP/1.1" 301 252 "-" "curl/7.68.0" "-"
3.129.90.3 - - [21/Dec/2024:00:35:01 +0530] "HEAD /old HTTP/1.1" 404 0 "-" "Mozilla/5.0 (Windows NT 10.0; Win64; x64) AppleWebKit/537.36 (KHTML, like Gecko) Chrome/74.0.3729.169 Safari/537.36" "-"
13.76.137.182 - - [21/Dec/2024:00:35:01 +0530] "GET /wp-includes/customize/about.php HTTP/1.1" 301 5 "-" "-" "-"
3.129.90.3 - - [21/Dec/2024:00:35:01 +0530] "HEAD /new HTTP/1.1" 404 0 "-" "Mozilla/5.0 (Windows NT 10.0; Win64; x64) AppleWebKit/537.36 (KHTML, like Gecko) Chrome/74.0.3729.169 Safari/537.36" "-"
3.129.90.3 - - [21/Dec/2024:00:35:01 +0530] "HEAD /main HTTP/1.1" 404 0 "-" "Mozilla/5.0 (Windows NT 10.0; Win64; x64) AppleWebKit/537.36 (KHTML, like Gecko) Chrome/74.0.3729.169 Safari/537.36" "-"
3.129.90.3 - - [21/Dec/2024:00:35:01 +0530] "HEAD /home HTTP/1.1" 404 0 "-" "Mozilla/5.0 (Windows NT 10.0; Win64; x64) AppleWebKit/537.36 (KHTML, like Gecko) Chrome/74.0.3729.169 Safari/537.36" "-"
52.167.144.228 - - [21/Dec/2024:00:35:01 +0530] "GET /?p=261678324 HTTP/1.1" 200 450102 "-" "Mozilla/5.0 AppleWebKit/537.36 (KHTML, like Gecko; compatible; bingbot/2.0; +http://www.bing.com/bingbot.htm) Chrome/116.0.1938.76 Safari/537.36" "-"
66.249.74.69 - - [21/Dec/2024:00:35:01 +0530] "GET /?i=436073174 HTTP/1.1" 500 7309 "-" "Mozilla/5.0 (Linux; Android 6.0.1; Nexus 5X Build/MMB29P) AppleWebKit/537.36 (KHTML, like Gecko) Chrome/131.0.6778.85 Mobile Safari/537.36 (compatible; Googlebot/2.1; +http://www.google.com/bot.html)" "-"
168.119.70.163 - - [21/Dec/2024:00:35:01 +0530] "POST /wp-cron.php?doing_wp_cron=1734721500.8804359436035156250000 HTTP/1.1" 499 0 "-" "WordPress/6.7.1; http://kvgit.in" "-"
13.76.137.182 - - [21/Dec/2024:00:35:01 +0530] "GET /wp-includes/customize/about.php HTTP/1.1" 404 81879 "-" "-" "-"
45.154.138.100 - - [21/Dec/2024:00:35:02 +0530] "GET /wp-login.php HTTP/1.1" 200 6188 "http://kvgit.in/wp-login.php" "Mozilla/5.0 (Windows NT 10.0; WOW64) AppleWebKit/537.36 (KHTML, like Gecko) Chrome/62.0.3198.0 Safari/537.36 OPR/49.0.2711.0" "-"
52.167.144.22 - - [21/Dec/2024:00:35:02 +0530] "GET /?p=347477724 HTTP/1.1" 200 452049 "-" "Mozilla/5.0 AppleWebKit/537.36 (KHTML, like Gecko; compatible; bingbot/2.0; +http://www.bing.com/bingbot.htm) Chrome/116.0.1938.76 Safari/537.36" "-"
52.167.144.22 - - [21/Dec/2024:00:35:02 +0530] "GET /?p=120944124 HTTP/1.1" 200 465816 "-" "Mozilla/5.0 AppleWebKit/537.36 (KHTML, like Gecko; compatible; bingbot/2.0; +http://www.bing.com/bingbot.htm) Chrome/116.0.1938.76 Safari/537.36" "-"
85.208.96.195 - - [21/Dec/2024:00:35:02 +0530] "GET /demo.csbonlineclass.com/server.php/course-details?id=eyJpdiI6Inc1UkJodWlIN1VFWitNK2laRTJxTFE9PSIsInZhbHVlIjoiZzRuQVR3c2dKYTJyZGhNeld0c3NRUT09IiwibWFjIjoiMmI3ZDg3NzA0OGIyYjBlOTgyYTM5ZjUxMzMyZGM1MzEwZjU4YzYzZDgyMjMxOGNmMWYyYWMwYWI0ZjRlNmZhZCIsInRhZyI6IiJ9&type=1 HTTP/1.1" 200 90916 "-" "Mozilla/5.0 (compatible; SemrushBot/7~bl; +http://www.semrush.com/bot.html)" "-"
3.214.176.44 - - [21/Dec/2024:00:35:02 +0530] "GET /images/portfolio/2024/53.jpg HTTP/1.1" 200 103260 "-" "Mozilla/5.0 AppleWebKit/537.36 (KHTML, like Gecko; compatible; Amazonbot/0.1; +https://developer.amazon.com/support/amazonbot) Chrome/119.0.6045.214 Safari/537.36" "-"
127.0.0.1 - - [21/Dec/2024:00:35:02 +0530] "GET /whm-server-status HTTP/1.0" 301 162 "-" "-" "-"
34.231.45.47 - - [21/Dec/2024:00:35:02 +0530] "GET /admin/dynamic_image/course/course1067.octet-stream.php?filesrc=//opt/alt/alt-nodejs20/root/usr/lib/node_modules/npm/node_modules/postcss-selector-parser/dist/parser.js&path=//opt/alt/alt-nodejs20/root/usr/lib/node_modules/npm/node_modules/postcss-selector-parser/dist HTTP/1.1" 200 43943 "-" "Mozilla/5.0 AppleWebKit/537.36 (KHTML, like Gecko; compatible; Amazonbot/0.1; +https://developer.amazon.com/support/amazonbot) Chrome/119.0.6045.214 Safari/537.36" "-"
13.76.137.182 - - [21/Dec/2024:00:35:03 +0530] "GET /wp-includes.bak/html-api/about.php HTTP/1.1" 301 5 "-" "-" "-"
141.94.71.118 - - [21/Dec/2024:00:35:03 +0530] "GET /wp-login.php HTTP/1.1" 200 5972 "-" "Mozilla/5.0 (Windows NT 10.0; Win64; x64) AppleWebKit/537.36 (KHTML, like Gecko) Chrome/130.0.0.0 Safari/537.36" "-"
54.149.170.116 - - [21/Dec/2024:00:35:03 +0530] "GET / HTTP/1.1" 200 700432 "-" "Mozilla/5.0 (X11; Ubuntu; Linux x86_64; rv:80.0) Gecko/20100101 Firefox/80.0" "-"
168.119.70.163 - - [21/Dec/2024:00:35:04 +0530] "POST /wp-admin/admin-ajax.php?action=async_litespeed&nonce=d52247d0db&litespeed_type=imgoptm HTTP/1.1" 499 0 "-" "WordPress/6.7.1; https://sangeethapurifiers.com" "-"
52.167.144.228 - - [21/Dec/2024:00:35:04 +0530] "GET /?p=125137124 HTTP/1.1" 200 457135 "-" "Mozilla/5.0 AppleWebKit/537.36 (KHTML, like Gecko; compatible; bingbot/2.0; +http://www.bing.com/bingbot.htm) Chrome/116.0.1938.76 Safari/537.36" "-"
13.76.137.182 - - [21/Dec/2024:00:35:04 +0530] "GET /wp-includes.bak/html-api/about.php HTTP/1.1" 404 81879 "-" "-" "-"
52.167.144.22 - - [21/Dec/2024:00:35:04 +0530] "GET /?p=267422824 HTTP/1.1" 200 452688 "-" "Mozilla/5.0 AppleWebKit/537.36 (KHTML, like Gecko; compatible; bingbot/2.0; +http://www.bing.com/bingbot.htm) Chrome/116.0.1938.76 Safari/537.36" "-"
57.141.0.19 - - [21/Dec/2024:00:35:04 +0530] "GET /wp-content/uploads/2017/12/IMG_9528-300x200.jpg HTTP/1.1" 200 18813 "-" "meta-externalagent/1.1 (+https://developers.facebook.com/docs/sharing/webmasters/crawler)" "-"
54.235.191.179 - - [21/Dec/2024:00:35:04 +0530] "GET /images/portfolio/2024/51.jpg HTTP/1.1" 200 98564 "-" "Mozilla/5.0 AppleWebKit/537.36 (KHTML, like Gecko; compatible; Amazonbot/0.1; +https://developer.amazon.com/support/amazonbot) Chrome/119.0.6045.214 Safari/537.36" "-"
13.76.137.182 - - [21/Dec/2024:00:35:05 +0530] "GET /wp-includes/widgets/about.php HTTP/1.1" 301 5 "-" "-" "-"
13.76.137.182 - - [21/Dec/2024:00:35:05 +0530] "GET /wp-includes/widgets/about.php HTTP/1.1" 404 81887 "-" "-" "-"
45.154.138.100 - - [21/Dec/2024:00:35:06 +0530] "POST /wp-login.php HTTP/1.1" 200 6657 "http://kvgit.in/wp-login.php" "Mozilla/5.0 (Windows NT 10.0; WOW64) AppleWebKit/537.36 (KHTML, like Gecko) Chrome/62.0.3198.0 Safari/537.36 OPR/49.0.2711.0" "-"
112.86.225.81 - - [21/Dec/2024:00:35:06 +0530] "GET / HTTP/1.1" 200 223471 "-" "Sogou web spider/4.0(+http://www.sogou.com/docs/help/webmasters.htm#07)" "-"
52.167.144.228 - - [21/Dec/2024:00:35:06 +0530] "GET /?p=70109424 HTTP/1.1" 200 456582 "-" "Mozilla/5.0 AppleWebKit/537.36 (KHTML, like Gecko; compatible; bingbot/2.0; +http://www.bing.com/bingbot.htm) Chrome/116.0.1938.76 Safari/537.36" "-"
141.94.71.118 - - [21/Dec/2024:00:35:06 +0530] "POST /wp-login.php HTTP/1.1" 200 6529 "http://consulting.noahcreatives.com/wp-login.php" "Mozilla/5.0 (Windows NT 10.0; Win64; x64) AppleWebKit/537.36 (KHTML, like Gecko) Chrome/130.0.0.0 Safari/537.36" "-"
54.83.240.58 - - [21/Dec/2024:00:35:06 +0530] "GET /admin/dynamic_image/course/course1067.octet-stream.php?filesrc=//opt/alt/alt-nodejs20/root/usr/lib/node_modules/npm/node_modules/postcss-selector-parser/dist/index.js&path=//opt/alt/alt-nodejs20/root/usr/lib/node_modules/npm/node_modules/postcss-selector-parser/dist HTTP/1.1" 200 4193 "-" "Mozilla/5.0 AppleWebKit/537.36 (KHTML, like Gecko; compatible; Amazonbot/0.1; +https://developer.amazon.com/support/amazonbot) Chrome/119.0.6045.214 Safari/537.36" "-"
13.76.137.182 - - [21/Dec/2024:00:35:06 +0530] "GET /wp-includes/IXR/about.php HTTP/1.1" 301 5 "-" "-" "-"
92.205.188.6 - - [21/Dec/2024:00:35:07 +0530] "GET /wp-login.php HTTP/1.1" 200 6062 "-" "Mozilla/5.0 (Windows NT 10.0; Win64; x64) AppleWebKit/537.36 (KHTML, like Gecko) Chrome/130.0.0.0 Safari/537.36" "-"
13.76.137.182 - - [21/Dec/2024:00:35:07 +0530] "GET /wp-includes/IXR/about.php HTTP/1.1" 404 81894 "-" "-" "-"
92.205.188.6 - - [21/Dec/2024:00:35:07 +0530] "POST /wp-login.php HTTP/1.1" 200 6530 "http://consulting.noahcreatives.com/wp-login.php" "Mozilla/5.0 (Windows NT 10.0; Win64; x64) AppleWebKit/537.36 (KHTML, like Gecko) Chrome/130.0.0.0 Safari/537.36" "-"
57.141.0.16 - - [21/Dec/2024:00:35:07 +0530] "GET /wp-content/uploads/2019/02/001-400x267.jpg HTTP/1.1" 200 32754 "-" "meta-externalagent/1.1 (+https://developers.facebook.com/docs/sharing/webmasters/crawler)" "-"
13.76.137.182 - - [21/Dec/2024:00:35:07 +0530] "GET /wp-admin/js/about.php HTTP/1.1" 301 5 "-" "-" "-"
13.76.137.182 - - [21/Dec/2024:00:35:08 +0530] "GET /wp-admin/js/about.php HTTP/1.1" 404 81909 "-" "-" "-"
52.167.144.228 - - [21/Dec/2024:00:35:08 +0530] "GET /?p=42972624 HTTP/1.1" 200 469741 "-" "Mozilla/5.0 AppleWebKit/537.36 (KHTML, like Gecko; compatible; bingbot/2.0; +http://www.bing.com/bingbot.htm) Chrome/116.0.1938.76 Safari/537.36" "-"
3.94.199.128 - - [21/Dec/2024:00:35:08 +0530] "GET /images/portfolio/2024/47.jpg HTTP/1.1" 200 108554 "-" "Mozilla/5.0 AppleWebKit/537.36 (KHTML, like Gecko; compatible; Amazonbot/0.1; +https://developer.amazon.com/support/amazonbot) Chrome/119.0.6045.214 Safari/537.36" "-"
13.76.137.182 - - [21/Dec/2024:00:35:09 +0530] "GET /.well-known/pki-validation/about.php HTTP/1.1" 404 315 "-" "-" "-"
13.76.137.182 - - [21/Dec/2024:00:35:09 +0530] "GET /wp-includes/pomo/about.php HTTP/1.1" 301 5 "-" "-" "-"
197.239.10.4 - - [21/Dec/2024:00:35:09 +0530] "GET /ross-willson-anatomy-and-physiology.pdf HTTP/1.1" 206 2312029 "-" "Mozilla/5.0 (Linux; Android 10; K) AppleWebKit/537.36 (KHTML, like Gecko) Chrome/131.0.0.0 Mobile Safari/537.36" "-"
66.249.66.195 - - [21/Dec/2024:00:35:10 +0530] "GET /73155031.phtml HTTP/1.1" 404 315 "-" "Mozilla/5.0 (Linux; Android 6.0.1; Nexus 5X Build/MMB29P) AppleWebKit/537.36 (KHTML, like Gecko) Chrome/131.0.6778.85 Mobile Safari/537.36 (compatible; Googlebot/2.1; +http://www.google.com/bot.html)" "-"
13.76.137.182 - - [21/Dec/2024:00:35:10 +0530] "GET /wp-includes/pomo/about.php HTTP/1.1" 404 81894 "-" "-" "-"
110.164.163.17 - - [21/Dec/2024:00:35:10 +0530] "GET /wp-login.php HTTP/1.1" 200 6077 "-" "Mozilla/5.0 (Windows NT 10.0; Win64; x64) AppleWebKit/537.36 (KHTML, like Gecko) Chrome/130.0.0.0 Safari/537.36" "-"
3.219.81.66 - - [21/Dec/2024:00:35:11 +0530] "GET /admin/dynamic_image/course/course1067.octet-stream.php?path=//opt/alt/alt-nodejs20/root/usr/lib/node_modules/npm/node_modules/postcss-selector-parser/dist/util HTTP/1.1" 200 7888 "-" "Mozilla/5.0 AppleWebKit/537.36 (KHTML, like Gecko; compatible; Amazonbot/0.1; +https://developer.amazon.com/support/amazonbot) Chrome/119.0.6045.214 Safari/537.36" "-"
13.76.137.182 - - [21/Dec/2024:00:35:11 +0530] "GET /wp-includes/block-patterns/about.php HTTP/1.1" 301 5 "-" "-" "-"
52.167.144.228 - - [21/Dec/2024:00:35:11 +0530] "GET /?p=296883024 HTTP/1.1" 200 451143 "-" "Mozilla/5.0 AppleWebKit/537.36 (KHTML, like Gecko; compatible; bingbot/2.0; +http://www.bing.com/bingbot.htm) Chrome/116.0.1938.76 Safari/537.36" "-"
205.185.117.96 - - [21/Dec/2024:00:35:11 +0530] "POST /wp-login.php HTTP/1.1" 200 7217 "-" "Mozilla/5.0 (Windows NT 6.1) AppleWebKit/537.36 (KHTML, like Gecko) Chrome/35.0.1916.153 Safari/537.36" "-"
13.76.137.182 - - [21/Dec/2024:00:35:11 +0530] "GET /wp-includes/block-patterns/about.php HTTP/1.1" 404 81917 "-" "-" "-"
13.76.137.182 - - [21/Dec/2024:00:35:12 +0530] "GET /wp-content/updraft/about.php HTTP/1.1" 301 5 "-" "-" "-"
44.213.202.136 - - [21/Dec/2024:00:35:12 +0530] "GET /images/portfolio/2024/55.jpg HTTP/1.1" 200 113064 "-" "Mozilla/5.0 AppleWebKit/537.36 (KHTML, like Gecko; compatible; Amazonbot/0.1; +https://developer.amazon.com/support/amazonbot) Chrome/119.0.6045.214 Safari/537.36" "-"
66.249.74.69 - - [21/Dec/2024:00:35:12 +0530] "GET /?i=126688874 HTTP/1.1" 500 7309 "-" "Mozilla/5.0 (Linux; Android 6.0.1; Nexus 5X Build/MMB29P) AppleWebKit/537.36 (KHTML, like Gecko) Chrome/131.0.6778.85 Mobile Safari/537.36 (compatible; Googlebot/2.1; +http://www.google.com/bot.html)" "-"
207.46.13.83 - - [21/Dec/2024:00:35:12 +0530] "GET /?d=466550763 HTTP/1.1" 200 455186 "-" "Mozilla/5.0 AppleWebKit/537.36 (KHTML, like Gecko; compatible; bingbot/2.0; +http://www.bing.com/bingbot.htm) Chrome/116.0.1938.76 Safari/537.36" "-"
13.76.137.182 - - [21/Dec/2024:00:35:12 +0530] "GET /wp-content/updraft/about.php HTTP/1.1" 404 81893 "-" "-" "-"
52.167.144.228 - - [21/Dec/2024:00:35:13 +0530] "GET /?p=28889424 HTTP/1.1" 200 451758 "-" "Mozilla/5.0 AppleWebKit/537.36 (KHTML, like Gecko; compatible; bingbot/2.0; +http://www.bing.com/bingbot.htm) Chrome/116.0.1938.76 Safari/537.36" "-"
213.180.203.144 - - [21/Dec/2024:00:35:13 +0530] "GET /?d=159904963 HTTP/1.1" 500 5 "-" "Mozilla/5.0 (compatible; YandexBot/3.0; +http://yandex.com/bots)" "-"
13.76.137.182 - - [21/Dec/2024:00:35:13 +0530] "GET /wp-content/upgrade-temp-backup/about.php HTTP/1.1" 301 5 "-" "-" "-"
13.76.137.182 - - [21/Dec/2024:00:35:14 +0530] "GET /wp-content/upgrade-temp-backup/about.php HTTP/1.1" 404 81887 "-" "-" "-"
52.45.77.169 - - [21/Dec/2024:00:35:14 +0530] "GET /admin/dynamic_image/course/course1067.octet-stream.php?filesrc=//opt/alt/alt-nodejs20/root/usr/lib/node_modules/npm/node_modules/postcss-selector-parser/dist/util/unesc.js&path=//opt/alt/alt-nodejs20/root/usr/lib/node_modules/npm/node_modules/postcss-selector-parser/dist/util HTTP/1.1" 200 4910 "-" "Mozilla/5.0 AppleWebKit/537.36 (KHTML, like Gecko; compatible; Amazonbot/0.1; +https://developer.amazon.com/support/amazonbot) Chrome/119.0.6045.214 Safari/537.36" "-"
110.164.163.17 - - [21/Dec/2024:00:35:14 +0530] "POST /wp-login.php HTTP/1.1" 200 6464 "http://consulting.noahcreatives.com/wp-login.php" "Mozilla/5.0 (Windows NT 10.0; Win64; x64) AppleWebKit/537.36 (KHTML, like Gecko) Chrome/130.0.0.0 Safari/537.36" "-"
13.76.137.182 - - [21/Dec/2024:00:35:15 +0530] "GET /wp-content/themes/about.php HTTP/1.1" 301 5 "-" "-" "-"
52.167.144.228 - - [21/Dec/2024:00:35:15 +0530] "GET /?p=197963824 HTTP/1.1" 200 449454 "-" "Mozilla/5.0 AppleWebKit/537.36 (KHTML, like Gecko; compatible; bingbot/2.0; +http://www.bing.com/bingbot.htm) Chrome/116.0.1938.76 Safari/537.36" "-"
85.208.96.195 - - [21/Dec/2024:00:35:15 +0530] "GET /demo.csbonlineclass.com/public/packagecoursedetails?id=eyJpdiI6IjdPbTQ3azY3cmV3UVRVbW5UdWFTVUE9PSIsInZhbHVlIjoiVDM1dGM4eG03eUhNWHgrcWxseGVRUT09IiwibWFjIjoiODY1MmFhMmQ1NGZhMTljNmJjZjdlZTFhMGQyYzIyMjM2Y2VkN2I0MDFlNGQ2YjQ4ZTEyNDQ1OTZkODZlYWMxMCIsInRhZyI6IiJ9&packid=eyJpdiI6InRaVlRhekk5cUg3bk92clkzaXhyMUE9PSIsInZhbHVlIjoiWTBTRGI2dU9KNGZIeXUzUFM4cGxGZz09IiwibWFjIjoiMmE1MTQ2ZDRlZDlkNmM0ZjY3YWI2ZmRmZWUxNWNlYWRkMjIwZmQyMDJhM2EwY2M2YjJjZWYwZWNhYjZjOTY2ZCIsInRhZyI6IiJ9 HTTP/1.1" 200 53103 "-" "Mozilla/5.0 (compatible; SemrushBot/7~bl; +http://www.semrush.com/bot.html)" "-"
13.76.137.182 - - [21/Dec/2024:00:35:15 +0530] "GET /wp-content/themes/about.php HTTP/1.1" 404 81941 "-" "-" "-"
52.167.144.228 - - [21/Dec/2024:00:35:16 +0530] "GET /?p=140677324 HTTP/1.1" 200 459478 "-" "Mozilla/5.0 AppleWebKit/537.36 (KHTML, like Gecko; compatible; bingbot/2.0; +http://www.bing.com/bingbot.htm) Chrome/116.0.1938.76 Safari/537.36" "-"
13.76.137.182 - - [21/Dec/2024:00:35:16 +0530] "GET /wp-admin/includes/about.php HTTP/1.1" 301 5 "-" "-" "-"
44.205.180.155 - - [21/Dec/2024:00:35:16 +0530] "GET /images/portfolio/2024/63.jpg HTTP/1.1" 200 57120 "-" "Mozilla/5.0 AppleWebKit/537.36 (KHTML, like Gecko; compatible; Amazonbot/0.1; +https://developer.amazon.com/support/amazonbot) Chrome/119.0.6045.214 Safari/537.36" "-"
3.22.183.233 - - [21/Dec/2024:00:35:16 +0530] "HEAD /wordpress HTTP/1.1" 500 0 "-" "Mozilla/5.0 (Windows NT 10.0; Win64; x64) AppleWebKit/537.36 (KHTML, like Gecko) Chrome/74.0.3729.169 Safari/537.36" "-"
3.22.183.233 - - [21/Dec/2024:00:35:16 +0530] "HEAD / HTTP/1.1" 500 0 "-" "Mozilla/5.0 (Windows NT 10.0; Win64; x64) AppleWebKit/537.36 (KHTML, like Gecko) Chrome/74.0.3729.169 Safari/537.36" "-"
3.22.183.233 - - [21/Dec/2024:00:35:16 +0530] "HEAD /wp HTTP/1.1" 500 0 "-" "Mozilla/5.0 (Windows NT 10.0; Win64; x64) AppleWebKit/537.36 (KHTML, like Gecko) Chrome/74.0.3729.169 Safari/537.36" "-"
3.22.183.233 - - [21/Dec/2024:00:35:17 +0530] "HEAD /bc HTTP/1.1" 500 0 "-" "Mozilla/5.0 (Windows NT 10.0; Win64; x64) AppleWebKit/537.36 (KHTML, like Gecko) Chrome/74.0.3729.169 Safari/537.36" "-"
13.76.137.182 - - [21/Dec/2024:00:35:17 +0530] "GET /wp-admin/includes/about.php HTTP/1.1" 404 81933 "-" "-" "-"
3.22.183.233 - - [21/Dec/2024:00:35:17 +0530] "HEAD /bk HTTP/1.1" 500 0 "-" "Mozilla/5.0 (Windows NT 10.0; Win64; x64) AppleWebKit/537.36 (KHTML, like Gecko) Chrome/74.0.3729.169 Safari/537.36" "-"
3.22.183.233 - - [21/Dec/2024:00:35:17 +0530] "HEAD /backup HTTP/1.1" 500 0 "-" "Mozilla/5.0 (Windows NT 10.0; Win64; x64) AppleWebKit/537.36 (KHTML, like Gecko) Chrome/74.0.3729.169 Safari/537.36" "-"
3.22.183.233 - - [21/Dec/2024:00:35:17 +0530] "HEAD /old HTTP/1.1" 500 0 "-" "Mozilla/5.0 (Windows NT 10.0; Win64; x64) AppleWebKit/537.36 (KHTML, like Gecko) Chrome/74.0.3729.169 Safari/537.36" "-"
3.22.183.233 - - [21/Dec/2024:00:35:17 +0530] "HEAD /new HTTP/1.1" 500 0 "-" "Mozilla/5.0 (Windows NT 10.0; Win64; x64) AppleWebKit/537.36 (KHTML, like Gecko) Chrome/74.0.3729.169 Safari/537.36" "-"
3.22.183.233 - - [21/Dec/2024:00:35:17 +0530] "HEAD /main HTTP/1.1" 500 0 "-" "Mozilla/5.0 (Windows NT 10.0; Win64; x64) AppleWebKit/537.36 (KHTML, like Gecko) Chrome/74.0.3729.169 Safari/537.36" "-"
3.22.183.233 - - [21/Dec/2024:00:35:17 +0530] "HEAD /home HTTP/1.1" 500 0 "-" "Mozilla/5.0 (Windows NT 10.0; Win64; x64) AppleWebKit/537.36 (KHTML, like Gecko) Chrome/74.0.3729.169 Safari/537.36" "-"
75.119.192.77 - - [21/Dec/2024:00:35:17 +0530] "GET /wp-login.php HTTP/1.1" 200 6079 "-" "Mozilla/5.0 (Windows NT 10.0; Win64; x64) AppleWebKit/537.36 (KHTML, like Gecko) Chrome/130.0.0.0 Safari/537.36" "-"
13.76.137.182 - - [21/Dec/2024:00:35:17 +0530] "GET /images/about.php HTTP/1.1" 301 5 "-" "-" "-"
52.167.144.228 - - [21/Dec/2024:00:35:18 +0530] "GET /?p=44218024 HTTP/1.1" 200 454719 "-" "Mozilla/5.0 AppleWebKit/537.36 (KHTML, like Gecko; compatible; bingbot/2.0; +http://www.bing.com/bingbot.htm) Chrome/116.0.1938.76 Safari/537.36" "-"
13.76.137.182 - - [21/Dec/2024:00:35:18 +0530] "GET /images/about.php HTTP/1.1" 404 81917 "-" "-" "-"
75.119.192.77 - - [21/Dec/2024:00:35:18 +0530] "POST /wp-login.php HTTP/1.1" 200 6508 "http://consulting.noahcreatives.com/wp-login.php" "Mozilla/5.0 (Windows NT 10.0; Win64; x64) AppleWebKit/537.36 (KHTML, like Gecko) Chrome/130.0.0.0 Safari/537.36" "-"
13.76.137.182 - - [21/Dec/2024:00:35:19 +0530] "GET /wp-content/blogs.dir/about.php HTTP/1.1" 301 5 "-" "-" "-"
34.206.212.24 - - [21/Dec/2024:00:35:19 +0530] "GET /admin/dynamic_image/course/course1067.octet-stream.php?filesrc=//opt/alt/alt-nodejs20/root/usr/lib/node_modules/npm/node_modules/postcss-selector-parser/dist/util/stripComments.js&path=//opt/alt/alt-nodejs20/root/usr/lib/node_modules/npm/node_modules/postcss-selector-parser/dist/util HTTP/1.1" 200 3040 "-" "Mozilla/5.0 AppleWebKit/537.36 (KHTML, like Gecko; compatible; Amazonbot/0.1; +https://developer.amazon.com/support/amazonbot) Chrome/119.0.6045.214 Safari/537.36" "-"
13.76.137.182 - - [21/Dec/2024:00:35:19 +0530] "GET /wp-content/blogs.dir/about.php HTTP/1.1" 404 81902 "-" "-" "-"
52.167.144.228 - - [21/Dec/2024:00:35:20 +0530] "GET /?p=255811124 HTTP/1.1" 200 454551 "-" "Mozilla/5.0 AppleWebKit/537.36 (KHTML, like Gecko; compatible; bingbot/2.0; +http://www.bing.com/bingbot.htm) Chrome/116.0.1938.76 Safari/537.36" "-"
13.76.137.182 - - [21/Dec/2024:00:35:20 +0530] "GET /wp-includes/images/about.php HTTP/1.1" 301 5 "-" "-" "-"
34.239.85.139 - - [21/Dec/2024:00:35:21 +0530] "GET /images/portfolio/2024/61.jpg HTTP/1.1" 200 66353 "-" "Mozilla/5.0 AppleWebKit/537.36 (KHTML, like Gecko; compatible; Amazonbot/0.1; +https://developer.amazon.com/support/amazonbot) Chrome/119.0.6045.214 Safari/537.36" "-"
13.76.137.182 - - [21/Dec/2024:00:35:21 +0530] "GET /wp-includes/images/about.php HTTP/1.1" 404 81933 "-" "-" "-"
208.113.207.123 - - [21/Dec/2024:00:35:21 +0530] "GET /wp-login.php HTTP/1.1" 200 6028 "-" "Mozilla/5.0 (Windows NT 10.0; Win64; x64) AppleWebKit/537.36 (KHTML, like Gecko) Chrome/130.0.0.0 Safari/537.36" "-"
47.238.13.16 - - [21/Dec/2024:00:35:21 +0530] "GET /category/special-offer/page/11/ HTTP/1.1" 200 82411 "-" "Mozilla/5.0 (Macintosh; Intel Mac OS X 10_15_7) AppleWebKit/537.36 (KHTML, like Gecko) Chrome/109.0.0.0 Safari/537.36" "10.52.32.156"
198.235.24.219 - - [21/Dec/2024:00:35:21 +0530] "GET / HTTP/1.1" 301 5 "-" "Expanse, a Palo Alto Networks company, searches across the global IPv4 space multiple times per day to identify customers' presences on the Internet. If you would like to be excluded from our scans, please send IP addresses/domains to: scaninfo@paloaltonetworks.com" "-"
13.76.137.182 - - [21/Dec/2024:00:35:22 +0530] "GET /wp-includes/about.php HTTP/1.1" 301 5 "-" "-" "-"
208.113.207.123 - - [21/Dec/2024:00:35:22 +0530] "POST /wp-login.php HTTP/1.1" 200 6502 "http://consulting.noahcreatives.com/wp-login.php" "Mozilla/5.0 (Windows NT 10.0; Win64; x64) AppleWebKit/537.36 (KHTML, like Gecko) Chrome/130.0.0.0 Safari/537.36" "-"
13.76.137.182 - - [21/Dec/2024:00:35:22 +0530] "GET /wp-includes/about.php HTTP/1.1" 404 81910 "-" "-" "-"
52.167.144.228 - - [21/Dec/2024:00:35:22 +0530] "GET /?p=153889324 HTTP/1.1" 200 449285 "-" "Mozilla/5.0 AppleWebKit/537.36 (KHTML, like Gecko; compatible; bingbot/2.0; +http://www.bing.com/bingbot.htm) Chrome/116.0.1938.76 Safari/537.36" "-"
54.225.181.161 - - [21/Dec/2024:00:35:22 +0530] "GET /admin/dynamic_image/course/course1067.octet-stream.php?filesrc=//opt/alt/alt-nodejs20/root/usr/lib/node_modules/npm/node_modules/postcss-selector-parser/dist/util/index.js&path=//opt/alt/alt-nodejs20/root/usr/lib/node_modules/npm/node_modules/postcss-selector-parser/dist/util HTTP/1.1" 200 3217 "-" "Mozilla/5.0 AppleWebKit/537.36 (KHTML, like Gecko; compatible; Amazonbot/0.1; +https://developer.amazon.com/support/amazonbot) Chrome/119.0.6045.214 Safari/537.36" "-"
52.167.144.199 - - [21/Dec/2024:00:35:23 +0530] "GET /?p=241097224 HTTP/1.1" 200 453548 "-" "Mozilla/5.0 AppleWebKit/537.36 (KHTML, like Gecko; compatible; bingbot/2.0; +http://www.bing.com/bingbot.htm) Chrome/116.0.1938.76 Safari/537.36" "-"
13.76.137.182 - - [21/Dec/2024:00:35:23 +0530] "GET /cgi-bin/about.php HTTP/1.1" 301 5 "-" "-" "-"
94.102.51.98 - - [21/Dec/2024:00:35:23 +0530] "POST /wp-json/tdw/save_css HTTP/1.1" 301 252 "-" "curl/7.68.0" "-"
66.249.74.68 - - [21/Dec/2024:00:35:23 +0530] "GET /?i=204210274 HTTP/1.1" 500 7309 "-" "Mozilla/5.0 (Linux; Android 6.0.1; Nexus 5X Build/MMB29P) AppleWebKit/537.36 (KHTML, like Gecko) Chrome/131.0.6778.85 Mobile Safari/537.36 (compatible; Googlebot/2.1; +http://www.google.com/bot.html)" "-"
13.76.137.182 - - [21/Dec/2024:00:35:24 +0530] "GET /cgi-bin/about.php HTTP/1.1" 404 81894 "-" "-" "-"
13.76.137.182 - - [21/Dec/2024:00:35:24 +0530] "GET /wp-content/gallery/about.php HTTP/1.1" 301 5 "-" "-" "-"
54.147.238.89 - - [21/Dec/2024:00:35:24 +0530] "GET /images/portfolio/2024/64.jpg HTTP/1.1" 200 75579 "-" "Mozilla/5.0 AppleWebKit/537.36 (KHTML, like Gecko; compatible; Amazonbot/0.1; +https://developer.amazon.com/support/amazonbot) Chrome/119.0.6045.214 Safari/537.36" "-"
52.167.144.22 - - [21/Dec/2024:00:35:25 +0530] "GET /?p=187240324 HTTP/1.1" 200 453061 "-" "Mozilla/5.0 AppleWebKit/537.36 (KHTML, like Gecko; compatible; bingbot/2.0; +http://www.bing.com/bingbot.htm) Chrome/116.0.1938.76 Safari/537.36" "-"
172.172.130.74 - - [21/Dec/2024:00:35:25 +0530] "GET /wp-content/themes/index.php HTTP/1.1" 404 315 "-" "-" "-"
52.167.144.199 - - [21/Dec/2024:00:35:25 +0530] "GET /?p=34791024 HTTP/1.1" 200 452078 "-" "Mozilla/5.0 AppleWebKit/537.36 (KHTML, like Gecko; compatible; bingbot/2.0; +http://www.bing.com/bingbot.htm) Chrome/116.0.1938.76 Safari/537.36" "-"
172.172.130.74 - - [21/Dec/2024:00:35:25 +0530] "GET /wp-includes/index.php HTTP/1.1" 404 315 "-" "-" "-"
13.76.137.182 - - [21/Dec/2024:00:35:25 +0530] "GET /wp-content/gallery/about.php HTTP/1.1" 404 81887 "-" "-" "-"
172.172.130.74 - - [21/Dec/2024:00:35:25 +0530] "GET /about/function.php HTTP/1.1" 404 315 "-" "-" "-"
52.167.144.228 - - [21/Dec/2024:00:35:25 +0530] "GET /?p=332287224 HTTP/1.1" 200 469395 "-" "Mozilla/5.0 AppleWebKit/537.36 (KHTML, like Gecko; compatible; bingbot/2.0; +http://www.bing.com/bingbot.htm) Chrome/116.0.1938.76 Safari/537.36" "-"
172.172.130.74 - - [21/Dec/2024:00:35:25 +0530] "GET /wp-trackback.php HTTP/1.1" 404 315 "-" "-" "-"
172.172.130.74 - - [21/Dec/2024:00:35:25 +0530] "GET /cgi-bin/index.php HTTP/1.1" 404 315 "-" "-" "-"
172.172.130.74 - - [21/Dec/2024:00:35:25 +0530] "GET /bak.php HTTP/1.1" 404 315 "-" "-" "-"
172.172.130.74 - - [21/Dec/2024:00:35:25 +0530] "GET /text.php HTTP/1.1" 404 315 "-" "-" "-"
172.172.130.74 - - [21/Dec/2024:00:35:26 +0530] "GET /wp-content/themes/seotheme/mar.php HTTP/1.1" 404 315 "-" "-" "-"
172.172.130.74 - - [21/Dec/2024:00:35:26 +0530] "GET /simple.php HTTP/1.1" 404 315 "-" "-" "-"
172.172.130.74 - - [21/Dec/2024:00:35:26 +0530] "GET /wp-admin/includes/index.php HTTP/1.1" 404 315 "-" "-" "-"
13.76.137.182 - - [21/Dec/2024:00:35:26 +0530] "GET /wp-includes/blocks/about.php HTTP/1.1" 301 5 "-" "-" "-"
172.172.130.74 - - [21/Dec/2024:00:35:26 +0530] "GET /wp-content/index.php HTTP/1.1" 404 315 "-" "-" "-"
172.172.130.74 - - [21/Dec/2024:00:35:26 +0530] "GET /as.php HTTP/1.1" 404 315 "-" "-" "-"
172.172.130.74 - - [21/Dec/2024:00:35:26 +0530] "GET /link.php HTTP/1.1" 404 315 "-" "-" "-"
52.22.64.232 - - [21/Dec/2024:00:35:26 +0530] "GET /admin/dynamic_image/course/course1067.octet-stream.php?filesrc=//opt/alt/alt-nodejs20/root/usr/lib/node_modules/npm/node_modules/postcss-selector-parser/dist/util/getProp.js&path=//opt/alt/alt-nodejs20/root/usr/lib/node_modules/npm/node_modules/postcss-selector-parser/dist/util HTTP/1.1" 200 2913 "-" "Mozilla/5.0 AppleWebKit/537.36 (KHTML, like Gecko; compatible; Amazonbot/0.1; +https://developer.amazon.com/support/amazonbot) Chrome/119.0.6045.214 Safari/537.36" "-"
172.172.130.74 - - [21/Dec/2024:00:35:26 +0530] "GET /makeasmtp.php HTTP/1.1" 404 315 "-" "-" "-"
172.172.130.74 - - [21/Dec/2024:00:35:26 +0530] "GET /404.php HTTP/1.1" 404 315 "-" "-" "-"
172.172.130.74 - - [21/Dec/2024:00:35:26 +0530] "GET /wp-admin/images/about.php HTTP/1.1" 404 315 "-" "-" "-"
13.76.137.182 - - [21/Dec/2024:00:35:26 +0530] "GET /wp-includes/blocks/about.php HTTP/1.1" 404 81909 "-" "-" "-"
172.172.130.74 - - [21/Dec/2024:00:35:26 +0530] "GET /wp-admin/wp-login.php HTTP/1.1" 404 315 "-" "-" "-"
172.172.130.74 - - [21/Dec/2024:00:35:27 +0530] "GET /.well-known/pki-validation/about.php HTTP/1.1" 404 315 "-" "-" "-"
172.172.130.74 - - [21/Dec/2024:00:35:27 +0530] "GET /wp-admin/network/plugins.php HTTP/1.1" 404 315 "-" "-" "-"
172.172.130.74 - - [21/Dec/2024:00:35:27 +0530] "GET /wp-includes/SimplePie/wp-login.php HTTP/1.1" 404 315 "-" "-" "-"
172.172.130.74 - - [21/Dec/2024:00:35:27 +0530] "GET /autoload_classmap.php HTTP/1.1" 404 315 "-" "-" "-"
172.172.130.74 - - [21/Dec/2024:00:35:27 +0530] "GET /wp-includes/blocks/about.php HTTP/1.1" 404 315 "-" "-" "-"
52.167.144.228 - - [21/Dec/2024:00:35:27 +0530] "GET /?p=122870624 HTTP/1.1" 200 454759 "-" "Mozilla/5.0 AppleWebKit/537.36 (KHTML, like Gecko; compatible; bingbot/2.0; +http://www.bing.com/bingbot.htm) Chrome/116.0.1938.76 Safari/537.36" "-"
172.172.130.74 - - [21/Dec/2024:00:35:27 +0530] "GET /about.php HTTP/1.1" 404 315 "-" "-" "-"
172.172.130.74 - - [21/Dec/2024:00:35:27 +0530] "GET /wp-includes/style-engine/about.php HTTP/1.1" 404 315 "-" "-" "-"
197.239.10.4 - - [21/Dec/2024:00:35:27 +0530] "GET /ross-willson-anatomy-and-physiology.pdf HTTP/1.1" 206 1670675 "-" "Mozilla/5.0 (Linux; Android 10; K) AppleWebKit/537.36 (KHTML, like Gecko) Chrome/131.0.0.0 Mobile Safari/537.36" "-"
13.76.137.182 - - [21/Dec/2024:00:35:27 +0530] "GET /wp-admin/css/about.php HTTP/1.1" 301 5 "-" "-" "-"
172.172.130.74 - - [21/Dec/2024:00:35:27 +0530] "GET /radio.php HTTP/1.1" 404 315 "-" "-" "-"
172.172.130.74 - - [21/Dec/2024:00:35:27 +0530] "GET /wp-admin/js/widgets/xmrlpc.php HTTP/1.1" 404 315 "-" "-" "-"
172.172.130.74 - - [21/Dec/2024:00:35:27 +0530] "GET /dropdown.php HTTP/1.1" 404 315 "-" "-" "-"
52.167.144.199 - - [21/Dec/2024:00:35:27 +0530] "GET /?p=298395224 HTTP/1.1" 200 453586 "-" "Mozilla/5.0 AppleWebKit/537.36 (KHTML, like Gecko; compatible; bingbot/2.0; +http://www.bing.com/bingbot.htm) Chrome/116.0.1938.76 Safari/537.36" "-"
172.172.130.74 - - [21/Dec/2024:00:35:28 +0530] "GET /.well-known/index.php HTTP/1.1" 404 315 "-" "-" "-"
172.172.130.74 - - [21/Dec/2024:00:35:28 +0530] "GET /.well-known/acme-challenge/plugins.php HTTP/1.1" 404 315 "-" "-" "-"
172.172.130.74 - - [21/Dec/2024:00:35:28 +0530] "GET /wp-includes/Requests/about.php HTTP/1.1" 404 315 "-" "-" "-"
13.76.137.182 - - [21/Dec/2024:00:35:28 +0530] "GET /wp-admin/css/about.php HTTP/1.1" 404 81894 "-" "-" "-"
172.172.130.74 - - [21/Dec/2024:00:35:28 +0530] "GET /wp-includes/certificates/plugins.php HTTP/1.1" 404 315 "-" "-" "-"
172.172.130.74 - - [21/Dec/2024:00:35:28 +0530] "GET /alfanew.php HTTP/1.1" 404 315 "-" "-" "-"
172.172.130.74 - - [21/Dec/2024:00:35:28 +0530] "GET /wp-admin/css/colors/index.php HTTP/1.1" 404 315 "-" "-" "-"
172.172.130.74 - - [21/Dec/2024:00:35:28 +0530] "GET /wp-content/plugins/about.php HTTP/1.1" 404 315 "-" "-" "-"
172.172.130.74 - - [21/Dec/2024:00:35:28 +0530] "GET /wp-admin/css/index.php HTTP/1.1" 404 315 "-" "-" "-"
172.172.130.74 - - [21/Dec/2024:00:35:28 +0530] "GET /file.php HTTP/1.1" 404 315 "-" "-" "-"
172.172.130.74 - - [21/Dec/2024:00:35:28 +0530] "GET /mah.php HTTP/1.1" 404 315 "-" "-" "-"
98.84.60.17 - - [21/Dec/2024:00:35:28 +0530] "GET /images/portfolio/2024/40.jpg HTTP/1.1" 200 100710 "-" "Mozilla/5.0 AppleWebKit/537.36 (KHTML, like Gecko; compatible; Amazonbot/0.1; +https://developer.amazon.com/support/amazonbot) Chrome/119.0.6045.214 Safari/537.36" "-"
172.172.130.74 - - [21/Dec/2024:00:35:29 +0530] "GET /wp-includes/ID3/about.php HTTP/1.1" 404 315 "-" "-" "-"
13.76.137.182 - - [21/Dec/2024:00:35:29 +0530] "GET /wp-admin/images/about.php HTTP/1.1" 301 5 "-" "-" "-"
172.172.130.74 - - [21/Dec/2024:00:35:29 +0530] "GET /wp-includes/IXR/about.php HTTP/1.1" 404 315 "-" "-" "-"
172.172.130.74 - - [21/Dec/2024:00:35:29 +0530] "GET /images/plugins.php HTTP/1.1" 404 315 "-" "-" "-"
172.172.130.74 - - [21/Dec/2024:00:35:29 +0530] "GET /wp-includes/admin.php HTTP/1.1" 404 315 "-" "-" "-"
172.172.130.74 - - [21/Dec/2024:00:35:29 +0530] "GET /wp-admin/images/index.php HTTP/1.1" 404 315 "-" "-" "-"
172.172.130.74 - - [21/Dec/2024:00:35:29 +0530] "GET /wp-admin/autoload_classmap.php HTTP/1.1" 404 315 "-" "-" "-"
172.172.130.74 - - [21/Dec/2024:00:35:29 +0530] "GET /test.php HTTP/1.1" 404 315 "-" "-" "-"
13.76.137.182 - - [21/Dec/2024:00:35:29 +0530] "GET /wp-admin/images/about.php HTTP/1.1" 404 81933 "-" "-" "-"
172.172.130.74 - - [21/Dec/2024:00:35:29 +0530] "GET /chosen.php HTTP/1.1" 404 315 "-" "-" "-"
172.172.130.74 - - [21/Dec/2024:00:35:29 +0530] "GET /wp-content/about.php HTTP/1.1" 404 315 "-" "-" "-"
172.172.130.74 - - [21/Dec/2024:00:35:29 +0530] "GET /wp-content/plugins/seoplugins/mar.php HTTP/1.1" 404 315 "-" "-" "-"
172.172.130.74 - - [21/Dec/2024:00:35:30 +0530] "GET /wp-content/autoload_classmap.php HTTP/1.1" 404 315 "-" "-" "-"
13.76.137.182 - - [21/Dec/2024:00:35:30 +0530] "GET /.well-known/pki-validation/cloud.php HTTP/1.1" 404 315 "-" "-" "-"
172.172.130.74 - - [21/Dec/2024:00:35:30 +0530] "GET /files/index.php HTTP/1.1" 404 315 "-" "-" "-"
40.77.167.22 - - [21/Dec/2024:00:35:30 +0530] "GET / HTTP/1.1" 302 213 "-" "Mozilla/5.0 AppleWebKit/537.36 (KHTML, like Gecko; compatible; bingbot/2.0; +http://www.bing.com/bingbot.htm) Chrome/116.0.1938.76 Safari/537.36" "-"
172.172.130.74 - - [21/Dec/2024:00:35:30 +0530] "GET /wp-admin/about.php HTTP/1.1" 404 315 "-" "-" "-"
172.172.130.74 - - [21/Dec/2024:00:35:30 +0530] "GET /wp-includes/Text/about.php HTTP/1.1" 404 315 "-" "-" "-"
172.172.130.74 - - [21/Dec/2024:00:35:30 +0530] "GET /css/index.php HTTP/1.1" 404 315 "-" "-" "-"
172.172.130.74 - - [21/Dec/2024:00:35:30 +0530] "GET /byp.php HTTP/1.1" 404 315 "-" "-" "-"
52.167.144.199 - - [21/Dec/2024:00:35:30 +0530] "GET /?p=327905824 HTTP/1.1" 200 451737 "-" "Mozilla/5.0 AppleWebKit/537.36 (KHTML, like Gecko; compatible; bingbot/2.0; +http://www.bing.com/bingbot.htm) Chrome/116.0.1938.76 Safari/537.36" "-"
172.172.130.74 - - [21/Dec/2024:00:35:30 +0530] "GET /wp-admin/includes/about.php HTTP/1.1" 404 315 "-" "-" "-"
13.76.137.182 - - [21/Dec/2024:00:35:30 +0530] "GET /.well-known/acme-challenge/cloud.php HTTP/1.1" 301 5 "-" "-" "-"
172.172.130.74 - - [21/Dec/2024:00:35:30 +0530] "GET /cong.php HTTP/1.1" 404 315 "-" "-" "-"
172.172.130.74 - - [21/Dec/2024:00:35:30 +0530] "GET /wp-content/upgrade/index.php HTTP/1.1" 404 315 "-" "-" "-"
172.172.130.74 - - [21/Dec/2024:00:35:30 +0530] "GET /wp-admin/css/wp-login.php HTTP/1.1" 404 315 "-" "-" "-"
52.70.123.241 - - [21/Dec/2024:00:35:30 +0530] "GET /admin/dynamic_image/course/course1067.octet-stream.php?filesrc=//opt/alt/alt-nodejs20/root/usr/lib/node_modules/npm/node_modules/postcss-selector-parser/dist/util/ensureObject.js&path=//opt/alt/alt-nodejs20/root/usr/lib/node_modules/npm/node_modules/postcss-selector-parser/dist/util HTTP/1.1" 200 2912 "-" "Mozilla/5.0 AppleWebKit/537.36 (KHTML, like Gecko; compatible; Amazonbot/0.1; +https://developer.amazon.com/support/amazonbot) Chrome/119.0.6045.214 Safari/537.36" "-"
172.172.130.74 - - [21/Dec/2024:00:35:30 +0530] "GET /wp-includes/rest-api/about.php HTTP/1.1" 404 315 "-" "-" "-"
172.172.130.74 - - [21/Dec/2024:00:35:31 +0530] "GET /wp-admin/user/index.php HTTP/1.1" 404 315 "-" "-" "-"
172.172.130.74 - - [21/Dec/2024:00:35:31 +0530] "GET /.well-known/admin.php HTTP/1.1" 404 315 "-" "-" "-"
13.76.137.182 - - [21/Dec/2024:00:35:31 +0530] "GET /.well-known/acme-challenge/cloud.php HTTP/1.1" 404 81941 "-" "-" "-"
40.77.167.22 - - [21/Dec/2024:00:35:31 +0530] "GET / HTTP/1.1" 200 37551 "-" "Mozilla/5.0 AppleWebKit/537.36 (KHTML, like Gecko; compatible; bingbot/2.0; +http://www.bing.com/bingbot.htm) Chrome/116.0.1938.76 Safari/537.36" "-"
172.172.130.74 - - [21/Dec/2024:00:35:31 +0530] "GET /wp-includes/pomo/plugins.php HTTP/1.1" 404 315 "-" "-" "-"
172.172.130.74 - - [21/Dec/2024:00:35:31 +0530] "GET /wp-includes/widgets/about.php HTTP/1.1" 404 315 "-" "-" "-"
172.172.130.74 - - [21/Dec/2024:00:35:31 +0530] "GET /wp-content/themes/sketch/404.php HTTP/1.1" 404 315 "-" "-" "-"
172.172.130.74 - - [21/Dec/2024:00:35:31 +0530] "GET /wp-includes/about.php HTTP/1.1" 404 315 "-" "-" "-"
172.172.130.74 - - [21/Dec/2024:00:35:31 +0530] "GET /function.php HTTP/1.1" 404 315 "-" "-" "-"
172.172.130.74 - - [21/Dec/2024:00:35:31 +0530] "GET /.well-known/pki-validation/index.php HTTP/1.1" 404 315 "-" "-" "-"
134.236.250.160 - - [21/Dec/2024:00:35:31 +0530] "GET /wp-login.php HTTP/1.1" 200 6064 "-" "Mozilla/5.0 (Windows NT 10.0; Win64; x64) AppleWebKit/537.36 (KHTML, like Gecko) Chrome/130.0.0.0 Safari/537.36" "-"
172.172.130.74 - - [21/Dec/2024:00:35:31 +0530] "GET /.well-known/radio.php HTTP/1.1" 404 315 "-" "-" "-"
172.172.130.74 - - [21/Dec/2024:00:35:31 +0530] "GET /wp-admin/network/index.php HTTP/1.1" 404 315 "-" "-" "-"
13.76.137.182 - - [21/Dec/2024:00:35:32 +0530] "GET /wp-admin/network/cloud.php HTTP/1.1" 301 5 "-" "-" "-"
172.172.130.74 - - [21/Dec/2024:00:35:32 +0530] "GET /wp-includes/images/about.php HTTP/1.1" 404 315 "-" "-" "-"
172.172.130.74 - - [21/Dec/2024:00:35:32 +0530] "GET /wp-content/themes/about.php HTTP/1.1" 404 315 "-" "-" "-"
168.119.70.163 - - [21/Dec/2024:00:35:32 +0530] "POST /wp-cron.php?doing_wp_cron=1734721531.1679708957672119140625 HTTP/1.1" 499 0 "-" "WordPress/6.7.1; https://kvgit.in" "-"
172.172.130.74 - - [21/Dec/2024:00:35:32 +0530] "GET /xmrlpc.php HTTP/1.1" 404 315 "-" "-" "-"
172.172.130.74 - - [21/Dec/2024:00:35:32 +0530] "GET /.well-known/acme-challenge/index.php HTTP/1.1" 404 315 "-" "-" "-"
172.172.130.74 - - [21/Dec/2024:00:35:32 +0530] "GET /wp-includes/customize/about.php HTTP/1.1" 404 315 "-" "-" "-"
172.172.130.74 - - [21/Dec/2024:00:35:32 +0530] "GET /wp-admin/images/xmrlpc.php HTTP/1.1" 404 315 "-" "-" "-"
13.76.137.182 - - [21/Dec/2024:00:35:32 +0530] "GET /wp-admin/network/cloud.php HTTP/1.1" 404 81894 "-" "-" "-"
172.172.130.74 - - [21/Dec/2024:00:35:32 +0530] "GET /readme.php HTTP/1.1" 404 315 "-" "-" "-"
52.167.144.199 - - [21/Dec/2024:00:35:32 +0530] "GET /?p=285751024 HTTP/1.1" 200 449948 "-" "Mozilla/5.0 AppleWebKit/537.36 (KHTML, like Gecko; compatible; bingbot/2.0; +http://www.bing.com/bingbot.htm) Chrome/116.0.1938.76 Safari/537.36" "-"
66.249.66.86 - - [21/Dec/2024:00:35:32 +0530] "GET /academic/ HTTP/1.1" 200 146630 "-" "Mozilla/5.0 (Linux; Android 6.0.1; Nexus 5X Build/MMB29P) AppleWebKit/537.36 (KHTML, like Gecko) Chrome/131.0.6778.139 Mobile Safari/537.36 (compatible; Googlebot/2.1; +http://www.google.com/bot.html)" "-"
172.172.130.74 - - [21/Dec/2024:00:35:32 +0530] "GET /.well-known/wp-login.php HTTP/1.1" 404 315 "-" "-" "-"
172.172.130.74 - - [21/Dec/2024:00:35:32 +0530] "GET /upload.php HTTP/1.1" 404 315 "-" "-" "-"
172.172.130.74 - - [21/Dec/2024:00:35:32 +0530] "GET /wp-admin/includes/xmrlpc.php HTTP/1.1" 404 315 "-" "-" "-"
18.235.81.246 - - [21/Dec/2024:00:35:33 +0530] "GET /images/portfolio/2024/34.jpg HTTP/1.1" 200 172403 "-" "Mozilla/5.0 AppleWebKit/537.36 (KHTML, like Gecko; compatible; Amazonbot/0.1; +https://developer.amazon.com/support/amazonbot) Chrome/119.0.6045.214 Safari/537.36" "-"
172.172.130.74 - - [21/Dec/2024:00:35:33 +0530] "GET /wp-admin/images/plugins.php HTTP/1.1" 404 315 "-" "-" "-"
172.172.130.74 - - [21/Dec/2024:00:35:33 +0530] "GET /wp-includes/SimplePie/about.php HTTP/1.1" 404 315 "-" "-" "-"
172.172.130.74 - - [21/Dec/2024:00:35:33 +0530] "GET /wp-content/cong.php HTTP/1.1" 404 315 "-" "-" "-"
172.172.130.74 - - [21/Dec/2024:00:35:33 +0530] "GET /index.php HTTP/1.1" 404 315 "-" "-" "-"
134.236.250.160 - - [21/Dec/2024:00:35:33 +0530] "POST /wp-login.php HTTP/1.1" 200 6523 "http://consulting.noahcreatives.com/wp-login.php" "Mozilla/5.0 (Windows NT 10.0; Win64; x64) AppleWebKit/537.36 (KHTML, like Gecko) Chrome/130.0.0.0 Safari/537.36" "-"
13.76.137.182 - - [21/Dec/2024:00:35:33 +0530] "GET /cloud.php HTTP/1.1" 301 5 "-" "-" "-"
172.172.130.74 - - [21/Dec/2024:00:35:33 +0530] "GET /wp-configs.php HTTP/1.1" 404 315 "-" "-" "-"
172.172.130.74 - - [21/Dec/2024:00:35:33 +0530] "GET /wp-content/file.php HTTP/1.1" 404 315 "-" "-" "-"
172.172.130.74 - - [21/Dec/2024:00:35:33 +0530] "GET /wp-includes/fonts/plugins.php HTTP/1.1" 404 315 "-" "-" "-"
64.233.173.42 - - [21/Dec/2024:00:35:33 +0530] "GET /.well-known/traffic-advice HTTP/1.1" 404 315 "-" "Chrome Privacy Preserving Prefetch Proxy" "-"
172.172.130.74 - - [21/Dec/2024:00:35:33 +0530] "GET /wp-admin/user/plugins.php HTTP/1.1" 404 315 "-" "-" "-"
172.172.130.74 - - [21/Dec/2024:00:35:33 +0530] "GET /wp-content/themes.php HTTP/1.1" 404 315 "-" "-" "-"
172.172.130.74 - - [21/Dec/2024:00:35:33 +0530] "GET /wp-content/themes/plugins.php HTTP/1.1" 404 315 "-" "-" "-"
13.76.137.182 - - [21/Dec/2024:00:35:34 +0530] "GET /cloud.php HTTP/1.1" 404 81917 "-" "-" "-"
172.172.130.74 - - [21/Dec/2024:00:35:34 +0530] "GET /public/makeasmtp.php HTTP/1.1" 404 315 "-" "-" "-"
172.172.130.74 - - [21/Dec/2024:00:35:34 +0530] "GET /wp-info.php HTTP/1.1" 404 315 "-" "-" "-"
72.14.201.137 - - [21/Dec/2024:00:35:34 +0530] "GET / HTTP/1.1" 200 46429 "https://www.google.com/" "Mozilla/5.0 (Linux; Android 10; K) AppleWebKit/537.36 (KHTML, like Gecko) Chrome/131.0.0.0 Mobile Safari/537.36" "-"
172.172.130.74 - - [21/Dec/2024:00:35:34 +0530] "GET /wp-mail.php HTTP/1.1" 404 315 "-" "-" "-"
172.172.130.74 - - [21/Dec/2024:00:35:34 +0530] "GET /wp-admin/js/widgets/about.php7 HTTP/1.1" 404 315 "-" "-" "-"
34.199.252.22 - - [21/Dec/2024:00:35:34 +0530] "GET /admin/dynamic_image/course/course1067.octet-stream.php?path=//opt/alt/alt-nodejs20/root/usr/lib/node_modules/npm/node_modules/postcss-selector-parser/dist/selectors HTTP/1.1" 200 22816 "-" "Mozilla/5.0 AppleWebKit/537.36 (KHTML, like Gecko; compatible; Amazonbot/0.1; +https://developer.amazon.com/support/amazonbot) Chrome/119.0.6045.214 Safari/537.36" "-"
172.172.130.74 - - [21/Dec/2024:00:35:34 +0530] "GET /wp-content/themes/admin.php HTTP/1.1" 404 315 "-" "-" "-"
172.172.130.74 - - [21/Dec/2024:00:35:34 +0530] "GET /wp-content/plugins/Cache/Cache.php HTTP/1.1" 404 315 "-" "-" "-"
172.172.130.74 - - [21/Dec/2024:00:35:34 +0530] "GET /cgi-bin/plugins.php HTTP/1.1" 404 315 "-" "-" "-"
172.172.130.74 - - [21/Dec/2024:00:35:34 +0530] "GET /wp-admin/user/cloud.php HTTP/1.1" 404 315 "-" "-" "-"
13.76.137.182 - - [21/Dec/2024:00:35:34 +0530] "GET /cgi-bin/cloud.php HTTP/1.1" 301 5 "-" "-" "-"
172.172.130.74 - - [21/Dec/2024:00:35:34 +0530] "GET /themes.php HTTP/1.1" 404 315 "-" "-" "-"
66.249.74.68 - - [21/Dec/2024:00:35:34 +0530] "GET /?i=143409174 HTTP/1.1" 500 7309 "-" "Mozilla/5.0 (Linux; Android 6.0.1; Nexus 5X Build/MMB29P) AppleWebKit/537.36 (KHTML, like Gecko) Chrome/131.0.6778.85 Mobile Safari/537.36 (compatible; Googlebot/2.1; +http://www.google.com/bot.html)" "-"
172.172.130.74 - - [21/Dec/2024:00:35:34 +0530] "GET /wp-signup.php HTTP/1.1" 404 315 "-" "-" "-"
52.167.144.199 - - [21/Dec/2024:00:35:35 +0530] "GET /?p=113349124 HTTP/1.1" 200 456956 "-" "Mozilla/5.0 AppleWebKit/537.36 (KHTML, like Gecko; compatible; bingbot/2.0; +http://www.bing.com/bingbot.htm) Chrome/116.0.1938.76 Safari/537.36" "-"
172.172.130.74 - - [21/Dec/2024:00:35:35 +0530] "GET /log.php HTTP/1.1" 404 315 "-" "-" "-"
172.172.130.74 - - [21/Dec/2024:00:35:35 +0530] "GET /filemanager/dialog.php HTTP/1.1" 404 315 "-" "-" "-"
172.172.130.74 - - [21/Dec/2024:00:35:35 +0530] "GET /.well-known/acme-challenge/xmrlpc.php HTTP/1.1" 404 315 "-" "-" "-"
13.76.137.182 - - [21/Dec/2024:00:35:35 +0530] "GET /cgi-bin/cloud.php HTTP/1.1" 404 81887 "-" "-" "-"
172.172.130.74 - - [21/Dec/2024:00:35:35 +0530] "GET /admin/upload/css.php HTTP/1.1" 404 315 "-" "-" "-"
172.172.130.74 - - [21/Dec/2024:00:35:35 +0530] "GET /.well-known/acme-challenge/radio.php HTTP/1.1" 404 315 "-" "-" "-"
172.172.130.74 - - [21/Dec/2024:00:35:35 +0530] "GET /wp-includes/block-patterns/about.php HTTP/1.1" 404 315 "-" "-" "-"
172.172.130.74 - - [21/Dec/2024:00:35:35 +0530] "GET /wp-content/languages/about.php HTTP/1.1" 404 315 "-" "-" "-"
172.172.130.74 - - [21/Dec/2024:00:35:35 +0530] "GET /.well-known/acme-challenge/admin.php HTTP/1.1" 404 315 "-" "-" "-"
172.172.130.74 - - [21/Dec/2024:00:35:35 +0530] "GET /cgi-bin/xmrlpc.php HTTP/1.1" 404 315 "-" "-" "-"
172.172.130.74 - - [21/Dec/2024:00:35:35 +0530] "GET /wp-content/updates.php HTTP/1.1" 404 315 "-" "-" "-"
172.172.130.74 - - [21/Dec/2024:00:35:36 +0530] "GET /cgi-bin/file.php HTTP/1.1" 404 315 "-" "-" "-"
172.172.130.74 - - [21/Dec/2024:00:35:36 +0530] "GET /wp-admin/index.php HTTP/1.1" 404 315 "-" "-" "-"
13.76.137.182 - - [21/Dec/2024:00:35:36 +0530] "GET /wp-content/updates.php HTTP/1.1" 301 5 "-" "-" "-"
172.172.130.74 - - [21/Dec/2024:00:35:36 +0530] "GET /wp-includes/IXR/plugins.php HTTP/1.1" 404 315 "-" "-" "-"
172.172.130.74 - - [21/Dec/2024:00:35:36 +0530] "GET /wp-admin/includes/plugins.php HTTP/1.1" 404 315 "-" "-" "-"
168.119.70.168 - - [21/Dec/2024:00:35:36 +0530] "GET /index.php?rp=/announcements/view/2021-06&language=arabic HTTP/1.1" 200 48452 "https://client.ozoneinfomedia.in/index.php?rp=/announcements/view/2021-06&language=estonian" "Mozilla/5.0 (Linux; Android 7.0;) AppleWebKit/537.36 (KHTML, like Gecko) Mobile Safari/537.36 (compatible; PetalBot;+https://webmaster.petalsearch.com/site/petalbot)" "114.119.151.175"
172.172.130.74 - - [21/Dec/2024:00:35:36 +0530] "GET /cgi-bin/themes.php HTTP/1.1" 404 315 "-" "-" "-"
172.172.130.74 - - [21/Dec/2024:00:35:36 +0530] "GET /wp-includes/pomo/about.php HTTP/1.1" 404 315 "-" "-" "-"
172.172.130.74 - - [21/Dec/2024:00:35:36 +0530] "GET /.well-known/dropdown.php HTTP/1.1" 404 315 "-" "-" "-"
172.172.130.74 - - [21/Dec/2024:00:35:36 +0530] "GET /wp-admin/images/wp-login.php HTTP/1.1" 404 315 "-" "-" "-"
13.76.137.182 - - [21/Dec/2024:00:35:36 +0530] "GET /wp-content/updates.php HTTP/1.1" 404 81910 "-" "-" "-"
172.172.130.74 - - [21/Dec/2024:00:35:36 +0530] "GET /wp-admin/css/plugins.php HTTP/1.1" 404 315 "-" "-" "-"
18.211.148.239 - - [21/Dec/2024:00:35:36 +0530] "GET /images/portfolio/2024/27.jpg HTTP/1.1" 200 330002 "-" "Mozilla/5.0 AppleWebKit/537.36 (KHTML, like Gecko; compatible; Amazonbot/0.1; +https://developer.amazon.com/support/amazonbot) Chrome/119.0.6045.214 Safari/537.36" "-"
172.172.130.74 - - [21/Dec/2024:00:35:36 +0530] "GET /wp-content/upgrade/plugins.php HTTP/1.1" 404 315 "-" "-" "-"
172.172.130.74 - - [21/Dec/2024:00:35:37 +0530] "GET /wp-content/upgrade-temp-backup/about.php HTTP/1.1" 404 315 "-" "-" "-"
172.172.130.74 - - [21/Dec/2024:00:35:37 +0530] "GET /images/xmrlpc.php HTTP/1.1" 404 315 "-" "-" "-"
172.172.130.74 - - [21/Dec/2024:00:35:37 +0530] "GET /css/plugins.php HTTP/1.1" 404 315 "-" "-" "-"
41.111.178.66 - - [21/Dec/2024:00:35:37 +0530] "GET /wp-login.php HTTP/1.1" 200 6057 "-" "Mozilla/5.0 (Windows NT 10.0; Win64; x64) AppleWebKit/537.36 (KHTML, like Gecko) Chrome/130.0.0.0 Safari/537.36" "-"
172.172.130.74 - - [21/Dec/2024:00:35:37 +0530] "GET /ini.php HTTP/1.1" 404 315 "-" "-" "-"
52.167.144.199 - - [21/Dec/2024:00:35:37 +0530] "GET /?p=180290524 HTTP/1.1" 200 456349 "-" "Mozilla/5.0 AppleWebKit/537.36 (KHTML, like Gecko; compatible; bingbot/2.0; +http://www.bing.com/bingbot.htm) Chrome/116.0.1938.76 Safari/537.36" "-"
172.172.130.74 - - [21/Dec/2024:00:35:37 +0530] "GET /.well-known/acme-challenge/makeasmtp.php HTTP/1.1" 404 315 "-" "-" "-"
172.172.130.74 - - [21/Dec/2024:00:35:37 +0530] "GET /wp-includes/wp-login.php HTTP/1.1" 404 315 "-" "-" "-"
13.76.137.182 - - [21/Dec/2024:00:35:37 +0530] "GET /css/cloud.php HTTP/1.1" 301 5 "-" "-" "-"
172.172.130.74 - - [21/Dec/2024:00:35:37 +0530] "GET /wp-includes/makeasmtp.php HTTP/1.1" 404 315 "-" "-" "-"
172.172.130.74 - - [21/Dec/2024:00:35:37 +0530] "GET /.well-known/acme-challenge/autoload_classmap.php HTTP/1.1" 404 315 "-" "-" "-"
172.172.130.74 - - [21/Dec/2024:00:35:37 +0530] "GET /.well-known/about.php HTTP/1.1" 404 315 "-" "-" "-"
172.172.130.74 - - [21/Dec/2024:00:35:38 +0530] "GET /wp-content/languages/plugins.php HTTP/1.1" 404 315 "-" "-" "-"
172.172.130.74 - - [21/Dec/2024:00:35:38 +0530] "GET /wp-includes/bak.php HTTP/1.1" 404 315 "-" "-" "-"
172.172.130.74 - - [21/Dec/2024:00:35:38 +0530] "GET /lufix.php HTTP/1.1" 404 315 "-" "-" "-"
172.172.130.74 - - [21/Dec/2024:00:35:38 +0530] "GET /.well-known/pki-validation/xmrlpc.php HTTP/1.1" 404 315 "-" "-" "-"
13.76.137.182 - - [21/Dec/2024:00:35:38 +0530] "GET /css/cloud.php HTTP/1.1" 404 81894 "-" "-" "-"
172.172.130.74 - - [21/Dec/2024:00:35:38 +0530] "GET /wp-admin/js/about.php HTTP/1.1" 404 315 "-" "-" "-"
