52.187.46.56 - - [21/Dec/2024:00:50:16 +0530] "GET /wp-admin/css/colors/blue/xmrlpc.php?p= HTTP/1.1" 500 7309 "-" "-" "-"
52.187.46.56 - - [21/Dec/2024:00:50:16 +0530] "GET /wp-admin/xmrlpc.php?p= HTTP/1.1" 500 7309 "-" "-" "-"
52.187.46.56 - - [21/Dec/2024:00:50:16 +0530] "GET /text.php HTTP/1.1" 500 7309 "-" "-" "-"
52.187.46.56 - - [21/Dec/2024:00:50:16 +0530] "GET /wp-admin/network/index.php HTTP/1.1" 500 7309 "-" "-" "-"
52.187.46.56 - - [21/Dec/2024:00:50:17 +0530] "GET /makeasmtp.php HTTP/1.1" 500 7309 "-" "-" "-"
52.187.74.192 - - [21/Dec/2024:00:50:17 +0530] "GET /wp-admin/wp-login.php HTTP/1.1" 301 5 "-" "-" "-"
40.77.167.55 - - [21/Dec/2024:00:50:17 +0530] "GET /?p=323040824 HTTP/1.1" 200 455661 "-" "Mozilla/5.0 AppleWebKit/537.36 (KHTML, like Gecko; compatible; bingbot/2.0; +http://www.bing.com/bingbot.htm) Chrome/116.0.1938.76 Safari/537.36" "-"
15.237.128.69 - - [21/Dec/2024:00:50:17 +0530] "GET /WP/installer.php HTTP/1.1" 301 248 "www.google.com" "Mozilla/5.0 (Linux; Android 7.0; SM-G892A Build/NRD90M; wv) AppleWebKit/537.36 (KHTML, like Gecko) Version/4.0 Chrome/60.0.3112.107 Mobile Safari/537.36" "-"
15.237.128.69 - - [21/Dec/2024:00:50:17 +0530] "GET /WP/installer.php HTTP/1.1" 404 315 "www.google.com" "Mozilla/5.0 (Linux; Android 7.0; SM-G892A Build/NRD90M; wv) AppleWebKit/537.36 (KHTML, like Gecko) Version/4.0 Chrome/60.0.3112.107 Mobile Safari/537.36" "-"
52.187.74.192 - - [21/Dec/2024:00:50:18 +0530] "GET /wp-admin/wp-login.php HTTP/1.1" 404 5 "-" "-" "-"
40.77.167.61 - - [21/Dec/2024:00:50:18 +0530] "GET /?p=171146424 HTTP/1.1" 200 453384 "-" "Mozilla/5.0 AppleWebKit/537.36 (KHTML, like Gecko; compatible; bingbot/2.0; +http://www.bing.com/bingbot.htm) Chrome/116.0.1938.76 Safari/537.36" "-"
18.232.11.247 - - [21/Dec/2024:00:50:18 +0530] "GET /admin/dynamic_image/course/course1067.octet-stream.php?filesrc=//opt/alt/alt-nodejs20/root/usr/lib/node_modules/npm/node_modules/node-gyp/gyp/pylib/packaging/LICENSE.APACHE&path=//opt/alt/alt-nodejs20/root/usr/lib/node_modules/npm/node_modules/node-gyp/gyp/pylib/packaging HTTP/1.1" 200 12852 "-" "Mozilla/5.0 AppleWebKit/537.36 (KHTML, like Gecko; compatible; Amazonbot/0.1; +https://developer.amazon.com/support/amazonbot) Chrome/119.0.6045.214 Safari/537.36" "-"
66.249.74.68 - - [21/Dec/2024:00:50:18 +0530] "GET /?i=527217974 HTTP/1.1" 500 7309 "-" "Mozilla/5.0 (Linux; Android 6.0.1; Nexus 5X Build/MMB29P) AppleWebKit/537.36 (KHTML, like Gecko) Chrome/131.0.6778.85 Mobile Safari/537.36 (compatible; Googlebot/2.1; +http://www.google.com/bot.html)" "-"
52.187.74.192 - - [21/Dec/2024:00:50:19 +0530] "GET /wp-includes/cloud.php HTTP/1.1" 301 5 "-" "-" "-"
40.77.167.55 - - [21/Dec/2024:00:50:19 +0530] "GET /?p=38725224 HTTP/1.1" 200 452708 "-" "Mozilla/5.0 AppleWebKit/537.36 (KHTML, like Gecko; compatible; bingbot/2.0; +http://www.bing.com/bingbot.htm) Chrome/116.0.1938.76 Safari/537.36" "-"
52.187.74.192 - - [21/Dec/2024:00:50:20 +0530] "GET /wp-includes/cloud.php HTTP/1.1" 404 5 "-" "-" "-"
57.141.0.16 - - [21/Dec/2024:00:50:20 +0530] "GET /pdf/affidavit_ncte_100.pdf HTTP/1.1" 301 269 "-" "meta-externalagent/1.1 (+https://developers.facebook.com/docs/sharing/webmasters/crawler)" "-"
15.237.128.69 - - [21/Dec/2024:00:50:20 +0530] "GET /shop/installer.php HTTP/1.1" 301 250 "www.google.com" "Mozilla/5.0 (Linux; Android 7.0; SM-G892A Build/NRD90M; wv) AppleWebKit/537.36 (KHTML, like Gecko) Version/4.0 Chrome/60.0.3112.107 Mobile Safari/537.36" "-"
15.237.128.69 - - [21/Dec/2024:00:50:20 +0530] "GET /shop/installer.php HTTP/1.1" 404 315 "www.google.com" "Mozilla/5.0 (Linux; Android 7.0; SM-G892A Build/NRD90M; wv) AppleWebKit/537.36 (KHTML, like Gecko) Version/4.0 Chrome/60.0.3112.107 Mobile Safari/537.36" "-"
52.187.74.192 - - [21/Dec/2024:00:50:20 +0530] "GET /wp-content/index.php HTTP/1.1" 200 5 "-" "-" "-"
40.77.167.61 - - [21/Dec/2024:00:50:20 +0530] "GET /?p=230820024 HTTP/1.1" 200 449639 "-" "Mozilla/5.0 AppleWebKit/537.36 (KHTML, like Gecko; compatible; bingbot/2.0; +http://www.bing.com/bingbot.htm) Chrome/116.0.1938.76 Safari/537.36" "-"
40.77.167.55 - - [21/Dec/2024:00:50:21 +0530] "GET /?p=315921124 HTTP/1.1" 200 454118 "-" "Mozilla/5.0 AppleWebKit/537.36 (KHTML, like Gecko; compatible; bingbot/2.0; +http://www.bing.com/bingbot.htm) Chrome/116.0.1938.76 Safari/537.36" "-"
52.187.74.192 - - [21/Dec/2024:00:50:21 +0530] "GET /readme.php HTTP/1.1" 301 5 "-" "-" "-"
40.77.167.58 - - [21/Dec/2024:00:50:21 +0530] "GET /?d=243036563 HTTP/1.1" 200 449454 "-" "Mozilla/5.0 AppleWebKit/537.36 (KHTML, like Gecko; compatible; bingbot/2.0; +http://www.bing.com/bingbot.htm) Chrome/116.0.1938.76 Safari/537.36" "-"
15.237.128.69 - - [21/Dec/2024:00:50:21 +0530] "GET /STORE/installer.php HTTP/1.1" 301 251 "www.google.com" "Mozilla/5.0 (Linux; Android 7.0; SM-G892A Build/NRD90M; wv) AppleWebKit/537.36 (KHTML, like Gecko) Version/4.0 Chrome/60.0.3112.107 Mobile Safari/537.36" "-"
15.237.128.69 - - [21/Dec/2024:00:50:21 +0530] "GET /STORE/installer.php HTTP/1.1" 404 315 "www.google.com" "Mozilla/5.0 (Linux; Android 7.0; SM-G892A Build/NRD90M; wv) AppleWebKit/537.36 (KHTML, like Gecko) Version/4.0 Chrome/60.0.3112.107 Mobile Safari/537.36" "-"
35.153.86.200 - - [21/Dec/2024:00:50:22 +0530] "GET /admin/dynamic_image/course/course1067.octet-stream.php?filesrc=//opt/alt/alt-nodejs20/root/usr/lib/node_modules/npm/node_modules/node-gyp/gyp/pylib/packaging/LICENSE&path=//opt/alt/alt-nodejs20/root/usr/lib/node_modules/npm/node_modules/node-gyp/gyp/pylib/packaging HTTP/1.1" 200 2700 "-" "Mozilla/5.0 AppleWebKit/537.36 (KHTML, like Gecko; compatible; Amazonbot/0.1; +https://developer.amazon.com/support/amazonbot) Chrome/119.0.6045.214 Safari/537.36" "-"
52.187.74.192 - - [21/Dec/2024:00:50:22 +0530] "GET /readme.php HTTP/1.1" 404 5 "-" "-" "-"
15.237.128.69 - - [21/Dec/2024:00:50:22 +0530] "GET /forum/installer.php HTTP/1.1" 301 251 "www.google.com" "Mozilla/5.0 (Linux; Android 7.0; SM-G892A Build/NRD90M; wv) AppleWebKit/537.36 (KHTML, like Gecko) Version/4.0 Chrome/60.0.3112.107 Mobile Safari/537.36" "-"
15.237.128.69 - - [21/Dec/2024:00:50:22 +0530] "GET /forum/installer.php HTTP/1.1" 404 315 "www.google.com" "Mozilla/5.0 (Linux; Android 7.0; SM-G892A Build/NRD90M; wv) AppleWebKit/537.36 (KHTML, like Gecko) Version/4.0 Chrome/60.0.3112.107 Mobile Safari/537.36" "-"
40.77.167.61 - - [21/Dec/2024:00:50:22 +0530] "GET /?p=102041024 HTTP/1.1" 200 455949 "-" "Mozilla/5.0 AppleWebKit/537.36 (KHTML, like Gecko; compatible; bingbot/2.0; +http://www.bing.com/bingbot.htm) Chrome/116.0.1938.76 Safari/537.36" "-"
51.210.194.145 - - [21/Dec/2024:00:50:23 +0530] "GET /wp-login.php HTTP/1.1" 200 6048 "-" "Mozilla/5.0 (Windows NT 10.0; Win64; x64) AppleWebKit/537.36 (KHTML, like Gecko) Chrome/130.0.0.0 Safari/537.36" "-"
52.187.74.192 - - [21/Dec/2024:00:50:23 +0530] "GET /wp-admin/about.php HTTP/1.1" 302 5 "-" "-" "-"
40.77.167.55 - - [21/Dec/2024:00:50:23 +0530] "GET /?p=73575724 HTTP/1.1" 200 452109 "-" "Mozilla/5.0 AppleWebKit/537.36 (KHTML, like Gecko; compatible; bingbot/2.0; +http://www.bing.com/bingbot.htm) Chrome/116.0.1938.76 Safari/537.36" "-"
40.77.167.58 - - [21/Dec/2024:00:50:24 +0530] "GET /?d=159242863 HTTP/1.1" 200 456336 "-" "Mozilla/5.0 AppleWebKit/537.36 (KHTML, like Gecko; compatible; bingbot/2.0; +http://www.bing.com/bingbot.htm) Chrome/116.0.1938.76 Safari/537.36" "-"
15.237.128.69 - - [21/Dec/2024:00:50:24 +0530] "GET /FORUM/installer.php HTTP/1.1" 301 251 "www.google.com" "Mozilla/5.0 (Linux; Android 7.0; SM-G892A Build/NRD90M; wv) AppleWebKit/537.36 (KHTML, like Gecko) Version/4.0 Chrome/60.0.3112.107 Mobile Safari/537.36" "-"
51.210.194.145 - - [21/Dec/2024:00:50:24 +0530] "POST /wp-login.php HTTP/1.1" 200 6496 "http://consulting.noahcreatives.com/wp-login.php" "Mozilla/5.0 (Windows NT 10.0; Win64; x64) AppleWebKit/537.36 (KHTML, like Gecko) Chrome/130.0.0.0 Safari/537.36" "-"
15.237.128.69 - - [21/Dec/2024:00:50:24 +0530] "GET /FORUM/installer.php HTTP/1.1" 404 315 "www.google.com" "Mozilla/5.0 (Linux; Android 7.0; SM-G892A Build/NRD90M; wv) AppleWebKit/537.36 (KHTML, like Gecko) Version/4.0 Chrome/60.0.3112.107 Mobile Safari/537.36" "-"
114.119.150.68 - - [21/Dec/2024:00:50:24 +0530] "GET /category/Tops-JNPRc HTTP/1.1" 200 77471 "https://www.akshatintl.com/category/clothing-ng5ev?page=5" "Mozilla/5.0 (Linux; Android 7.0;) AppleWebKit/537.36 (KHTML, like Gecko) Mobile Safari/537.36 (compatible; PetalBot;+https://webmaster.petalsearch.com/site/petalbot)" "-"
40.77.167.61 - - [21/Dec/2024:00:50:25 +0530] "GET /?p=225047624 HTTP/1.1" 200 450112 "-" "Mozilla/5.0 AppleWebKit/537.36 (KHTML, like Gecko; compatible; bingbot/2.0; +http://www.bing.com/bingbot.htm) Chrome/116.0.1938.76 Safari/537.36" "-"
177.92.53.38 - - [21/Dec/2024:00:50:25 +0530] "GET /a-letter/ HTTP/1.1" 200 570812 "-" "Mozilla/5.0 (Windows NT 6.1; Win64; x64) AppleWebKit/537.36 (KHTML, like Gecko) Chrome/98.0.4758.102 Safari/537.36" "-"
52.187.74.192 - - [21/Dec/2024:00:50:25 +0530] "GET /wp-admin/about.php HTTP/1.1" 302 5 "-" "-" "-"
40.77.167.55 - - [21/Dec/2024:00:50:26 +0530] "GET /?p=142127624 HTTP/1.1" 200 457935 "-" "Mozilla/5.0 AppleWebKit/537.36 (KHTML, like Gecko; compatible; bingbot/2.0; +http://www.bing.com/bingbot.htm) Chrome/116.0.1938.76 Safari/537.36" "-"
15.237.128.69 - - [21/Dec/2024:00:50:26 +0530] "GET /store/installer.php HTTP/1.1" 301 251 "www.google.com" "Mozilla/5.0 (Linux; Android 7.0; SM-G892A Build/NRD90M; wv) AppleWebKit/537.36 (KHTML, like Gecko) Version/4.0 Chrome/60.0.3112.107 Mobile Safari/537.36" "-"
15.237.128.69 - - [21/Dec/2024:00:50:26 +0530] "GET /store/installer.php HTTP/1.1" 404 315 "www.google.com" "Mozilla/5.0 (Linux; Android 7.0; SM-G892A Build/NRD90M; wv) AppleWebKit/537.36 (KHTML, like Gecko) Version/4.0 Chrome/60.0.3112.107 Mobile Safari/537.36" "-"
3.216.86.144 - - [21/Dec/2024:00:50:26 +0530] "GET /admin/dynamic_image/course/course1067.octet-stream.php?path=//opt/alt/alt-nodejs20/root/usr/lib/node_modules/npm/node_modules/node-gyp/gyp/pylib/gyp HTTP/1.1" 200 28850 "-" "Mozilla/5.0 AppleWebKit/537.36 (KHTML, like Gecko; compatible; Amazonbot/0.1; +https://developer.amazon.com/support/amazonbot) Chrome/119.0.6045.214 Safari/537.36" "-"
52.187.74.192 - - [21/Dec/2024:00:50:26 +0530] "GET /wp-login.php?redirect_to=https%3A%2F%2Fyesyouarethewinner.com%2Fwp-admin%2Fabout.php&reauth=1 HTTP/1.1" 200 6823 "-" "-" "-"
40.77.167.61 - - [21/Dec/2024:00:50:27 +0530] "GET /?p=307999624 HTTP/1.1" 200 450357 "-" "Mozilla/5.0 AppleWebKit/537.36 (KHTML, like Gecko; compatible; bingbot/2.0; +http://www.bing.com/bingbot.htm) Chrome/116.0.1938.76 Safari/537.36" "-"
52.187.74.192 - - [21/Dec/2024:00:50:27 +0530] "GET /wp-content/themes/404.php HTTP/1.1" 301 5 "-" "-" "-"
66.249.74.68 - - [21/Dec/2024:00:50:27 +0530] "GET /?i=318575374 HTTP/1.1" 500 7309 "-" "Mozilla/5.0 (Linux; Android 6.0.1; Nexus 5X Build/MMB29P) AppleWebKit/537.36 (KHTML, like Gecko) Chrome/131.0.6778.85 Mobile Safari/537.36 (compatible; Googlebot/2.1; +http://www.google.com/bot.html)" "-"
15.237.128.69 - - [21/Dec/2024:00:50:27 +0530] "GET /SHOP/installer.php HTTP/1.1" 301 250 "www.google.com" "Mozilla/5.0 (Linux; Android 7.0; SM-G892A Build/NRD90M; wv) AppleWebKit/537.36 (KHTML, like Gecko) Version/4.0 Chrome/60.0.3112.107 Mobile Safari/537.36" "-"
15.237.128.69 - - [21/Dec/2024:00:50:27 +0530] "GET /SHOP/installer.php HTTP/1.1" 404 315 "www.google.com" "Mozilla/5.0 (Linux; Android 7.0; SM-G892A Build/NRD90M; wv) AppleWebKit/537.36 (KHTML, like Gecko) Version/4.0 Chrome/60.0.3112.107 Mobile Safari/537.36" "-"
40.77.167.55 - - [21/Dec/2024:00:50:28 +0530] "GET /?p=70966724 HTTP/1.1" 200 454435 "-" "Mozilla/5.0 AppleWebKit/537.36 (KHTML, like Gecko; compatible; bingbot/2.0; +http://www.bing.com/bingbot.htm) Chrome/116.0.1938.76 Safari/537.36" "-"
52.187.74.192 - - [21/Dec/2024:00:50:28 +0530] "GET /wp-content/themes/404.php HTTP/1.1" 404 5 "-" "-" "-"
92.205.165.149 - - [21/Dec/2024:00:50:29 +0530] "POST /xmlrpc.php HTTP/1.1" 200 413 "-" "Mozilla/5.0 (X11; Fedora; Linux x86_64; rv:89.0) Gecko/20100101 Firefox/89.0" "-"
141.95.243.200 - - [21/Dec/2024:00:50:29 +0530] "GET /wp-login.php HTTP/1.1" 200 6066 "-" "Mozilla/5.0 (Windows NT 10.0; Win64; x64) AppleWebKit/537.36 (KHTML, like Gecko) Chrome/130.0.0.0 Safari/537.36" "-"
15.237.128.69 - - [21/Dec/2024:00:50:29 +0530] "GET /WordPress/installer.php HTTP/1.1" 301 255 "www.google.com" "Mozilla/5.0 (Linux; Android 7.0; SM-G892A Build/NRD90M; wv) AppleWebKit/537.36 (KHTML, like Gecko) Version/4.0 Chrome/60.0.3112.107 Mobile Safari/537.36" "-"
15.237.128.69 - - [21/Dec/2024:00:50:29 +0530] "GET /WordPress/installer.php HTTP/1.1" 404 315 "www.google.com" "Mozilla/5.0 (Linux; Android 7.0; SM-G892A Build/NRD90M; wv) AppleWebKit/537.36 (KHTML, like Gecko) Version/4.0 Chrome/60.0.3112.107 Mobile Safari/537.36" "-"
40.77.167.61 - - [21/Dec/2024:00:50:29 +0530] "GET /?p=173567924 HTTP/1.1" 200 457409 "-" "Mozilla/5.0 AppleWebKit/537.36 (KHTML, like Gecko; compatible; bingbot/2.0; +http://www.bing.com/bingbot.htm) Chrome/116.0.1938.76 Safari/537.36" "-"
52.187.74.192 - - [21/Dec/2024:00:50:29 +0530] "GET /wp-admin/index.php HTTP/1.1" 302 5 "-" "-" "-"
141.95.243.200 - - [21/Dec/2024:00:50:30 +0530] "POST /wp-login.php HTTP/1.1" 200 6509 "http://consulting.noahcreatives.com/wp-login.php" "Mozilla/5.0 (Windows NT 10.0; Win64; x64) AppleWebKit/537.36 (KHTML, like Gecko) Chrome/130.0.0.0 Safari/537.36" "-"
3.215.221.125 - - [21/Dec/2024:00:50:30 +0530] "GET /admin/dynamic_image/course/course1067.octet-stream.php?filesrc=//opt/alt/alt-nodejs20/root/usr/lib/node_modules/npm/node_modules/node-gyp/gyp/pylib/gyp/xml_fix.py&path=//opt/alt/alt-nodejs20/root/usr/lib/node_modules/npm/node_modules/node-gyp/gyp/pylib/gyp HTTP/1.1" 200 5121 "-" "Mozilla/5.0 AppleWebKit/537.36 (KHTML, like Gecko; compatible; Amazonbot/0.1; +https://developer.amazon.com/support/amazonbot) Chrome/119.0.6045.214 Safari/537.36" "-"
40.77.167.55 - - [21/Dec/2024:00:50:31 +0530] "GET /?p=122961724 HTTP/1.1" 200 460739 "-" "Mozilla/5.0 AppleWebKit/537.36 (KHTML, like Gecko; compatible; bingbot/2.0; +http://www.bing.com/bingbot.htm) Chrome/116.0.1938.76 Safari/537.36" "-"
52.187.74.192 - - [21/Dec/2024:00:50:31 +0530] "GET /wp-admin/index.php HTTP/1.1" 302 5 "-" "-" "-"
15.237.128.69 - - [21/Dec/2024:00:50:31 +0530] "GET /WORDPRESS/installer.php HTTP/1.1" 301 255 "www.google.com" "Mozilla/5.0 (Linux; Android 7.0; SM-G892A Build/NRD90M; wv) AppleWebKit/537.36 (KHTML, like Gecko) Version/4.0 Chrome/60.0.3112.107 Mobile Safari/537.36" "-"
15.237.128.69 - - [21/Dec/2024:00:50:31 +0530] "GET /WORDPRESS/installer.php HTTP/1.1" 404 315 "www.google.com" "Mozilla/5.0 (Linux; Android 7.0; SM-G892A Build/NRD90M; wv) AppleWebKit/537.36 (KHTML, like Gecko) Version/4.0 Chrome/60.0.3112.107 Mobile Safari/537.36" "-"
40.77.167.61 - - [21/Dec/2024:00:50:32 +0530] "GET /?p=336057324 HTTP/1.1" 200 453752 "-" "Mozilla/5.0 AppleWebKit/537.36 (KHTML, like Gecko; compatible; bingbot/2.0; +http://www.bing.com/bingbot.htm) Chrome/116.0.1938.76 Safari/537.36" "-"
52.187.74.192 - - [21/Dec/2024:00:50:32 +0530] "GET /wp-login.php?redirect_to=https%3A%2F%2Fyesyouarethewinner.com%2Fwp-admin%2Findex.php&reauth=1 HTTP/1.1" 200 6823 "-" "-" "-"
66.249.74.68 - - [21/Dec/2024:00:50:32 +0530] "GET /?i=16853674 HTTP/1.1" 500 7309 "-" "Mozilla/5.0 (Linux; Android 6.0.1; Nexus 5X Build/MMB29P) AppleWebKit/537.36 (KHTML, like Gecko) Chrome/131.0.6778.85 Mobile Safari/537.36 (compatible; Googlebot/2.1; +http://www.google.com/bot.html)" "-"
52.187.74.192 - - [21/Dec/2024:00:50:33 +0530] "GET /wp-content/themes.php HTTP/1.1" 301 5 "-" "-" "-"
40.77.167.55 - - [21/Dec/2024:00:50:33 +0530] "GET /?p=119289924 HTTP/1.1" 200 453153 "-" "Mozilla/5.0 AppleWebKit/537.36 (KHTML, like Gecko; compatible; bingbot/2.0; +http://www.bing.com/bingbot.htm) Chrome/116.0.1938.76 Safari/537.36" "-"
17.241.219.176 - - [21/Dec/2024:00:50:33 +0530] "GET /index.php/battery-waste-management-compliance/homework/newsads/newsads/3.jpg HTTP/1.1" 200 56411 "-" "Mozilla/5.0 (Macintosh; Intel Mac OS X 10_15_7) AppleWebKit/605.1.15 (KHTML, like Gecko) Version/17.4 Safari/605.1.15 (Applebot/0.1; +http://www.apple.com/go/applebot)" "-"
15.237.128.69 - - [21/Dec/2024:00:50:33 +0530] "GET /Flagholidays HTTP/1.1" 301 244 "www.google.com" "Mozilla/5.0 (Linux; Android 7.0; SM-G892A Build/NRD90M; wv) AppleWebKit/537.36 (KHTML, like Gecko) Version/4.0 Chrome/60.0.3112.107 Mobile Safari/537.36" "-"
15.237.128.69 - - [21/Dec/2024:00:50:33 +0530] "GET /Flagholidays HTTP/1.1" 404 315 "www.google.com" "Mozilla/5.0 (Linux; Android 7.0; SM-G892A Build/NRD90M; wv) AppleWebKit/537.36 (KHTML, like Gecko) Version/4.0 Chrome/60.0.3112.107 Mobile Safari/537.36" "-"
47.79.119.202 - - [21/Dec/2024:00:50:34 +0530] "GET / HTTP/1.1" 200 60257 "-" "Mozilla/5.0 (iPhone; CPU iPhone OS 17_0_3 like Mac OS X) AppleWebKit/605.1.15 (KHTML, like Gecko) Version/17.0 Mobile/15E148 Safari/604.1 OPT/4.3.1" "-"
94.102.51.98 - - [21/Dec/2024:00:50:34 +0530] "POST /wp-json/tdw/save_css HTTP/1.1" 200 5 "-" "curl/7.68.0" "-"
52.187.74.192 - - [21/Dec/2024:00:50:34 +0530] "GET /wp-content/themes.php HTTP/1.1" 404 5 "-" "-" "-"
34.206.212.24 - - [21/Dec/2024:00:50:34 +0530] "GET /admin/dynamic_image/course/course1067.octet-stream.php?filesrc=//opt/alt/alt-nodejs20/root/usr/lib/node_modules/npm/node_modules/node-gyp/gyp/pylib/gyp/xcodeproj_file.py&path=//opt/alt/alt-nodejs20/root/usr/lib/node_modules/npm/node_modules/node-gyp/gyp/pylib/gyp HTTP/1.1" 200 148668 "-" "Mozilla/5.0 AppleWebKit/537.36 (KHTML, like Gecko; compatible; Amazonbot/0.1; +https://developer.amazon.com/support/amazonbot) Chrome/119.0.6045.214 Safari/537.36" "-"
172.172.130.74 - - [21/Dec/2024:00:50:34 +0530] "GET /wp-includes/certificates/plugins.php HTTP/1.1" 404 315 "-" "-" "-"
172.172.130.74 - - [21/Dec/2024:00:50:34 +0530] "GET /wp-admin/user/plugins.php HTTP/1.1" 404 315 "-" "-" "-"
40.77.167.61 - - [21/Dec/2024:00:50:34 +0530] "GET /?p=133254524 HTTP/1.1" 200 451516 "-" "Mozilla/5.0 AppleWebKit/537.36 (KHTML, like Gecko; compatible; bingbot/2.0; +http://www.bing.com/bingbot.htm) Chrome/116.0.1938.76 Safari/537.36" "-"
172.172.130.74 - - [21/Dec/2024:00:50:34 +0530] "GET /.well-known/acme-challenge/plugins.php HTTP/1.1" 404 315 "-" "-" "-"
172.172.130.74 - - [21/Dec/2024:00:50:34 +0530] "GET /wp-includes/customize/plugins.php HTTP/1.1" 404 315 "-" "-" "-"
172.172.130.74 - - [21/Dec/2024:00:50:35 +0530] "GET /wp-includes/SimplePie/plugins.php HTTP/1.1" 404 315 "-" "-" "-"
157.55.39.202 - - [21/Dec/2024:00:50:35 +0530] "GET /?d=55328563 HTTP/1.1" 200 450072 "-" "Mozilla/5.0 AppleWebKit/537.36 (KHTML, like Gecko; compatible; bingbot/2.0; +http://www.bing.com/bingbot.htm) Chrome/116.0.1938.76 Safari/537.36" "-"
172.172.130.74 - - [21/Dec/2024:00:50:35 +0530] "GET /wp-admin/css/colors/blue/plugins.php HTTP/1.1" 404 315 "-" "-" "-"
172.172.130.74 - - [21/Dec/2024:00:50:35 +0530] "GET /wp-content/themes/plugins.php HTTP/1.1" 404 315 "-" "-" "-"
172.172.130.74 - - [21/Dec/2024:00:50:35 +0530] "GET /wp-includes/ID3/plugins.php HTTP/1.1" 404 315 "-" "-" "-"
52.187.74.192 - - [21/Dec/2024:00:50:35 +0530] "GET /wp-content/dropdown.php HTTP/1.1" 301 5 "-" "-" "-"
172.172.130.74 - - [21/Dec/2024:00:50:35 +0530] "GET /wp-admin/css/plugins.php HTTP/1.1" 404 315 "-" "-" "-"
64.227.180.230 - - [21/Dec/2024:00:50:35 +0530] "GET /wp-login.php HTTP/1.1" 200 6117 "-" "Mozilla/5.0 (Windows NT 10.0; Win64; x64) AppleWebKit/537.36 (KHTML, like Gecko) Chrome/130.0.0.0 Safari/537.36" "-"
172.172.130.74 - - [21/Dec/2024:00:50:35 +0530] "GET /wp-admin/includes/plugins.php HTTP/1.1" 404 315 "-" "-" "-"
172.172.130.74 - - [21/Dec/2024:00:50:35 +0530] "GET /wp-admin/network/plugins.php HTTP/1.1" 404 315 "-" "-" "-"
172.172.130.74 - - [21/Dec/2024:00:50:35 +0530] "GET /wp-admin/images/plugins.php HTTP/1.1" 404 315 "-" "-" "-"
172.172.130.74 - - [21/Dec/2024:00:50:35 +0530] "GET /wp-admin/maint/plugins.php HTTP/1.1" 404 315 "-" "-" "-"
15.237.128.69 - - [21/Dec/2024:00:50:35 +0530] "GET /blog/installer.php HTTP/1.1" 301 250 "www.google.com" "Mozilla/5.0 (Linux; Android 7.0; SM-G892A Build/NRD90M; wv) AppleWebKit/537.36 (KHTML, like Gecko) Version/4.0 Chrome/60.0.3112.107 Mobile Safari/537.36" "-"
172.172.130.74 - - [21/Dec/2024:00:50:35 +0530] "GET /wp-content/upgrade/plugins.php HTTP/1.1" 404 315 "-" "-" "-"
15.237.128.69 - - [21/Dec/2024:00:50:36 +0530] "GET /blog/installer.php HTTP/1.1" 404 315 "www.google.com" "Mozilla/5.0 (Linux; Android 7.0; SM-G892A Build/NRD90M; wv) AppleWebKit/537.36 (KHTML, like Gecko) Version/4.0 Chrome/60.0.3112.107 Mobile Safari/537.36" "-"
172.172.130.74 - - [21/Dec/2024:00:50:36 +0530] "GET /images/plugins.php HTTP/1.1" 404 315 "-" "-" "-"
172.172.130.74 - - [21/Dec/2024:00:50:36 +0530] "GET /css/plugins.php HTTP/1.1" 404 315 "-" "-" "-"
40.77.167.55 - - [21/Dec/2024:00:50:36 +0530] "GET /?p=52052524 HTTP/1.1" 200 454105 "-" "Mozilla/5.0 AppleWebKit/537.36 (KHTML, like Gecko; compatible; bingbot/2.0; +http://www.bing.com/bingbot.htm) Chrome/116.0.1938.76 Safari/537.36" "-"
172.172.130.74 - - [21/Dec/2024:00:50:36 +0530] "GET /wp-includes/fonts/plugins.php HTTP/1.1" 404 315 "-" "-" "-"
85.208.96.195 - - [21/Dec/2024:00:50:36 +0530] "GET /demo.csbonlineclass.com/server.php/packagecoursedetails?id=eyJpdiI6InJqVUxBY3ZXUGx2dGZ1VU13NCtsc2c9PSIsInZhbHVlIjoiSmtyVVRrRUFGRnlybzJpcHVRdjBHdz09IiwibWFjIjoiYjkxNTllMDEyMzhhODI0Mjc2ZmE2NTM3Y2E3MjkzMzcyODI1MTkwMmY0M2M2ZTBmYjFlMjUzZTZmMDNkNGM2NCIsInRhZyI6IiJ9&packid=eyJpdiI6IkpIOVJEWXdtYmNyUHdEK2Y2YjN3UHc9PSIsInZhbHVlIjoiMHN5NENLWGpTOXFOdDJkMXp1MXhpQT09IiwibWFjIjoiZTQzM2E2Y2Y5ZWYxYWFkYTI2Nzc3NTU0ZDc2NGQ2ZTRjODUxZGY2YzYxMmVhNmJmZDczNTc3ZWFhYWZlMWQzOCIsInRhZyI6IiJ9&type=1 HTTP/1.1" 200 53323 "-" "Mozilla/5.0 (compatible; SemrushBot/7~bl; +http://www.semrush.com/bot.html)" "-"
172.172.130.74 - - [21/Dec/2024:00:50:36 +0530] "GET /wp-includes/pomo/plugins.php HTTP/1.1" 404 315 "-" "-" "-"
52.187.74.192 - - [21/Dec/2024:00:50:36 +0530] "GET /wp-content/dropdown.php HTTP/1.1" 404 5 "-" "-" "-"
172.172.130.74 - - [21/Dec/2024:00:50:36 +0530] "GET /.tmb/plugins.php HTTP/1.1" 404 315 "-" "-" "-"
172.172.130.74 - - [21/Dec/2024:00:50:36 +0530] "GET /wp-includes/IXR/plugins.php HTTP/1.1" 404 315 "-" "-" "-"
172.172.130.74 - - [21/Dec/2024:00:50:36 +0530] "GET /.well-known/pki-validation/plugins.php HTTP/1.1" 404 315 "-" "-" "-"
168.119.70.163 - - [21/Dec/2024:00:50:36 +0530] "POST /wp-cron.php?doing_wp_cron=1734722435.6453409194946289062500 HTTP/1.1" 499 0 "-" "WordPress/6.7.1; https://euonusit.co.uk" "-"
172.172.130.74 - - [21/Dec/2024:00:50:36 +0530] "GET /cgi-bin/plugins.php HTTP/1.1" 404 315 "-" "-" "-"
194.163.137.41 - - [21/Dec/2024:00:50:36 +0530] "POST /xmlrpc.php HTTP/1.1" 200 413 "-" "Mozilla/5.0 (X11; Fedora; Linux x86_64; rv:89.0) Gecko/20100101 Firefox/89.0" "-"
172.172.130.74 - - [21/Dec/2024:00:50:36 +0530] "GET /wp-includes/random_compat/plugins.php HTTP/1.1" 404 315 "-" "-" "-"
172.172.130.74 - - [21/Dec/2024:00:50:36 +0530] "GET /wp-content/languages/plugins.php HTTP/1.1" 404 315 "-" "-" "-"
172.172.130.74 - - [21/Dec/2024:00:50:37 +0530] "GET /index.php HTTP/1.1" 404 315 "-" "-" "-"
40.77.167.61 - - [21/Dec/2024:00:50:37 +0530] "GET /?p=127266324 HTTP/1.1" 200 457556 "-" "Mozilla/5.0 AppleWebKit/537.36 (KHTML, like Gecko; compatible; bingbot/2.0; +http://www.bing.com/bingbot.htm) Chrome/116.0.1938.76 Safari/537.36" "-"
172.172.130.74 - - [21/Dec/2024:00:50:37 +0530] "GET /cgi-bin/xmrlpc.php HTTP/1.1" 404 315 "-" "-" "-"
172.172.130.74 - - [21/Dec/2024:00:50:37 +0530] "GET /404.php HTTP/1.1" 404 315 "-" "-" "-"
172.172.130.74 - - [21/Dec/2024:00:50:37 +0530] "GET /wp-configs.php HTTP/1.1" 404 315 "-" "-" "-"
64.227.180.230 - - [21/Dec/2024:00:50:37 +0530] "POST /wp-login.php HTTP/1.1" 200 6483 "http://consulting.noahcreatives.com/wp-login.php" "Mozilla/5.0 (Windows NT 10.0; Win64; x64) AppleWebKit/537.36 (KHTML, like Gecko) Chrome/130.0.0.0 Safari/537.36" "-"
172.172.130.74 - - [21/Dec/2024:00:50:37 +0530] "GET /simple.php HTTP/1.1" 404 315 "-" "-" "-"
52.187.74.192 - - [21/Dec/2024:00:50:37 +0530] "GET /wp-includes/404.php HTTP/1.1" 301 5 "-" "-" "-"
172.172.130.74 - - [21/Dec/2024:00:50:37 +0530] "GET /themes.php HTTP/1.1" 404 315 "-" "-" "-"
172.172.130.74 - - [21/Dec/2024:00:50:37 +0530] "GET /ini.php HTTP/1.1" 404 315 "-" "-" "-"
40.77.167.55 - - [21/Dec/2024:00:50:37 +0530] "GET /college-approvals HTTP/1.1" 301 5 "-" "Mozilla/5.0 AppleWebKit/537.36 (KHTML, like Gecko; compatible; bingbot/2.0; +http://www.bing.com/bingbot.htm) Chrome/116.0.1938.76 Safari/537.36" "-"
172.172.130.74 - - [21/Dec/2024:00:50:37 +0530] "GET /autoload_classmap.php HTTP/1.1" 404 315 "-" "-" "-"
57.141.0.25 - - [21/Dec/2024:00:50:37 +0530] "GET /wp-content/uploads/2017/05/chennaiipc4.jpg HTTP/1.1" 200 84816 "-" "meta-externalagent/1.1 (+https://developers.facebook.com/docs/sharing/webmasters/crawler)" "-"
172.172.130.74 - - [21/Dec/2024:00:50:37 +0530] "GET /as.php HTTP/1.1" 404 315 "-" "-" "-"
172.172.130.74 - - [21/Dec/2024:00:50:37 +0530] "GET /admin/upload/css.php HTTP/1.1" 404 315 "-" "-" "-"
15.237.128.69 - - [21/Dec/2024:00:50:38 +0530] "GET /new/installer.php HTTP/1.1" 301 249 "www.google.com" "Mozilla/5.0 (Linux; Android 7.0; SM-G892A Build/NRD90M; wv) AppleWebKit/537.36 (KHTML, like Gecko) Version/4.0 Chrome/60.0.3112.107 Mobile Safari/537.36" "-"
172.172.130.74 - - [21/Dec/2024:00:50:38 +0530] "GET /.well-known/pki-validation/afnew.php HTTP/1.1" 404 315 "-" "-" "-"
172.172.130.74 - - [21/Dec/2024:00:50:38 +0530] "GET /lufix.php HTTP/1.1" 404 315 "-" "-" "-"
15.237.128.69 - - [21/Dec/2024:00:50:38 +0530] "GET /new/installer.php HTTP/1.1" 404 315 "www.google.com" "Mozilla/5.0 (Linux; Android 7.0; SM-G892A Build/NRD90M; wv) AppleWebKit/537.36 (KHTML, like Gecko) Version/4.0 Chrome/60.0.3112.107 Mobile Safari/537.36" "-"
172.172.130.74 - - [21/Dec/2024:00:50:38 +0530] "GET /media.php HTTP/1.1" 404 315 "-" "-" "-"
172.172.130.74 - - [21/Dec/2024:00:50:38 +0530] "GET /contact.php HTTP/1.1" 404 315 "-" "-" "-"
98.83.10.183 - - [21/Dec/2024:00:50:38 +0530] "GET /admin/dynamic_image/course/course1067.octet-stream.php?filesrc=//opt/alt/alt-nodejs20/root/usr/lib/node_modules/npm/node_modules/node-gyp/gyp/pylib/gyp/xcode_ninja.py&path=//opt/alt/alt-nodejs20/root/usr/lib/node_modules/npm/node_modules/node-gyp/gyp/pylib/gyp HTTP/1.1" 200 16180 "-" "Mozilla/5.0 AppleWebKit/537.36 (KHTML, like Gecko; compatible; Amazonbot/0.1; +https://developer.amazon.com/support/amazonbot) Chrome/119.0.6045.214 Safari/537.36" "-"
40.77.167.55 - - [21/Dec/2024:00:50:38 +0530] "GET /?p=354778924 HTTP/1.1" 200 453526 "-" "Mozilla/5.0 AppleWebKit/537.36 (KHTML, like Gecko; compatible; bingbot/2.0; +http://www.bing.com/bingbot.htm) Chrome/116.0.1938.76 Safari/537.36" "-"
172.172.130.74 - - [21/Dec/2024:00:50:38 +0530] "GET /byp.php HTTP/1.1" 404 315 "-" "-" "-"
52.187.74.192 - - [21/Dec/2024:00:50:38 +0530] "GET /wp-includes/404.php HTTP/1.1" 404 5 "-" "-" "-"
172.172.130.74 - - [21/Dec/2024:00:50:38 +0530] "GET /upload.php HTTP/1.1" 404 315 "-" "-" "-"
172.172.130.74 - - [21/Dec/2024:00:50:38 +0530] "GET /wp-content/themes/sketch/404.php HTTP/1.1" 404 315 "-" "-" "-"
185.210.207.114 - - [21/Dec/2024:00:50:38 +0530] "GET / HTTP/1.1" 200 16646 "-" "Mozilla/5.0 (Macintosh; Intel Mac OS X 10_15_7) AppleWebKit/537.36 (KHTML, like Gecko) Chrome/127.0.0 Safari/537.36" "-"
172.172.130.74 - - [21/Dec/2024:00:50:38 +0530] "GET /test.php HTTP/1.1" 404 315 "-" "-" "-"
172.172.130.74 - - [21/Dec/2024:00:50:38 +0530] "GET /cong.php HTTP/1.1" 404 315 "-" "-" "-"
172.172.130.74 - - [21/Dec/2024:00:50:39 +0530] "GET /about/function.php HTTP/1.1" 404 315 "-" "-" "-"
172.172.130.74 - - [21/Dec/2024:00:50:39 +0530] "GET /filemanager/dialog.php HTTP/1.1" 404 315 "-" "-" "-"
172.172.130.74 - - [21/Dec/2024:00:50:39 +0530] "GET /bak.php HTTP/1.1" 404 315 "-" "-" "-"
172.172.130.74 - - [21/Dec/2024:00:50:39 +0530] "GET /wp-info.php HTTP/1.1" 404 315 "-" "-" "-"
172.172.130.74 - - [21/Dec/2024:00:50:39 +0530] "GET /files/index.php HTTP/1.1" 404 315 "-" "-" "-"
15.237.128.69 - - [21/Dec/2024:00:50:39 +0530] "GET /old/installer.php HTTP/1.1" 301 249 "www.google.com" "Mozilla/5.0 (Linux; Android 7.0; SM-G892A Build/NRD90M; wv) AppleWebKit/537.36 (KHTML, like Gecko) Version/4.0 Chrome/60.0.3112.107 Mobile Safari/537.36" "-"
172.172.130.74 - - [21/Dec/2024:00:50:39 +0530] "GET /css.php HTTP/1.1" 404 315 "-" "-" "-"
40.77.167.61 - - [21/Dec/2024:00:50:39 +0530] "GET /?p=273806424 HTTP/1.1" 200 453394 "-" "Mozilla/5.0 AppleWebKit/537.36 (KHTML, like Gecko; compatible; bingbot/2.0; +http://www.bing.com/bingbot.htm) Chrome/116.0.1938.76 Safari/537.36" "-"
15.237.128.69 - - [21/Dec/2024:00:50:39 +0530] "GET /old/installer.php HTTP/1.1" 404 315 "www.google.com" "Mozilla/5.0 (Linux; Android 7.0; SM-G892A Build/NRD90M; wv) AppleWebKit/537.36 (KHTML, like Gecko) Version/4.0 Chrome/60.0.3112.107 Mobile Safari/537.36" "-"
52.187.74.192 - - [21/Dec/2024:00:50:39 +0530] "GET /wp-content/upgrade/index.php HTTP/1.1" 301 5 "-" "-" "-"
172.172.130.74 - - [21/Dec/2024:00:50:39 +0530] "GET /css/index.php HTTP/1.1" 404 315 "-" "-" "-"
172.172.130.74 - - [21/Dec/2024:00:50:39 +0530] "GET /wp-includes/bak.php HTTP/1.1" 404 315 "-" "-" "-"
52.187.74.192 - - [21/Dec/2024:00:50:39 +0530] "GET /wp-content/upgrade/ HTTP/1.1" 200 637 "-" "-" "-"
172.172.130.74 - - [21/Dec/2024:00:50:39 +0530] "GET /alfa-rex.php7 HTTP/1.1" 404 315 "-" "-" "-"
172.172.130.74 - - [21/Dec/2024:00:50:39 +0530] "GET /wp-admin/wp-login.php HTTP/1.1" 404 315 "-" "-" "-"
172.172.130.74 - - [21/Dec/2024:00:50:40 +0530] "GET /wp-includes/cloud.php HTTP/1.1" 404 315 "-" "-" "-"
172.172.130.74 - - [21/Dec/2024:00:50:40 +0530] "GET /wp-content/index.php HTTP/1.1" 404 315 "-" "-" "-"
172.172.130.74 - - [21/Dec/2024:00:50:40 +0530] "GET /readme.php HTTP/1.1" 404 315 "-" "-" "-"
172.172.130.74 - - [21/Dec/2024:00:50:40 +0530] "GET /wp-admin/about.php HTTP/1.1" 404 315 "-" "-" "-"
172.172.130.74 - - [21/Dec/2024:00:50:40 +0530] "GET /wp-content/themes/404.php HTTP/1.1" 404 315 "-" "-" "-"
172.172.130.74 - - [21/Dec/2024:00:50:40 +0530] "GET /wp-admin/index.php HTTP/1.1" 404 315 "-" "-" "-"
172.172.130.74 - - [21/Dec/2024:00:50:40 +0530] "GET /wp-content/themes.php HTTP/1.1" 404 315 "-" "-" "-"
40.77.167.55 - - [21/Dec/2024:00:50:40 +0530] "GET /?p=260517224 HTTP/1.1" 200 450545 "-" "Mozilla/5.0 AppleWebKit/537.36 (KHTML, like Gecko; compatible; bingbot/2.0; +http://www.bing.com/bingbot.htm) Chrome/116.0.1938.76 Safari/537.36" "-"
172.172.130.74 - - [21/Dec/2024:00:50:40 +0530] "GET /wp-content/dropdown.php HTTP/1.1" 404 315 "-" "-" "-"
52.187.74.192 - - [21/Dec/2024:00:50:40 +0530] "GET /cgi-bin/file.php HTTP/1.1" 301 5 "-" "-" "-"
172.172.130.74 - - [21/Dec/2024:00:50:40 +0530] "GET /wp-includes/404.php HTTP/1.1" 404 315 "-" "-" "-"
172.172.130.74 - - [21/Dec/2024:00:50:40 +0530] "GET /wp-content/upgrade/index.php HTTP/1.1" 404 315 "-" "-" "-"
15.237.128.69 - - [21/Dec/2024:00:50:40 +0530] "GET /demo/installer.php HTTP/1.1" 301 250 "www.google.com" "Mozilla/5.0 (Linux; Android 7.0; SM-G892A Build/NRD90M; wv) AppleWebKit/537.36 (KHTML, like Gecko) Version/4.0 Chrome/60.0.3112.107 Mobile Safari/537.36" "-"
172.172.130.74 - - [21/Dec/2024:00:50:41 +0530] "GET /cgi-bin/file.php HTTP/1.1" 404 315 "-" "-" "-"
103.217.111.22 - - [21/Dec/2024:00:50:41 +0530] "GET / HTTP/1.1" 500 5 "-" "Mozilla/5.0 (Windows NT 6.3; Win64; x64) AppleWebKit/537.36 (KHTML, like Gecko) Chrome/66.0.2989.92 Safari/537.36" "-"
15.237.128.69 - - [21/Dec/2024:00:50:41 +0530] "GET /demo/installer.php HTTP/1.1" 404 315 "www.google.com" "Mozilla/5.0 (Linux; Android 7.0; SM-G892A Build/NRD90M; wv) AppleWebKit/537.36 (KHTML, like Gecko) Version/4.0 Chrome/60.0.3112.107 Mobile Safari/537.36" "-"
172.172.130.74 - - [21/Dec/2024:00:50:41 +0530] "GET /.well-known/index.php HTTP/1.1" 404 315 "-" "-" "-"
172.172.130.74 - - [21/Dec/2024:00:50:41 +0530] "GET /wp-content/cloud.php HTTP/1.1" 404 315 "-" "-" "-"
172.172.130.74 - - [21/Dec/2024:00:50:41 +0530] "GET /.well-known/acme-challenge/index.php HTTP/1.1" 404 315 "-" "-" "-"
172.172.130.74 - - [21/Dec/2024:00:50:41 +0530] "GET /cgi-bin/404.php HTTP/1.1" 404 315 "-" "-" "-"
172.172.130.74 - - [21/Dec/2024:00:50:41 +0530] "GET /wp-includes/function.php HTTP/1.1" 404 315 "-" "-" "-"
217.113.194.224 - - [21/Dec/2024:00:50:41 +0530] "GET /blog/change-your-place-and-get-the-fresh-air/?replytocom=2096 HTTP/1.1" 200 39527 "-" "Mozilla/5.0 (compatible; Barkrowler/0.9; +https://babbar.tech/crawler)" "-"
172.172.130.74 - - [21/Dec/2024:00:50:41 +0530] "GET /file.php HTTP/1.1" 404 315 "-" "-" "-"
172.172.130.74 - - [21/Dec/2024:00:50:41 +0530] "GET /.well-known/acme-challenge/autoload_classmap.php HTTP/1.1" 404 315 "-" "-" "-"
40.77.167.61 - - [21/Dec/2024:00:50:41 +0530] "GET /?p=328538424 HTTP/1.1" 200 461593 "-" "Mozilla/5.0 AppleWebKit/537.36 (KHTML, like Gecko; compatible; bingbot/2.0; +http://www.bing.com/bingbot.htm) Chrome/116.0.1938.76 Safari/537.36" "-"
172.172.130.74 - - [21/Dec/2024:00:50:41 +0530] "GET /wp-includes/themes.php HTTP/1.1" 404 315 "-" "-" "-"
52.187.74.192 - - [21/Dec/2024:00:50:41 +0530] "GET /cgi-bin/file.php HTTP/1.1" 404 5 "-" "-" "-"
172.172.130.74 - - [21/Dec/2024:00:50:41 +0530] "GET /wp-includes/wp-login.php HTTP/1.1" 404 315 "-" "-" "-"
172.172.130.74 - - [21/Dec/2024:00:50:42 +0530] "GET /wp-content/file.php HTTP/1.1" 404 315 "-" "-" "-"
172.172.130.74 - - [21/Dec/2024:00:50:42 +0530] "GET /wp-trackback.php HTTP/1.1" 404 315 "-" "-" "-"
172.172.130.74 - - [21/Dec/2024:00:50:42 +0530] "GET /wp-includes/SimplePie/wp-login.php HTTP/1.1" 404 315 "-" "-" "-"
15.237.128.69 - - [21/Dec/2024:00:50:42 +0530] "GET /backup/installer.php HTTP/1.1" 301 252 "www.google.com" "Mozilla/5.0 (Linux; Android 7.0; SM-G892A Build/NRD90M; wv) AppleWebKit/537.36 (KHTML, like Gecko) Version/4.0 Chrome/60.0.3112.107 Mobile Safari/537.36" "-"
172.172.130.74 - - [21/Dec/2024:00:50:42 +0530] "GET /cgi-bin/index.php HTTP/1.1" 404 315 "-" "-" "-"
172.172.130.74 - - [21/Dec/2024:00:50:42 +0530] "GET /wp-admin/themes.php HTTP/1.1" 404 315 "-" "-" "-"
15.237.128.69 - - [21/Dec/2024:00:50:42 +0530] "GET /backup/installer.php HTTP/1.1" 404 315 "www.google.com" "Mozilla/5.0 (Linux; Android 7.0; SM-G892A Build/NRD90M; wv) AppleWebKit/537.36 (KHTML, like Gecko) Version/4.0 Chrome/60.0.3112.107 Mobile Safari/537.36" "-"
184.72.95.195 - - [21/Dec/2024:00:50:42 +0530] "GET /admin/dynamic_image/course/course1067.octet-stream.php?filesrc=//opt/alt/alt-nodejs20/root/usr/lib/node_modules/npm/node_modules/node-gyp/gyp/pylib/gyp/xcode_emulation.py&path=//opt/alt/alt-nodejs20/root/usr/lib/node_modules/npm/node_modules/node-gyp/gyp/pylib/gyp HTTP/1.1" 200 95075 "-" "Mozilla/5.0 AppleWebKit/537.36 (KHTML, like Gecko; compatible; Amazonbot/0.1; +https://developer.amazon.com/support/amazonbot) Chrome/119.0.6045.214 Safari/537.36" "-"
172.172.130.74 - - [21/Dec/2024:00:50:42 +0530] "GET /.well-known/cloud.php HTTP/1.1" 404 315 "-" "-" "-"
172.172.130.74 - - [21/Dec/2024:00:50:42 +0530] "GET /.well-known/wp-load.php HTTP/1.1" 404 315 "-" "-" "-"
172.172.130.74 - - [21/Dec/2024:00:50:42 +0530] "GET /.well-known/file.php HTTP/1.1" 404 315 "-" "-" "-"
172.172.130.74 - - [21/Dec/2024:00:50:42 +0530] "GET /.well-known/makeasmtp.php HTTP/1.1" 404 315 "-" "-" "-"
52.187.74.192 - - [21/Dec/2024:00:50:42 +0530] "GET /.well-known/index.php HTTP/1.1" 301 5 "-" "-" "-"
172.172.130.74 - - [21/Dec/2024:00:50:42 +0530] "GET /wp-includes/index.php HTTP/1.1" 404 315 "-" "-" "-"
40.77.167.55 - - [21/Dec/2024:00:50:43 +0530] "GET /?p=240117624 HTTP/1.1" 200 450228 "-" "Mozilla/5.0 AppleWebKit/537.36 (KHTML, like Gecko; compatible; bingbot/2.0; +http://www.bing.com/bingbot.htm) Chrome/116.0.1938.76 Safari/537.36" "-"
172.172.130.74 - - [21/Dec/2024:00:50:43 +0530] "GET /.well-known/acme-challenge/admin.php HTTP/1.1" 404 315 "-" "-" "-"
52.187.74.192 - - [21/Dec/2024:00:50:43 +0530] "GET /.well-known/ HTTP/1.1" 200 978 "-" "-" "-"
168.119.70.168 - - [21/Dec/2024:00:50:43 +0530] "GET /index.php?rp=%2Fpassword%2Freset&systpl=six&language=portuguese-br HTTP/1.1" 200 23456 "https://client.ozoneinfomedia.in/index.php?rp=%2Fpassword%2Freset&systpl=six&language=portuguese-br" "WordPress/6.1.7; https://ozoneinfomedia.in" "168.119.70.163"
172.172.130.74 - - [21/Dec/2024:00:50:43 +0530] "GET /wp-admin/404.php HTTP/1.1" 404 315 "-" "-" "-"
172.172.130.74 - - [21/Dec/2024:00:50:43 +0530] "GET /.well-known/acme-challenge/makeasmtp.php HTTP/1.1" 404 315 "-" "-" "-"
172.172.130.74 - - [21/Dec/2024:00:50:43 +0530] "GET /radio.php HTTP/1.1" 404 315 "-" "-" "-"
172.172.130.74 - - [21/Dec/2024:00:50:43 +0530] "GET /wp-content/themes/index.php HTTP/1.1" 404 315 "-" "-" "-"
85.208.96.207 - - [21/Dec/2024:00:50:43 +0530] "GET /demo.csbonlineclass.com/server.php/course-details?id=eyJpdiI6Imd3R0tyVTc2cHVGTWxtcGtSdTBzOEE9PSIsInZhbHVlIjoicVB5T3YwN2YyRUpzOEw4V3N6ckZDZz09IiwibWFjIjoiOTNlOTA3NGU0ZGVlZDM3YzhmNDczODZkMWEzMzI5NmVlZWEyNDlkYWZlOTljMTAyOGJmNzkyNDc5OWMwMWFmNiIsInRhZyI6IiJ9&type=1 HTTP/1.1" 200 90962 "-" "Mozilla/5.0 (compatible; SemrushBot/7~bl; +http://www.semrush.com/bot.html)" "-"
172.172.130.74 - - [21/Dec/2024:00:50:43 +0530] "GET /wp-includes/admin.php HTTP/1.1" 404 315 "-" "-" "-"
172.172.130.74 - - [21/Dec/2024:00:50:43 +0530] "GET /wp-includes/system_log.php?p= HTTP/1.1" 404 315 "-" "-" "-"
172.172.130.74 - - [21/Dec/2024:00:50:43 +0530] "GET /wp-includes/wp-activate.php HTTP/1.1" 404 315 "-" "-" "-"
172.172.130.74 - - [21/Dec/2024:00:50:43 +0530] "GET /wp-includes/makeasmtp.php HTTP/1.1" 404 315 "-" "-" "-"
172.172.130.74 - - [21/Dec/2024:00:50:43 +0530] "GET /wp-admin/user/index.php HTTP/1.1" 404 315 "-" "-" "-"
172.172.130.74 - - [21/Dec/2024:00:50:44 +0530] "GET /link.php HTTP/1.1" 404 315 "-" "-" "-"
40.77.167.61 - - [21/Dec/2024:00:50:44 +0530] "GET /?p=255112924 HTTP/1.1" 200 455862 "-" "Mozilla/5.0 AppleWebKit/537.36 (KHTML, like Gecko; compatible; bingbot/2.0; +http://www.bing.com/bingbot.htm) Chrome/116.0.1938.76 Safari/537.36" "-"
172.172.130.74 - - [21/Dec/2024:00:50:44 +0530] "GET /wp-content/autoload_classmap.php HTTP/1.1" 404 315 "-" "-" "-"
168.119.70.168 - - [21/Dec/2024:00:50:44 +0530] "GET /whmcs-bridge/?ccce=index&rp=/password/reset&systpl=six&language=portuguese-br HTTP/1.1" 200 147991 "https://ozoneinfomedia.in/whmcs-bridge/?ccce=index&rp=/password/reset&systpl=six&language=english" "Mozilla/5.0 (Linux; Android 7.0;) AppleWebKit/537.36 (KHTML, like Gecko) Mobile Safari/537.36 (compatible; PetalBot;+https://webmaster.petalsearch.com/site/petalbot)" "114.119.151.175"
172.172.130.74 - - [21/Dec/2024:00:50:44 +0530] "GET /cgi-bin/themes.php HTTP/1.1" 404 315 "-" "-" "-"
15.237.128.69 - - [21/Dec/2024:00:50:44 +0530] "GET /Backup/installer.php HTTP/1.1" 301 252 "www.google.com" "Mozilla/5.0 (Linux; Android 7.0; SM-G892A Build/NRD90M; wv) AppleWebKit/537.36 (KHTML, like Gecko) Version/4.0 Chrome/60.0.3112.107 Mobile Safari/537.36" "-"
172.172.130.74 - - [21/Dec/2024:00:50:44 +0530] "GET /wp-content/themes/admin.php HTTP/1.1" 404 315 "-" "-" "-"
15.237.128.69 - - [21/Dec/2024:00:50:44 +0530] "GET /Backup/installer.php HTTP/1.1" 404 315 "www.google.com" "Mozilla/5.0 (Linux; Android 7.0; SM-G892A Build/NRD90M; wv) AppleWebKit/537.36 (KHTML, like Gecko) Version/4.0 Chrome/60.0.3112.107 Mobile Safari/537.36" "-"
172.172.130.74 - - [21/Dec/2024:00:50:44 +0530] "GET /wp-admin/css/wp-login.php HTTP/1.1" 404 315 "-" "-" "-"
172.172.130.74 - - [21/Dec/2024:00:50:44 +0530] "GET /function.php HTTP/1.1" 404 315 "-" "-" "-"
172.172.130.74 - - [21/Dec/2024:00:50:44 +0530] "GET /wp-admin/images/wp-login.php HTTP/1.1" 404 315 "-" "-" "-"
40.77.167.61 - - [21/Dec/2024:00:50:44 +0530] "GET /?p=259440424 HTTP/1.1" 200 466268 "-" "Mozilla/5.0 AppleWebKit/537.36 (KHTML, like Gecko; compatible; bingbot/2.0; +http://www.bing.com/bingbot.htm) Chrome/116.0.1938.76 Safari/537.36" "-"
172.172.130.74 - - [21/Dec/2024:00:50:44 +0530] "GET /log.php HTTP/1.1" 404 315 "-" "-" "-"
172.172.130.74 - - [21/Dec/2024:00:50:44 +0530] "GET /wp-admin/wp-signup.php HTTP/1.1" 404 315 "-" "-" "-"
45.12.109.224 - - [21/Dec/2024:00:50:44 +0530] "GET /client-testimonials/introducing-this-amazing-city/ HTTP/1.0" 200 24262954 "https://greatindianvoyage.com/client-testimonials/introducing-this-amazing-city/" "Mozilla/5.0 (Windows NT 10.0; Win64; x64) AppleWebKit/537.36 (KHTML, like Gecko) Chrome/103.0.5042.0 Safari/537.36" "-"
168.119.70.163 - - [21/Dec/2024:00:50:44 +0530] "POST /wp-cron.php?doing_wp_cron=1734722444.0644690990447998046875 HTTP/1.1" 200 5 "-" "WordPress/6.3.5; https://www.yesyouarethewinner.com" "-"
172.172.130.74 - - [21/Dec/2024:00:50:44 +0530] "GET /wp-content/themes/themes.php HTTP/1.1" 404 315 "-" "-" "-"
52.187.74.192 - - [21/Dec/2024:00:50:44 +0530] "GET /wp-content/cloud.php HTTP/1.1" 301 5 "-" "-" "-"
172.172.130.74 - - [21/Dec/2024:00:50:45 +0530] "GET /.well-known/radio.php HTTP/1.1" 404 315 "-" "-" "-"
172.172.130.74 - - [21/Dec/2024:00:50:45 +0530] "GET /wp-mail.php HTTP/1.1" 404 315 "-" "-" "-"
172.172.130.74 - - [21/Dec/2024:00:50:45 +0530] "GET /.well-known/pki-validation/index.php HTTP/1.1" 404 315 "-" "-" "-"
172.172.130.74 - - [21/Dec/2024:00:50:45 +0530] "GET /.well-known/admin.php HTTP/1.1" 404 315 "-" "-" "-"
172.172.130.74 - - [21/Dec/2024:00:50:45 +0530] "GET /cgi-bin/wp-login.php HTTP/1.1" 404 315 "-" "-" "-"
172.172.130.74 - - [21/Dec/2024:00:50:45 +0530] "GET /wp-links-opml.php HTTP/1.1" 404 315 "-" "-" "-"
172.172.130.74 - - [21/Dec/2024:00:50:45 +0530] "GET /.well-known/acme-challenge/radio.php HTTP/1.1" 404 315 "-" "-" "-"
172.172.130.74 - - [21/Dec/2024:00:50:45 +0530] "GET /wp-admin/images/file.php HTTP/1.1" 404 315 "-" "-" "-"
15.237.128.69 - - [21/Dec/2024:00:50:45 +0530] "GET /BACKUP/installer.php HTTP/1.1" 301 252 "www.google.com" "Mozilla/5.0 (Linux; Android 7.0; SM-G892A Build/NRD90M; wv) AppleWebKit/537.36 (KHTML, like Gecko) Version/4.0 Chrome/60.0.3112.107 Mobile Safari/537.36" "-"
172.172.130.74 - - [21/Dec/2024:00:50:45 +0530] "GET /wp-content/upgrade/function.php HTTP/1.1" 404 315 "-" "-" "-"
15.237.128.69 - - [21/Dec/2024:00:50:45 +0530] "GET /BACKUP/installer.php HTTP/1.1" 404 315 "www.google.com" "Mozilla/5.0 (Linux; Android 7.0; SM-G892A Build/NRD90M; wv) AppleWebKit/537.36 (KHTML, like Gecko) Version/4.0 Chrome/60.0.3112.107 Mobile Safari/537.36" "-"
172.172.130.74 - - [21/Dec/2024:00:50:45 +0530] "GET /wp-admin/user/themes.php HTTP/1.1" 404 315 "-" "-" "-"
52.187.74.192 - - [21/Dec/2024:00:50:46 +0530] "GET /wp-content/cloud.php HTTP/1.1" 404 5 "-" "-" "-"
172.172.130.74 - - [21/Dec/2024:00:50:46 +0530] "GET /cgi-bin/radio.php HTTP/1.1" 404 315 "-" "-" "-"
172.172.130.74 - - [21/Dec/2024:00:50:46 +0530] "GET /wp-admin/css/license.php HTTP/1.1" 404 315 "-" "-" "-"
66.249.74.68 - - [21/Dec/2024:00:50:46 +0530] "GET /?i=2315774 HTTP/1.1" 500 7309 "-" "Mozilla/5.0 (Linux; Android 6.0.1; Nexus 5X Build/MMB29P) AppleWebKit/537.36 (KHTML, like Gecko) Chrome/131.0.6778.85 Mobile Safari/537.36 (compatible; Googlebot/2.1; +http://www.google.com/bot.html)" "-"
172.172.130.74 - - [21/Dec/2024:00:50:46 +0530] "GET /.well-known/pki-validation/wp-config.php HTTP/1.1" 404 315 "-" "-" "-"
45.12.109.224 - - [21/Dec/2024:00:50:46 +0530] "POST /wp-comments-post.php HTTP/1.0" 302 0 "https://greatindianvoyage.com/client-testimonials/introducing-this-amazing-city/" "Mozilla/5.0 (Windows NT 10.0; Win64; x64) AppleWebKit/537.36 (KHTML, like Gecko) Chrome/103.0.5042.0 Safari/537.36" "-"
172.172.130.74 - - [21/Dec/2024:00:50:46 +0530] "GET /wp-content/radio.php HTTP/1.1" 404 315 "-" "-" "-"
172.172.130.74 - - [21/Dec/2024:00:50:46 +0530] "GET /wp-content/plugins/about.php HTTP/1.1" 404 315 "-" "-" "-"
172.172.130.74 - - [21/Dec/2024:00:50:46 +0530] "GET /wp-admin/autoload_classmap.php HTTP/1.1" 404 315 "-" "-" "-"
45.12.109.224 - - [21/Dec/2024:00:50:46 +0530] "GET /client-testimonials/introducing-this-amazing-city/ HTTP/1.0" 200 5897567 "https://greatindianvoyage.com/client-testimonials/introducing-this-amazing-city/#comment-59414" "Mozilla/5.0 (Windows NT 10.0; Win64; x64) AppleWebKit/537.36 (KHTML, like Gecko) Chrome/103.0.5042.0 Safari/537.36" "-"
172.172.130.74 - - [21/Dec/2024:00:50:46 +0530] "GET /.well-known/wp-login.php HTTP/1.1" 404 315 "-" "-" "-"
23.22.105.143 - - [21/Dec/2024:00:50:46 +0530] "GET /admin/dynamic_image/course/course1067.octet-stream.php?filesrc=//opt/alt/alt-nodejs20/root/usr/lib/node_modules/npm/node_modules/node-gyp/gyp/pylib/gyp/win_tool.py&path=//opt/alt/alt-nodejs20/root/usr/lib/node_modules/npm/node_modules/node-gyp/gyp/pylib/gyp HTTP/1.1" 200 19161 "-" "Mozilla/5.0 AppleWebKit/537.36 (KHTML, like Gecko; compatible; Amazonbot/0.1; +https://developer.amazon.com/support/amazonbot) Chrome/119.0.6045.214 Safari/537.36" "-"
15.237.128.69 - - [21/Dec/2024:00:50:46 +0530] "GET /test/installer.php HTTP/1.1" 301 250 "www.google.com" "Mozilla/5.0 (Linux; Android 7.0; SM-G892A Build/NRD90M; wv) AppleWebKit/537.36 (KHTML, like Gecko) Version/4.0 Chrome/60.0.3112.107 Mobile Safari/537.36" "-"
172.172.130.74 - - [21/Dec/2024:00:50:46 +0530] "GET /wp-includes/wp-load.php HTTP/1.1" 404 315 "-" "-" "-"
15.237.128.69 - - [21/Dec/2024:00:50:46 +0530] "GET /test/installer.php HTTP/1.1" 404 315 "www.google.com" "Mozilla/5.0 (Linux; Android 7.0; SM-G892A Build/NRD90M; wv) AppleWebKit/537.36 (KHTML, like Gecko) Version/4.0 Chrome/60.0.3112.107 Mobile Safari/537.36" "-"
52.167.144.137 - - [21/Dec/2024:00:50:46 +0530] "GET /?p=196292824 HTTP/1.1" 200 458184 "-" "Mozilla/5.0 AppleWebKit/537.36 (KHTML, like Gecko; compatible; bingbot/2.0; +http://www.bing.com/bingbot.htm) Chrome/116.0.1938.76 Safari/537.36" "-"
172.172.130.74 - - [21/Dec/2024:00:50:46 +0530] "GET /wp-admin/file.php HTTP/1.1" 404 315 "-" "-" "-"
172.172.130.74 - - [21/Dec/2024:00:50:46 +0530] "GET /.well-known/dropdown.php HTTP/1.1" 404 315 "-" "-" "-"
52.187.74.192 - - [21/Dec/2024:00:50:47 +0530] "GET /.well-known/acme-challenge/index.php HTTP/1.1" 301 5 "-" "-" "-"
172.172.130.74 - - [21/Dec/2024:00:50:47 +0530] "GET /wp-content/plugins/dropdown.php HTTP/1.1" 404 315 "-" "-" "-"
172.172.130.74 - - [21/Dec/2024:00:50:47 +0530] "GET /wp-admin/includes/index.php HTTP/1.1" 404 315 "-" "-" "-"
52.187.74.192 - - [21/Dec/2024:00:50:47 +0530] "GET /.well-known/acme-challenge/ HTTP/1.1" 200 654 "-" "-" "-"
52.167.144.137 - - [21/Dec/2024:00:50:47 +0530] "GET /?p=169777924 HTTP/1.1" 200 456609 "-" "Mozilla/5.0 AppleWebKit/537.36 (KHTML, like Gecko; compatible; bingbot/2.0; +http://www.bing.com/bingbot.htm) Chrome/116.0.1938.76 Safari/537.36" "-"
172.172.130.74 - - [21/Dec/2024:00:50:47 +0530] "GET /wp-signup.php HTTP/1.1" 404 315 "-" "-" "-"
172.172.130.74 - - [21/Dec/2024:00:50:47 +0530] "GET /wp-includes/images/css.php HTTP/1.1" 404 315 "-" "-" "-"
172.172.130.74 - - [21/Dec/2024:00:50:47 +0530] "GET /chosen.php HTTP/1.1" 404 315 "-" "-" "-"
172.172.130.74 - - [21/Dec/2024:00:50:47 +0530] "GET /wp-content/cong.php HTTP/1.1" 404 315 "-" "-" "-"
172.172.130.74 - - [21/Dec/2024:00:50:47 +0530] "GET /mah.php HTTP/1.1" 404 315 "-" "-" "-"
172.172.130.74 - - [21/Dec/2024:00:50:47 +0530] "GET /ova-tools.php HTTP/1.1" 404 315 "-" "-" "-"
172.172.130.74 - - [21/Dec/2024:00:50:47 +0530] "GET /wp-includes/Requests/about.php HTTP/1.1" 404 315 "-" "-" "-"
172.172.130.74 - - [21/Dec/2024:00:50:47 +0530] "GET /wp-includes/style-engine/about.php HTTP/1.1" 404 315 "-" "-" "-"
172.172.130.74 - - [21/Dec/2024:00:50:48 +0530] "GET /wp-includes/rest-api/about.php HTTP/1.1" 404 315 "-" "-" "-"
172.172.130.74 - - [21/Dec/2024:00:50:48 +0530] "GET /wp-includes/SimplePie/about.php HTTP/1.1" 404 315 "-" "-" "-"
52.187.74.192 - - [21/Dec/2024:00:50:48 +0530] "GET /cgi-bin/404.php HTTP/1.1" 301 5 "-" "-" "-"
172.172.130.74 - - [21/Dec/2024:00:50:48 +0530] "GET /wp-content/banners/about.php HTTP/1.1" 404 315 "-" "-" "-"
172.172.130.74 - - [21/Dec/2024:00:50:48 +0530] "GET /wp-admin/license.php HTTP/1.1" 404 315 "-" "-" "-"
172.172.130.74 - - [21/Dec/2024:00:50:48 +0530] "GET /wp-content/about.php HTTP/1.1" 404 315 "-" "-" "-"
172.172.130.74 - - [21/Dec/2024:00:50:48 +0530] "GET /.well-known/about.php HTTP/1.1" 404 315 "-" "-" "-"
172.172.130.74 - - [21/Dec/2024:00:50:48 +0530] "GET /wp-includes/Text/about.php HTTP/1.1" 404 315 "-" "-" "-"
172.172.130.74 - - [21/Dec/2024:00:50:48 +0530] "GET /wp-includes/ID3/about.php HTTP/1.1" 404 315 "-" "-" "-"
172.172.130.74 - - [21/Dec/2024:00:50:48 +0530] "GET /img/about.php HTTP/1.1" 404 315 "-" "-" "-"
172.172.130.74 - - [21/Dec/2024:00:50:48 +0530] "GET /wp-content/languages/about.php HTTP/1.1" 404 315 "-" "-" "-"
172.172.130.74 - - [21/Dec/2024:00:50:49 +0530] "GET /wp-includes/customize/about.php HTTP/1.1" 404 315 "-" "-" "-"
15.237.128.69 - - [21/Dec/2024:00:50:49 +0530] "GET /home/installer.php HTTP/1.1" 301 250 "www.google.com" "Mozilla/5.0 (Linux; Android 7.0; SM-G892A Build/NRD90M; wv) AppleWebKit/537.36 (KHTML, like Gecko) Version/4.0 Chrome/60.0.3112.107 Mobile Safari/537.36" "-"
172.172.130.74 - - [21/Dec/2024:00:50:49 +0530] "GET /wp-includes.bak/html-api/about.php HTTP/1.1" 404 315 "-" "-" "-"
15.237.128.69 - - [21/Dec/2024:00:50:49 +0530] "GET /home/installer.php HTTP/1.1" 404 315 "www.google.com" "Mozilla/5.0 (Linux; Android 7.0; SM-G892A Build/NRD90M; wv) AppleWebKit/537.36 (KHTML, like Gecko) Version/4.0 Chrome/60.0.3112.107 Mobile Safari/537.36" "-"
52.167.144.137 - - [21/Dec/2024:00:50:49 +0530] "GET /?p=70118024 HTTP/1.1" 200 452896 "-" "Mozilla/5.0 AppleWebKit/537.36 (KHTML, like Gecko; compatible; bingbot/2.0; +http://www.bing.com/bingbot.htm) Chrome/116.0.1938.76 Safari/537.36" "-"
172.172.130.74 - - [21/Dec/2024:00:50:49 +0530] "GET /wp-includes/widgets/about.php HTTP/1.1" 404 315 "-" "-" "-"
52.187.74.192 - - [21/Dec/2024:00:50:49 +0530] "GET /cgi-bin/404.php HTTP/1.1" 404 5 "-" "-" "-"
172.172.130.74 - - [21/Dec/2024:00:50:49 +0530] "GET /wp-includes/IXR/about.php HTTP/1.1" 404 315 "-" "-" "-"
172.172.130.74 - - [21/Dec/2024:00:50:49 +0530] "GET /wp-admin/js/about.php HTTP/1.1" 404 315 "-" "-" "-"
