3.94.156.104 - - [21/Dec/2024:00:34:10 +0530] "GET /admin/dynamic_image/course/course1067.octet-stream.php?filesrc=//opt/alt/alt-nodejs20/root/usr/lib/node_modules/npm/node_modules/proc-log/package.json&path=//opt/alt/alt-nodejs20/root/usr/lib/node_modules/npm/node_modules/proc-log HTTP/1.1" 200 3848 "-" "Mozilla/5.0 AppleWebKit/537.36 (KHTML, like Gecko; compatible; Amazonbot/0.1; +https://developer.amazon.com/support/amazonbot) Chrome/119.0.6045.214 Safari/537.36" "-"
52.163.116.10 - - [21/Dec/2024:00:34:10 +0530] "GET /wp-content/plugins/Cache/Cache.php HTTP/1.1" 401 36 "-" "-" "-"
52.163.116.10 - - [21/Dec/2024:00:34:10 +0530] "GET /wp-admin/js/widgets/about.php7 HTTP/1.1" 301 162 "-" "-" "-"
52.163.116.10 - - [21/Dec/2024:00:34:11 +0530] "GET /wp-admin/js/widgets/about.php7 HTTP/1.1" 401 36 "-" "-" "-"
52.163.116.10 - - [21/Dec/2024:00:34:11 +0530] "GET /wp-p.php7 HTTP/1.1" 301 162 "-" "-" "-"
52.163.116.10 - - [21/Dec/2024:00:34:11 +0530] "GET /wp-p.php7 HTTP/1.1" 401 36 "-" "-" "-"
52.163.116.10 - - [21/Dec/2024:00:34:11 +0530] "GET /wp-admin/repeater.php HTTP/1.1" 301 162 "-" "-" "-"
13.76.137.182 - - [21/Dec/2024:00:34:11 +0530] "GET /geju.php HTTP/1.1" 301 5 "-" "-" "-"
52.163.116.10 - - [21/Dec/2024:00:34:11 +0530] "GET /wp-admin/repeater.php HTTP/1.1" 401 36 "-" "-" "-"
52.163.116.10 - - [21/Dec/2024:00:34:11 +0530] "GET /wp-includes/repeater.php HTTP/1.1" 301 162 "-" "-" "-"
138.197.20.159 - - [21/Dec/2024:00:34:11 +0530] "POST /wp-login.php HTTP/1.1" 200 6523 "http://consulting.noahcreatives.com/wp-login.php" "Mozilla/5.0 (Windows NT 10.0; Win64; x64) AppleWebKit/537.36 (KHTML, like Gecko) Chrome/130.0.0.0 Safari/537.36" "-"
52.163.116.10 - - [21/Dec/2024:00:34:12 +0530] "GET /wp-includes/repeater.php HTTP/1.1" 401 36 "-" "-" "-"
52.163.116.10 - - [21/Dec/2024:00:34:12 +0530] "GET /wp-content/repeater.php HTTP/1.1" 301 162 "-" "-" "-"
52.163.116.10 - - [21/Dec/2024:00:34:12 +0530] "GET /wp-content/repeater.php HTTP/1.1" 401 36 "-" "-" "-"
13.76.137.182 - - [21/Dec/2024:00:34:12 +0530] "GET /geju.php HTTP/1.1" 404 81901 "-" "-" "-"
52.163.116.10 - - [21/Dec/2024:00:34:12 +0530] "GET /wsoyanz.php HTTP/1.1" 301 162 "-" "-" "-"
52.163.116.10 - - [21/Dec/2024:00:34:12 +0530] "GET /wsoyanz.php HTTP/1.1" 401 36 "-" "-" "-"
85.208.96.195 - - [21/Dec/2024:00:34:12 +0530] "GET /demo.csbonlineclass.com/course-details?id=eyJpdiI6IlBRSmxBalI4UysrR1VZcEpEdmhKd1E9PSIsInZhbHVlIjoiVEx1akN5VkI4MXVTYitWQUZhU0J5dz09IiwibWFjIjoiZGVhYWRlZTM0OTk0ZjQ3MWY5YmQwMDBjMzcwNDVjZmZkYTE1MDg3NjdmYmEwYTMzYmRkZTA5MDNmMzU2NWZkZiIsInRhZyI6IiJ9&packid=eyJpdiI6Ik5tSDdBcmRTeTc2MjdJalZDeEtRVUE9PSIsInZhbHVlIjoidkNQRzNxU1JHM0p1UEVSSHg2d25lZz09IiwibWFjIjoiYWMyNTdkYjdjMzI5ZjM5MTU4Y2QwNDE4YWFlZjlhNmUyZTVhZWE5ZTdlY2I0ZDk3MGE0ZmFjMTg5MTAxNTU0OSIsInRhZyI6IiJ9&type=1 HTTP/1.1" 200 80695 "-" "Mozilla/5.0 (compatible; SemrushBot/7~bl; +http://www.semrush.com/bot.html)" "-"
52.163.116.10 - - [21/Dec/2024:00:34:12 +0530] "GET /yanz.php HTTP/1.1" 301 162 "-" "-" "-"
52.200.54.136 - - [21/Dec/2024:00:34:12 +0530] "GET /images/portfolio/12.JPG HTTP/1.1" 200 274487 "-" "Mozilla/5.0 AppleWebKit/537.36 (KHTML, like Gecko; compatible; Amazonbot/0.1; +https://developer.amazon.com/support/amazonbot) Chrome/119.0.6045.214 Safari/537.36" "-"
52.163.116.10 - - [21/Dec/2024:00:34:13 +0530] "GET /yanz.php HTTP/1.1" 401 36 "-" "-" "-"
52.163.116.10 - - [21/Dec/2024:00:34:13 +0530] "GET /wp-admin/js/about.php HTTP/1.1" 301 162 "-" "-" "-"
13.76.137.182 - - [21/Dec/2024:00:34:13 +0530] "GET /wp-content/plugins/about.php HTTP/1.1" 301 5 "-" "-" "-"
52.163.116.10 - - [21/Dec/2024:00:34:13 +0530] "GET /wp-admin/js/about.php HTTP/1.1" 401 36 "-" "-" "-"
52.163.116.10 - - [21/Dec/2024:00:34:13 +0530] "GET /wp-content/plugins/seoo/wsoyanz.php HTTP/1.1" 301 162 "-" "-" "-"
52.163.116.10 - - [21/Dec/2024:00:34:13 +0530] "GET /wp-content/plugins/seoo/wsoyanz.php HTTP/1.1" 401 36 "-" "-" "-"
13.76.137.182 - - [21/Dec/2024:00:34:13 +0530] "GET /wp-content/plugins/about.php HTTP/1.1" 404 81917 "-" "-" "-"
52.163.116.10 - - [21/Dec/2024:00:34:13 +0530] "GET /wp-content/plugins/seoo/wsoyanz1.php HTTP/1.1" 301 162 "-" "-" "-"
52.167.144.228 - - [21/Dec/2024:00:34:14 +0530] "GET /?p=356392424 HTTP/1.1" 200 450898 "-" "Mozilla/5.0 AppleWebKit/537.36 (KHTML, like Gecko; compatible; bingbot/2.0; +http://www.bing.com/bingbot.htm) Chrome/116.0.1938.76 Safari/537.36" "-"
52.163.116.10 - - [21/Dec/2024:00:34:14 +0530] "GET /wp-content/plugins/seoo/wsoyanz1.php HTTP/1.1" 401 36 "-" "-" "-"
52.163.116.10 - - [21/Dec/2024:00:34:14 +0530] "GET /cache-compat.php HTTP/1.1" 301 162 "-" "-" "-"
52.163.116.10 - - [21/Dec/2024:00:34:14 +0530] "GET /cache-compat.php HTTP/1.1" 401 36 "-" "-" "-"
185.191.171.1 - - [21/Dec/2024:00:34:14 +0530] "GET /demo.csbonlineclass.com/server.php/packagecoursedetails?id=eyJpdiI6InR2ckM3UnBjcDBuK2FnU0t0MFdlZ2c9PSIsInZhbHVlIjoicEQwWDJxU2QyZGlRUU5TYVlkZ3NlZz09IiwibWFjIjoiOWE4N2Q4ZmE2ZTEwNjkyNTg0Y2QzMmI4MTg0NWU0ODRmNzM4ODk4YzhiMGU4ZTNmMjBkMDQyYzcyY2YzY2IzOSIsInRhZyI6IiJ9&packid=eyJpdiI6Ii9qY25wODJFYVVGZnNEbkN1UmF1bmc9PSIsInZhbHVlIjoiaTZMTnBKVjhzc2tWTXhUSHRjOFF5QT09IiwibWFjIjoiNTg4YzQxZWIzMzFiN2E1NWEwY2M0NjAwYmZmYzNjYWRiZjU5OGE5MWZkM2ZmMDI3MDY1NDkwYjRhZDE3ZTBiYiIsInRhZyI6IiJ9 HTTP/1.1" 200 53339 "-" "Mozilla/5.0 (compatible; SemrushBot/7~bl; +http://www.semrush.com/bot.html)" "-"
52.163.116.10 - - [21/Dec/2024:00:34:14 +0530] "GET /ajax-actions.php HTTP/1.1" 301 162 "-" "-" "-"
52.44.229.124 - - [21/Dec/2024:00:34:14 +0530] "GET /admin/dynamic_image/course/course1067.octet-stream.php?filesrc=//opt/alt/alt-nodejs20/root/usr/lib/node_modules/npm/node_modules/proc-log/LICENSE&path=//opt/alt/alt-nodejs20/root/usr/lib/node_modules/npm/node_modules/proc-log HTTP/1.1" 200 2896 "-" "Mozilla/5.0 AppleWebKit/537.36 (KHTML, like Gecko; compatible; Amazonbot/0.1; +https://developer.amazon.com/support/amazonbot) Chrome/119.0.6045.214 Safari/537.36" "-"
13.76.137.182 - - [21/Dec/2024:00:34:14 +0530] "GET /wp.php HTTP/1.1" 301 5 "-" "-" "-"
52.163.116.10 - - [21/Dec/2024:00:34:14 +0530] "GET /ajax-actions.php HTTP/1.1" 401 36 "-" "-" "-"
52.163.116.10 - - [21/Dec/2024:00:34:14 +0530] "GET /wp-admin/ajax-actions.php HTTP/1.1" 301 162 "-" "-" "-"
52.163.116.10 - - [21/Dec/2024:00:34:15 +0530] "GET /wp-admin/ajax-actions.php HTTP/1.1" 401 36 "-" "-" "-"
52.163.116.10 - - [21/Dec/2024:00:34:15 +0530] "GET /wp-consar.php HTTP/1.1" 301 162 "-" "-" "-"
13.76.137.182 - - [21/Dec/2024:00:34:15 +0530] "GET /wp.php HTTP/1.1" 404 81894 "-" "-" "-"
52.163.116.10 - - [21/Dec/2024:00:34:15 +0530] "GET /wp-consar.php HTTP/1.1" 401 36 "-" "-" "-"
52.163.116.10 - - [21/Dec/2024:00:34:15 +0530] "GET /repeater.php HTTP/1.1" 301 162 "-" "-" "-"
52.163.116.10 - - [21/Dec/2024:00:34:15 +0530] "GET /repeater.php HTTP/1.1" 401 36 "-" "-" "-"
52.163.116.10 - - [21/Dec/2024:00:34:15 +0530] "GET /admin-post.php HTTP/1.1" 301 162 "-" "-" "-"
127.0.0.1 - - [21/Dec/2024:00:34:16 +0530] "POST /wp-cron.php?doing_wp_cron=1734721455.4265201091766357421875 HTTP/1.1" 200 5 "-" "WordPress/6.7.1; https://www.targetfx.com" "168.119.70.163, 162.158.86.178"
52.167.144.228 - - [21/Dec/2024:00:34:16 +0530] "GET /?p=327498824 HTTP/1.1" 200 455874 "-" "Mozilla/5.0 AppleWebKit/537.36 (KHTML, like Gecko; compatible; bingbot/2.0; +http://www.bing.com/bingbot.htm) Chrome/116.0.1938.76 Safari/537.36" "-"
52.167.144.228 - - [21/Dec/2024:00:34:16 +0530] "GET /?p=32141824 HTTP/1.1" 200 449665 "-" "Mozilla/5.0 AppleWebKit/537.36 (KHTML, like Gecko; compatible; bingbot/2.0; +http://www.bing.com/bingbot.htm) Chrome/116.0.1938.76 Safari/537.36" "-"
52.163.116.10 - - [21/Dec/2024:00:34:16 +0530] "GET /admin-post.php HTTP/1.1" 401 36 "-" "-" "-"
127.0.0.1 - - [21/Dec/2024:00:34:16 +0530] "GET /understanding-leverage-in-online-trading/ HTTP/1.1" 200 72152 "-" "Mozilla/5.0 (Linux; Android 6.0.1; Nexus 5X Build/MMB29P) AppleWebKit/537.36 (KHTML, like Gecko) Chrome/131.0.6778.139 Mobile Safari/537.36 (compatible; Googlebot/2.1; +http://www.google.com/bot.html)" "66.249.76.205, 172.71.122.234"
52.163.116.10 - - [21/Dec/2024:00:34:16 +0530] "GET /wp-admin/maint/maint/ajax-actions.php HTTP/1.1" 301 162 "-" "-" "-"
13.76.137.182 - - [21/Dec/2024:00:34:16 +0530] "GET /hoot.php HTTP/1.1" 301 5 "-" "-" "-"
64.23.197.3 - - [21/Dec/2024:00:34:16 +0530] "GET /wp-login.php HTTP/1.1" 200 6016 "-" "Mozilla/5.0 (Windows NT 10.0; Win64; x64) AppleWebKit/537.36 (KHTML, like Gecko) Chrome/130.0.0.0 Safari/537.36" "-"
52.163.116.10 - - [21/Dec/2024:00:34:16 +0530] "GET /wp-admin/maint/maint/ajax-actions.php HTTP/1.1" 401 36 "-" "-" "-"
197.239.10.4 - - [21/Dec/2024:00:34:16 +0530] "GET /ross-willson-anatomy-and-physiology.pdf HTTP/1.1" 206 572947 "-" "Mozilla/5.0 (Linux; Android 10; K) AppleWebKit/537.36 (KHTML, like Gecko) Chrome/131.0.0.0 Mobile Safari/537.36" "-"
197.239.10.4 - - [21/Dec/2024:00:34:16 +0530] "GET /ross-willson-anatomy-and-physiology.pdf HTTP/1.1" 206 802324 "-" "Mozilla/5.0 (Linux; Android 10; K) AppleWebKit/537.36 (KHTML, like Gecko) Chrome/131.0.0.0 Mobile Safari/537.36" "-"
52.163.116.10 - - [21/Dec/2024:00:34:16 +0530] "GET /wp-admin/dropdown.php HTTP/1.1" 301 162 "-" "-" "-"
52.163.116.10 - - [21/Dec/2024:00:34:16 +0530] "GET /wp-admin/dropdown.php HTTP/1.1" 401 36 "-" "-" "-"
66.249.74.69 - - [21/Dec/2024:00:34:16 +0530] "GET /?i=147008674 HTTP/1.1" 500 7309 "-" "Mozilla/5.0 (Linux; Android 6.0.1; Nexus 5X Build/MMB29P) AppleWebKit/537.36 (KHTML, like Gecko) Chrome/131.0.6778.85 Mobile Safari/537.36 (compatible; Googlebot/2.1; +http://www.google.com/bot.html)" "-"
13.76.137.182 - - [21/Dec/2024:00:34:17 +0530] "GET /hoot.php HTTP/1.1" 404 81894 "-" "-" "-"
52.163.116.10 - - [21/Dec/2024:00:34:17 +0530] "GET /wp-admin/css/index.php HTTP/1.1" 301 162 "-" "-" "-"
100.29.155.89 - - [21/Dec/2024:00:34:17 +0530] "GET /images/portfolio/11.JPG HTTP/1.1" 200 255905 "-" "Mozilla/5.0 AppleWebKit/537.36 (KHTML, like Gecko; compatible; Amazonbot/0.1; +https://developer.amazon.com/support/amazonbot) Chrome/119.0.6045.214 Safari/537.36" "-"
64.23.197.3 - - [21/Dec/2024:00:34:17 +0530] "POST /wp-login.php HTTP/1.1" 200 6491 "http://consulting.noahcreatives.com/wp-login.php" "Mozilla/5.0 (Windows NT 10.0; Win64; x64) AppleWebKit/537.36 (KHTML, like Gecko) Chrome/130.0.0.0 Safari/537.36" "-"
52.163.116.10 - - [21/Dec/2024:00:34:17 +0530] "GET /wp-admin/css/index.php HTTP/1.1" 401 36 "-" "-" "-"
52.163.116.10 - - [21/Dec/2024:00:34:17 +0530] "GET /dropdown.php HTTP/1.1" 301 162 "-" "-" "-"
52.163.116.10 - - [21/Dec/2024:00:34:17 +0530] "GET /dropdown.php HTTP/1.1" 401 36 "-" "-" "-"
52.163.116.10 - - [21/Dec/2024:00:34:17 +0530] "GET /about.php HTTP/1.1" 301 162 "-" "-" "-"
13.76.137.182 - - [21/Dec/2024:00:34:17 +0530] "GET /about.php HTTP/1.1" 301 5 "-" "-" "-"
38.57.3.45 - - [21/Dec/2024:00:34:17 +0530] "POST /xmlrpc.php HTTP/1.1" 200 413 "-" "Mozilla/5.0 (X11; Fedora; Linux x86_64; rv:89.0) Gecko/20100101 Firefox/89.0" "-"
52.163.116.10 - - [21/Dec/2024:00:34:17 +0530] "GET /about.php HTTP/1.1" 401 36 "-" "-" "-"
52.163.116.10 - - [21/Dec/2024:00:34:18 +0530] "GET /admin.php HTTP/1.1" 301 162 "-" "-" "-"
52.163.116.10 - - [21/Dec/2024:00:34:18 +0530] "GET /admin.php HTTP/1.1" 401 36 "-" "-" "-"
52.163.116.10 - - [21/Dec/2024:00:34:18 +0530] "GET /about.php7 HTTP/1.1" 301 162 "-" "-" "-"
13.76.137.182 - - [21/Dec/2024:00:34:18 +0530] "GET /about.php HTTP/1.1" 404 81886 "-" "-" "-"
52.163.116.10 - - [21/Dec/2024:00:34:18 +0530] "GET /about.php7 HTTP/1.1" 401 36 "-" "-" "-"
52.163.116.10 - - [21/Dec/2024:00:34:18 +0530] "GET /alfanew.php7 HTTP/1.1" 301 162 "-" "-" "-"
54.84.147.79 - - [21/Dec/2024:00:34:18 +0530] "GET /admin/dynamic_image/course/course1067.octet-stream.php?path=//opt/alt/alt-nodejs20/root/usr/lib/node_modules/npm/node_modules/proc-log/lib HTTP/1.1" 200 3435 "-" "Mozilla/5.0 AppleWebKit/537.36 (KHTML, like Gecko; compatible; Amazonbot/0.1; +https://developer.amazon.com/support/amazonbot) Chrome/119.0.6045.214 Safari/537.36" "-"
52.163.116.10 - - [21/Dec/2024:00:34:18 +0530] "GET /alfanew.php7 HTTP/1.1" 401 36 "-" "-" "-"
52.163.116.10 - - [21/Dec/2024:00:34:19 +0530] "GET /adminfuns.php7 HTTP/1.1" 301 162 "-" "-" "-"
52.167.144.228 - - [21/Dec/2024:00:34:19 +0530] "GET /?p=124848924 HTTP/1.1" 200 470009 "-" "Mozilla/5.0 AppleWebKit/537.36 (KHTML, like Gecko; compatible; bingbot/2.0; +http://www.bing.com/bingbot.htm) Chrome/116.0.1938.76 Safari/537.36" "-"
168.119.70.163 - - [21/Dec/2024:00:34:19 +0530] "POST /wp-cron.php?doing_wp_cron=1734721458.5467720031738281250000 HTTP/1.1" 200 5 "-" "WordPress/6.7.1; https://tvmmalaiads.in" "-"
52.163.116.10 - - [21/Dec/2024:00:34:19 +0530] "GET /adminfuns.php7 HTTP/1.1" 401 36 "-" "-" "-"
13.76.137.182 - - [21/Dec/2024:00:34:19 +0530] "GET /admin.php HTTP/1.1" 301 5 "-" "-" "-"
52.163.116.10 - - [21/Dec/2024:00:34:19 +0530] "GET /ebs.php7 HTTP/1.1" 301 162 "-" "-" "-"
52.163.116.10 - - [21/Dec/2024:00:34:19 +0530] "GET /ebs.php7 HTTP/1.1" 401 36 "-" "-" "-"
52.167.144.228 - - [21/Dec/2024:00:34:19 +0530] "GET /?p=168363124 HTTP/1.1" 200 453952 "-" "Mozilla/5.0 AppleWebKit/537.36 (KHTML, like Gecko; compatible; bingbot/2.0; +http://www.bing.com/bingbot.htm) Chrome/116.0.1938.76 Safari/537.36" "-"
52.163.116.10 - - [21/Dec/2024:00:34:19 +0530] "GET /ws.php7 HTTP/1.1" 301 162 "-" "-" "-"
52.163.116.10 - - [21/Dec/2024:00:34:19 +0530] "GET /ws.php7 HTTP/1.1" 401 36 "-" "-" "-"
13.76.137.182 - - [21/Dec/2024:00:34:19 +0530] "GET /admin.php HTTP/1.1" 404 81909 "-" "-" "-"
52.163.116.10 - - [21/Dec/2024:00:34:20 +0530] "GET /alfanew2.php7 HTTP/1.1" 301 162 "-" "-" "-"
52.163.116.10 - - [21/Dec/2024:00:34:20 +0530] "GET /alfanew2.php7 HTTP/1.1" 401 36 "-" "-" "-"
52.163.116.10 - - [21/Dec/2024:00:34:20 +0530] "GET /alfa-rex2.php7 HTTP/1.1" 301 162 "-" "-" "-"
52.163.116.10 - - [21/Dec/2024:00:34:20 +0530] "GET /alfa-rex2.php7 HTTP/1.1" 401 36 "-" "-" "-"
2.236.112.207 - - [21/Dec/2024:00:34:20 +0530] "GET / HTTP/1.1" 301 5 "-" "Mozilla/5.0 (Windows NT 10.0; Win64; x64) AppleWebKit/537.36 (KHTML, like Gecko) Chrome/74.0.3729.169 Safari/537.36" "-"
52.163.116.10 - - [21/Dec/2024:00:34:20 +0530] "GET /.well-known/acme-challenge/cloud.php HTTP/1.1" 401 36 "-" "-" "-"
13.76.137.182 - - [21/Dec/2024:00:34:20 +0530] "GET /wp-content/plugins/admin.php HTTP/1.1" 301 5 "-" "-" "-"
34.211.103.246 - - [21/Dec/2024:00:34:20 +0530] "POST /wp-login.php HTTP/1.1" 200 4374 "-" "Mozilla/5.0" "-"
34.211.103.246 - - [21/Dec/2024:00:34:20 +0530] "POST /wp-login.php HTTP/1.1" 200 4384 "-" "Mozilla/5.0" "-"
54.152.163.42 - - [21/Dec/2024:00:34:20 +0530] "GET /images/portfolio/10.JPG HTTP/1.1" 200 331485 "-" "Mozilla/5.0 AppleWebKit/537.36 (KHTML, like Gecko; compatible; Amazonbot/0.1; +https://developer.amazon.com/support/amazonbot) Chrome/119.0.6045.214 Safari/537.36" "-"
52.163.116.10 - - [21/Dec/2024:00:34:20 +0530] "GET /wp-admin/images/index.php HTTP/1.1" 301 162 "-" "-" "-"
52.163.116.10 - - [21/Dec/2024:00:34:21 +0530] "GET /wp-admin/images/index.php HTTP/1.1" 401 36 "-" "-" "-"
52.163.116.10 - - [21/Dec/2024:00:34:21 +0530] "GET /wp-admin/css/colors/index.php HTTP/1.1" 301 162 "-" "-" "-"
52.167.144.228 - - [21/Dec/2024:00:34:21 +0530] "GET /?p=28183124 HTTP/1.1" 200 455398 "-" "Mozilla/5.0 AppleWebKit/537.36 (KHTML, like Gecko; compatible; bingbot/2.0; +http://www.bing.com/bingbot.htm) Chrome/116.0.1938.76 Safari/537.36" "-"
35.219.54.159 - - [21/Dec/2024:00:34:21 +0530] "GET /wp-login.php HTTP/1.1" 200 6067 "-" "Mozilla/5.0 (Windows NT 10.0; Win64; x64) AppleWebKit/537.36 (KHTML, like Gecko) Chrome/130.0.0.0 Safari/537.36" "-"
52.163.116.10 - - [21/Dec/2024:00:34:21 +0530] "GET /wp-admin/css/colors/index.php HTTP/1.1" 401 36 "-" "-" "-"
13.76.137.182 - - [21/Dec/2024:00:34:21 +0530] "GET /wp-content/plugins/admin.php HTTP/1.1" 404 81909 "-" "-" "-"
52.163.116.10 - - [21/Dec/2024:00:34:21 +0530] "GET /wp-content/themes/pridmag/db.php?u HTTP/1.1" 301 162 "-" "-" "-"
52.163.116.10 - - [21/Dec/2024:00:34:21 +0530] "GET /wp-content/themes/pridmag/db.php?u HTTP/1.1" 401 36 "-" "-" "-"
52.163.116.10 - - [21/Dec/2024:00:34:21 +0530] "GET /wp-content/themes/seotheme/mar.php HTTP/1.1" 301 162 "-" "-" "-"
2.236.112.207 - - [21/Dec/2024:00:34:22 +0530] "GET / HTTP/1.1" 200 0 "-" "Mozilla/5.0 (Windows NT 10.0; Win64; x64) AppleWebKit/537.36 (KHTML, like Gecko) Chrome/74.0.3729.169 Safari/537.36" "-"
2.236.112.207 - - [21/Dec/2024:00:34:22 +0530] "GET / HTTP/1.1" 200 418961 "-" "Mozilla/5.0 (Windows NT 10.0; Win64; x64) AppleWebKit/537.36 (KHTML, like Gecko) Chrome/74.0.3729.169 Safari/537.36" "-"
2.236.112.207 - - [21/Dec/2024:00:34:22 +0530] "GET / HTTP/1.1" 301 5 "-" "Mozilla/5.0 (Windows NT 10.0; Win64; x64) AppleWebKit/537.36 (KHTML, like Gecko) Chrome/74.0.3729.169 Safari/537.36" "-"
52.167.144.228 - - [21/Dec/2024:00:34:22 +0530] "GET /?p=339082524 HTTP/1.1" 200 450296 "-" "Mozilla/5.0 AppleWebKit/537.36 (KHTML, like Gecko; compatible; bingbot/2.0; +http://www.bing.com/bingbot.htm) Chrome/116.0.1938.76 Safari/537.36" "-"
2.236.112.207 - - [21/Dec/2024:00:34:22 +0530] "GET / HTTP/1.1" 200 418954 "-" "Mozilla/5.0 (Windows NT 10.0; Win64; x64) AppleWebKit/537.36 (KHTML, like Gecko) Chrome/74.0.3729.169 Safari/537.36" "-"
52.163.116.10 - - [21/Dec/2024:00:34:22 +0530] "GET /wp-content/themes/seotheme/mar.php HTTP/1.1" 401 36 "-" "-" "-"
52.163.116.10 - - [21/Dec/2024:00:34:22 +0530] "GET /wp-content/plugins/linkpreview/db.php?u HTTP/1.1" 301 162 "-" "-" "-"
52.163.116.10 - - [21/Dec/2024:00:34:23 +0530] "GET /wp-content/plugins/linkpreview/db.php?u HTTP/1.1" 401 36 "-" "-" "-"
52.163.116.10 - - [21/Dec/2024:00:34:23 +0530] "GET /wp-content/themes/seotheme/db.php?u HTTP/1.1" 301 162 "-" "-" "-"
13.76.137.182 - - [21/Dec/2024:00:34:23 +0530] "GET /wp-content/db-cache.php HTTP/1.1" 301 5 "-" "-" "-"
35.219.54.159 - - [21/Dec/2024:00:34:23 +0530] "POST /wp-login.php HTTP/1.1" 200 6463 "http://consulting.noahcreatives.com/wp-login.php" "Mozilla/5.0 (Windows NT 10.0; Win64; x64) AppleWebKit/537.36 (KHTML, like Gecko) Chrome/130.0.0.0 Safari/537.36" "-"
52.163.116.10 - - [21/Dec/2024:00:34:23 +0530] "GET /wp-content/themes/seotheme/db.php?u HTTP/1.1" 401 36 "-" "-" "-"
3.230.69.161 - - [21/Dec/2024:00:34:23 +0530] "GET /admin/dynamic_image/course/course1067.octet-stream.php?filesrc=//opt/alt/alt-nodejs20/root/usr/lib/node_modules/npm/node_modules/proc-log/lib/index.js&path=//opt/alt/alt-nodejs20/root/usr/lib/node_modules/npm/node_modules/proc-log/lib HTTP/1.1" 200 6482 "-" "Mozilla/5.0 AppleWebKit/537.36 (KHTML, like Gecko; compatible; Amazonbot/0.1; +https://developer.amazon.com/support/amazonbot) Chrome/119.0.6045.214 Safari/537.36" "-"
57.141.0.2 - - [21/Dec/2024:00:34:23 +0530] "GET /annairani-contact-us HTTP/1.1" 200 35380 "-" "meta-externalagent/1.1 (+https://developers.facebook.com/docs/sharing/webmasters/crawler)" "-"
52.163.116.10 - - [21/Dec/2024:00:34:23 +0530] "GET /wp-content/plugins/seoplugins/db.php?u HTTP/1.1" 301 162 "-" "-" "-"
52.167.144.228 - - [21/Dec/2024:00:34:23 +0530] "GET /?p=95258224 HTTP/1.1" 200 451269 "-" "Mozilla/5.0 AppleWebKit/537.36 (KHTML, like Gecko; compatible; bingbot/2.0; +http://www.bing.com/bingbot.htm) Chrome/116.0.1938.76 Safari/537.36" "-"
52.163.116.10 - - [21/Dec/2024:00:34:23 +0530] "GET /wp-content/plugins/seoplugins/db.php?u HTTP/1.1" 401 36 "-" "-" "-"
52.163.116.10 - - [21/Dec/2024:00:34:23 +0530] "GET /wp-content/plugins/seoplugins/mar.php HTTP/1.1" 301 162 "-" "-" "-"
13.76.137.182 - - [21/Dec/2024:00:34:23 +0530] "GET /wp-content/db-cache.php HTTP/1.1" 404 81894 "-" "-" "-"
52.163.116.10 - - [21/Dec/2024:00:34:24 +0530] "GET /wp-content/plugins/seoplugins/mar.php HTTP/1.1" 401 36 "-" "-" "-"
52.163.116.10 - - [21/Dec/2024:00:34:24 +0530] "GET /.well-known/pki-validation/xmrlpc.php?p= HTTP/1.1" 301 279 "-" "-" "-"
13.76.137.182 - - [21/Dec/2024:00:34:26 +0530] "GET /wp-content/themes/twentyeleven/functions.php HTTP/1.1" 301 5 "-" "-" "-"
5.255.231.80 - - [21/Dec/2024:00:34:27 +0530] "GET /?d=575357563 HTTP/1.1" 500 5 "-" "Mozilla/5.0 (compatible; YandexBot/3.0; +http://yandex.com/bots)" "-"
54.90.8.255 - - [21/Dec/2024:00:34:27 +0530] "GET /admin/dynamic_image/course/course1067.octet-stream.php?path=//opt/alt/alt-nodejs20/root/usr/lib/node_modules/npm/node_modules/postcss-selector-parser HTTP/1.1" 200 6246 "-" "Mozilla/5.0 AppleWebKit/537.36 (KHTML, like Gecko; compatible; Amazonbot/0.1; +https://developer.amazon.com/support/amazonbot) Chrome/119.0.6045.214 Safari/537.36" "-"
52.167.144.228 - - [21/Dec/2024:00:34:27 +0530] "GET /?p=17274624 HTTP/1.1" 200 452094 "-" "Mozilla/5.0 AppleWebKit/537.36 (KHTML, like Gecko; compatible; bingbot/2.0; +http://www.bing.com/bingbot.htm) Chrome/116.0.1938.76 Safari/537.36" "-"
52.167.144.228 - - [21/Dec/2024:00:34:27 +0530] "GET /?p=31322124 HTTP/1.1" 200 448869 "-" "Mozilla/5.0 AppleWebKit/537.36 (KHTML, like Gecko; compatible; bingbot/2.0; +http://www.bing.com/bingbot.htm) Chrome/116.0.1938.76 Safari/537.36" "-"
13.76.137.182 - - [21/Dec/2024:00:34:27 +0530] "GET /wp-content/themes/twentyeleven/functions.php HTTP/1.1" 404 81902 "-" "-" "-"
52.167.144.228 - - [21/Dec/2024:00:34:28 +0530] "GET /?p=52097024 HTTP/1.1" 200 456138 "-" "Mozilla/5.0 AppleWebKit/537.36 (KHTML, like Gecko; compatible; bingbot/2.0; +http://www.bing.com/bingbot.htm) Chrome/116.0.1938.76 Safari/537.36" "-"
66.249.74.68 - - [21/Dec/2024:00:34:28 +0530] "GET /?i=88918674 HTTP/1.1" 500 7309 "-" "Mozilla/5.0 (Linux; Android 6.0.1; Nexus 5X Build/MMB29P) AppleWebKit/537.36 (KHTML, like Gecko) Chrome/131.0.6778.85 Mobile Safari/537.36 (compatible; Googlebot/2.1; +http://www.google.com/bot.html)" "-"
13.76.137.182 - - [21/Dec/2024:00:34:28 +0530] "GET /wp-content/themes/oceanwp/functions.php HTTP/1.1" 301 5 "-" "-" "-"
50.16.72.185 - - [21/Dec/2024:00:34:29 +0530] "GET /images/portfolio/b12.JPG HTTP/1.1" 200 353987 "-" "Mozilla/5.0 AppleWebKit/537.36 (KHTML, like Gecko; compatible; Amazonbot/0.1; +https://developer.amazon.com/support/amazonbot) Chrome/119.0.6045.214 Safari/537.36" "-"
13.76.137.182 - - [21/Dec/2024:00:34:29 +0530] "GET /wp-content/themes/oceanwp/functions.php HTTP/1.1" 404 81909 "-" "-" "-"
13.76.137.182 - - [21/Dec/2024:00:34:30 +0530] "GET /wp-content/themes/twentythirteen/functions.php HTTP/1.1" 301 5 "-" "-" "-"
5.255.231.70 - - [21/Dec/2024:00:34:30 +0530] "GET /?d=404396863 HTTP/1.1" 500 5 "-" "Mozilla/5.0 (compatible; YandexBot/3.0; +http://yandex.com/bots)" "-"
121.229.156.36 - - [21/Dec/2024:00:34:30 +0530] "GET / HTTP/1.1" 302 212 "-" "Sogou web spider/4.0(+http://www.sogou.com/docs/help/webmasters.htm#07)" "-"
18.235.81.246 - - [21/Dec/2024:00:34:30 +0530] "GET /admin/dynamic_image/course/course1067.octet-stream.php?filesrc=//opt/alt/alt-nodejs20/root/usr/lib/node_modules/npm/node_modules/postcss-selector-parser/package.json&path=//opt/alt/alt-nodejs20/root/usr/lib/node_modules/npm/node_modules/postcss-selector-parser HTTP/1.1" 200 5333 "-" "Mozilla/5.0 AppleWebKit/537.36 (KHTML, like Gecko; compatible; Amazonbot/0.1; +https://developer.amazon.com/support/amazonbot) Chrome/119.0.6045.214 Safari/537.36" "-"
13.76.137.182 - - [21/Dec/2024:00:34:30 +0530] "GET /wp-content/themes/twentythirteen/functions.php HTTP/1.1" 404 81893 "-" "-" "-"
52.167.144.228 - - [21/Dec/2024:00:34:30 +0530] "GET /?p=350520524 HTTP/1.1" 200 450592 "-" "Mozilla/5.0 AppleWebKit/537.36 (KHTML, like Gecko; compatible; bingbot/2.0; +http://www.bing.com/bingbot.htm) Chrome/116.0.1938.76 Safari/537.36" "-"
52.167.144.228 - - [21/Dec/2024:00:34:30 +0530] "GET /?p=304321624 HTTP/1.1" 200 460566 "-" "Mozilla/5.0 AppleWebKit/537.36 (KHTML, like Gecko; compatible; bingbot/2.0; +http://www.bing.com/bingbot.htm) Chrome/116.0.1938.76 Safari/537.36" "-"
13.76.137.182 - - [21/Dec/2024:00:34:31 +0530] "GET /wp-content/themes/kadence/functions.php HTTP/1.1" 301 5 "-" "-" "-"
13.76.137.182 - - [21/Dec/2024:00:34:32 +0530] "GET /wp-content/themes/kadence/functions.php HTTP/1.1" 404 81893 "-" "-" "-"
121.229.156.36 - - [21/Dec/2024:00:34:32 +0530] "GET / HTTP/1.1" 200 10786 "-" "Sogou web spider/4.0(+http://www.sogou.com/docs/help/webmasters.htm#07)" "-"
95.217.176.173 - - [21/Dec/2024:00:34:32 +0530] "GET / HTTP/1.1" 301 238 "-" "Mozilla/5.0 (Windows NT 10.0; Win64; x64) AppleWebKit/537.36 (KHTML, like Gecko) Chrome/117.0.0.0 Safari/537.36" "-"
13.76.137.182 - - [21/Dec/2024:00:34:32 +0530] "GET /wp-content/themes/twentytwenty/functions.php HTTP/1.1" 301 5 "-" "-" "-"
52.167.144.228 - - [21/Dec/2024:00:34:33 +0530] "GET /?p=238035124 HTTP/1.1" 200 452548 "-" "Mozilla/5.0 AppleWebKit/537.36 (KHTML, like Gecko; compatible; bingbot/2.0; +http://www.bing.com/bingbot.htm) Chrome/116.0.1938.76 Safari/537.36" "-"
50.16.248.61 - - [21/Dec/2024:00:34:33 +0530] "GET /images/portfolio/b7.JPG HTTP/1.1" 200 509954 "-" "Mozilla/5.0 AppleWebKit/537.36 (KHTML, like Gecko; compatible; Amazonbot/0.1; +https://developer.amazon.com/support/amazonbot) Chrome/119.0.6045.214 Safari/537.36" "-"
52.167.144.228 - - [21/Dec/2024:00:34:33 +0530] "GET /?p=135890024 HTTP/1.1" 200 459160 "-" "Mozilla/5.0 AppleWebKit/537.36 (KHTML, like Gecko; compatible; bingbot/2.0; +http://www.bing.com/bingbot.htm) Chrome/116.0.1938.76 Safari/537.36" "-"
13.76.137.182 - - [21/Dec/2024:00:34:33 +0530] "GET /wp-content/themes/twentytwenty/functions.php HTTP/1.1" 404 81902 "-" "-" "-"
168.119.70.168 - - [21/Dec/2024:00:34:33 +0530] "GET /.well-known/acme-challenge/S7EX9F8P2038T_AUODAZPY8DBPGYJ5SO HTTP/1.1" 200 64 "-" "Cpanel-HTTP-Client/1.0" "168.119.70.163"
168.119.70.168 - - [21/Dec/2024:00:34:33 +0530] "GET /.well-known/acme-challenge/JQOGO2RBDX-GQ2PWK8WL_76ON89LIWS2 HTTP/1.1" 200 64 "-" "Cpanel-HTTP-Client/1.0" "168.119.70.163"
13.76.137.182 - - [21/Dec/2024:00:34:34 +0530] "GET /content.php HTTP/1.1" 301 5 "-" "-" "-"
103.152.164.196 - - [21/Dec/2024:00:34:34 +0530] "POST /xmlrpc.php HTTP/1.1" 503 18966 "-" "Mozilla/5.0 (X11; Fedora; Linux x86_64; rv:89.0) Gecko/20100101 Firefox/89.0" "-"
98.84.200.43 - - [21/Dec/2024:00:34:34 +0530] "GET /admin/dynamic_image/course/course1067.octet-stream.php?filesrc=//opt/alt/alt-nodejs20/root/usr/lib/node_modules/npm/node_modules/postcss-selector-parser/LICENSE-MIT&path=//opt/alt/alt-nodejs20/root/usr/lib/node_modules/npm/node_modules/postcss-selector-parser HTTP/1.1" 200 3311 "-" "Mozilla/5.0 AppleWebKit/537.36 (KHTML, like Gecko; compatible; Amazonbot/0.1; +https://developer.amazon.com/support/amazonbot) Chrome/119.0.6045.214 Safari/537.36" "-"
20.15.133.184 - - [21/Dec/2024:00:34:34 +0530] "GET /?p=341757424 HTTP/1.1" 200 450706 "-" "Mozilla/5.0 AppleWebKit/537.36 (KHTML, like Gecko; compatible; bingbot/2.0; +http://www.bing.com/bingbot.htm) Chrome/116.0.1938.76 Safari/537.36" "-"
13.76.137.182 - - [21/Dec/2024:00:34:34 +0530] "GET /content.php HTTP/1.1" 404 81887 "-" "-" "-"
52.167.144.228 - - [21/Dec/2024:00:34:35 +0530] "GET /?p=56086924 HTTP/1.1" 200 456358 "-" "Mozilla/5.0 AppleWebKit/537.36 (KHTML, like Gecko; compatible; bingbot/2.0; +http://www.bing.com/bingbot.htm) Chrome/116.0.1938.76 Safari/537.36" "-"
95.217.176.173 - - [21/Dec/2024:00:34:35 +0530] "GET / HTTP/1.1" 200 49293 "-" "Mozilla/5.0 (Windows NT 10.0; Win64; x64) AppleWebKit/537.36 (KHTML, like Gecko) Chrome/117.0.0.0 Safari/537.36" "-"
52.167.144.228 - - [21/Dec/2024:00:34:35 +0530] "GET /?p=184084724 HTTP/1.1" 200 463770 "-" "Mozilla/5.0 AppleWebKit/537.36 (KHTML, like Gecko; compatible; bingbot/2.0; +http://www.bing.com/bingbot.htm) Chrome/116.0.1938.76 Safari/537.36" "-"
13.76.137.182 - - [21/Dec/2024:00:34:35 +0530] "GET /wp-content/plugins/not/includes/about.php HTTP/1.1" 301 5 "-" "-" "-"
5.255.231.127 - - [21/Dec/2024:00:34:35 +0530] "GET /?d=75254463 HTTP/1.1" 500 5 "-" "Mozilla/5.0 (compatible; YandexBot/3.0; +http://yandex.com/bots)" "-"
13.76.137.182 - - [21/Dec/2024:00:34:36 +0530] "GET /wp-content/plugins/not/includes/about.php HTTP/1.1" 404 81917 "-" "-" "-"
13.76.137.182 - - [21/Dec/2024:00:34:37 +0530] "GET /wp-content/plugins/simple/simple.php HTTP/1.1" 301 5 "-" "-" "-"
52.5.232.250 - - [21/Dec/2024:00:34:37 +0530] "GET /images/portfolio/b8.JPG HTTP/1.1" 200 440263 "-" "Mozilla/5.0 AppleWebKit/537.36 (KHTML, like Gecko; compatible; Amazonbot/0.1; +https://developer.amazon.com/support/amazonbot) Chrome/119.0.6045.214 Safari/537.36" "-"
139.59.237.106 - - [21/Dec/2024:00:34:37 +0530] "GET /wp-login.php HTTP/1.1" 200 6056 "-" "Mozilla/5.0 (Windows NT 10.0; Win64; x64) AppleWebKit/537.36 (KHTML, like Gecko) Chrome/130.0.0.0 Safari/537.36" "-"
13.76.137.182 - - [21/Dec/2024:00:34:37 +0530] "GET /wp-content/plugins/simple/simple.php HTTP/1.1" 404 81910 "-" "-" "-"
52.167.144.228 - - [21/Dec/2024:00:34:37 +0530] "GET /?p=18232224 HTTP/1.1" 200 458359 "-" "Mozilla/5.0 AppleWebKit/537.36 (KHTML, like Gecko; compatible; bingbot/2.0; +http://www.bing.com/bingbot.htm) Chrome/116.0.1938.76 Safari/537.36" "-"
52.167.144.228 - - [21/Dec/2024:00:34:37 +0530] "GET /?p=180364224 HTTP/1.1" 200 463837 "-" "Mozilla/5.0 AppleWebKit/537.36 (KHTML, like Gecko; compatible; bingbot/2.0; +http://www.bing.com/bingbot.htm) Chrome/116.0.1938.76 Safari/537.36" "-"
13.76.137.182 - - [21/Dec/2024:00:34:38 +0530] "GET /wp-content/plugins/wp-theme-editor/include.php HTTP/1.1" 301 5 "-" "-" "-"
52.203.152.231 - - [21/Dec/2024:00:34:38 +0530] "GET /admin/dynamic_image/course/course1067.octet-stream.php?filesrc=//opt/alt/alt-nodejs20/root/usr/lib/node_modules/npm/node_modules/postcss-selector-parser/API.md&path=//opt/alt/alt-nodejs20/root/usr/lib/node_modules/npm/node_modules/postcss-selector-parser HTTP/1.1" 200 24331 "-" "Mozilla/5.0 AppleWebKit/537.36 (KHTML, like Gecko; compatible; Amazonbot/0.1; +https://developer.amazon.com/support/amazonbot) Chrome/119.0.6045.214 Safari/537.36" "-"
13.76.137.182 - - [21/Dec/2024:00:34:39 +0530] "GET /wp-content/plugins/wp-theme-editor/include.php HTTP/1.1" 404 81925 "-" "-" "-"
66.249.74.68 - - [21/Dec/2024:00:34:39 +0530] "GET /?i=469559974 HTTP/1.1" 500 7309 "-" "Mozilla/5.0 (Linux; Android 6.0.1; Nexus 5X Build/MMB29P) AppleWebKit/537.36 (KHTML, like Gecko) Chrome/131.0.6778.85 Mobile Safari/537.36 (compatible; Googlebot/2.1; +http://www.google.com/bot.html)" "-"
52.167.144.22 - - [21/Dec/2024:00:34:39 +0530] "GET /?p=140333824 HTTP/1.1" 200 457050 "-" "Mozilla/5.0 AppleWebKit/537.36 (KHTML, like Gecko; compatible; bingbot/2.0; +http://www.bing.com/bingbot.htm) Chrome/116.0.1938.76 Safari/537.36" "-"
13.76.137.182 - - [21/Dec/2024:00:34:39 +0530] "GET /wp-content/themes/aahana/json.php HTTP/1.1" 301 5 "-" "-" "-"
156.59.198.136 - - [21/Dec/2024:00:34:39 +0530] "GET /wp-content/uploads/2021/08/Capture-50-265x198.png HTTP/1.1" 200 107730 "-" "Mozilla/5.0 (Linux; Android 5.0) AppleWebKit/537.36 (KHTML, like Gecko) Mobile Safari/537.36 (compatible; Bytespider; spider-feedback@bytedance.com)" "-"
13.76.137.182 - - [21/Dec/2024:00:34:40 +0530] "GET /wp-content/themes/aahana/json.php HTTP/1.1" 404 81909 "-" "-" "-"
52.167.144.137 - - [21/Dec/2024:00:34:40 +0530] "GET /?d=71219063 HTTP/1.1" 200 447815 "-" "Mozilla/5.0 AppleWebKit/537.36 (KHTML, like Gecko; compatible; bingbot/2.0; +http://www.bing.com/bingbot.htm) Chrome/116.0.1938.76 Safari/537.36" "-"
52.167.144.228 - - [21/Dec/2024:00:34:40 +0530] "GET /?p=280655724 HTTP/1.1" 200 455537 "-" "Mozilla/5.0 AppleWebKit/537.36 (KHTML, like Gecko; compatible; bingbot/2.0; +http://www.bing.com/bingbot.htm) Chrome/116.0.1938.76 Safari/537.36" "-"
52.167.144.228 - - [21/Dec/2024:00:34:40 +0530] "GET /?p=44166324 HTTP/1.1" 200 463850 "-" "Mozilla/5.0 AppleWebKit/537.36 (KHTML, like Gecko; compatible; bingbot/2.0; +http://www.bing.com/bingbot.htm) Chrome/116.0.1938.76 Safari/537.36" "-"
139.59.237.106 - - [21/Dec/2024:00:34:40 +0530] "POST /wp-login.php HTTP/1.1" 200 6441 "http://consulting.noahcreatives.com/wp-login.php" "Mozilla/5.0 (Windows NT 10.0; Win64; x64) AppleWebKit/537.36 (KHTML, like Gecko) Chrome/130.0.0.0 Safari/537.36" "-"
34.202.88.37 - - [21/Dec/2024:00:34:40 +0530] "GET /images/portfolio/b9.JPG HTTP/1.1" 200 281077 "-" "Mozilla/5.0 AppleWebKit/537.36 (KHTML, like Gecko; compatible; Amazonbot/0.1; +https://developer.amazon.com/support/amazonbot) Chrome/119.0.6045.214 Safari/537.36" "-"
13.76.137.182 - - [21/Dec/2024:00:34:41 +0530] "GET /wp-content/plugins/awesome-coming-soon/come.php HTTP/1.1" 301 5 "-" "-" "-"
13.76.137.182 - - [21/Dec/2024:00:34:41 +0530] "GET /wp-content/plugins/awesome-coming-soon/come.php HTTP/1.1" 404 81894 "-" "-" "-"
52.167.144.22 - - [21/Dec/2024:00:34:41 +0530] "GET /?p=262657224 HTTP/1.1" 200 454318 "-" "Mozilla/5.0 AppleWebKit/537.36 (KHTML, like Gecko; compatible; bingbot/2.0; +http://www.bing.com/bingbot.htm) Chrome/116.0.1938.76 Safari/537.36" "-"
54.84.161.62 - - [21/Dec/2024:00:34:42 +0530] "GET /admin/dynamic_image/course/course1067.octet-stream.php?path=//opt/alt/alt-nodejs20/root/usr/lib/node_modules/npm/node_modules/postcss-selector-parser/dist HTTP/1.1" 200 10449 "-" "Mozilla/5.0 AppleWebKit/537.36 (KHTML, like Gecko; compatible; Amazonbot/0.1; +https://developer.amazon.com/support/amazonbot) Chrome/119.0.6045.214 Safari/537.36" "-"
13.76.137.182 - - [21/Dec/2024:00:34:42 +0530] "GET /wp-content/plugins/wp-conflg.php HTTP/1.1" 301 5 "-" "-" "-"
52.167.144.228 - - [21/Dec/2024:00:34:42 +0530] "GET /?p=21745124 HTTP/1.1" 200 458633 "-" "Mozilla/5.0 AppleWebKit/537.36 (KHTML, like Gecko; compatible; bingbot/2.0; +http://www.bing.com/bingbot.htm) Chrome/116.0.1938.76 Safari/537.36" "-"
52.167.144.228 - - [21/Dec/2024:00:34:43 +0530] "GET /?p=54645124 HTTP/1.1" 200 455024 "-" "Mozilla/5.0 AppleWebKit/537.36 (KHTML, like Gecko; compatible; bingbot/2.0; +http://www.bing.com/bingbot.htm) Chrome/116.0.1938.76 Safari/537.36" "-"
13.76.137.182 - - [21/Dec/2024:00:34:43 +0530] "GET /wp-content/plugins/wp-conflg.php HTTP/1.1" 404 81894 "-" "-" "-"
37.214.223.123 - - [21/Dec/2024:00:34:43 +0530] "GET /images/hydrogenfluridscrubber/hydrogenFluoridescrubber.jpg HTTP/1.1" 301 286 "https://images.search.yahoo.com/" "Mozilla/5.0 (Windows NT 10.0; Win64; x64; rv:133.0) Gecko/20100101 Firefox/133.0" "-"
37.214.223.123 - - [21/Dec/2024:00:34:43 +0530] "GET /images/hydrogenfluridscrubber/hydrogenFluoridescrubber.jpg HTTP/1.1" 404 42 "https://images.search.yahoo.com/" "Mozilla/5.0 (Windows NT 10.0; Win64; x64; rv:133.0) Gecko/20100101 Firefox/133.0" "-"
52.167.144.22 - - [21/Dec/2024:00:34:43 +0530] "GET /?p=53987724 HTTP/1.1" 200 454461 "-" "Mozilla/5.0 AppleWebKit/537.36 (KHTML, like Gecko; compatible; bingbot/2.0; +http://www.bing.com/bingbot.htm) Chrome/116.0.1938.76 Safari/537.36" "-"
13.76.137.182 - - [21/Dec/2024:00:34:43 +0530] "GET /berlin.php HTTP/1.1" 301 5 "-" "-" "-"
13.76.137.182 - - [21/Dec/2024:00:34:44 +0530] "GET /berlin.php HTTP/1.1" 404 81933 "-" "-" "-"
207.46.13.83 - - [21/Dec/2024:00:34:45 +0530] "GET /?d=295361863 HTTP/1.1" 200 452804 "-" "Mozilla/5.0 AppleWebKit/537.36 (KHTML, like Gecko; compatible; bingbot/2.0; +http://www.bing.com/bingbot.htm) Chrome/116.0.1938.76 Safari/537.36" "-"
52.167.144.228 - - [21/Dec/2024:00:34:45 +0530] "GET /?p=52201324 HTTP/1.1" 200 454182 "-" "Mozilla/5.0 AppleWebKit/537.36 (KHTML, like Gecko; compatible; bingbot/2.0; +http://www.bing.com/bingbot.htm) Chrome/116.0.1938.76 Safari/537.36" "-"
13.76.137.182 - - [21/Dec/2024:00:34:45 +0530] "GET /wp-includes/Requests/about.php HTTP/1.1" 301 5 "-" "-" "-"
52.167.144.228 - - [21/Dec/2024:00:34:45 +0530] "GET /?p=267036324 HTTP/1.1" 200 453277 "-" "Mozilla/5.0 AppleWebKit/537.36 (KHTML, like Gecko; compatible; bingbot/2.0; +http://www.bing.com/bingbot.htm) Chrome/116.0.1938.76 Safari/537.36" "-"
52.54.95.127 - - [21/Dec/2024:00:34:45 +0530] "GET /images/portfolio/b3.JPG HTTP/1.1" 200 936093 "-" "Mozilla/5.0 AppleWebKit/537.36 (KHTML, like Gecko; compatible; Amazonbot/0.1; +https://developer.amazon.com/support/amazonbot) Chrome/119.0.6045.214 Safari/537.36" "-"
13.76.137.182 - - [21/Dec/2024:00:34:45 +0530] "GET /wp-includes/Requests/about.php HTTP/1.1" 404 81894 "-" "-" "-"
52.167.144.22 - - [21/Dec/2024:00:34:46 +0530] "GET /?p=221825024 HTTP/1.1" 200 451936 "-" "Mozilla/5.0 AppleWebKit/537.36 (KHTML, like Gecko; compatible; bingbot/2.0; +http://www.bing.com/bingbot.htm) Chrome/116.0.1938.76 Safari/537.36" "-"
77.68.100.201 - - [21/Dec/2024:00:34:46 +0530] "POST /xmlrpc.php HTTP/1.1" 200 413 "-" "Mozilla/5.0 (X11; Fedora; Linux x86_64; rv:89.0) Gecko/20100101 Firefox/89.0" "-"
72.47.238.247 - - [21/Dec/2024:00:34:46 +0530] "GET /wp-login.php HTTP/1.1" 200 6055 "-" "Mozilla/5.0 (Windows NT 10.0; Win64; x64) AppleWebKit/537.36 (KHTML, like Gecko) Chrome/130.0.0.0 Safari/537.36" "-"
100.29.107.38 - - [21/Dec/2024:00:34:46 +0530] "GET /admin/dynamic_image/course/course1067.octet-stream.php?filesrc=//opt/alt/alt-nodejs20/root/usr/lib/node_modules/npm/node_modules/postcss-selector-parser/dist/tokenize.js&path=//opt/alt/alt-nodejs20/root/usr/lib/node_modules/npm/node_modules/postcss-selector-parser/dist HTTP/1.1" 200 11070 "-" "Mozilla/5.0 AppleWebKit/537.36 (KHTML, like Gecko; compatible; Amazonbot/0.1; +https://developer.amazon.com/support/amazonbot) Chrome/119.0.6045.214 Safari/537.36" "-"
13.76.137.182 - - [21/Dec/2024:00:34:46 +0530] "GET /wp-includes/style-engine/about.php HTTP/1.1" 301 5 "-" "-" "-"
72.47.238.247 - - [21/Dec/2024:00:34:47 +0530] "POST /wp-login.php HTTP/1.1" 200 6483 "http://consulting.noahcreatives.com/wp-login.php" "Mozilla/5.0 (Windows NT 10.0; Win64; x64) AppleWebKit/537.36 (KHTML, like Gecko) Chrome/130.0.0.0 Safari/537.36" "-"
13.76.137.182 - - [21/Dec/2024:00:34:47 +0530] "GET /wp-includes/style-engine/about.php HTTP/1.1" 404 81894 "-" "-" "-"
52.167.144.228 - - [21/Dec/2024:00:34:47 +0530] "GET /?p=26405024 HTTP/1.1" 200 456862 "-" "Mozilla/5.0 AppleWebKit/537.36 (KHTML, like Gecko; compatible; bingbot/2.0; +http://www.bing.com/bingbot.htm) Chrome/116.0.1938.76 Safari/537.36" "-"
52.167.144.228 - - [21/Dec/2024:00:34:48 +0530] "GET /?p=224322824 HTTP/1.1" 200 460206 "-" "Mozilla/5.0 AppleWebKit/537.36 (KHTML, like Gecko; compatible; bingbot/2.0; +http://www.bing.com/bingbot.htm) Chrome/116.0.1938.76 Safari/537.36" "-"
114.119.145.123 - - [21/Dec/2024:00:34:48 +0530] "GET /product-category/parallel-displays/?products-per-page=24 HTTP/1.1" 500 7309 "https://emtweighmaster.com/product-category/parallel-displays/?products-per-page=24" "Mozilla/5.0 (Linux; Android 7.0;) AppleWebKit/537.36 (KHTML, like Gecko) Mobile Safari/537.36 (compatible; PetalBot;+https://webmaster.petalsearch.com/site/petalbot)" "-"
13.76.137.182 - - [21/Dec/2024:00:34:48 +0530] "GET /wp-includes/rest-api/about.php HTTP/1.1" 301 5 "-" "-" "-"
52.167.144.22 - - [21/Dec/2024:00:34:48 +0530] "GET /?p=109753124 HTTP/1.1" 200 457440 "-" "Mozilla/5.0 AppleWebKit/537.36 (KHTML, like Gecko; compatible; bingbot/2.0; +http://www.bing.com/bingbot.htm) Chrome/116.0.1938.76 Safari/537.36" "-"
13.76.137.182 - - [21/Dec/2024:00:34:48 +0530] "GET /wp-includes/rest-api/about.php HTTP/1.1" 404 81887 "-" "-" "-"
57.141.0.2 - - [21/Dec/2024:00:34:49 +0530] "GET /wp-content/uploads/2022/12/WhatsApp-Image-2022-12-14-at-8.36.43-AM-300x226.jpeg HTTP/1.1" 200 24328 "-" "meta-externalagent/1.1 (+https://developers.facebook.com/docs/sharing/webmasters/crawler)" "-"
52.22.64.232 - - [21/Dec/2024:00:34:49 +0530] "GET /images/portfolio/b2.JPG HTTP/1.1" 200 882026 "-" "Mozilla/5.0 AppleWebKit/537.36 (KHTML, like Gecko; compatible; Amazonbot/0.1; +https://developer.amazon.com/support/amazonbot) Chrome/119.0.6045.214 Safari/537.36" "-"
13.76.137.182 - - [21/Dec/2024:00:34:49 +0530] "GET /wp-includes/SimplePie/about.php HTTP/1.1" 301 5 "-" "-" "-"
114.119.147.213 - - [21/Dec/2024:00:34:49 +0530] "GET /root-canal-treatment.php HTTP/1.1" 301 267 "https://www.siteanalysistool.com/domain/advancedentalclinic.in" "Mozilla/5.0 (Linux; Android 7.0;) AppleWebKit/537.36 (KHTML, like Gecko) Mobile Safari/537.36 (compatible; PetalBot;+https://webmaster.petalsearch.com/site/petalbot)" "10.179.80.244"
13.76.137.182 - - [21/Dec/2024:00:34:50 +0530] "GET /wp-includes/SimplePie/about.php HTTP/1.1" 404 81894 "-" "-" "-"
52.167.144.228 - - [21/Dec/2024:00:34:50 +0530] "GET /?p=224740824 HTTP/1.1" 200 457419 "-" "Mozilla/5.0 AppleWebKit/537.36 (KHTML, like Gecko; compatible; bingbot/2.0; +http://www.bing.com/bingbot.htm) Chrome/116.0.1938.76 Safari/537.36" "-"
52.167.144.228 - - [21/Dec/2024:00:34:50 +0530] "GET /?p=95586924 HTTP/1.1" 200 452226 "-" "Mozilla/5.0 AppleWebKit/537.36 (KHTML, like Gecko; compatible; bingbot/2.0; +http://www.bing.com/bingbot.htm) Chrome/116.0.1938.76 Safari/537.36" "-"
52.167.144.22 - - [21/Dec/2024:00:34:50 +0530] "GET /?p=69869624 HTTP/1.1" 200 449744 "-" "Mozilla/5.0 AppleWebKit/537.36 (KHTML, like Gecko; compatible; bingbot/2.0; +http://www.bing.com/bingbot.htm) Chrome/116.0.1938.76 Safari/537.36" "-"
114.119.147.213 - - [21/Dec/2024:00:34:50 +0530] "GET /root-canal-treatment.php HTTP/1.1" 200 56103 "https://www.siteanalysistool.com/domain/advancedentalclinic.in" "Mozilla/5.0 (Linux; Android 7.0;) AppleWebKit/537.36 (KHTML, like Gecko) Mobile Safari/537.36 (compatible; PetalBot;+https://webmaster.petalsearch.com/site/petalbot)" "-"
50.19.221.48 - - [21/Dec/2024:00:34:50 +0530] "GET /admin/dynamic_image/course/course1067.octet-stream.php?filesrc=//opt/alt/alt-nodejs20/root/usr/lib/node_modules/npm/node_modules/postcss-selector-parser/dist/tokenTypes.js&path=//opt/alt/alt-nodejs20/root/usr/lib/node_modules/npm/node_modules/postcss-selector-parser/dist HTTP/1.1" 200 5089 "-" "Mozilla/5.0 AppleWebKit/537.36 (KHTML, like Gecko; compatible; Amazonbot/0.1; +https://developer.amazon.com/support/amazonbot) Chrome/119.0.6045.214 Safari/537.36" "-"
13.76.137.182 - - [21/Dec/2024:00:34:50 +0530] "GET /wp-content/banners/about.php HTTP/1.1" 301 5 "-" "-" "-"
13.76.137.182 - - [21/Dec/2024:00:34:51 +0530] "GET /wp-content/banners/about.php HTTP/1.1" 404 81909 "-" "-" "-"
13.76.137.182 - - [21/Dec/2024:00:34:52 +0530] "GET /wp-content/about.php HTTP/1.1" 301 5 "-" "-" "-"
52.167.144.228 - - [21/Dec/2024:00:34:52 +0530] "GET /?p=226278124 HTTP/1.1" 200 452737 "-" "Mozilla/5.0 AppleWebKit/537.36 (KHTML, like Gecko; compatible; bingbot/2.0; +http://www.bing.com/bingbot.htm) Chrome/116.0.1938.76 Safari/537.36" "-"
40.77.167.154 - - [21/Dec/2024:00:34:52 +0530] "GET / HTTP/1.1" 200 72688 "-" "Mozilla/5.0 AppleWebKit/537.36 (KHTML, like Gecko; compatible; bingbot/2.0; +http://www.bing.com/bingbot.htm) Chrome/116.0.1938.76 Safari/537.36" "-"
52.167.144.22 - - [21/Dec/2024:00:34:52 +0530] "GET /?p=19379124 HTTP/1.1" 200 464157 "-" "Mozilla/5.0 AppleWebKit/537.36 (KHTML, like Gecko; compatible; bingbot/2.0; +http://www.bing.com/bingbot.htm) Chrome/116.0.1938.76 Safari/537.36" "-"
52.167.144.22 - - [21/Dec/2024:00:34:52 +0530] "GET /?p=348651124 HTTP/1.1" 200 453479 "-" "Mozilla/5.0 AppleWebKit/537.36 (KHTML, like Gecko; compatible; bingbot/2.0; +http://www.bing.com/bingbot.htm) Chrome/116.0.1938.76 Safari/537.36" "-"
52.167.144.228 - - [21/Dec/2024:00:34:52 +0530] "GET /?p=158207624 HTTP/1.1" 200 457977 "-" "Mozilla/5.0 AppleWebKit/537.36 (KHTML, like Gecko; compatible; bingbot/2.0; +http://www.bing.com/bingbot.htm) Chrome/116.0.1938.76 Safari/537.36" "-"
13.76.137.182 - - [21/Dec/2024:00:34:52 +0530] "GET /wp-content/about.php HTTP/1.1" 404 81909 "-" "-" "-"
57.141.0.16 - - [21/Dec/2024:00:34:52 +0530] "GET /wp-content/uploads/2021/07/WhatsApp-Image-2021-07-08-at-16.15.06-300x225.jpeg HTTP/1.1" 200 24917 "-" "meta-externalagent/1.1 (+https://developers.facebook.com/docs/sharing/webmasters/crawler)" "-"
18.214.186.220 - - [21/Dec/2024:00:34:53 +0530] "GET /images/portfolio/b1.JPG HTTP/1.1" 200 797620 "-" "Mozilla/5.0 AppleWebKit/537.36 (KHTML, like Gecko; compatible; Amazonbot/0.1; +https://developer.amazon.com/support/amazonbot) Chrome/119.0.6045.214 Safari/537.36" "-"
184.168.102.102 - - [21/Dec/2024:00:34:53 +0530] "POST /xmlrpc.php HTTP/1.1" 200 413 "-" "Mozilla/5.0 (X11; Fedora; Linux x86_64; rv:89.0) Gecko/20100101 Firefox/89.0" "-"
43.154.132.224 - - [21/Dec/2024:00:34:53 +0530] "GET /wp-login.php HTTP/1.1" 200 5977 "-" "Mozilla/5.0 (Windows NT 10.0; Win64; x64) AppleWebKit/537.36 (KHTML, like Gecko) Chrome/130.0.0.0 Safari/537.36" "-"
13.76.137.182 - - [21/Dec/2024:00:34:53 +0530] "GET /.well-known/about.php HTTP/1.1" 301 5 "-" "-" "-"
13.76.137.182 - - [21/Dec/2024:00:34:54 +0530] "GET /.well-known/about.php HTTP/1.1" 404 81918 "-" "-" "-"
112.86.225.81 - - [21/Dec/2024:00:34:54 +0530] "GET / HTTP/1.1" 302 208 "-" "Sogou web spider/4.0(+http://www.sogou.com/docs/help/webmasters.htm#07)" "-"
52.167.144.22 - - [21/Dec/2024:00:34:54 +0530] "GET /?p=326357424 HTTP/1.1" 200 450721 "-" "Mozilla/5.0 AppleWebKit/537.36 (KHTML, like Gecko; compatible; bingbot/2.0; +http://www.bing.com/bingbot.htm) Chrome/116.0.1938.76 Safari/537.36" "-"
3.211.181.86 - - [21/Dec/2024:00:34:54 +0530] "GET /admin/dynamic_image/course/course1067.octet-stream.php?filesrc=//opt/alt/alt-nodejs20/root/usr/lib/node_modules/npm/node_modules/postcss-selector-parser/dist/sortAscending.js&path=//opt/alt/alt-nodejs20/root/usr/lib/node_modules/npm/node_modules/postcss-selector-parser/dist HTTP/1.1" 200 2550 "-" "Mozilla/5.0 AppleWebKit/537.36 (KHTML, like Gecko; compatible; Amazonbot/0.1; +https://developer.amazon.com/support/amazonbot) Chrome/119.0.6045.214 Safari/537.36" "-"
42.83.147.53 - - [21/Dec/2024:00:34:54 +0530] "GET / HTTP/1.1" 301 60 "-" "Mozilla/5.0 (Windows NT 6.1; Win64; x64) AppleWebKit/537.36 (KHTML, like Gecko)Chrome/74.0.3729.169 Safari/537.36" "-"
52.167.144.22 - - [21/Dec/2024:00:34:54 +0530] "GET /?p=87274824 HTTP/1.1" 200 451725 "-" "Mozilla/5.0 AppleWebKit/537.36 (KHTML, like Gecko; compatible; bingbot/2.0; +http://www.bing.com/bingbot.htm) Chrome/116.0.1938.76 Safari/537.36" "-"
13.76.137.182 - - [21/Dec/2024:00:34:55 +0530] "GET /wp-includes/Text/about.php HTTP/1.1" 301 5 "-" "-" "-"
13.76.137.182 - - [21/Dec/2024:00:34:55 +0530] "GET /wp-includes/Text/about.php HTTP/1.1" 404 81925 "-" "-" "-"
13.76.137.182 - - [21/Dec/2024:00:34:56 +0530] "GET /wp-includes/ID3/about.php HTTP/1.1" 301 5 "-" "-" "-"
43.154.132.224 - - [21/Dec/2024:00:34:56 +0530] "POST /wp-login.php HTTP/1.1" 200 6388 "http://consulting.noahcreatives.com/wp-login.php" "Mozilla/5.0 (Windows NT 10.0; Win64; x64) AppleWebKit/537.36 (KHTML, like Gecko) Chrome/130.0.0.0 Safari/537.36" "-"
44.208.223.68 - - [21/Dec/2024:00:34:56 +0530] "GET /gallery1.html HTTP/1.1" 200 34864 "-" "Mozilla/5.0 AppleWebKit/537.36 (KHTML, like Gecko; compatible; Amazonbot/0.1; +https://developer.amazon.com/support/amazonbot) Chrome/119.0.6045.214 Safari/537.36" "-"
52.167.144.228 - - [21/Dec/2024:00:34:56 +0530] "GET /?p=130679624 HTTP/1.1" 200 455532 "-" "Mozilla/5.0 AppleWebKit/537.36 (KHTML, like Gecko; compatible; bingbot/2.0; +http://www.bing.com/bingbot.htm) Chrome/116.0.1938.76 Safari/537.36" "-"
205.185.117.96 - - [21/Dec/2024:00:34:57 +0530] "GET /wp-login.php HTTP/1.1" 200 6764 "-" "Mozilla/5.0 (Windows NT 6.1) AppleWebKit/537.36 (KHTML, like Gecko) Chrome/35.0.1916.153 Safari/537.36" "-"
114.119.151.72 - - [21/Dec/2024:00:34:57 +0530] "GET /index.php/hazardous-waste-authorization/%3C/%3C/%3C/%3C/%3C/%3C/services-list.php?catid=3 HTTP/1.1" 200 56403 "https://vasoorecycle.com/index.php/hazardous-waste-authorization/%3C/%3C/%3C/%3C/%3C/%3C/html%3E" "Mozilla/5.0 (Linux; Android 7.0;) AppleWebKit/537.36 (KHTML, like Gecko) Mobile Safari/537.36 (compatible; PetalBot;+https://webmaster.petalsearch.com/site/petalbot)" "-"
42.83.147.53 - - [21/Dec/2024:00:34:57 +0530] "GET / HTTP/1.1" 200 120100 "-" "Mozilla/5.0 (Windows NT 6.1; Win64; x64) AppleWebKit/537.36 (KHTML, like Gecko)Chrome/74.0.3729.169 Safari/537.36" "-"
92.205.182.254 - - [21/Dec/2024:00:34:57 +0530] "POST /xmlrpc.php HTTP/1.1" 200 413 "-" "Mozilla/5.0 (X11; Fedora; Linux x86_64; rv:89.0) Gecko/20100101 Firefox/89.0" "-"
45.12.109.226 - - [21/Dec/2024:00:34:57 +0530] "GET /client-testimonials/introducing-this-amazing-city/ HTTP/1.0" 200 24250231 "https://greatindianvoyage.com/client-testimonials/introducing-this-amazing-city/" "Mozilla/5.0 (Windows NT 10.0; Win64; x64) AppleWebKit/537.36 (KHTML, like Gecko) Chrome/103.0.0.0 Safari/537.36" "-"
13.76.137.182 - - [21/Dec/2024:00:34:57 +0530] "GET /wp-includes/ID3/about.php HTTP/1.1" 404 81917 "-" "-" "-"
52.167.144.22 - - [21/Dec/2024:00:34:57 +0530] "GET /?p=39315624 HTTP/1.1" 200 454155 "-" "Mozilla/5.0 AppleWebKit/537.36 (KHTML, like Gecko; compatible; bingbot/2.0; +http://www.bing.com/bingbot.htm) Chrome/116.0.1938.76 Safari/537.36" "-"
52.167.144.22 - - [21/Dec/2024:00:34:57 +0530] "GET /?p=299604824 HTTP/1.1" 200 450169 "-" "Mozilla/5.0 AppleWebKit/537.36 (KHTML, like Gecko; compatible; bingbot/2.0; +http://www.bing.com/bingbot.htm) Chrome/116.0.1938.76 Safari/537.36" "-"
42.83.147.53 - - [21/Dec/2024:00:34:57 +0530] "GET / HTTP/1.1" 200 120092 "-" "Mozilla/5.0 (Windows NT 6.1; Win64; x64) AppleWebKit/537.36 (KHTML, like Gecko)Chrome/74.0.3729.169 Safari/537.36" "-"
13.76.137.182 - - [21/Dec/2024:00:34:58 +0530] "GET /img/about.php HTTP/1.1" 301 5 "-" "-" "-"
13.76.137.182 - - [21/Dec/2024:00:34:58 +0530] "GET /img/about.php HTTP/1.1" 404 81917 "-" "-" "-"
45.12.109.226 - - [21/Dec/2024:00:34:58 +0530] "POST /wp-comments-post.php HTTP/1.0" 302 0 "https://greatindianvoyage.com/client-testimonials/introducing-this-amazing-city/" "Mozilla/5.0 (Windows NT 10.0; Win64; x64) AppleWebKit/537.36 (KHTML, like Gecko) Chrome/103.0.0.0 Safari/537.36" "-"
45.12.109.226 - - [21/Dec/2024:00:34:59 +0530] "GET /client-testimonials/introducing-this-amazing-city/ HTTP/1.0" 200 5897567 "https://greatindianvoyage.com/client-testimonials/introducing-this-amazing-city/#comment-59408" "Mozilla/5.0 (Windows NT 10.0; Win64; x64) AppleWebKit/537.36 (KHTML, like Gecko) Chrome/103.0.0.0 Safari/537.36" "-"
