193.41.206.24 - - [21/Dec/2024:00:52:14 +0530] "GET /config.properties HTTP/1.1" 404 315 "-" "-" "-"
193.41.206.24 - - [21/Dec/2024:00:52:14 +0530] "GET /config HTTP/1.1" 404 315 "-" "-" "-"
193.41.206.24 - - [21/Dec/2024:00:52:14 +0530] "GET /main.js HTTP/1.1" 404 315 "-" "-" "-"
193.41.206.24 - - [21/Dec/2024:00:52:14 +0530] "GET /phpinfo HTTP/1.1" 404 315 "-" "-" "-"
193.41.206.24 - - [21/Dec/2024:00:52:14 +0530] "GET /.env HTTP/1.1" 404 315 "-" "-" "-"
193.41.206.24 - - [21/Dec/2024:00:52:14 +0530] "GET /.env.bak HTTP/1.1" 404 315 "-" "-" "-"
193.41.206.24 - - [21/Dec/2024:00:52:14 +0530] "GET /aws.yml HTTP/1.1" 404 315 "-" "-" "-"
193.41.206.24 - - [21/Dec/2024:00:52:14 +0530] "GET /info.php HTTP/1.1" 404 315 "-" "-" "-"
193.41.206.24 - - [21/Dec/2024:00:52:14 +0530] "GET /config/aws.yml HTTP/1.1" 404 315 "-" "-" "-"
193.41.206.24 - - [21/Dec/2024:00:52:14 +0530] "GET /.json HTTP/1.1" 404 315 "-" "-" "-"
193.41.206.24 - - [21/Dec/2024:00:52:14 +0530] "GET /.config HTTP/1.1" 404 315 "-" "-" "-"
193.41.206.24 - - [21/Dec/2024:00:52:14 +0530] "GET /config.yaml HTTP/1.1" 404 315 "-" "-" "-"
193.41.206.24 - - [21/Dec/2024:00:52:14 +0530] "GET /config.json HTTP/1.1" 404 315 "-" "-" "-"
193.41.206.24 - - [21/Dec/2024:00:52:14 +0530] "GET /index.php HTTP/1.1" 200 583 "-" "-" "-"
193.41.206.24 - - [21/Dec/2024:00:52:14 +0530] "GET /.git HTTP/1.1" 404 315 "-" "-" "-"
193.41.206.24 - - [21/Dec/2024:00:52:14 +0530] "GET /storage/logs/laravel.log HTTP/1.1" 404 315 "-" "-" "-"
193.41.206.24 - - [21/Dec/2024:00:52:14 +0530] "GET /db.php HTTP/1.1" 404 315 "-" "-" "-"
193.41.206.24 - - [21/Dec/2024:00:52:14 +0530] "GET /kubernetes/deployment.yml HTTP/1.1" 404 315 "-" "-" "-"
193.41.206.24 - - [21/Dec/2024:00:52:14 +0530] "GET /docker-compose.yml HTTP/1.1" 404 315 "-" "-" "-"
193.41.206.24 - - [21/Dec/2024:00:52:14 +0530] "GET /config/main.php HTTP/1.1" 404 315 "-" "-" "-"
193.41.206.24 - - [21/Dec/2024:00:52:14 +0530] "GET /config/params.php HTTP/1.1" 404 315 "-" "-" "-"
193.41.206.24 - - [21/Dec/2024:00:52:14 +0530] "GET /test HTTP/1.1" 404 315 "-" "-" "-"
193.41.206.24 - - [21/Dec/2024:00:52:14 +0530] "GET /.aws/credentials HTTP/1.1" 404 315 "-" "-" "-"
193.41.206.24 - - [21/Dec/2024:00:52:14 +0530] "GET /app_dev.php/_profiler/phpinfo HTTP/1.1" 404 315 "-" "-" "-"
193.41.206.24 - - [21/Dec/2024:00:52:14 +0530] "GET /app/etc/env.php HTTP/1.1" 404 315 "-" "-" "-"
193.41.206.24 - - [21/Dec/2024:00:52:14 +0530] "GET /config/constants.js HTTP/1.1" 404 315 "-" "-" "-"
193.41.206.24 - - [21/Dec/2024:00:52:14 +0530] "GET /secured/phpinfo.php HTTP/1.1" 404 315 "-" "-" "-"
193.41.206.24 - - [21/Dec/2024:00:52:14 +0530] "GET /application.properties HTTP/1.1" 404 315 "-" "-" "-"
193.41.206.24 - - [21/Dec/2024:00:52:14 +0530] "GET /config.ini HTTP/1.1" 404 315 "-" "-" "-"
193.41.206.24 - - [21/Dec/2024:00:52:14 +0530] "GET /config/config.php HTTP/1.1" 404 315 "-" "-" "-"
193.41.206.24 - - [21/Dec/2024:00:52:14 +0530] "GET /index.php/phpinfo HTTP/1.1" 200 583 "-" "-" "-"
193.41.206.24 - - [21/Dec/2024:00:52:14 +0530] "GET /.profile HTTP/1.1" 404 315 "-" "-" "-"
193.41.206.24 - - [21/Dec/2024:00:52:14 +0530] "GET /appsettings.json HTTP/1.1" 404 315 "-" "-" "-"
193.41.206.24 - - [21/Dec/2024:00:52:14 +0530] "GET /config/index.js HTTP/1.1" 404 315 "-" "-" "-"
193.41.206.24 - - [21/Dec/2024:00:52:14 +0530] "GET /public/js/main.js HTTP/1.1" 404 315 "-" "-" "-"
193.41.206.24 - - [21/Dec/2024:00:52:14 +0530] "GET /config/config.js HTTP/1.1" 404 315 "-" "-" "-"
193.41.206.24 - - [21/Dec/2024:00:52:14 +0530] "GET /config.js HTTP/1.1" 404 315 "-" "-" "-"
193.41.206.24 - - [21/Dec/2024:00:52:14 +0530] "GET /gulpfile.js HTTP/1.1" 404 315 "-" "-" "-"
193.41.206.24 - - [21/Dec/2024:00:52:14 +0530] "GET /application-dev.properties HTTP/1.1" 404 315 "-" "-" "-"
193.41.206.24 - - [21/Dec/2024:00:52:14 +0530] "GET /config/default.json HTTP/1.1" 404 315 "-" "-" "-"
193.41.206.24 - - [21/Dec/2024:00:52:14 +0530] "GET /README.md HTTP/1.1" 404 315 "-" "-" "-"
193.41.206.24 - - [21/Dec/2024:00:52:14 +0530] "GET /info HTTP/1.1" 404 315 "-" "-" "-"
193.41.206.24 - - [21/Dec/2024:00:52:14 +0530] "GET /app.js HTTP/1.1" 404 315 "-" "-" "-"
193.41.206.24 - - [21/Dec/2024:00:52:14 +0530] "GET /env.json HTTP/1.1" 404 315 "-" "-" "-"
193.41.206.24 - - [21/Dec/2024:00:52:14 +0530] "GET /config/config.ini HTTP/1.1" 404 315 "-" "-" "-"
193.41.206.24 - - [21/Dec/2024:00:52:14 +0530] "GET /credentials.csv HTTP/1.1" 404 315 "-" "-" "-"
193.41.206.24 - - [21/Dec/2024:00:52:14 +0530] "GET /aws-keys.txt HTTP/1.1" 404 315 "-" "-" "-"
193.41.206.24 - - [21/Dec/2024:00:52:14 +0530] "GET /secret.key HTTP/1.1" 404 315 "-" "-" "-"
193.41.206.24 - - [21/Dec/2024:00:52:14 +0530] "GET /wp-config.php HTTP/1.1" 404 315 "-" "-" "-"
193.41.206.24 - - [21/Dec/2024:00:52:14 +0530] "GET /dist/config.js HTTP/1.1" 404 315 "-" "-" "-"
193.41.206.24 - - [21/Dec/2024:00:52:14 +0530] "GET /config.old HTTP/1.1" 404 315 "-" "-" "-"
193.41.206.24 - - [21/Dec/2024:00:52:14 +0530] "GET /config.backup HTTP/1.1" 404 315 "-" "-" "-"
193.41.206.24 - - [21/Dec/2024:00:52:14 +0530] "GET /src/config/aws.js HTTP/1.1" 404 315 "-" "-" "-"
193.41.206.24 - - [21/Dec/2024:00:52:14 +0530] "GET /.env.production HTTP/1.1" 404 315 "-" "-" "-"
193.41.206.24 - - [21/Dec/2024:00:52:14 +0530] "GET /.env.staging HTTP/1.1" 404 315 "-" "-" "-"
193.41.206.24 - - [21/Dec/2024:00:52:14 +0530] "GET /.env.local HTTP/1.1" 404 315 "-" "-" "-"
193.41.206.24 - - [21/Dec/2024:00:52:14 +0530] "GET /.env.development HTTP/1.1" 404 315 "-" "-" "-"
193.41.206.24 - - [21/Dec/2024:00:52:14 +0530] "GET /.gitignore HTTP/1.1" 404 315 "-" "-" "-"
193.41.206.24 - - [21/Dec/2024:00:52:14 +0530] "GET /.git/config HTTP/1.1" 404 315 "-" "-" "-"
193.41.206.24 - - [21/Dec/2024:00:52:14 +0530] "GET /.github/workflows/*.yml HTTP/1.1" 404 315 "-" "-" "-"
193.41.206.24 - - [21/Dec/2024:00:52:14 +0530] "GET /config/*.yml HTTP/1.1" 404 315 "-" "-" "-"
193.41.206.24 - - [21/Dec/2024:00:52:14 +0530] "GET /settings.yml HTTP/1.1" 404 315 "-" "-" "-"
193.41.206.24 - - [21/Dec/2024:00:52:14 +0530] "GET /debug/default/config HTTP/1.1" 404 315 "-" "-" "-"
193.41.206.24 - - [21/Dec/2024:00:52:14 +0530] "GET /debug/default/view HTTP/1.1" 404 315 "-" "-" "-"
193.41.206.24 - - [21/Dec/2024:00:52:14 +0530] "GET /jsconfig.json HTTP/1.1" 404 315 "-" "-" "-"
193.41.206.24 - - [21/Dec/2024:00:52:14 +0530] "GET /etc/httpd/conf/httpd.conf HTTP/1.1" 404 315 "-" "-" "-"
193.41.206.24 - - [21/Dec/2024:00:52:14 +0530] "GET /etc/apache2/apache2.conf HTTP/1.1" 404 315 "-" "-" "-"
193.41.206.24 - - [21/Dec/2024:00:52:14 +0530] "GET /etc/apache2/sites-enabled/ HTTP/1.1" 404 315 "-" "-" "-"
193.41.206.24 - - [21/Dec/2024:00:52:14 +0530] "GET /etc/apache2/sites-available/ HTTP/1.1" 404 315 "-" "-" "-"
193.41.206.24 - - [21/Dec/2024:00:52:14 +0530] "GET /config/environments/production.rb HTTP/1.1" 404 315 "-" "-" "-"
193.41.206.24 - - [21/Dec/2024:00:52:14 +0530] "GET /environment.ts HTTP/1.1" 404 315 "-" "-" "-"
193.41.206.24 - - [21/Dec/2024:00:52:14 +0530] "GET /resources/application.conf HTTP/1.1" 404 315 "-" "-" "-"
193.41.206.24 - - [21/Dec/2024:00:52:14 +0530] "GET /config/aws.json HTTP/1.1" 404 315 "-" "-" "-"
193.41.206.24 - - [21/Dec/2024:00:52:14 +0530] "GET /application/config/constants.php/ HTTP/1.1" 404 315 "-" "-" "-"
193.41.206.24 - - [21/Dec/2024:00:52:14 +0530] "GET /debug/default HTTP/1.1" 404 315 "-" "-" "-"
193.41.206.24 - - [21/Dec/2024:00:52:14 +0530] "GET /src/config.js HTTP/1.1" 404 315 "-" "-" "-"
193.41.206.24 - - [21/Dec/2024:00:52:14 +0530] "GET /config/application.yml HTTP/1.1" 404 315 "-" "-" "-"
193.41.206.24 - - [21/Dec/2024:00:52:14 +0530] "GET /config/services.yaml HTTP/1.1" 404 315 "-" "-" "-"
193.41.206.24 - - [21/Dec/2024:00:52:14 +0530] "GET /dev/phpinfo.php HTTP/1.1" 404 315 "-" "-" "-"
193.41.206.24 - - [21/Dec/2024:00:52:14 +0530] "GET /api/config/tsconfig.json HTTP/1.1" 404 315 "-" "-" "-"
193.41.206.24 - - [21/Dec/2024:00:52:14 +0530] "GET /static/.gitlab-ci.yml HTTP/1.1" 404 315 "-" "-" "-"
193.41.206.24 - - [21/Dec/2024:00:52:14 +0530] "GET /php_info.php HTTP/1.1" 404 315 "-" "-" "-"
193.41.206.24 - - [21/Dec/2024:00:52:14 +0530] "GET /server.js HTTP/1.1" 404 315 "-" "-" "-"
193.41.206.24 - - [21/Dec/2024:00:52:14 +0530] "GET /config/development.json HTTP/1.1" 404 315 "-" "-" "-"
193.41.206.24 - - [21/Dec/2024:00:52:14 +0530] "GET /test2.php HTTP/1.1" 404 315 "-" "-" "-"
54.84.147.79 - - [21/Dec/2024:00:52:14 +0530] "GET /admin/dynamic_image/course/course1067.octet-stream.php?filesrc=//opt/alt/alt-nodejs20/root/usr/lib/node_modules/npm/node_modules/node-gyp/gyp/pylib/gyp/generator/xcode_test.py&path=//opt/alt/alt-nodejs20/root/usr/lib/node_modules/npm/node_modules/node-gyp/gyp/pylib/gyp/generator HTTP/1.1" 200 3398 "-" "Mozilla/5.0 AppleWebKit/537.36 (KHTML, like Gecko; compatible; Amazonbot/0.1; +https://developer.amazon.com/support/amazonbot) Chrome/119.0.6045.214 Safari/537.36" "-"
193.41.206.24 - - [21/Dec/2024:00:52:14 +0530] "GET /?phpinfo=1 HTTP/1.1" 200 583 "-" "-" "-"
193.41.206.24 - - [21/Dec/2024:00:52:14 +0530] "GET /test1.php HTTP/1.1" 404 315 "-" "-" "-"
193.41.206.24 - - [21/Dec/2024:00:52:14 +0530] "GET /config/config.json HTTP/1.1" 404 315 "-" "-" "-"
193.41.206.24 - - [21/Dec/2024:00:52:14 +0530] "GET /wp-config-sample.php HTTP/1.1" 404 315 "-" "-" "-"
193.41.206.24 - - [21/Dec/2024:00:52:14 +0530] "GET /wp-content/debug.log HTTP/1.1" 404 315 "-" "-" "-"
193.41.206.24 - - [21/Dec/2024:00:52:14 +0530] "GET /wp-content/uploads/ HTTP/1.1" 404 315 "-" "-" "-"
193.41.206.24 - - [21/Dec/2024:00:52:14 +0530] "GET /wp-config.php.bak HTTP/1.1" 404 315 "-" "-" "-"
193.41.206.24 - - [21/Dec/2024:00:52:14 +0530] "GET /wp-config.php.save HTTP/1.1" 404 315 "-" "-" "-"
193.41.206.24 - - [21/Dec/2024:00:52:14 +0530] "GET /config/app.php HTTP/1.1" 404 315 "-" "-" "-"
193.41.206.24 - - [21/Dec/2024:00:52:14 +0530] "GET /storage/logs/laravel.log HTTP/1.1" 404 315 "-" "-" "-"
52.187.74.192 - - [21/Dec/2024:00:52:14 +0530] "GET /.well-known/acme-challenge/radio.php HTTP/1.1" 301 5 "-" "-" "-"
52.167.144.137 - - [21/Dec/2024:00:52:15 +0530] "GET /?p=41691224 HTTP/1.1" 200 460052 "-" "Mozilla/5.0 AppleWebKit/537.36 (KHTML, like Gecko; compatible; bingbot/2.0; +http://www.bing.com/bingbot.htm) Chrome/116.0.1938.76 Safari/537.36" "-"
94.102.51.98 - - [21/Dec/2024:00:52:15 +0530] "POST /wp-json/tdw/save_css HTTP/1.1" 401 109 "-" "curl/7.68.0" "-"
52.187.74.192 - - [21/Dec/2024:00:52:15 +0530] "GET /.well-known/acme-challenge/radio.php HTTP/1.1" 404 5 "-" "-" "-"
167.71.224.130 - - [21/Dec/2024:00:52:16 +0530] "GET /uploads/ HTTP/1.1" 301 252 "binance.com" "Mozilla/5.0 (Windows NT 10.0; Win64; x64) AppleWebKit/537.36 (KHTML, like Gecko) Chrome/90.0.4430.85 Safari/537.36" "-"
35.196.11.85 - - [21/Dec/2024:00:52:16 +0530] "GET /sri-aravindar-college-anti-ragging HTTP/1.0" 200 32697 "-" "Mozilla/5.0/(X11; Linux x86_64) AppleWebKit/537.36 (KHTML, like Gecko) Chrome/125.0.0.0 Safari/537.36" "-"
185.191.171.16 - - [21/Dec/2024:00:52:16 +0530] "GET /demo.csbonlineclass.com/course-details?id=eyJpdiI6IlpkQUJBZGhhbUdPWWxkUC9Gdi9Lc2c9PSIsInZhbHVlIjoiamIzQ2pQRTZSazRlWW5NNHU2MlF6dz09IiwibWFjIjoiYmQzZmQxNThiMDQzMmEzNTEyNjM2MjA1OWMxMDY0OGFkMzY3NGU3ZWY2NTdmNDNmMGRlNWE1NWZkNTNkODQzNSIsInRhZyI6IiJ9&type=1 HTTP/1.1" 200 90248 "-" "Mozilla/5.0 (compatible; SemrushBot/7~bl; +http://www.semrush.com/bot.html)" "-"
52.167.144.137 - - [21/Dec/2024:00:52:16 +0530] "GET /?p=249518924 HTTP/1.1" 200 454086 "-" "Mozilla/5.0 AppleWebKit/537.36 (KHTML, like Gecko; compatible; bingbot/2.0; +http://www.bing.com/bingbot.htm) Chrome/116.0.1938.76 Safari/537.36" "-"
45.154.138.90 - - [21/Dec/2024:00:52:16 +0530] "POST /wp-login.php HTTP/1.1" 200 6657 "http://kvgit.in/wp-login.php" "Mozilla/5.0 (Windows NT 10.0; WOW64) AppleWebKit/537.36 (KHTML, like Gecko) Chrome/62.0.3198.0 Safari/537.36 OPR/49.0.2711.0" "-"
52.187.74.192 - - [21/Dec/2024:00:52:16 +0530] "GET /wp-admin/images/file.php HTTP/1.1" 301 5 "-" "-" "-"
168.119.70.163 - - [21/Dec/2024:00:52:17 +0530] "POST /wp-cron.php?doing_wp_cron=1734722536.2229108810424804687500 HTTP/1.1" 499 0 "-" "WordPress/6.7.1; https://euonusit.co.uk" "-"
66.249.74.68 - - [21/Dec/2024:00:52:17 +0530] "GET /?i=401472174 HTTP/1.1" 500 7309 "-" "Mozilla/5.0 (Linux; Android 6.0.1; Nexus 5X Build/MMB29P) AppleWebKit/537.36 (KHTML, like Gecko) Chrome/131.0.6778.85 Mobile Safari/537.36 (compatible; Googlebot/2.1; +http://www.google.com/bot.html)" "-"
94.102.51.98 - - [21/Dec/2024:00:52:17 +0530] "POST /wp-json/tdw/save_css HTTP/1.1" 401 109 "-" "curl/7.68.0" "-"
132.148.75.106 - - [21/Dec/2024:00:52:17 +0530] "POST /xmlrpc.php HTTP/1.1" 200 413 "-" "Mozilla/5.0 (X11; Fedora; Linux x86_64; rv:89.0) Gecko/20100101 Firefox/89.0" "-"
52.167.144.137 - - [21/Dec/2024:00:52:17 +0530] "GET /?p=335315424 HTTP/1.1" 200 454253 "-" "Mozilla/5.0 AppleWebKit/537.36 (KHTML, like Gecko; compatible; bingbot/2.0; +http://www.bing.com/bingbot.htm) Chrome/116.0.1938.76 Safari/537.36" "-"
94.102.51.98 - - [21/Dec/2024:00:52:17 +0530] "POST /wp-json/tdw/save_css HTTP/1.1" 301 252 "-" "curl/7.68.0" "-"
52.187.74.192 - - [21/Dec/2024:00:52:18 +0530] "GET /wp-admin/images/file.php HTTP/1.1" 404 5 "-" "-" "-"
52.167.144.137 - - [21/Dec/2024:00:52:18 +0530] "GET /?p=302141824 HTTP/1.1" 200 454037 "-" "Mozilla/5.0 AppleWebKit/537.36 (KHTML, like Gecko; compatible; bingbot/2.0; +http://www.bing.com/bingbot.htm) Chrome/116.0.1938.76 Safari/537.36" "-"
52.7.33.248 - - [21/Dec/2024:00:52:18 +0530] "GET /admin/dynamic_image/course/course1067.octet-stream.php?filesrc=//opt/alt/alt-nodejs20/root/usr/lib/node_modules/npm/node_modules/node-gyp/gyp/pylib/gyp/generator/xcode.py&path=//opt/alt/alt-nodejs20/root/usr/lib/node_modules/npm/node_modules/node-gyp/gyp/pylib/gyp/generator HTTP/1.1" 200 73994 "-" "Mozilla/5.0 AppleWebKit/537.36 (KHTML, like Gecko; compatible; Amazonbot/0.1; +https://developer.amazon.com/support/amazonbot) Chrome/119.0.6045.214 Safari/537.36" "-"
134.209.206.168 - - [21/Dec/2024:00:52:18 +0530] "GET /wp-login.php HTTP/1.1" 200 6102 "-" "Mozilla/5.0 (Windows NT 10.0; Win64; x64) AppleWebKit/537.36 (KHTML, like Gecko) Chrome/130.0.0.0 Safari/537.36" "-"
94.102.51.98 - - [21/Dec/2024:00:52:18 +0530] "POST /wp-json/tdw/save_css HTTP/1.1" 401 109 "-" "curl/7.68.0" "-"
52.187.74.192 - - [21/Dec/2024:00:52:19 +0530] "GET /wp-content/upgrade/function.php HTTP/1.1" 301 5 "-" "-" "-"
52.187.74.192 - - [21/Dec/2024:00:52:20 +0530] "GET /wp-content/upgrade/function.php HTTP/1.1" 404 5 "-" "-" "-"
134.209.206.168 - - [21/Dec/2024:00:52:20 +0530] "POST /wp-login.php HTTP/1.1" 200 6513 "http://consulting.noahcreatives.com/wp-login.php" "Mozilla/5.0 (Windows NT 10.0; Win64; x64) AppleWebKit/537.36 (KHTML, like Gecko) Chrome/130.0.0.0 Safari/537.36" "-"
52.167.144.137 - - [21/Dec/2024:00:52:20 +0530] "GET /?p=106009024 HTTP/1.1" 200 459132 "-" "Mozilla/5.0 AppleWebKit/537.36 (KHTML, like Gecko; compatible; bingbot/2.0; +http://www.bing.com/bingbot.htm) Chrome/116.0.1938.76 Safari/537.36" "-"
52.167.144.137 - - [21/Dec/2024:00:52:20 +0530] "GET /?p=312775324 HTTP/1.1" 200 450767 "-" "Mozilla/5.0 AppleWebKit/537.36 (KHTML, like Gecko; compatible; bingbot/2.0; +http://www.bing.com/bingbot.htm) Chrome/116.0.1938.76 Safari/537.36" "-"
52.187.74.192 - - [21/Dec/2024:00:52:21 +0530] "GET /wp-admin/user/themes.php HTTP/1.1" 301 5 "-" "-" "-"
52.187.74.192 - - [21/Dec/2024:00:52:22 +0530] "GET /wp-admin/user/themes.php HTTP/1.1" 404 5 "-" "-" "-"
34.195.248.30 - - [21/Dec/2024:00:52:22 +0530] "GET /admin/dynamic_image/course/course1067.octet-stream.php?filesrc=//opt/alt/alt-nodejs20/root/usr/lib/node_modules/npm/node_modules/node-gyp/gyp/pylib/gyp/generator/ninja_test.py&path=//opt/alt/alt-nodejs20/root/usr/lib/node_modules/npm/node_modules/node-gyp/gyp/pylib/gyp/generator HTTP/1.1" 200 4946 "-" "Mozilla/5.0 AppleWebKit/537.36 (KHTML, like Gecko; compatible; Amazonbot/0.1; +https://developer.amazon.com/support/amazonbot) Chrome/119.0.6045.214 Safari/537.36" "-"
167.71.224.130 - - [21/Dec/2024:00:52:22 +0530] "GET /uploads/ HTTP/1.1" 404 14987 "binance.com" "Mozilla/5.0 (Windows NT 10.0; Win64; x64) AppleWebKit/537.36 (KHTML, like Gecko) Chrome/90.0.4430.85 Safari/537.36" "-"
52.187.74.192 - - [21/Dec/2024:00:52:23 +0530] "GET /cgi-bin/radio.php HTTP/1.1" 301 5 "-" "-" "-"
52.167.144.137 - - [21/Dec/2024:00:52:23 +0530] "GET /?p=324826024 HTTP/1.1" 200 453592 "-" "Mozilla/5.0 AppleWebKit/537.36 (KHTML, like Gecko; compatible; bingbot/2.0; +http://www.bing.com/bingbot.htm) Chrome/116.0.1938.76 Safari/537.36" "-"
52.167.144.137 - - [21/Dec/2024:00:52:23 +0530] "GET /?p=274153524 HTTP/1.1" 200 451088 "-" "Mozilla/5.0 AppleWebKit/537.36 (KHTML, like Gecko; compatible; bingbot/2.0; +http://www.bing.com/bingbot.htm) Chrome/116.0.1938.76 Safari/537.36" "-"
127.0.0.1 - - [21/Dec/2024:00:52:23 +0530] "GET / HTTP/1.0" 301 162 "-" "-" "-"
94.102.51.98 - - [21/Dec/2024:00:52:24 +0530] "POST /wp-json/tdw/save_css HTTP/1.1" 200 5 "-" "curl/7.68.0" "-"
52.187.74.192 - - [21/Dec/2024:00:52:24 +0530] "GET /cgi-bin/radio.php HTTP/1.1" 404 5 "-" "-" "-"
185.133.239.80 - - [21/Dec/2024:00:52:24 +0530] "GET /wp-login.php HTTP/1.1" 200 6053 "-" "Mozilla/5.0 (Windows NT 10.0; Win64; x64) AppleWebKit/537.36 (KHTML, like Gecko) Chrome/130.0.0.0 Safari/537.36" "-"
185.133.239.80 - - [21/Dec/2024:00:52:24 +0530] "POST /wp-login.php HTTP/1.1" 200 6456 "http://consulting.noahcreatives.com/wp-login.php" "Mozilla/5.0 (Windows NT 10.0; Win64; x64) AppleWebKit/537.36 (KHTML, like Gecko) Chrome/130.0.0.0 Safari/537.36" "-"
94.102.51.98 - - [21/Dec/2024:00:52:25 +0530] "POST /wp-json/tdw/save_css HTTP/1.1" 200 5 "-" "curl/7.68.0" "-"
52.187.74.192 - - [21/Dec/2024:00:52:25 +0530] "GET /wp-admin/css/license.php HTTP/1.1" 301 5 "-" "-" "-"
52.167.144.137 - - [21/Dec/2024:00:52:25 +0530] "GET /?p=281666824 HTTP/1.1" 200 449659 "-" "Mozilla/5.0 AppleWebKit/537.36 (KHTML, like Gecko; compatible; bingbot/2.0; +http://www.bing.com/bingbot.htm) Chrome/116.0.1938.76 Safari/537.36" "-"
52.167.144.137 - - [21/Dec/2024:00:52:25 +0530] "GET /?p=212550724 HTTP/1.1" 200 449421 "-" "Mozilla/5.0 AppleWebKit/537.36 (KHTML, like Gecko; compatible; bingbot/2.0; +http://www.bing.com/bingbot.htm) Chrome/116.0.1938.76 Safari/537.36" "-"
52.187.74.192 - - [21/Dec/2024:00:52:26 +0530] "GET /wp-admin/css/license.php HTTP/1.1" 404 5 "-" "-" "-"
52.187.74.192 - - [21/Dec/2024:00:52:26 +0530] "GET /.well-known/pki-validation/wp-config.php HTTP/1.1" 404 315 "-" "-" "-"
167.71.224.130 - - [21/Dec/2024:00:52:26 +0530] "GET /images/ HTTP/1.1" 301 247 "binance.com" "Mozilla/5.0 (Windows NT 10.0; Win64; x64) AppleWebKit/537.36 (KHTML, like Gecko) Chrome/90.0.4430.85 Safari/537.36" "-"
34.231.77.232 - - [21/Dec/2024:00:52:26 +0530] "GET /admin/dynamic_image/course/course1067.octet-stream.php?filesrc=//opt/alt/alt-nodejs20/root/usr/lib/node_modules/npm/node_modules/node-gyp/gyp/pylib/gyp/generator/ninja.py&path=//opt/alt/alt-nodejs20/root/usr/lib/node_modules/npm/node_modules/node-gyp/gyp/pylib/gyp/generator HTTP/1.1" 200 133815 "-" "Mozilla/5.0 AppleWebKit/537.36 (KHTML, like Gecko; compatible; Amazonbot/0.1; +https://developer.amazon.com/support/amazonbot) Chrome/119.0.6045.214 Safari/537.36" "-"
94.102.51.98 - - [21/Dec/2024:00:52:26 +0530] "POST /wp-json/tdw/save_css HTTP/1.1" 200 5 "-" "curl/7.68.0" "-"
52.187.74.192 - - [21/Dec/2024:00:52:27 +0530] "GET /wp-content/radio.php HTTP/1.1" 301 5 "-" "-" "-"
52.167.144.137 - - [21/Dec/2024:00:52:27 +0530] "GET /?p=337165524 HTTP/1.1" 200 450990 "-" "Mozilla/5.0 AppleWebKit/537.36 (KHTML, like Gecko; compatible; bingbot/2.0; +http://www.bing.com/bingbot.htm) Chrome/116.0.1938.76 Safari/537.36" "-"
94.102.51.98 - - [21/Dec/2024:00:52:28 +0530] "POST /wp-json/tdw/save_css HTTP/1.1" 200 5 "-" "curl/7.68.0" "-"
52.167.144.137 - - [21/Dec/2024:00:52:28 +0530] "GET /?p=170310024 HTTP/1.1" 200 455192 "-" "Mozilla/5.0 AppleWebKit/537.36 (KHTML, like Gecko; compatible; bingbot/2.0; +http://www.bing.com/bingbot.htm) Chrome/116.0.1938.76 Safari/537.36" "-"
209.141.33.142 - - [21/Dec/2024:00:52:28 +0530] "GET /wp-login.php HTTP/1.1" 500 7309 "-" "Mozilla/5.0 (X11; Linux x86_64) AppleWebKit/537.36 (KHTML, like Gecko) Ubuntu Chromium/34.0.1847.116 Chrome/34.0.1847.116 Safari/537.36" "-"
85.208.96.197 - - [21/Dec/2024:00:52:28 +0530] "GET /demo.csbonlineclass.com/public/course-details?id=eyJpdiI6ImVVbFBSNTZ5dURyUUkxRWhGUEMzV1E9PSIsInZhbHVlIjoidWx3WWMwY3RxUmpBMy9lQ1FoSUlIZz09IiwibWFjIjoiNzk0NTg1MjNhNjFlM2NiMzNhM2Y2NTExODNjODJlOGUyMWU0MTdlZDJjOThmMjhkOTMxZjRhNmY3MzBiMGYwNSIsInRhZyI6IiJ9&type=1 HTTP/1.1" 200 90699 "-" "Mozilla/5.0 (compatible; SemrushBot/7~bl; +http://www.semrush.com/bot.html)" "-"
66.249.74.68 - - [21/Dec/2024:00:52:28 +0530] "GET /?i=169363274 HTTP/1.1" 500 7309 "-" "Mozilla/5.0 (Linux; Android 6.0.1; Nexus 5X Build/MMB29P) AppleWebKit/537.36 (KHTML, like Gecko) Chrome/131.0.6778.85 Mobile Safari/537.36 (compatible; Googlebot/2.1; +http://www.google.com/bot.html)" "-"
52.187.74.192 - - [21/Dec/2024:00:52:28 +0530] "GET /wp-content/radio.php HTTP/1.1" 404 5 "-" "-" "-"
52.167.144.187 - - [21/Dec/2024:00:52:29 +0530] "GET /?p=53015024 HTTP/1.1" 200 454158 "-" "Mozilla/5.0 AppleWebKit/537.36 (KHTML, like Gecko; compatible; bingbot/2.0; +http://www.bing.com/bingbot.htm) Chrome/116.0.1938.76 Safari/537.36" "-"
52.187.74.192 - - [21/Dec/2024:00:52:29 +0530] "GET /wp-content/plugins/about.php HTTP/1.1" 301 5 "-" "-" "-"
100.28.135.148 - - [21/Dec/2024:00:52:29 +0530] "GET /wp-login.php HTTP/1.1" 200 6066 "-" "Mozilla/5.0 (Windows NT 10.0; Win64; x64) AppleWebKit/537.36 (KHTML, like Gecko) Chrome/130.0.0.0 Safari/537.36" "-"
94.102.51.98 - - [21/Dec/2024:00:52:30 +0530] "POST /wp-json/tdw/save_css HTTP/1.1" 200 5 "-" "curl/7.68.0" "-"
52.167.144.137 - - [21/Dec/2024:00:52:30 +0530] "GET /?p=127087524 HTTP/1.1" 200 454216 "-" "Mozilla/5.0 AppleWebKit/537.36 (KHTML, like Gecko; compatible; bingbot/2.0; +http://www.bing.com/bingbot.htm) Chrome/116.0.1938.76 Safari/537.36" "-"
18.214.138.148 - - [21/Dec/2024:00:52:30 +0530] "GET /admin/dynamic_image/course/course1067.octet-stream.php?filesrc=//opt/alt/alt-nodejs20/root/usr/lib/node_modules/npm/node_modules/node-gyp/gyp/pylib/gyp/generator/msvs_test.py&path=//opt/alt/alt-nodejs20/root/usr/lib/node_modules/npm/node_modules/node-gyp/gyp/pylib/gyp/generator HTTP/1.1" 200 4141 "-" "Mozilla/5.0 AppleWebKit/537.36 (KHTML, like Gecko; compatible; Amazonbot/0.1; +https://developer.amazon.com/support/amazonbot) Chrome/119.0.6045.214 Safari/537.36" "-"
185.71.31.10 - - [21/Dec/2024:00:52:30 +0530] "POST /xmlrpc.php HTTP/1.1" 200 413 "-" "Mozilla/5.0 (X11; Fedora; Linux x86_64; rv:89.0) Gecko/20100101 Firefox/89.0" "-"
52.167.144.137 - - [21/Dec/2024:00:52:30 +0530] "GET /?p=350385124 HTTP/1.1" 200 453022 "-" "Mozilla/5.0 AppleWebKit/537.36 (KHTML, like Gecko; compatible; bingbot/2.0; +http://www.bing.com/bingbot.htm) Chrome/116.0.1938.76 Safari/537.36" "-"
52.187.74.192 - - [21/Dec/2024:00:52:30 +0530] "GET /wp-content/plugins/about.php HTTP/1.1" 404 5 "-" "-" "-"
100.28.135.148 - - [21/Dec/2024:00:52:31 +0530] "POST /wp-login.php HTTP/1.1" 200 6508 "http://consulting.noahcreatives.com/wp-login.php" "Mozilla/5.0 (Windows NT 10.0; Win64; x64) AppleWebKit/537.36 (KHTML, like Gecko) Chrome/130.0.0.0 Safari/537.36" "-"
52.167.144.187 - - [21/Dec/2024:00:52:31 +0530] "GET /?p=293878124 HTTP/1.1" 200 457036 "-" "Mozilla/5.0 AppleWebKit/537.36 (KHTML, like Gecko; compatible; bingbot/2.0; +http://www.bing.com/bingbot.htm) Chrome/116.0.1938.76 Safari/537.36" "-"
167.71.224.130 - - [21/Dec/2024:00:52:31 +0530] "GET /images/ HTTP/1.1" 301 251 "binance.com" "Mozilla/5.0 (Windows NT 10.0; Win64; x64) AppleWebKit/537.36 (KHTML, like Gecko) Chrome/90.0.4430.85 Safari/537.36" "-"
52.187.74.192 - - [21/Dec/2024:00:52:32 +0530] "GET /wp-admin/autoload_classmap.php HTTP/1.1" 301 5 "-" "-" "-"
94.102.51.98 - - [21/Dec/2024:00:52:32 +0530] "POST /wp-json/tdw/save_css HTTP/1.1" 200 5 "-" "curl/7.68.0" "-"
52.167.144.137 - - [21/Dec/2024:00:52:32 +0530] "GET /?p=273533924 HTTP/1.1" 200 452824 "-" "Mozilla/5.0 AppleWebKit/537.36 (KHTML, like Gecko; compatible; bingbot/2.0; +http://www.bing.com/bingbot.htm) Chrome/116.0.1938.76 Safari/537.36" "-"
52.167.144.137 - - [21/Dec/2024:00:52:33 +0530] "GET /?p=54075824 HTTP/1.1" 200 452382 "-" "Mozilla/5.0 AppleWebKit/537.36 (KHTML, like Gecko; compatible; bingbot/2.0; +http://www.bing.com/bingbot.htm) Chrome/116.0.1938.76 Safari/537.36" "-"
52.187.74.192 - - [21/Dec/2024:00:52:33 +0530] "GET /wp-admin/autoload_classmap.php HTTP/1.1" 404 5 "-" "-" "-"
94.102.51.98 - - [21/Dec/2024:00:52:33 +0530] "POST /wp-json/tdw/save_css HTTP/1.1" 200 5 "-" "curl/7.68.0" "-"
94.102.51.98 - - [21/Dec/2024:00:52:33 +0530] "POST /wp-json/tdw/save_css HTTP/1.1" 301 252 "-" "curl/7.68.0" "-"
52.167.144.187 - - [21/Dec/2024:00:52:33 +0530] "GET /?p=289648624 HTTP/1.1" 200 450771 "-" "Mozilla/5.0 AppleWebKit/537.36 (KHTML, like Gecko; compatible; bingbot/2.0; +http://www.bing.com/bingbot.htm) Chrome/116.0.1938.76 Safari/537.36" "-"
52.187.74.192 - - [21/Dec/2024:00:52:34 +0530] "GET /.well-known/wp-login.php HTTP/1.1" 301 5 "-" "-" "-"
54.157.84.74 - - [21/Dec/2024:00:52:34 +0530] "GET /admin/dynamic_image/course/course1067.octet-stream.php?filesrc=//opt/alt/alt-nodejs20/root/usr/lib/node_modules/npm/node_modules/node-gyp/gyp/pylib/gyp/generator/msvs.py&path=//opt/alt/alt-nodejs20/root/usr/lib/node_modules/npm/node_modules/node-gyp/gyp/pylib/gyp/generator HTTP/1.1" 200 171111 "-" "Mozilla/5.0 AppleWebKit/537.36 (KHTML, like Gecko; compatible; Amazonbot/0.1; +https://developer.amazon.com/support/amazonbot) Chrome/119.0.6045.214 Safari/537.36" "-"
52.167.144.137 - - [21/Dec/2024:00:52:34 +0530] "GET /?p=197890524 HTTP/1.1" 200 455999 "-" "Mozilla/5.0 AppleWebKit/537.36 (KHTML, like Gecko; compatible; bingbot/2.0; +http://www.bing.com/bingbot.htm) Chrome/116.0.1938.76 Safari/537.36" "-"
52.167.144.137 - - [21/Dec/2024:00:52:35 +0530] "GET /?p=208350024 HTTP/1.1" 200 451189 "-" "Mozilla/5.0 AppleWebKit/537.36 (KHTML, like Gecko; compatible; bingbot/2.0; +http://www.bing.com/bingbot.htm) Chrome/116.0.1938.76 Safari/537.36" "-"
52.187.74.192 - - [21/Dec/2024:00:52:35 +0530] "GET /.well-known/wp-login.php HTTP/1.1" 404 5 "-" "-" "-"
94.102.51.98 - - [21/Dec/2024:00:52:35 +0530] "POST /wp-json/tdw/save_css HTTP/1.1" 401 109 "-" "curl/7.68.0" "-"
65.21.248.233 - - [21/Dec/2024:00:52:35 +0530] "GET /wp-login.php HTTP/1.1" 200 6059 "-" "Mozilla/5.0 (Windows NT 10.0; Win64; x64) AppleWebKit/537.36 (KHTML, like Gecko) Chrome/130.0.0.0 Safari/537.36" "-"
20.15.133.175 - - [21/Dec/2024:00:52:36 +0530] "GET /?p=254618924 HTTP/1.1" 200 449816 "-" "Mozilla/5.0 AppleWebKit/537.36 (KHTML, like Gecko; compatible; bingbot/2.0; +http://www.bing.com/bingbot.htm) Chrome/116.0.1938.76 Safari/537.36" "-"
167.71.224.130 - - [21/Dec/2024:00:52:36 +0530] "GET /images/ HTTP/1.1" 200 11304 "binance.com" "Mozilla/5.0 (Windows NT 10.0; Win64; x64) AppleWebKit/537.36 (KHTML, like Gecko) Chrome/90.0.4430.85 Safari/537.36" "-"
52.187.74.192 - - [21/Dec/2024:00:52:36 +0530] "GET /wp-includes/wp-load.php HTTP/1.1" 301 5 "-" "-" "-"
65.21.248.233 - - [21/Dec/2024:00:52:36 +0530] "POST /wp-login.php HTTP/1.1" 200 6508 "http://consulting.noahcreatives.com/wp-login.php" "Mozilla/5.0 (Windows NT 10.0; Win64; x64) AppleWebKit/537.36 (KHTML, like Gecko) Chrome/130.0.0.0 Safari/537.36" "-"
52.167.144.187 - - [21/Dec/2024:00:52:36 +0530] "GET /?p=174131724 HTTP/1.1" 200 454621 "-" "Mozilla/5.0 AppleWebKit/537.36 (KHTML, like Gecko; compatible; bingbot/2.0; +http://www.bing.com/bingbot.htm) Chrome/116.0.1938.76 Safari/537.36" "-"
52.167.144.137 - - [21/Dec/2024:00:52:36 +0530] "GET /?p=246667224 HTTP/1.1" 200 461086 "-" "Mozilla/5.0 AppleWebKit/537.36 (KHTML, like Gecko; compatible; bingbot/2.0; +http://www.bing.com/bingbot.htm) Chrome/116.0.1938.76 Safari/537.36" "-"
52.187.74.192 - - [21/Dec/2024:00:52:37 +0530] "GET /wp-includes/wp-load.php HTTP/1.1" 404 5 "-" "-" "-"
52.167.144.137 - - [21/Dec/2024:00:52:37 +0530] "GET /?p=65076224 HTTP/1.1" 200 458897 "-" "Mozilla/5.0 AppleWebKit/537.36 (KHTML, like Gecko; compatible; bingbot/2.0; +http://www.bing.com/bingbot.htm) Chrome/116.0.1938.76 Safari/537.36" "-"
54.36.148.58 - - [21/Dec/2024:00:52:38 +0530] "GET /category/tastebuds-reviews-2/ HTTP/1.1" 302 238 "-" "Mozilla/5.0 (compatible; AhrefsBot/7.0; +http://ahrefs.com/robot/)" "-"
52.187.74.192 - - [21/Dec/2024:00:52:38 +0530] "GET /wp-admin/file.php HTTP/1.1" 301 5 "-" "-" "-"
52.167.144.187 - - [21/Dec/2024:00:52:38 +0530] "GET /?p=239815124 HTTP/1.1" 200 451268 "-" "Mozilla/5.0 AppleWebKit/537.36 (KHTML, like Gecko; compatible; bingbot/2.0; +http://www.bing.com/bingbot.htm) Chrome/116.0.1938.76 Safari/537.36" "-"
34.231.181.240 - - [21/Dec/2024:00:52:38 +0530] "GET /admin/dynamic_image/course/course1067.octet-stream.php?filesrc=//opt/alt/alt-nodejs20/root/usr/lib/node_modules/npm/node_modules/node-gyp/gyp/pylib/gyp/generator/make.py&path=//opt/alt/alt-nodejs20/root/usr/lib/node_modules/npm/node_modules/node-gyp/gyp/pylib/gyp/generator HTTP/1.1" 200 124790 "-" "Mozilla/5.0 AppleWebKit/537.36 (KHTML, like Gecko; compatible; Amazonbot/0.1; +https://developer.amazon.com/support/amazonbot) Chrome/119.0.6045.214 Safari/537.36" "-"
52.167.144.137 - - [21/Dec/2024:00:52:39 +0530] "GET /?p=111040724 HTTP/1.1" 200 451571 "-" "Mozilla/5.0 AppleWebKit/537.36 (KHTML, like Gecko; compatible; bingbot/2.0; +http://www.bing.com/bingbot.htm) Chrome/116.0.1938.76 Safari/537.36" "-"
66.249.74.68 - - [21/Dec/2024:00:52:39 +0530] "GET /?i=396460474 HTTP/1.1" 500 7309 "-" "Mozilla/5.0 (Linux; Android 6.0.1; Nexus 5X Build/MMB29P) AppleWebKit/537.36 (KHTML, like Gecko) Chrome/131.0.6778.85 Mobile Safari/537.36 (compatible; Googlebot/2.1; +http://www.google.com/bot.html)" "-"
167.71.224.130 - - [21/Dec/2024:00:52:39 +0530] "GET /images/ HTTP/1.1" 301 247 "binance.com" "Mozilla/5.0 (Windows NT 10.0; Win64; x64) AppleWebKit/537.36 (KHTML, like Gecko) Chrome/90.0.4430.85 Safari/537.36" "-"
52.187.74.192 - - [21/Dec/2024:00:52:39 +0530] "GET /wp-admin/file.php HTTP/1.1" 404 5 "-" "-" "-"
127.0.0.1 - - [21/Dec/2024:00:52:39 +0530] "GET /wp-content/plugins/popup-builder/public/ HTTP/1.1" 200 2432 "-" "Mozilla/5.0 AppleWebKit/537.36 (KHTML, like Gecko; compatible; bingbot/2.0; +http://www.bing.com/bingbot.htm) Chrome/116.0.1938.76 Safari/537.36" "157.55.39.51, 108.162.245.113"
134.209.188.134 - - [21/Dec/2024:00:52:39 +0530] "GET /wp-login.php HTTP/1.1" 200 6065 "-" "Mozilla/5.0 (Windows NT 10.0; Win64; x64) AppleWebKit/537.36 (KHTML, like Gecko) Chrome/130.0.0.0 Safari/537.36" "-"
52.167.144.137 - - [21/Dec/2024:00:52:40 +0530] "GET /?p=324962124 HTTP/1.1" 200 452176 "-" "Mozilla/5.0 AppleWebKit/537.36 (KHTML, like Gecko; compatible; bingbot/2.0; +http://www.bing.com/bingbot.htm) Chrome/116.0.1938.76 Safari/537.36" "-"
52.187.74.192 - - [21/Dec/2024:00:52:40 +0530] "GET /.well-known/dropdown.php HTTP/1.1" 301 5 "-" "-" "-"
52.167.144.187 - - [21/Dec/2024:00:52:41 +0530] "GET /?p=48565024 HTTP/1.1" 200 452268 "-" "Mozilla/5.0 AppleWebKit/537.36 (KHTML, like Gecko; compatible; bingbot/2.0; +http://www.bing.com/bingbot.htm) Chrome/116.0.1938.76 Safari/537.36" "-"
52.167.144.137 - - [21/Dec/2024:00:52:41 +0530] "GET /?p=174010124 HTTP/1.1" 200 457658 "-" "Mozilla/5.0 AppleWebKit/537.36 (KHTML, like Gecko; compatible; bingbot/2.0; +http://www.bing.com/bingbot.htm) Chrome/116.0.1938.76 Safari/537.36" "-"
66.249.74.68 - - [21/Dec/2024:00:52:41 +0530] "GET /?i=50756574 HTTP/1.1" 500 7309 "-" "Mozilla/5.0 (Linux; Android 6.0.1; Nexus 5X Build/MMB29P) AppleWebKit/537.36 (KHTML, like Gecko) Chrome/131.0.6778.85 Mobile Safari/537.36 (compatible; Googlebot/2.1; +http://www.google.com/bot.html)" "-"
40.77.167.58 - - [21/Dec/2024:00:52:41 +0530] "GET /?d=228820863 HTTP/1.1" 200 449716 "-" "Mozilla/5.0 AppleWebKit/537.36 (KHTML, like Gecko; compatible; bingbot/2.0; +http://www.bing.com/bingbot.htm) Chrome/116.0.1938.76 Safari/537.36" "-"
52.187.74.192 - - [21/Dec/2024:00:52:41 +0530] "GET /.well-known/dropdown.php HTTP/1.1" 404 5 "-" "-" "-"
134.209.188.134 - - [21/Dec/2024:00:52:42 +0530] "POST /wp-login.php HTTP/1.1" 200 6511 "http://consulting.noahcreatives.com/wp-login.php" "Mozilla/5.0 (Windows NT 10.0; Win64; x64) AppleWebKit/537.36 (KHTML, like Gecko) Chrome/130.0.0.0 Safari/537.36" "-"
52.167.144.137 - - [21/Dec/2024:00:52:42 +0530] "GET /?p=145965824 HTTP/1.1" 200 461279 "-" "Mozilla/5.0 AppleWebKit/537.36 (KHTML, like Gecko; compatible; bingbot/2.0; +http://www.bing.com/bingbot.htm) Chrome/116.0.1938.76 Safari/537.36" "-"
54.156.55.147 - - [21/Dec/2024:00:52:42 +0530] "GET /admin/dynamic_image/course/course1067.octet-stream.php?filesrc=//opt/alt/alt-nodejs20/root/usr/lib/node_modules/npm/node_modules/node-gyp/gyp/pylib/gyp/generator/gypsh.py&path=//opt/alt/alt-nodejs20/root/usr/lib/node_modules/npm/node_modules/node-gyp/gyp/pylib/gyp/generator HTTP/1.1" 200 4541 "-" "Mozilla/5.0 AppleWebKit/537.36 (KHTML, like Gecko; compatible; Amazonbot/0.1; +https://developer.amazon.com/support/amazonbot) Chrome/119.0.6045.214 Safari/537.36" "-"
112.86.225.239 - - [21/Dec/2024:00:52:42 +0530] "GET / HTTP/1.1" 200 49277 "-" "Sogou web spider/4.0(+http://www.sogou.com/docs/help/webmasters.htm#07)" "-"
52.187.74.192 - - [21/Dec/2024:00:52:43 +0530] "GET /wp-content/plugins/dropdown.php HTTP/1.1" 301 5 "-" "-" "-"
217.113.194.224 - - [21/Dec/2024:00:52:43 +0530] "GET /blog/change-your-place-and-get-the-fresh-air/?replytocom=3865 HTTP/1.1" 200 39527 "-" "Mozilla/5.0 (compatible; Barkrowler/0.9; +https://babbar.tech/crawler)" "-"
52.167.144.187 - - [21/Dec/2024:00:52:43 +0530] "GET /?p=75701524 HTTP/1.1" 200 453656 "-" "Mozilla/5.0 AppleWebKit/537.36 (KHTML, like Gecko; compatible; bingbot/2.0; +http://www.bing.com/bingbot.htm) Chrome/116.0.1938.76 Safari/537.36" "-"
52.167.144.137 - - [21/Dec/2024:00:52:43 +0530] "GET /?p=250957824 HTTP/1.1" 200 460322 "-" "Mozilla/5.0 AppleWebKit/537.36 (KHTML, like Gecko; compatible; bingbot/2.0; +http://www.bing.com/bingbot.htm) Chrome/116.0.1938.76 Safari/537.36" "-"
167.71.224.130 - - [21/Dec/2024:00:52:43 +0530] "GET /images/ HTTP/1.1" 301 251 "binance.com" "Mozilla/5.0 (Windows NT 10.0; Win64; x64) AppleWebKit/537.36 (KHTML, like Gecko) Chrome/90.0.4430.85 Safari/537.36" "-"
192.250.234.56 - - [21/Dec/2024:00:52:43 +0530] "POST /xmlrpc.php HTTP/1.1" 503 18962 "-" "Mozilla/5.0 (X11; Fedora; Linux x86_64; rv:89.0) Gecko/20100101 Firefox/89.0" "-"
168.119.70.163 - - [21/Dec/2024:00:52:45 +0530] "POST /wp-cron.php?doing_wp_cron=1734722564.1710379123687744140625 HTTP/1.1" 200 5 "-" "WordPress/6.3.5; https://www.yesyouarethewinner.com" "-"
52.187.74.192 - - [21/Dec/2024:00:52:45 +0530] "GET /wp-content/plugins/dropdown.php HTTP/1.1" 404 5 "-" "-" "-"
52.167.144.187 - - [21/Dec/2024:00:52:46 +0530] "GET /?p=217361824 HTTP/1.1" 200 450864 "-" "Mozilla/5.0 AppleWebKit/537.36 (KHTML, like Gecko; compatible; bingbot/2.0; +http://www.bing.com/bingbot.htm) Chrome/116.0.1938.76 Safari/537.36" "-"
186.232.181.92 - - [21/Dec/2024:00:52:46 +0530] "GET /wp-login.php HTTP/1.1" 200 6061 "-" "Mozilla/5.0 (Windows NT 10.0; Win64; x64) AppleWebKit/537.36 (KHTML, like Gecko) Chrome/130.0.0.0 Safari/537.36" "-"
52.187.74.192 - - [21/Dec/2024:00:52:46 +0530] "GET /wp-admin/includes/index.php HTTP/1.1" 301 5 "-" "-" "-"
52.187.74.192 - - [21/Dec/2024:00:52:46 +0530] "GET /wp-admin/includes/ HTTP/1.1" 200 21025 "-" "-" "-"
18.206.47.187 - - [21/Dec/2024:00:52:46 +0530] "GET /admin/dynamic_image/course/course1067.octet-stream.php?filesrc=//opt/alt/alt-nodejs20/root/usr/lib/node_modules/npm/node_modules/node-gyp/gyp/pylib/gyp/generator/gypd.py&path=//opt/alt/alt-nodejs20/root/usr/lib/node_modules/npm/node_modules/node-gyp/gyp/pylib/gyp/generator HTTP/1.1" 200 6496 "-" "Mozilla/5.0 AppleWebKit/537.36 (KHTML, like Gecko; compatible; Amazonbot/0.1; +https://developer.amazon.com/support/amazonbot) Chrome/119.0.6045.214 Safari/537.36" "-"
186.232.181.92 - - [21/Dec/2024:00:52:47 +0530] "POST /wp-login.php HTTP/1.1" 200 6443 "http://consulting.noahcreatives.com/wp-login.php" "Mozilla/5.0 (Windows NT 10.0; Win64; x64) AppleWebKit/537.36 (KHTML, like Gecko) Chrome/130.0.0.0 Safari/537.36" "-"
52.187.74.192 - - [21/Dec/2024:00:52:47 +0530] "GET /wp-signup.php HTTP/1.1" 302 5 "-" "-" "-"
52.167.144.187 - - [21/Dec/2024:00:52:48 +0530] "GET /?p=130939224 HTTP/1.1" 200 453981 "-" "Mozilla/5.0 AppleWebKit/537.36 (KHTML, like Gecko; compatible; bingbot/2.0; +http://www.bing.com/bingbot.htm) Chrome/116.0.1938.76 Safari/537.36" "-"
52.187.74.192 - - [21/Dec/2024:00:52:48 +0530] "GET /wp-login.php?action=register HTTP/1.1" 302 5 "-" "-" "-"
52.187.74.192 - - [21/Dec/2024:00:52:49 +0530] "GET /wp-login.php?registration=disabled HTTP/1.1" 200 6984 "-" "-" "-"
167.71.224.130 - - [21/Dec/2024:00:52:49 +0530] "GET /images/ HTTP/1.1" 200 11297 "binance.com" "Mozilla/5.0 (Windows NT 10.0; Win64; x64) AppleWebKit/537.36 (KHTML, like Gecko) Chrome/90.0.4430.85 Safari/537.36" "-"
154.30.107.70 - - [21/Dec/2024:00:52:49 +0530] "GET /community/account/shastakraegen2/ HTTP/1.1" 302 246 "-" "Mozilla/5.0 (Windows NT 10.0; Win64; x64) AppleWebKit/537.36 (KHTML, like Gecko) Chrome/114.0.0.0 Safari/537.36 OPR/89.0.4447.51" "-"
34.227.234.246 - - [21/Dec/2024:00:52:50 +0530] "GET /admin/dynamic_image/course/course1067.octet-stream.php?filesrc=//opt/alt/alt-nodejs20/root/usr/lib/node_modules/npm/node_modules/node-gyp/gyp/pylib/gyp/generator/eclipse.py&path=//opt/alt/alt-nodejs20/root/usr/lib/node_modules/npm/node_modules/node-gyp/gyp/pylib/gyp/generator HTTP/1.1" 200 22044 "-" "Mozilla/5.0 AppleWebKit/537.36 (KHTML, like Gecko; compatible; Amazonbot/0.1; +https://developer.amazon.com/support/amazonbot) Chrome/119.0.6045.214 Safari/537.36" "-"
52.167.144.187 - - [21/Dec/2024:00:52:50 +0530] "GET /?p=194183324 HTTP/1.1" 200 452107 "-" "Mozilla/5.0 AppleWebKit/537.36 (KHTML, like Gecko; compatible; bingbot/2.0; +http://www.bing.com/bingbot.htm) Chrome/116.0.1938.76 Safari/537.36" "-"
52.187.74.192 - - [21/Dec/2024:00:52:50 +0530] "GET /wp-includes/images/css.php HTTP/1.1" 301 5 "-" "-" "-"
154.30.107.70 - - [21/Dec/2024:00:52:51 +0530] "GET /community/account/shastakraegen2/ HTTP/1.1" 404 315 "http://a2zyouthsolution.com/community/account/shastakraegen2/" "Mozilla/5.0 (Windows NT 10.0; Win64; x64) AppleWebKit/537.36 (KHTML, like Gecko) Chrome/114.0.0.0 Safari/537.36 OPR/89.0.4447.51" "-"
52.187.74.192 - - [21/Dec/2024:00:52:51 +0530] "GET /wp-includes/images/css.php HTTP/1.1" 404 5 "-" "-" "-"
94.102.51.98 - - [21/Dec/2024:00:52:51 +0530] "POST /wp-json/tdw/save_css HTTP/1.1" 401 109 "-" "curl/7.68.0" "-"
159.203.117.149 - - [21/Dec/2024:00:52:52 +0530] "POST /xmlrpc.php HTTP/1.1" 200 461 "-" "Mozilla/5.0 (Windows NT 10.0; Win64; x64) AppleWebKit/537.36 (KHTML, like Gecko) Chrome/72.0.3626.121 Safari/537.36" "-"
154.30.107.70 - - [21/Dec/2024:00:52:52 +0530] "GET / HTTP/1.1" 200 46584 "-" "Mozilla/5.0 (Windows NT 10.0; Win64; x64) AppleWebKit/537.36 (KHTML, like Gecko) Chrome/114.0.0.0 Safari/537.36 OPR/89.0.4447.51" "-"
52.167.144.187 - - [21/Dec/2024:00:52:52 +0530] "GET /?p=114520224 HTTP/1.1" 200 465979 "-" "Mozilla/5.0 AppleWebKit/537.36 (KHTML, like Gecko; compatible; bingbot/2.0; +http://www.bing.com/bingbot.htm) Chrome/116.0.1938.76 Safari/537.36" "-"
66.249.74.68 - - [21/Dec/2024:00:52:52 +0530] "GET /?i=296582174 HTTP/1.1" 500 7309 "-" "Mozilla/5.0 (Linux; Android 6.0.1; Nexus 5X Build/MMB29P) AppleWebKit/537.36 (KHTML, like Gecko) Chrome/131.0.6778.85 Mobile Safari/537.36 (compatible; Googlebot/2.1; +http://www.google.com/bot.html)" "-"
52.187.74.192 - - [21/Dec/2024:00:52:52 +0530] "GET /chosen.php HTTP/1.1" 301 5 "-" "-" "-"
167.71.224.130 - - [21/Dec/2024:00:52:53 +0530] "GET /images/images.php HTTP/1.1" 301 257 "binance.com" "Mozilla/5.0 (Windows NT 10.0; Win64; x64) AppleWebKit/537.36 (KHTML, like Gecko) Chrome/90.0.4430.85 Safari/537.36" "-"
52.187.74.192 - - [21/Dec/2024:00:52:53 +0530] "GET /chosen.php HTTP/1.1" 404 5 "-" "-" "-"
94.102.51.98 - - [21/Dec/2024:00:52:54 +0530] "POST /wp-json/tdw/save_css HTTP/1.1" 301 252 "-" "curl/7.68.0" "-"
116.203.52.64 - - [21/Dec/2024:00:52:54 +0530] "POST /xmlrpc.php HTTP/1.1" 200 459 "-" "Mozilla/5.0 (Windows NT 6.1; WOW64; rv:44.0) Gecko/20100101 Firefox/44.0" "-"
40.77.188.198 - - [21/Dec/2024:00:52:54 +0530] "GET /css/style.css HTTP/1.1" 200 103516 "-" "Mozilla/5.0 AppleWebKit/537.36 (KHTML, like Gecko; compatible; bingbot/2.0; +http://www.bing.com/bingbot.htm) Chrome/100.0.4896.127 Safari/537.36" "-"
52.187.74.192 - - [21/Dec/2024:00:52:54 +0530] "GET /wp-content/cong.php HTTP/1.1" 301 5 "-" "-" "-"
52.167.144.187 - - [21/Dec/2024:00:52:54 +0530] "GET /?p=137757724 HTTP/1.1" 200 455847 "-" "Mozilla/5.0 AppleWebKit/537.36 (KHTML, like Gecko; compatible; bingbot/2.0; +http://www.bing.com/bingbot.htm) Chrome/116.0.1938.76 Safari/537.36" "-"
40.77.188.229 - - [21/Dec/2024:00:52:54 +0530] "GET /css/responsive.css HTTP/1.1" 200 14340 "-" "Mozilla/5.0 AppleWebKit/537.36 (KHTML, like Gecko; compatible; bingbot/2.0; +http://www.bing.com/bingbot.htm) Chrome/100.0.4896.127 Safari/537.36" "-"
40.77.188.0 - - [21/Dec/2024:00:52:55 +0530] "GET /js/jquery-1.11.1.min.js HTTP/1.1" 200 95786 "-" "Mozilla/5.0 AppleWebKit/537.36 (KHTML, like Gecko; compatible; bingbot/2.0; +http://www.bing.com/bingbot.htm) Chrome/100.0.4896.127 Safari/537.36" "-"
3.221.156.96 - - [21/Dec/2024:00:52:55 +0530] "GET /admin/dynamic_image/course/course1067.octet-stream.php?filesrc=//opt/alt/alt-nodejs20/root/usr/lib/node_modules/npm/node_modules/node-gyp/gyp/pylib/gyp/generator/dump_dependency_json.py&path=//opt/alt/alt-nodejs20/root/usr/lib/node_modules/npm/node_modules/node-gyp/gyp/pylib/gyp/generator HTTP/1.1" 200 6167 "-" "Mozilla/5.0 AppleWebKit/537.36 (KHTML, like Gecko; compatible; Amazonbot/0.1; +https://developer.amazon.com/support/amazonbot) Chrome/119.0.6045.214 Safari/537.36" "-"
40.77.190.36 - - [21/Dec/2024:00:52:55 +0530] "GET /js/bootstrap.js HTTP/1.1" 200 50731 "-" "Mozilla/5.0 AppleWebKit/537.36 (KHTML, like Gecko; compatible; bingbot/2.0; +http://www.bing.com/bingbot.htm) Chrome/100.0.4896.127 Safari/537.36" "-"
157.55.39.202 - - [21/Dec/2024:00:52:55 +0530] "GET /?d=233847963 HTTP/1.1" 200 455582 "-" "Mozilla/5.0 AppleWebKit/537.36 (KHTML, like Gecko; compatible; bingbot/2.0; +http://www.bing.com/bingbot.htm) Chrome/116.0.1938.76 Safari/537.36" "-"
193.122.97.107 - - [21/Dec/2024:00:52:55 +0530] "GET /wp-login.php HTTP/1.1" 200 6090 "-" "Mozilla/5.0 (Windows NT 10.0; Win64; x64) AppleWebKit/537.36 (KHTML, like Gecko) Chrome/130.0.0.0 Safari/537.36" "-"
57.141.0.15 - - [21/Dec/2024:00:52:55 +0530] "GET /wp-content/uploads/2021/07/WhatsApp-Image-2021-07-08-at-16.15.06-300x225.jpeg HTTP/1.1" 200 24917 "-" "meta-externalagent/1.1 (+https://developers.facebook.com/docs/sharing/webmasters/crawler)" "-"
52.187.74.192 - - [21/Dec/2024:00:52:55 +0530] "GET /wp-content/cong.php HTTP/1.1" 404 5 "-" "-" "-"
40.77.188.16 - - [21/Dec/2024:00:52:56 +0530] "GET /js/jquery.bxslider.min.js HTTP/1.1" 200 19359 "-" "Mozilla/5.0 AppleWebKit/537.36 (KHTML, like Gecko; compatible; bingbot/2.0; +http://www.bing.com/bingbot.htm) Chrome/100.0.4896.127 Safari/537.36" "-"
66.249.66.4 - - [21/Dec/2024:00:52:56 +0530] "GET /wp-content/uploads/2018/03/IMG_20171111_111803.jpg HTTP/1.1" 200 147090 "-" "Googlebot-Image/1.0" "-"
40.77.189.107 - - [21/Dec/2024:00:52:56 +0530] "GET /js/jquery.appear.js HTTP/1.1" 200 1478 "-" "Mozilla/5.0 AppleWebKit/537.36 (KHTML, like Gecko; compatible; bingbot/2.0; +http://www.bing.com/bingbot.htm) Chrome/100.0.4896.127 Safari/537.36" "-"
52.187.74.192 - - [21/Dec/2024:00:52:56 +0530] "GET /mah.php HTTP/1.1" 301 5 "-" "-" "-"
167.71.224.130 - - [21/Dec/2024:00:52:57 +0530] "GET /images/images.php HTTP/1.1" 301 261 "binance.com" "Mozilla/5.0 (Windows NT 10.0; Win64; x64) AppleWebKit/537.36 (KHTML, like Gecko) Chrome/90.0.4430.85 Safari/537.36" "-"
40.77.188.73 - - [21/Dec/2024:00:52:57 +0530] "GET /assets/bootstrap-sl-1.12.1/bootstrap-select.js HTTP/1.1" 200 69902 "-" "Mozilla/5.0 AppleWebKit/537.36 (KHTML, like Gecko; compatible; bingbot/2.0; +http://www.bing.com/bingbot.htm) Chrome/100.0.4896.127 Safari/537.36" "-"
52.167.144.187 - - [21/Dec/2024:00:52:57 +0530] "GET /?p=7244624 HTTP/1.1" 200 451517 "-" "Mozilla/5.0 AppleWebKit/537.36 (KHTML, like Gecko; compatible; bingbot/2.0; +http://www.bing.com/bingbot.htm) Chrome/116.0.1938.76 Safari/537.36" "-"
40.77.190.41 - - [21/Dec/2024:00:52:57 +0530] "GET /assets/jquery-ui-1.11.4/jquery-ui.js HTTP/1.1" 200 457808 "-" "Mozilla/5.0 AppleWebKit/537.36 (KHTML, like Gecko; compatible; bingbot/2.0; +http://www.bing.com/bingbot.htm) Chrome/100.0.4896.127 Safari/537.36" "-"
154.30.107.70 - - [21/Dec/2024:00:52:57 +0530] "GET /jobs/erp-implementation-executive-1559.html HTTP/1.1" 404 315 "https://a2zyouthsolution.com" "Mozilla/5.0 (Windows NT 10.0; Win64; x64) AppleWebKit/537.36 (KHTML, like Gecko) Chrome/114.0.0.0 Safari/537.36 OPR/89.0.4447.51" "-"
40.77.188.103 - - [21/Dec/2024:00:52:57 +0530] "GET /css/imp.css HTTP/1.1" 200 5053 "-" "Mozilla/5.0 AppleWebKit/537.36 (KHTML, like Gecko; compatible; bingbot/2.0; +http://www.bing.com/bingbot.htm) Chrome/100.0.4896.127 Safari/537.36" "-"
178.128.211.243 - - [21/Dec/2024:00:52:57 +0530] "POST /xmlrpc.php HTTP/1.1" 200 461 "-" "Mozilla/5.0 (Windows NT 10.0; Win64; x64; rv:59.0) Gecko/20100101 Firefox/59.0" "-"
52.187.74.192 - - [21/Dec/2024:00:52:57 +0530] "GET /mah.php HTTP/1.1" 404 5 "-" "-" "-"
40.77.188.91 - - [21/Dec/2024:00:52:58 +0530] "GET /css/bootstrap.css HTTP/1.1" 200 178152 "-" "Mozilla/5.0 AppleWebKit/537.36 (KHTML, like Gecko; compatible; bingbot/2.0; +http://www.bing.com/bingbot.htm) Chrome/100.0.4896.127 Safari/537.36" "-"
157.55.39.202 - - [21/Dec/2024:00:52:58 +0530] "GET /?d=232761663 HTTP/1.1" 200 448126 "-" "Mozilla/5.0 AppleWebKit/537.36 (KHTML, like Gecko; compatible; bingbot/2.0; +http://www.bing.com/bingbot.htm) Chrome/116.0.1938.76 Safari/537.36" "-"
193.122.97.107 - - [21/Dec/2024:00:52:58 +0530] "POST /wp-login.php HTTP/1.1" 200 6415 "http://consulting.noahcreatives.com/wp-login.php" "Mozilla/5.0 (Windows NT 10.0; Win64; x64) AppleWebKit/537.36 (KHTML, like Gecko) Chrome/130.0.0.0 Safari/537.36" "-"
40.77.190.80 - - [21/Dec/2024:00:52:58 +0530] "GET /css/font-awesome.min.css HTTP/1.1" 200 27490 "-" "Mozilla/5.0 AppleWebKit/537.36 (KHTML, like Gecko; compatible; bingbot/2.0; +http://www.bing.com/bingbot.htm) Chrome/100.0.4896.127 Safari/537.36" "-"
44.196.118.6 - - [21/Dec/2024:00:52:58 +0530] "GET /admin/dynamic_image/course/course1067.octet-stream.php?filesrc=//opt/alt/alt-nodejs20/root/usr/lib/node_modules/npm/node_modules/node-gyp/gyp/pylib/gyp/generator/compile_commands_json.py&path=//opt/alt/alt-nodejs20/root/usr/lib/node_modules/npm/node_modules/node-gyp/gyp/pylib/gyp/generator HTTP/1.1" 200 7976 "-" "Mozilla/5.0 AppleWebKit/537.36 (KHTML, like Gecko; compatible; Amazonbot/0.1; +https://developer.amazon.com/support/amazonbot) Chrome/119.0.6045.214 Safari/537.36" "-"
154.30.107.70 - - [21/Dec/2024:00:52:58 +0530] "GET / HTTP/1.1" 200 46571 "https://a2zyouthsolution.com" "Mozilla/5.0 (Windows NT 10.0; Win64; x64) AppleWebKit/537.36 (KHTML, like Gecko) Chrome/114.0.0.0 Safari/537.36 OPR/89.0.4447.51" "-"
52.187.74.192 - - [21/Dec/2024:00:52:58 +0530] "GET /ova-tools.php HTTP/1.1" 301 5 "-" "-" "-"
40.77.188.112 - - [21/Dec/2024:00:52:59 +0530] "GET /css/flaticon.css HTTP/1.1" 200 1980 "-" "Mozilla/5.0 AppleWebKit/537.36 (KHTML, like Gecko; compatible; bingbot/2.0; +http://www.bing.com/bingbot.htm) Chrome/100.0.4896.127 Safari/537.36" "-"
40.77.189.134 - - [21/Dec/2024:00:52:59 +0530] "GET /css/hover.css HTTP/1.1" 200 117944 "-" "Mozilla/5.0 AppleWebKit/537.36 (KHTML, like Gecko; compatible; bingbot/2.0; +http://www.bing.com/bingbot.htm) Chrome/100.0.4896.127 Safari/537.36" "-"
40.77.188.191 - - [21/Dec/2024:00:52:59 +0530] "GET /css/jquery.bxslider.css HTTP/1.1" 200 3891 "-" "Mozilla/5.0 AppleWebKit/537.36 (KHTML, like Gecko; compatible; bingbot/2.0; +http://www.bing.com/bingbot.htm) Chrome/100.0.4896.127 Safari/537.36" "-"
40.77.189.27 - - [21/Dec/2024:00:52:59 +0530] "GET /css/owl.carousel.css HTTP/1.1" 200 4702 "-" "Mozilla/5.0 AppleWebKit/537.36 (KHTML, like Gecko; compatible; bingbot/2.0; +http://www.bing.com/bingbot.htm) Chrome/100.0.4896.127 Safari/537.36" "-"
52.167.144.187 - - [21/Dec/2024:00:52:59 +0530] "GET /?p=183719424 HTTP/1.1" 200 457848 "-" "Mozilla/5.0 AppleWebKit/537.36 (KHTML, like Gecko; compatible; bingbot/2.0; +http://www.bing.com/bingbot.htm) Chrome/116.0.1938.76 Safari/537.36" "-"
52.187.74.192 - - [21/Dec/2024:00:53:00 +0530] "GET /ova-tools.php HTTP/1.1" 404 5 "-" "-" "-"
40.77.189.100 - - [21/Dec/2024:00:53:00 +0530] "GET /css/owl.theme.default.min.css HTTP/1.1" 200 1142 "-" "Mozilla/5.0 AppleWebKit/537.36 (KHTML, like Gecko; compatible; bingbot/2.0; +http://www.bing.com/bingbot.htm) Chrome/100.0.4896.127 Safari/537.36" "-"
52.167.144.187 - - [21/Dec/2024:00:53:00 +0530] "GET /?p=238384224 HTTP/1.1" 200 457083 "-" "Mozilla/5.0 AppleWebKit/537.36 (KHTML, like Gecko; compatible; bingbot/2.0; +http://www.bing.com/bingbot.htm) Chrome/116.0.1938.76 Safari/537.36" "-"
23.81.70.251 - - [21/Dec/2024:00:53:00 +0530] "GET / HTTP/1.1" 302 212 "-" "Mozilla/5.0 (Windows NT 10.0; WOW64) AppleWebKit/537.36 (KHTML, like Gecko) Chrome/114.0.0.0 Safari/537.36 Vivaldi/5.3.2679.68" "-"
94.102.51.98 - - [21/Dec/2024:00:53:00 +0530] "POST /wp-json/tdw/save_css HTTP/1.1" 200 5 "-" "curl/7.68.0" "-"
40.77.188.133 - - [21/Dec/2024:00:53:00 +0530] "GET /css/bootstrap-select.min.css HTTP/1.1" 200 6437 "-" "Mozilla/5.0 AppleWebKit/537.36 (KHTML, like Gecko; compatible; bingbot/2.0; +http://www.bing.com/bingbot.htm) Chrome/100.0.4896.127 Safari/537.36" "-"
52.187.74.192 - - [21/Dec/2024:00:53:01 +0530] "GET /wp-includes/Requests/about.php HTTP/1.1" 301 5 "-" "-" "-"
