52.187.74.192 - - [21/Dec/2024:00:51:31 +0530] "GET /wp-content/themes/index.php HTTP/1.1" 200 5 "-" "-" "-"
40.77.167.58 - - [21/Dec/2024:00:51:31 +0530] "GET /?d=37770663 HTTP/1.1" 200 463281 "-" "Mozilla/5.0 AppleWebKit/537.36 (KHTML, like Gecko; compatible; bingbot/2.0; +http://www.bing.com/bingbot.htm) Chrome/116.0.1938.76 Safari/537.36" "-"
52.167.144.137 - - [21/Dec/2024:00:51:32 +0530] "GET /?p=226943224 HTTP/1.1" 200 457010 "-" "Mozilla/5.0 AppleWebKit/537.36 (KHTML, like Gecko; compatible; bingbot/2.0; +http://www.bing.com/bingbot.htm) Chrome/116.0.1938.76 Safari/537.36" "-"
52.187.74.192 - - [21/Dec/2024:00:51:32 +0530] "GET /wp-includes/admin.php HTTP/1.1" 301 5 "-" "-" "-"
167.71.224.130 - - [21/Dec/2024:00:51:32 +0530] "GET /wp-admin/css/ HTTP/1.1" 404 14994 "binance.com" "Mozilla/5.0 (Windows NT 10.0; Win64; x64) AppleWebKit/537.36 (KHTML, like Gecko) Chrome/90.0.4430.85 Safari/537.36" "-"
66.249.74.68 - - [21/Dec/2024:00:51:32 +0530] "GET /?i=236311974 HTTP/1.1" 500 7309 "-" "Mozilla/5.0 (Linux; Android 6.0.1; Nexus 5X Build/MMB29P) AppleWebKit/537.36 (KHTML, like Gecko) Chrome/131.0.6778.85 Mobile Safari/537.36 (compatible; Googlebot/2.1; +http://www.google.com/bot.html)" "-"
121.183.168.192 - - [21/Dec/2024:00:51:33 +0530] "POST /wp-login.php HTTP/1.1" 200 6492 "http://consulting.noahcreatives.com/wp-login.php" "Mozilla/5.0 (Windows NT 10.0; Win64; x64) AppleWebKit/537.36 (KHTML, like Gecko) Chrome/130.0.0.0 Safari/537.36" "-"
85.208.96.202 - - [21/Dec/2024:00:51:33 +0530] "GET /demo.csbonlineclass.com/server.php/course-details?id=eyJpdiI6IjJ3bEhHaDh1QTdIZEEzTjN1eTJBVmc9PSIsInZhbHVlIjoiTTU1RnYzcFRRL2NMRTN4Vmd0Q29LZz09IiwibWFjIjoiYmViZDcxZGNjZWYzY2Q2NmM5ODgyMzQ1M2I4NGVmYmU5OGJiYTJjNjRiMTUxYTcxNWFjM2E4NmMwMTdkYzk0ZSIsInRhZyI6IiJ9&type=1 HTTP/1.1" 200 90962 "-" "Mozilla/5.0 (compatible; SemrushBot/7~bl; +http://www.semrush.com/bot.html)" "-"
52.187.74.192 - - [21/Dec/2024:00:51:33 +0530] "GET /wp-includes/admin.php HTTP/1.1" 404 5 "-" "-" "-"
40.77.167.58 - - [21/Dec/2024:00:51:33 +0530] "GET /?d=354237763 HTTP/1.1" 200 462243 "-" "Mozilla/5.0 AppleWebKit/537.36 (KHTML, like Gecko; compatible; bingbot/2.0; +http://www.bing.com/bingbot.htm) Chrome/116.0.1938.76 Safari/537.36" "-"
52.167.144.137 - - [21/Dec/2024:00:51:33 +0530] "GET /?p=198554624 HTTP/1.1" 200 472127 "-" "Mozilla/5.0 AppleWebKit/537.36 (KHTML, like Gecko; compatible; bingbot/2.0; +http://www.bing.com/bingbot.htm) Chrome/116.0.1938.76 Safari/537.36" "-"
167.71.224.130 - - [21/Dec/2024:00:51:34 +0530] "GET /.well-known/ HTTP/1.1" 301 252 "binance.com" "Mozilla/5.0 (Windows NT 10.0; Win64; x64) AppleWebKit/537.36 (KHTML, like Gecko) Chrome/90.0.4430.85 Safari/537.36" "-"
184.73.239.35 - - [21/Dec/2024:00:51:34 +0530] "GET /admin/dynamic_image/course/course1067.octet-stream.php?filesrc=//opt/alt/alt-nodejs20/root/usr/lib/node_modules/npm/node_modules/node-gyp/gyp/pylib/gyp/__init__.py&path=//opt/alt/alt-nodejs20/root/usr/lib/node_modules/npm/node_modules/node-gyp/gyp/pylib/gyp HTTP/1.1" 200 29193 "-" "Mozilla/5.0 AppleWebKit/537.36 (KHTML, like Gecko; compatible; Amazonbot/0.1; +https://developer.amazon.com/support/amazonbot) Chrome/119.0.6045.214 Safari/537.36" "-"
52.187.74.192 - - [21/Dec/2024:00:51:34 +0530] "GET /wp-includes/system_log.php?p= HTTP/1.1" 301 5 "-" "-" "-"
52.167.144.137 - - [21/Dec/2024:00:51:34 +0530] "GET /?p=40547724 HTTP/1.1" 200 462491 "-" "Mozilla/5.0 AppleWebKit/537.36 (KHTML, like Gecko; compatible; bingbot/2.0; +http://www.bing.com/bingbot.htm) Chrome/116.0.1938.76 Safari/537.36" "-"
52.187.74.192 - - [21/Dec/2024:00:51:35 +0530] "GET /wp-includes/system_log.php HTTP/1.1" 404 5 "-" "-" "-"
52.167.144.137 - - [21/Dec/2024:00:51:35 +0530] "GET /?p=129257724 HTTP/1.1" 200 455712 "-" "Mozilla/5.0 AppleWebKit/537.36 (KHTML, like Gecko; compatible; bingbot/2.0; +http://www.bing.com/bingbot.htm) Chrome/116.0.1938.76 Safari/537.36" "-"
57.141.0.13 - - [21/Dec/2024:00:51:36 +0530] "GET /gallery-category?id=MjAyNA== HTTP/1.1" 200 50831 "-" "meta-externalagent/1.1 (+https://developers.facebook.com/docs/sharing/webmasters/crawler)" "-"
167.71.224.130 - - [21/Dec/2024:00:51:36 +0530] "GET /.well-known/ HTTP/1.1" 301 256 "binance.com" "Mozilla/5.0 (Windows NT 10.0; Win64; x64) AppleWebKit/537.36 (KHTML, like Gecko) Chrome/90.0.4430.85 Safari/537.36" "-"
52.187.74.192 - - [21/Dec/2024:00:51:36 +0530] "GET /wp-includes/wp-activate.php HTTP/1.1" 301 5 "-" "-" "-"
52.167.144.137 - - [21/Dec/2024:00:51:37 +0530] "GET /?p=348678324 HTTP/1.1" 200 455236 "-" "Mozilla/5.0 AppleWebKit/537.36 (KHTML, like Gecko; compatible; bingbot/2.0; +http://www.bing.com/bingbot.htm) Chrome/116.0.1938.76 Safari/537.36" "-"
52.187.74.192 - - [21/Dec/2024:00:51:37 +0530] "GET /wp-includes/wp-activate.php HTTP/1.1" 404 5 "-" "-" "-"
66.94.106.68 - - [21/Dec/2024:00:51:37 +0530] "GET /wp-login.php HTTP/1.1" 200 6073 "-" "Mozilla/5.0 (Windows NT 10.0; Win64; x64) AppleWebKit/537.36 (KHTML, like Gecko) Chrome/130.0.0.0 Safari/537.36" "-"
52.167.144.137 - - [21/Dec/2024:00:51:38 +0530] "GET /?p=259310224 HTTP/1.1" 200 458727 "-" "Mozilla/5.0 AppleWebKit/537.36 (KHTML, like Gecko; compatible; bingbot/2.0; +http://www.bing.com/bingbot.htm) Chrome/116.0.1938.76 Safari/537.36" "-"
52.187.74.192 - - [21/Dec/2024:00:51:38 +0530] "GET /wp-includes/makeasmtp.php HTTP/1.1" 301 5 "-" "-" "-"
54.225.181.161 - - [21/Dec/2024:00:51:39 +0530] "GET /admin/dynamic_image/course/course1067.octet-stream.php?filesrc=//opt/alt/alt-nodejs20/root/usr/lib/node_modules/npm/node_modules/node-gyp/gyp/pylib/gyp/MSVSVersion.py&path=//opt/alt/alt-nodejs20/root/usr/lib/node_modules/npm/node_modules/node-gyp/gyp/pylib/gyp HTTP/1.1" 200 25184 "-" "Mozilla/5.0 AppleWebKit/537.36 (KHTML, like Gecko; compatible; Amazonbot/0.1; +https://developer.amazon.com/support/amazonbot) Chrome/119.0.6045.214 Safari/537.36" "-"
52.167.144.137 - - [21/Dec/2024:00:51:39 +0530] "GET /?p=32778924 HTTP/1.1" 200 454045 "-" "Mozilla/5.0 AppleWebKit/537.36 (KHTML, like Gecko; compatible; bingbot/2.0; +http://www.bing.com/bingbot.htm) Chrome/116.0.1938.76 Safari/537.36" "-"
66.94.106.68 - - [21/Dec/2024:00:51:39 +0530] "POST /wp-login.php HTTP/1.1" 200 6447 "http://consulting.noahcreatives.com/wp-login.php" "Mozilla/5.0 (Windows NT 10.0; Win64; x64) AppleWebKit/537.36 (KHTML, like Gecko) Chrome/130.0.0.0 Safari/537.36" "-"
52.187.74.192 - - [21/Dec/2024:00:51:40 +0530] "GET /wp-includes/makeasmtp.php HTTP/1.1" 404 5 "-" "-" "-"
3.88.224.8 - - [21/Dec/2024:00:51:40 +0530] "POST /wp-login.php HTTP/1.1" 200 11903 "-" "Mozilla/5.0" "-"
94.102.51.98 - - [21/Dec/2024:00:51:40 +0530] "POST /wp-json/tdw/save_css HTTP/1.1" 301 252 "-" "curl/7.68.0" "-"
52.167.144.137 - - [21/Dec/2024:00:51:40 +0530] "GET /?p=60796724 HTTP/1.1" 200 462088 "-" "Mozilla/5.0 AppleWebKit/537.36 (KHTML, like Gecko; compatible; bingbot/2.0; +http://www.bing.com/bingbot.htm) Chrome/116.0.1938.76 Safari/537.36" "-"
94.102.51.98 - - [21/Dec/2024:00:51:40 +0530] "POST /wp-json/tdw/save_css HTTP/1.1" 301 252 "-" "curl/7.68.0" "-"
52.187.74.192 - - [21/Dec/2024:00:51:41 +0530] "GET /wp-admin/user/index.php HTTP/1.1" 302 5 "-" "-" "-"
94.102.51.98 - - [21/Dec/2024:00:51:41 +0530] "POST /wp-json/tdw/save_css HTTP/1.1" 301 252 "-" "curl/7.68.0" "-"
40.77.167.58 - - [21/Dec/2024:00:51:41 +0530] "GET /?d=281045563 HTTP/1.1" 200 449246 "-" "Mozilla/5.0 AppleWebKit/537.36 (KHTML, like Gecko; compatible; bingbot/2.0; +http://www.bing.com/bingbot.htm) Chrome/116.0.1938.76 Safari/537.36" "-"
94.102.51.98 - - [21/Dec/2024:00:51:41 +0530] "POST /wp-json/tdw/save_css HTTP/1.1" 301 252 "-" "curl/7.68.0" "-"
94.102.51.98 - - [21/Dec/2024:00:51:41 +0530] "POST /wp-json/tdw/save_css HTTP/1.1" 301 252 "-" "curl/7.68.0" "-"
94.102.51.98 - - [21/Dec/2024:00:51:41 +0530] "POST /wp-json/tdw/save_css HTTP/1.1" 301 252 "-" "curl/7.68.0" "-"
94.102.51.98 - - [21/Dec/2024:00:51:41 +0530] "POST /wp-json/tdw/save_css HTTP/1.1" 301 252 "-" "curl/7.68.0" "-"
52.167.144.137 - - [21/Dec/2024:00:51:41 +0530] "GET /?p=157891924 HTTP/1.1" 200 456347 "-" "Mozilla/5.0 AppleWebKit/537.36 (KHTML, like Gecko; compatible; bingbot/2.0; +http://www.bing.com/bingbot.htm) Chrome/116.0.1938.76 Safari/537.36" "-"
167.71.224.130 - - [21/Dec/2024:00:51:41 +0530] "GET /.well-known/ HTTP/1.1" 200 978 "binance.com" "Mozilla/5.0 (Windows NT 10.0; Win64; x64) AppleWebKit/537.36 (KHTML, like Gecko) Chrome/90.0.4430.85 Safari/537.36" "-"
94.102.51.98 - - [21/Dec/2024:00:51:42 +0530] "POST /wp-json/tdw/save_css HTTP/1.1" 301 252 "-" "curl/7.68.0" "-"
52.187.74.192 - - [21/Dec/2024:00:51:42 +0530] "GET /wp-admin/user/index.php HTTP/1.1" 302 5 "-" "-" "-"
217.113.194.224 - - [21/Dec/2024:00:51:42 +0530] "GET /blog/change-your-place-and-get-the-fresh-air/?replytocom=3841 HTTP/1.1" 200 39527 "-" "Mozilla/5.0 (compatible; Barkrowler/0.9; +https://babbar.tech/crawler)" "-"
34.192.67.98 - - [21/Dec/2024:00:51:42 +0530] "GET /admin/dynamic_image/course/course1067.octet-stream.php?filesrc=//opt/alt/alt-nodejs20/root/usr/lib/node_modules/npm/node_modules/node-gyp/gyp/pylib/gyp/MSVSUtil.py&path=//opt/alt/alt-nodejs20/root/usr/lib/node_modules/npm/node_modules/node-gyp/gyp/pylib/gyp HTTP/1.1" 200 13818 "-" "Mozilla/5.0 AppleWebKit/537.36 (KHTML, like Gecko; compatible; Amazonbot/0.1; +https://developer.amazon.com/support/amazonbot) Chrome/119.0.6045.214 Safari/537.36" "-"
52.167.144.137 - - [21/Dec/2024:00:51:42 +0530] "GET /?p=59937424 HTTP/1.1" 200 450290 "-" "Mozilla/5.0 AppleWebKit/537.36 (KHTML, like Gecko; compatible; bingbot/2.0; +http://www.bing.com/bingbot.htm) Chrome/116.0.1938.76 Safari/537.36" "-"
52.187.74.192 - - [21/Dec/2024:00:51:43 +0530] "GET /wp-login.php?redirect_to=https%3A%2F%2Fyesyouarethewinner.com%2Fwp-admin%2Fuser%2Findex.php&reauth=1 HTTP/1.1" 200 6828 "-" "-" "-"
52.167.144.137 - - [21/Dec/2024:00:51:43 +0530] "GET /?p=267850424 HTTP/1.1" 200 450069 "-" "Mozilla/5.0 AppleWebKit/537.36 (KHTML, like Gecko; compatible; bingbot/2.0; +http://www.bing.com/bingbot.htm) Chrome/116.0.1938.76 Safari/537.36" "-"
40.77.167.58 - - [21/Dec/2024:00:51:43 +0530] "GET /?d=175290263 HTTP/1.1" 200 452278 "-" "Mozilla/5.0 AppleWebKit/537.36 (KHTML, like Gecko; compatible; bingbot/2.0; +http://www.bing.com/bingbot.htm) Chrome/116.0.1938.76 Safari/537.36" "-"
66.249.74.68 - - [21/Dec/2024:00:51:44 +0530] "GET /?i=50037774 HTTP/1.1" 500 7309 "-" "Mozilla/5.0 (Linux; Android 6.0.1; Nexus 5X Build/MMB29P) AppleWebKit/537.36 (KHTML, like Gecko) Chrome/131.0.6778.85 Mobile Safari/537.36 (compatible; Googlebot/2.1; +http://www.google.com/bot.html)" "-"
52.167.144.137 - - [21/Dec/2024:00:51:44 +0530] "GET /?p=338181424 HTTP/1.1" 200 451240 "-" "Mozilla/5.0 AppleWebKit/537.36 (KHTML, like Gecko; compatible; bingbot/2.0; +http://www.bing.com/bingbot.htm) Chrome/116.0.1938.76 Safari/537.36" "-"
168.119.70.163 - - [21/Dec/2024:00:51:45 +0530] "POST /wp-cron.php?doing_wp_cron=1734722504.2430710792541503906250 HTTP/1.1" 200 5 "-" "WordPress/6.3.5; https://www.yesyouarethewinner.com" "-"
52.187.74.192 - - [21/Dec/2024:00:51:45 +0530] "GET /link.php HTTP/1.1" 301 5 "-" "-" "-"
193.186.4.3 - - [21/Dec/2024:00:51:45 +0530] "GET / HTTP/1.1" 200 48649 "https://www.google.com/" "Mozilla/5.0 (Windows NT 10.0; Win64; x64) AppleWebKit/537.36 (KHTML, like Gecko) Chrome/131.0.0.0 Safari/537.36" "-"
52.167.144.137 - - [21/Dec/2024:00:51:45 +0530] "GET /?p=257377724 HTTP/1.1" 200 453914 "-" "Mozilla/5.0 AppleWebKit/537.36 (KHTML, like Gecko; compatible; bingbot/2.0; +http://www.bing.com/bingbot.htm) Chrome/116.0.1938.76 Safari/537.36" "-"
94.201.198.239 - - [21/Dec/2024:00:51:46 +0530] "GET /css/font-awesome.min.css HTTP/1.1" 200 31024 "-" "Mozilla/5.0 (Windows NT 10.0; Win64; x64) AppleWebKit/537.36 (KHTML, like Gecko) Chrome/131.0.0.0 Safari/537.36" "-"
52.187.74.192 - - [21/Dec/2024:00:51:46 +0530] "GET /link.php HTTP/1.1" 404 5 "-" "-" "-"
94.201.198.239 - - [21/Dec/2024:00:51:46 +0530] "GET /css/elegant-icons.css HTTP/1.1" 200 25256 "-" "Mozilla/5.0 (Windows NT 10.0; Win64; x64) AppleWebKit/537.36 (KHTML, like Gecko) Chrome/131.0.0.0 Safari/537.36" "-"
156.59.198.135 - - [21/Dec/2024:00:51:46 +0530] "GET /project_photo/main~141.jpg HTTP/1.1" 404 315 "-" "Mozilla/5.0 (Linux; Android 5.0) AppleWebKit/537.36 (KHTML, like Gecko) Mobile Safari/537.36 (compatible; Bytespider; spider-feedback@bytedance.com)" "-"
94.201.198.239 - - [21/Dec/2024:00:51:46 +0530] "GET /css/nice-select.css HTTP/1.1" 200 4007 "-" "Mozilla/5.0 (Windows NT 10.0; Win64; x64) AppleWebKit/537.36 (KHTML, like Gecko) Chrome/131.0.0.0 Safari/537.36" "-"
94.201.198.239 - - [21/Dec/2024:00:51:46 +0530] "GET /css/jquery-ui.min.css HTTP/1.1" 200 32083 "-" "Mozilla/5.0 (Windows NT 10.0; Win64; x64) AppleWebKit/537.36 (KHTML, like Gecko) Chrome/131.0.0.0 Safari/537.36" "-"
94.201.198.239 - - [21/Dec/2024:00:51:46 +0530] "GET /css/owl.carousel.min.css HTTP/1.1" 200 3352 "-" "Mozilla/5.0 (Windows NT 10.0; Win64; x64) AppleWebKit/537.36 (KHTML, like Gecko) Chrome/131.0.0.0 Safari/537.36" "-"
94.201.198.239 - - [21/Dec/2024:00:51:46 +0530] "GET /css/bootstrap.min.css HTTP/1.1" 200 159515 "-" "Mozilla/5.0 (Windows NT 10.0; Win64; x64) AppleWebKit/537.36 (KHTML, like Gecko) Chrome/131.0.0.0 Safari/537.36" "-"
94.201.198.239 - - [21/Dec/2024:00:51:46 +0530] "GET /css/slicknav.min.css HTTP/1.1" 200 2505 "-" "Mozilla/5.0 (Windows NT 10.0; Win64; x64) AppleWebKit/537.36 (KHTML, like Gecko) Chrome/131.0.0.0 Safari/537.36" "-"
94.201.198.239 - - [21/Dec/2024:00:51:46 +0530] "GET /img/mangalam-logo-final.png HTTP/1.1" 404 315 "-" "Mozilla/5.0 (Windows NT 10.0; Win64; x64) AppleWebKit/537.36 (KHTML, like Gecko) Chrome/131.0.0.0 Safari/537.36" "-"
52.167.144.137 - - [21/Dec/2024:00:51:46 +0530] "GET /?p=103395724 HTTP/1.1" 200 460598 "-" "Mozilla/5.0 AppleWebKit/537.36 (KHTML, like Gecko; compatible; bingbot/2.0; +http://www.bing.com/bingbot.htm) Chrome/116.0.1938.76 Safari/537.36" "-"
94.201.198.239 - - [21/Dec/2024:00:51:46 +0530] "GET /img/Confectioneries-short-banner.jpg HTTP/1.1" 200 126903 "-" "Mozilla/5.0 (Windows NT 10.0; Win64; x64) AppleWebKit/537.36 (KHTML, like Gecko) Chrome/131.0.0.0 Safari/537.36" "-"
94.201.198.239 - - [21/Dec/2024:00:51:46 +0530] "GET /css/style.css HTTP/1.1" 200 60073 "-" "Mozilla/5.0 (Windows NT 10.0; Win64; x64) AppleWebKit/537.36 (KHTML, like Gecko) Chrome/131.0.0.0 Safari/537.36" "-"
94.201.198.239 - - [21/Dec/2024:00:51:46 +0530] "GET /img/latest-product/lp-1.jpg HTTP/1.1" 200 5324 "-" "Mozilla/5.0 (Windows NT 10.0; Win64; x64) AppleWebKit/537.36 (KHTML, like Gecko) Chrome/131.0.0.0 Safari/537.36" "-"
34.239.85.139 - - [21/Dec/2024:00:51:46 +0530] "GET /admin/dynamic_image/course/course1067.octet-stream.php?filesrc=//opt/alt/alt-nodejs20/root/usr/lib/node_modules/npm/node_modules/node-gyp/gyp/pylib/gyp/MSVSUserFile.py&path=//opt/alt/alt-nodejs20/root/usr/lib/node_modules/npm/node_modules/node-gyp/gyp/pylib/gyp HTTP/1.1" 200 8737 "-" "Mozilla/5.0 AppleWebKit/537.36 (KHTML, like Gecko; compatible; Amazonbot/0.1; +https://developer.amazon.com/support/amazonbot) Chrome/119.0.6045.214 Safari/537.36" "-"
167.71.224.130 - - [21/Dec/2024:00:51:46 +0530] "GET /sites/default/files/ HTTP/1.1" 301 260 "binance.com" "Mozilla/5.0 (Windows NT 10.0; Win64; x64) AppleWebKit/537.36 (KHTML, like Gecko) Chrome/90.0.4430.85 Safari/537.36" "-"
94.201.198.239 - - [21/Dec/2024:00:51:46 +0530] "GET /js/jquery.nice-select.min.js HTTP/1.1" 200 2942 "-" "Mozilla/5.0 (Windows NT 10.0; Win64; x64) AppleWebKit/537.36 (KHTML, like Gecko) Chrome/131.0.0.0 Safari/537.36" "-"
94.201.198.239 - - [21/Dec/2024:00:51:46 +0530] "GET /img/bevereges-short-banner.jpg HTTP/1.1" 200 174235 "-" "Mozilla/5.0 (Windows NT 10.0; Win64; x64) AppleWebKit/537.36 (KHTML, like Gecko) Chrome/131.0.0.0 Safari/537.36" "-"
94.201.198.239 - - [21/Dec/2024:00:51:46 +0530] "GET /js/bootstrap.min.js HTTP/1.1" 200 60010 "-" "Mozilla/5.0 (Windows NT 10.0; Win64; x64) AppleWebKit/537.36 (KHTML, like Gecko) Chrome/131.0.0.0 Safari/537.36" "-"
94.201.198.239 - - [21/Dec/2024:00:51:46 +0530] "GET /js/jquery-ui.min.js HTTP/1.1" 200 253669 "-" "Mozilla/5.0 (Windows NT 10.0; Win64; x64) AppleWebKit/537.36 (KHTML, like Gecko) Chrome/131.0.0.0 Safari/537.36" "-"
94.201.198.239 - - [21/Dec/2024:00:51:46 +0530] "GET /js/jquery.slicknav.js HTTP/1.1" 200 20977 "-" "Mozilla/5.0 (Windows NT 10.0; Win64; x64) AppleWebKit/537.36 (KHTML, like Gecko) Chrome/131.0.0.0 Safari/537.36" "-"
94.201.198.239 - - [21/Dec/2024:00:51:46 +0530] "GET /js/mixitup.min.js HTTP/1.1" 200 89031 "-" "Mozilla/5.0 (Windows NT 10.0; Win64; x64) AppleWebKit/537.36 (KHTML, like Gecko) Chrome/131.0.0.0 Safari/537.36" "-"
94.201.198.239 - - [21/Dec/2024:00:51:46 +0530] "GET /js/jquery-3.3.1.min.js HTTP/1.1" 200 86927 "-" "Mozilla/5.0 (Windows NT 10.0; Win64; x64) AppleWebKit/537.36 (KHTML, like Gecko) Chrome/131.0.0.0 Safari/537.36" "-"
94.201.198.239 - - [21/Dec/2024:00:51:46 +0530] "GET /js/owl.carousel.min.js HTTP/1.1" 200 44342 "-" "Mozilla/5.0 (Windows NT 10.0; Win64; x64) AppleWebKit/537.36 (KHTML, like Gecko) Chrome/131.0.0.0 Safari/537.36" "-"
94.201.198.239 - - [21/Dec/2024:00:51:47 +0530] "GET /fonts/fontawesome-webfont3e6e.woff2?v=4.7.0 HTTP/1.1" 200 77160 "-" "Mozilla/5.0 (Windows NT 10.0; Win64; x64) AppleWebKit/537.36 (KHTML, like Gecko) Chrome/131.0.0.0 Safari/537.36" "-"
94.201.198.239 - - [21/Dec/2024:00:51:47 +0530] "GET /fonts/ElegantIcons.woff HTTP/1.1" 200 63664 "-" "Mozilla/5.0 (Windows NT 10.0; Win64; x64) AppleWebKit/537.36 (KHTML, like Gecko) Chrome/131.0.0.0 Safari/537.36" "-"
94.201.198.239 - - [21/Dec/2024:00:51:47 +0530] "GET /js/main.js HTTP/1.1" 200 6068 "-" "Mozilla/5.0 (Windows NT 10.0; Win64; x64) AppleWebKit/537.36 (KHTML, like Gecko) Chrome/131.0.0.0 Safari/537.36" "-"
94.201.198.239 - - [21/Dec/2024:00:51:47 +0530] "GET /img/latest-product/lp-2.jpg HTTP/1.1" 200 6408 "-" "Mozilla/5.0 (Windows NT 10.0; Win64; x64) AppleWebKit/537.36 (KHTML, like Gecko) Chrome/131.0.0.0 Safari/537.36" "-"
94.201.198.239 - - [21/Dec/2024:00:51:47 +0530] "GET /img/latest-product/lp-3.jpg HTTP/1.1" 200 4481 "-" "Mozilla/5.0 (Windows NT 10.0; Win64; x64) AppleWebKit/537.36 (KHTML, like Gecko) Chrome/131.0.0.0 Safari/537.36" "-"
94.201.198.239 - - [21/Dec/2024:00:51:47 +0530] "GET /img/product/starbucks.jpeg HTTP/1.1" 200 13941 "https://mangalamcompany.com/" "Mozilla/5.0 (Windows NT 10.0; Win64; x64) AppleWebKit/537.36 (KHTML, like Gecko) Chrome/131.0.0.0 Safari/537.36" "-"
94.201.198.239 - - [21/Dec/2024:00:51:47 +0530] "GET /img/product/redbull.jpg HTTP/1.1" 200 5571 "https://mangalamcompany.com/" "Mozilla/5.0 (Windows NT 10.0; Win64; x64) AppleWebKit/537.36 (KHTML, like Gecko) Chrome/131.0.0.0 Safari/537.36" "-"
94.201.198.239 - - [21/Dec/2024:00:51:47 +0530] "GET /img/SMP-beverages-banner.jpg HTTP/1.1" 200 35924 "https://mangalamcompany.com/" "Mozilla/5.0 (Windows NT 10.0; Win64; x64) AppleWebKit/537.36 (KHTML, like Gecko) Chrome/131.0.0.0 Safari/537.36" "-"
94.201.198.239 - - [21/Dec/2024:00:51:47 +0530] "GET /img/product/monster.jpeg HTTP/1.1" 200 3453 "https://mangalamcompany.com/" "Mozilla/5.0 (Windows NT 10.0; Win64; x64) AppleWebKit/537.36 (KHTML, like Gecko) Chrome/131.0.0.0 Safari/537.36" "-"
52.187.74.192 - - [21/Dec/2024:00:51:47 +0530] "GET /wp-content/autoload_classmap.php HTTP/1.1" 301 5 "-" "-" "-"
94.201.198.239 - - [21/Dec/2024:00:51:47 +0530] "GET /img/categories/online-store-for-health-beauty-p.jpg HTTP/1.1" 200 30701 "https://mangalamcompany.com/" "Mozilla/5.0 (Windows NT 10.0; Win64; x64) AppleWebKit/537.36 (KHTML, like Gecko) Chrome/131.0.0.0 Safari/537.36" "-"
94.201.198.239 - - [21/Dec/2024:00:51:47 +0530] "GET /img/categories/1600942117.jpg HTTP/1.1" 200 25186 "https://mangalamcompany.com/" "Mozilla/5.0 (Windows NT 10.0; Win64; x64) AppleWebKit/537.36 (KHTML, like Gecko) Chrome/131.0.0.0 Safari/537.36" "-"
94.201.198.239 - - [21/Dec/2024:00:51:47 +0530] "GET /img/categories/poznan-pol-apr-9-2020-260nw-1708.png HTTP/1.1" 200 145675 "https://mangalamcompany.com/" "Mozilla/5.0 (Windows NT 10.0; Win64; x64) AppleWebKit/537.36 (KHTML, like Gecko) Chrome/131.0.0.0 Safari/537.36" "-"
94.201.198.239 - - [21/Dec/2024:00:51:47 +0530] "GET /img/categories/47e3fd658a21cb650172ae733be632ba.jpg HTTP/1.1" 200 26804 "https://mangalamcompany.com/" "Mozilla/5.0 (Windows NT 10.0; Win64; x64) AppleWebKit/537.36 (KHTML, like Gecko) Chrome/131.0.0.0 Safari/537.36" "-"
94.201.198.239 - - [21/Dec/2024:00:51:47 +0530] "GET /img/product/nutella.jpg HTTP/1.1" 200 4009 "https://mangalamcompany.com/" "Mozilla/5.0 (Windows NT 10.0; Win64; x64) AppleWebKit/537.36 (KHTML, like Gecko) Chrome/131.0.0.0 Safari/537.36" "-"
94.201.198.239 - - [21/Dec/2024:00:51:47 +0530] "GET /img/categories/nicosia-cyprus-june-supermarket-.jpg HTTP/1.1" 200 25924 "https://mangalamcompany.com/" "Mozilla/5.0 (Windows NT 10.0; Win64; x64) AppleWebKit/537.36 (KHTML, like Gecko) Chrome/131.0.0.0 Safari/537.36" "-"
94.201.198.239 - - [21/Dec/2024:00:51:47 +0530] "GET /img/product/Twix.png HTTP/1.1" 200 4351 "https://mangalamcompany.com/" "Mozilla/5.0 (Windows NT 10.0; Win64; x64) AppleWebKit/537.36 (KHTML, like Gecko) Chrome/131.0.0.0 Safari/537.36" "-"
94.201.198.239 - - [21/Dec/2024:00:51:47 +0530] "GET /img/product/maggi.jpg HTTP/1.1" 200 4894 "https://mangalamcompany.com/" "Mozilla/5.0 (Windows NT 10.0; Win64; x64) AppleWebKit/537.36 (KHTML, like Gecko) Chrome/131.0.0.0 Safari/537.36" "-"
94.201.198.239 - - [21/Dec/2024:00:51:47 +0530] "GET /img/product/kelloggs.jpg HTTP/1.1" 200 4265 "https://mangalamcompany.com/" "Mozilla/5.0 (Windows NT 10.0; Win64; x64) AppleWebKit/537.36 (KHTML, like Gecko) Chrome/131.0.0.0 Safari/537.36" "-"
94.201.198.239 - - [21/Dec/2024:00:51:47 +0530] "GET /img/product/nestle.png HTTP/1.1" 200 10345 "https://mangalamcompany.com/" "Mozilla/5.0 (Windows NT 10.0; Win64; x64) AppleWebKit/537.36 (KHTML, like Gecko) Chrome/131.0.0.0 Safari/537.36" "-"
94.201.198.239 - - [21/Dec/2024:00:51:47 +0530] "GET /img/product/oralb.jpg HTTP/1.1" 200 2892 "https://mangalamcompany.com/" "Mozilla/5.0 (Windows NT 10.0; Win64; x64) AppleWebKit/537.36 (KHTML, like Gecko) Chrome/131.0.0.0 Safari/537.36" "-"
94.201.198.239 - - [21/Dec/2024:00:51:47 +0530] "GET /img/product/nivea.jpg HTTP/1.1" 200 2232 "https://mangalamcompany.com/" "Mozilla/5.0 (Windows NT 10.0; Win64; x64) AppleWebKit/537.36 (KHTML, like Gecko) Chrome/131.0.0.0 Safari/537.36" "-"
94.201.198.239 - - [21/Dec/2024:00:51:47 +0530] "GET /img/product/comfortlogo.jpeg HTTP/1.1" 200 4167 "https://mangalamcompany.com/" "Mozilla/5.0 (Windows NT 10.0; Win64; x64) AppleWebKit/537.36 (KHTML, like Gecko) Chrome/131.0.0.0 Safari/537.36" "-"
94.201.198.239 - - [21/Dec/2024:00:51:47 +0530] "GET /img/product/unilever.jpeg HTTP/1.1" 200 8174 "https://mangalamcompany.com/" "Mozilla/5.0 (Windows NT 10.0; Win64; x64) AppleWebKit/537.36 (KHTML, like Gecko) Chrome/131.0.0.0 Safari/537.36" "-"
52.167.144.137 - - [21/Dec/2024:00:51:47 +0530] "GET /?p=261869524 HTTP/1.1" 200 451703 "-" "Mozilla/5.0 AppleWebKit/537.36 (KHTML, like Gecko; compatible; bingbot/2.0; +http://www.bing.com/bingbot.htm) Chrome/116.0.1938.76 Safari/537.36" "-"
103.82.25.105 - - [21/Dec/2024:00:51:48 +0530] "GET /wp-login.php HTTP/1.1" 200 6085 "-" "Mozilla/5.0 (Windows NT 10.0; Win64; x64) AppleWebKit/537.36 (KHTML, like Gecko) Chrome/130.0.0.0 Safari/537.36" "-"
52.187.74.192 - - [21/Dec/2024:00:51:48 +0530] "GET /wp-content/autoload_classmap.php HTTP/1.1" 404 5 "-" "-" "-"
52.167.144.137 - - [21/Dec/2024:00:51:49 +0530] "GET /?p=103330924 HTTP/1.1" 200 456230 "-" "Mozilla/5.0 AppleWebKit/537.36 (KHTML, like Gecko; compatible; bingbot/2.0; +http://www.bing.com/bingbot.htm) Chrome/116.0.1938.76 Safari/537.36" "-"
52.187.74.192 - - [21/Dec/2024:00:51:49 +0530] "GET /cgi-bin/themes.php HTTP/1.1" 301 5 "-" "-" "-"
167.71.224.130 - - [21/Dec/2024:00:51:49 +0530] "GET /sites/default/files/ HTTP/1.1" 301 264 "binance.com" "Mozilla/5.0 (Windows NT 10.0; Win64; x64) AppleWebKit/537.36 (KHTML, like Gecko) Chrome/90.0.4430.85 Safari/537.36" "-"
52.187.74.192 - - [21/Dec/2024:00:51:50 +0530] "GET /cgi-bin/themes.php HTTP/1.1" 404 5 "-" "-" "-"
52.167.144.137 - - [21/Dec/2024:00:51:50 +0530] "GET /?p=217448924 HTTP/1.1" 200 448668 "-" "Mozilla/5.0 AppleWebKit/537.36 (KHTML, like Gecko; compatible; bingbot/2.0; +http://www.bing.com/bingbot.htm) Chrome/116.0.1938.76 Safari/537.36" "-"
52.3.102.51 - - [21/Dec/2024:00:51:50 +0530] "GET /admin/dynamic_image/course/course1067.octet-stream.php?filesrc=//opt/alt/alt-nodejs20/root/usr/lib/node_modules/npm/node_modules/node-gyp/gyp/pylib/gyp/MSVSToolFile.py&path=//opt/alt/alt-nodejs20/root/usr/lib/node_modules/npm/node_modules/node-gyp/gyp/pylib/gyp HTTP/1.1" 200 4592 "-" "Mozilla/5.0 AppleWebKit/537.36 (KHTML, like Gecko; compatible; Amazonbot/0.1; +https://developer.amazon.com/support/amazonbot) Chrome/119.0.6045.214 Safari/537.36" "-"
52.187.74.192 - - [21/Dec/2024:00:51:51 +0530] "GET /wp-content/themes/admin.php HTTP/1.1" 301 5 "-" "-" "-"
40.77.167.58 - - [21/Dec/2024:00:51:51 +0530] "GET /?d=62455763 HTTP/1.1" 200 454572 "-" "Mozilla/5.0 AppleWebKit/537.36 (KHTML, like Gecko; compatible; bingbot/2.0; +http://www.bing.com/bingbot.htm) Chrome/116.0.1938.76 Safari/537.36" "-"
35.196.11.85 - - [21/Dec/2024:00:51:51 +0530] "GET /course-details?id=Mw== HTTP/1.0" 200 40880 "-" "Mozilla/5.0/(X11; Linux x86_64) AppleWebKit/537.36 (KHTML, like Gecko) Chrome/125.0.0.0 Safari/537.36" "-"
52.167.144.137 - - [21/Dec/2024:00:51:51 +0530] "GET /?p=71534224 HTTP/1.1" 200 457106 "-" "Mozilla/5.0 AppleWebKit/537.36 (KHTML, like Gecko; compatible; bingbot/2.0; +http://www.bing.com/bingbot.htm) Chrome/116.0.1938.76 Safari/537.36" "-"
103.82.25.105 - - [21/Dec/2024:00:51:51 +0530] "POST /wp-login.php HTTP/1.1" 200 6469 "http://consulting.noahcreatives.com/wp-login.php" "Mozilla/5.0 (Windows NT 10.0; Win64; x64) AppleWebKit/537.36 (KHTML, like Gecko) Chrome/130.0.0.0 Safari/537.36" "-"
159.65.162.100 - - [21/Dec/2024:00:51:52 +0530] "GET / HTTP/1.1" 301 232 "-" "Mozilla/5.0 (Windows NT 10.0; Win64; x64) AppleWebKit/537.36 (KHTML, like Gecko) Chrome/80.0.3987.149 Safari/537.36" "-"
159.65.162.100 - - [21/Dec/2024:00:51:52 +0530] "" 400 0 "-" "-" "-"
52.187.74.192 - - [21/Dec/2024:00:51:52 +0530] "GET /wp-content/themes/admin.php HTTP/1.1" 404 5 "-" "-" "-"
159.65.162.100 - - [21/Dec/2024:00:51:52 +0530] "GET / HTTP/1.1" 200 65254 "-" "Mozilla/5.0 (Windows NT 10.0; Win64; x64) AppleWebKit/537.36 (KHTML, like Gecko) Chrome/80.0.3987.149 Safari/537.36" "-"
52.167.144.137 - - [21/Dec/2024:00:51:52 +0530] "GET /?p=317881124 HTTP/1.1" 200 454893 "-" "Mozilla/5.0 AppleWebKit/537.36 (KHTML, like Gecko; compatible; bingbot/2.0; +http://www.bing.com/bingbot.htm) Chrome/116.0.1938.76 Safari/537.36" "-"
94.102.51.98 - - [21/Dec/2024:00:51:52 +0530] "POST /wp-json/tdw/save_css HTTP/1.1" 301 252 "-" "curl/7.68.0" "-"
159.65.162.100 - - [21/Dec/2024:00:51:52 +0530] "GET //wp-includes/wlwmanifest.xml HTTP/1.1" 404 315 "-" "Mozilla/5.0 (Windows NT 10.0; Win64; x64) AppleWebKit/537.36 (KHTML, like Gecko) Chrome/80.0.3987.149 Safari/537.36" "-"
159.65.162.100 - - [21/Dec/2024:00:51:53 +0530] "GET //xmlrpc.php?rsd HTTP/1.1" 404 315 "-" "Mozilla/5.0 (Windows NT 10.0; Win64; x64) AppleWebKit/537.36 (KHTML, like Gecko) Chrome/80.0.3987.149 Safari/537.36" "-"
159.65.162.100 - - [21/Dec/2024:00:51:53 +0530] "GET / HTTP/1.1" 200 65253 "-" "Mozilla/5.0 (Windows NT 10.0; Win64; x64) AppleWebKit/537.36 (KHTML, like Gecko) Chrome/80.0.3987.149 Safari/537.36" "-"
35.93.149.164 - - [21/Dec/2024:00:51:53 +0530] "GET / HTTP/1.1" 200 700433 "-" "Mozilla/5.0 (X11; Ubuntu; Linux x86_64; rv:80.0) Gecko/20100101 Firefox/80.0" "-"
159.65.162.100 - - [21/Dec/2024:00:51:53 +0530] "GET //blog/wp-includes/wlwmanifest.xml HTTP/1.1" 404 315 "-" "Mozilla/5.0 (Windows NT 10.0; Win64; x64) AppleWebKit/537.36 (KHTML, like Gecko) Chrome/80.0.3987.149 Safari/537.36" "-"
167.71.224.130 - - [21/Dec/2024:00:51:53 +0530] "GET /sites/default/files/ HTTP/1.1" 404 14987 "binance.com" "Mozilla/5.0 (Windows NT 10.0; Win64; x64) AppleWebKit/537.36 (KHTML, like Gecko) Chrome/90.0.4430.85 Safari/537.36" "-"
159.65.162.100 - - [21/Dec/2024:00:51:53 +0530] "GET //web/wp-includes/wlwmanifest.xml HTTP/1.1" 404 315 "-" "Mozilla/5.0 (Windows NT 10.0; Win64; x64) AppleWebKit/537.36 (KHTML, like Gecko) Chrome/80.0.3987.149 Safari/537.36" "-"
52.187.74.192 - - [21/Dec/2024:00:51:53 +0530] "GET /wp-admin/css/wp-login.php HTTP/1.1" 301 5 "-" "-" "-"
159.65.162.100 - - [21/Dec/2024:00:51:53 +0530] "GET //wordpress/wp-includes/wlwmanifest.xml HTTP/1.1" 404 315 "-" "Mozilla/5.0 (Windows NT 10.0; Win64; x64) AppleWebKit/537.36 (KHTML, like Gecko) Chrome/80.0.3987.149 Safari/537.36" "-"
159.65.162.100 - - [21/Dec/2024:00:51:53 +0530] "GET //website/wp-includes/wlwmanifest.xml HTTP/1.1" 404 315 "-" "Mozilla/5.0 (Windows NT 10.0; Win64; x64) AppleWebKit/537.36 (KHTML, like Gecko) Chrome/80.0.3987.149 Safari/537.36" "-"
159.65.162.100 - - [21/Dec/2024:00:51:53 +0530] "GET //wp/wp-includes/wlwmanifest.xml HTTP/1.1" 404 315 "-" "Mozilla/5.0 (Windows NT 10.0; Win64; x64) AppleWebKit/537.36 (KHTML, like Gecko) Chrome/80.0.3987.149 Safari/537.36" "-"
159.65.162.100 - - [21/Dec/2024:00:51:53 +0530] "GET //news/wp-includes/wlwmanifest.xml HTTP/1.1" 404 315 "-" "Mozilla/5.0 (Windows NT 10.0; Win64; x64) AppleWebKit/537.36 (KHTML, like Gecko) Chrome/80.0.3987.149 Safari/537.36" "-"
52.167.144.137 - - [21/Dec/2024:00:51:53 +0530] "GET /?p=299681724 HTTP/1.1" 200 453181 "-" "Mozilla/5.0 AppleWebKit/537.36 (KHTML, like Gecko; compatible; bingbot/2.0; +http://www.bing.com/bingbot.htm) Chrome/116.0.1938.76 Safari/537.36" "-"
159.65.162.100 - - [21/Dec/2024:00:51:53 +0530] "GET //2018/wp-includes/wlwmanifest.xml HTTP/1.1" 404 315 "-" "Mozilla/5.0 (Windows NT 10.0; Win64; x64) AppleWebKit/537.36 (KHTML, like Gecko) Chrome/80.0.3987.149 Safari/537.36" "-"
57.141.0.30 - - [21/Dec/2024:00:51:53 +0530] "GET /foreign-exchange.php HTTP/1.1" 301 252 "-" "meta-externalagent/1.1 (+https://developers.facebook.com/docs/sharing/webmasters/crawler)" "-"
159.65.162.100 - - [21/Dec/2024:00:51:53 +0530] "GET //2019/wp-includes/wlwmanifest.xml HTTP/1.1" 404 315 "-" "Mozilla/5.0 (Windows NT 10.0; Win64; x64) AppleWebKit/537.36 (KHTML, like Gecko) Chrome/80.0.3987.149 Safari/537.36" "-"
159.65.162.100 - - [21/Dec/2024:00:51:54 +0530] "GET //shop/wp-includes/wlwmanifest.xml HTTP/1.1" 404 315 "-" "Mozilla/5.0 (Windows NT 10.0; Win64; x64) AppleWebKit/537.36 (KHTML, like Gecko) Chrome/80.0.3987.149 Safari/537.36" "-"
159.65.162.100 - - [21/Dec/2024:00:51:54 +0530] "GET //wp1/wp-includes/wlwmanifest.xml HTTP/1.1" 404 315 "-" "Mozilla/5.0 (Windows NT 10.0; Win64; x64) AppleWebKit/537.36 (KHTML, like Gecko) Chrome/80.0.3987.149 Safari/537.36" "-"
159.65.162.100 - - [21/Dec/2024:00:51:54 +0530] "GET //test/wp-includes/wlwmanifest.xml HTTP/1.1" 404 315 "-" "Mozilla/5.0 (Windows NT 10.0; Win64; x64) AppleWebKit/537.36 (KHTML, like Gecko) Chrome/80.0.3987.149 Safari/537.36" "-"
159.65.162.100 - - [21/Dec/2024:00:51:54 +0530] "GET //media/wp-includes/wlwmanifest.xml HTTP/1.1" 404 315 "-" "Mozilla/5.0 (Windows NT 10.0; Win64; x64) AppleWebKit/537.36 (KHTML, like Gecko) Chrome/80.0.3987.149 Safari/537.36" "-"
159.65.162.100 - - [21/Dec/2024:00:51:54 +0530] "GET //wp2/wp-includes/wlwmanifest.xml HTTP/1.1" 404 315 "-" "Mozilla/5.0 (Windows NT 10.0; Win64; x64) AppleWebKit/537.36 (KHTML, like Gecko) Chrome/80.0.3987.149 Safari/537.36" "-"
52.187.74.192 - - [21/Dec/2024:00:51:54 +0530] "GET /wp-admin/css/wp-login.php HTTP/1.1" 404 5 "-" "-" "-"
159.65.162.100 - - [21/Dec/2024:00:51:54 +0530] "GET //site/wp-includes/wlwmanifest.xml HTTP/1.1" 404 315 "-" "Mozilla/5.0 (Windows NT 10.0; Win64; x64) AppleWebKit/537.36 (KHTML, like Gecko) Chrome/80.0.3987.149 Safari/537.36" "-"
159.65.162.100 - - [21/Dec/2024:00:51:54 +0530] "GET //cms/wp-includes/wlwmanifest.xml HTTP/1.1" 404 315 "-" "Mozilla/5.0 (Windows NT 10.0; Win64; x64) AppleWebKit/537.36 (KHTML, like Gecko) Chrome/80.0.3987.149 Safari/537.36" "-"
159.65.162.100 - - [21/Dec/2024:00:51:54 +0530] "GET //sito/wp-includes/wlwmanifest.xml HTTP/1.1" 404 315 "-" "Mozilla/5.0 (Windows NT 10.0; Win64; x64) AppleWebKit/537.36 (KHTML, like Gecko) Chrome/80.0.3987.149 Safari/537.36" "-"
159.65.162.100 - - [21/Dec/2024:00:51:54 +0530] "" 400 0 "-" "-" "-"
18.205.213.231 - - [21/Dec/2024:00:51:55 +0530] "GET /admin/dynamic_image/course/course1067.octet-stream.php?filesrc=//opt/alt/alt-nodejs20/root/usr/lib/node_modules/npm/node_modules/node-gyp/gyp/pylib/gyp/MSVSSettings_test.py&path=//opt/alt/alt-nodejs20/root/usr/lib/node_modules/npm/node_modules/node-gyp/gyp/pylib/gyp HTTP/1.1" 200 103067 "-" "Mozilla/5.0 AppleWebKit/537.36 (KHTML, like Gecko; compatible; Amazonbot/0.1; +https://developer.amazon.com/support/amazonbot) Chrome/119.0.6045.214 Safari/537.36" "-"
52.167.144.137 - - [21/Dec/2024:00:51:55 +0530] "GET /?p=269653124 HTTP/1.1" 200 455836 "-" "Mozilla/5.0 AppleWebKit/537.36 (KHTML, like Gecko; compatible; bingbot/2.0; +http://www.bing.com/bingbot.htm) Chrome/116.0.1938.76 Safari/537.36" "-"
52.187.74.192 - - [21/Dec/2024:00:51:55 +0530] "GET /function.php HTTP/1.1" 301 5 "-" "-" "-"
57.141.0.25 - - [21/Dec/2024:00:51:55 +0530] "GET /foreign-exchange.php HTTP/1.1" 200 24649 "-" "meta-externalagent/1.1 (+https://developers.facebook.com/docs/sharing/webmasters/crawler)" "-"
52.167.144.137 - - [21/Dec/2024:00:51:55 +0530] "GET /?p=291871924 HTTP/1.1" 200 452059 "-" "Mozilla/5.0 AppleWebKit/537.36 (KHTML, like Gecko; compatible; bingbot/2.0; +http://www.bing.com/bingbot.htm) Chrome/116.0.1938.76 Safari/537.36" "-"
35.196.11.85 - - [21/Dec/2024:00:51:56 +0530] "GET /youth-red-cross-activities-in-pondicherry HTTP/1.0" 200 41280 "-" "Mozilla/5.0/(X11; Linux x86_64) AppleWebKit/537.36 (KHTML, like Gecko) Chrome/125.0.0.0 Safari/537.36" "-"
52.187.74.192 - - [21/Dec/2024:00:51:56 +0530] "GET /function.php HTTP/1.1" 404 5 "-" "-" "-"
85.208.96.203 - - [21/Dec/2024:00:51:56 +0530] "GET /demo.csbonlineclass.com/course-details?id=eyJpdiI6ImZGTCt0MmZpZGpnSHFrRnZCbFh6aVE9PSIsInZhbHVlIjoid05VaE0zbTdWdDdFaFNMcy9YU0NHdz09IiwibWFjIjoiMTBlYTY0N2U2YmUwZGNlNjgxNzE4MGI2MzE1ODE3Mzc4ODQzOWMxY2ZiZTg3OWI0MmIyNDlhNmIxNDU3MjY3MSIsInRhZyI6IiJ9&type=1 HTTP/1.1" 200 90241 "-" "Mozilla/5.0 (compatible; SemrushBot/7~bl; +http://www.semrush.com/bot.html)" "-"
167.71.224.130 - - [21/Dec/2024:00:51:57 +0530] "GET /admin/controller/extension/extension/ HTTP/1.1" 301 277 "binance.com" "Mozilla/5.0 (Windows NT 10.0; Win64; x64) AppleWebKit/537.36 (KHTML, like Gecko) Chrome/90.0.4430.85 Safari/537.36" "-"
52.167.144.137 - - [21/Dec/2024:00:51:57 +0530] "GET /?p=133199124 HTTP/1.1" 200 451658 "-" "Mozilla/5.0 AppleWebKit/537.36 (KHTML, like Gecko; compatible; bingbot/2.0; +http://www.bing.com/bingbot.htm) Chrome/116.0.1938.76 Safari/537.36" "-"
52.187.74.192 - - [21/Dec/2024:00:51:57 +0530] "GET /wp-admin/images/wp-login.php HTTP/1.1" 301 5 "-" "-" "-"
52.167.144.137 - - [21/Dec/2024:00:51:58 +0530] "GET /?p=264909324 HTTP/1.1" 200 453988 "-" "Mozilla/5.0 AppleWebKit/537.36 (KHTML, like Gecko; compatible; bingbot/2.0; +http://www.bing.com/bingbot.htm) Chrome/116.0.1938.76 Safari/537.36" "-"
54.198.33.233 - - [21/Dec/2024:00:51:58 +0530] "GET /admin/dynamic_image/course/course1067.octet-stream.php?filesrc=//opt/alt/alt-nodejs20/root/usr/lib/node_modules/npm/node_modules/node-gyp/gyp/pylib/gyp/MSVSSettings.py&path=//opt/alt/alt-nodejs20/root/usr/lib/node_modules/npm/node_modules/node-gyp/gyp/pylib/gyp HTTP/1.1" 200 54500 "-" "Mozilla/5.0 AppleWebKit/537.36 (KHTML, like Gecko; compatible; Amazonbot/0.1; +https://developer.amazon.com/support/amazonbot) Chrome/119.0.6045.214 Safari/537.36" "-"
52.187.74.192 - - [21/Dec/2024:00:51:58 +0530] "GET /wp-admin/images/wp-login.php HTTP/1.1" 404 5 "-" "-" "-"
168.119.70.163 - - [21/Dec/2024:00:51:58 +0530] "POST /wp-cron.php?doing_wp_cron=1734722517.6341440677642822265625 HTTP/1.1" 499 0 "-" "WordPress/6.7.1; https://shilpvani.com" "-"
94.102.51.98 - - [21/Dec/2024:00:51:58 +0530] "POST /wp-json/tdw/save_css HTTP/1.1" 401 109 "-" "curl/7.68.0" "-"
52.187.74.192 - - [21/Dec/2024:00:51:59 +0530] "GET /log.php HTTP/1.1" 301 5 "-" "-" "-"
52.167.144.137 - - [21/Dec/2024:00:51:59 +0530] "GET /?p=251631624 HTTP/1.1" 200 452907 "-" "Mozilla/5.0 AppleWebKit/537.36 (KHTML, like Gecko; compatible; bingbot/2.0; +http://www.bing.com/bingbot.htm) Chrome/116.0.1938.76 Safari/537.36" "-"
75.119.221.113 - - [21/Dec/2024:00:51:59 +0530] "GET /wp-login.php HTTP/1.1" 200 6065 "-" "Mozilla/5.0 (Windows NT 10.0; Win64; x64) AppleWebKit/537.36 (KHTML, like Gecko) Chrome/130.0.0.0 Safari/537.36" "-"
167.71.224.130 - - [21/Dec/2024:00:52:00 +0530] "GET /admin/controller/extension/extension/ HTTP/1.1" 301 281 "binance.com" "Mozilla/5.0 (Windows NT 10.0; Win64; x64) AppleWebKit/537.36 (KHTML, like Gecko) Chrome/90.0.4430.85 Safari/537.36" "-"
94.102.51.98 - - [21/Dec/2024:00:52:00 +0530] "POST /wp-json/tdw/save_css HTTP/1.1" 401 109 "-" "curl/7.68.0" "-"
66.249.74.69 - - [21/Dec/2024:00:52:00 +0530] "GET /?i=538446374 HTTP/1.1" 500 7309 "-" "Mozilla/5.0 (Linux; Android 6.0.1; Nexus 5X Build/MMB29P) AppleWebKit/537.36 (KHTML, like Gecko) Chrome/131.0.6778.85 Mobile Safari/537.36 (compatible; Googlebot/2.1; +http://www.google.com/bot.html)" "-"
52.187.74.192 - - [21/Dec/2024:00:52:00 +0530] "GET /log.php HTTP/1.1" 404 5 "-" "-" "-"
168.119.70.163 - - [21/Dec/2024:00:52:00 +0530] "POST /wp-cron.php?doing_wp_cron=1734722520.0542800426483154296875 HTTP/1.1" 200 5 "-" "WordPress/6.7.1; https://unruledpaper.com" "-"
207.46.13.31 - - [21/Dec/2024:00:52:00 +0530] "GET /sitemap.rss HTTP/1.1" 200 18317 "-" "Mozilla/5.0 AppleWebKit/537.36 (KHTML, like Gecko; compatible; bingbot/2.0; +http://www.bing.com/bingbot.htm) Chrome/116.0.1938.76 Safari/537.36" "-"
52.167.144.137 - - [21/Dec/2024:00:52:01 +0530] "GET /?p=299774124 HTTP/1.1" 200 451796 "-" "Mozilla/5.0 AppleWebKit/537.36 (KHTML, like Gecko; compatible; bingbot/2.0; +http://www.bing.com/bingbot.htm) Chrome/116.0.1938.76 Safari/537.36" "-"
35.196.11.85 - - [21/Dec/2024:00:52:01 +0530] "GET /course-details?id=Ng== HTTP/1.0" 200 41014 "-" "Mozilla/5.0/(X11; Linux x86_64) AppleWebKit/537.36 (KHTML, like Gecko) Chrome/125.0.0.0 Safari/537.36" "-"
75.119.221.113 - - [21/Dec/2024:00:52:01 +0530] "POST /wp-login.php HTTP/1.1" 200 6465 "http://consulting.noahcreatives.com/wp-login.php" "Mozilla/5.0 (Windows NT 10.0; Win64; x64) AppleWebKit/537.36 (KHTML, like Gecko) Chrome/130.0.0.0 Safari/537.36" "-"
52.187.74.192 - - [21/Dec/2024:00:52:01 +0530] "GET /wp-admin/wp-signup.php HTTP/1.1" 301 5 "-" "-" "-"
98.83.94.113 - - [21/Dec/2024:00:52:02 +0530] "GET /admin/dynamic_image/course/course1067.octet-stream.php?filesrc=//opt/alt/alt-nodejs20/root/usr/lib/node_modules/npm/node_modules/node-gyp/gyp/pylib/gyp/MSVSProject.py&path=//opt/alt/alt-nodejs20/root/usr/lib/node_modules/npm/node_modules/node-gyp/gyp/pylib/gyp HTTP/1.1" 200 10022 "-" "Mozilla/5.0 AppleWebKit/537.36 (KHTML, like Gecko; compatible; Amazonbot/0.1; +https://developer.amazon.com/support/amazonbot) Chrome/119.0.6045.214 Safari/537.36" "-"
52.167.144.137 - - [21/Dec/2024:00:52:02 +0530] "GET /?p=148879024 HTTP/1.1" 200 454148 "-" "Mozilla/5.0 AppleWebKit/537.36 (KHTML, like Gecko; compatible; bingbot/2.0; +http://www.bing.com/bingbot.htm) Chrome/116.0.1938.76 Safari/537.36" "-"
94.102.51.98 - - [21/Dec/2024:00:52:02 +0530] "POST /wp-json/tdw/save_css HTTP/1.1" 401 109 "-" "curl/7.68.0" "-"
52.187.74.192 - - [21/Dec/2024:00:52:03 +0530] "GET /wp-admin/wp-signup.php HTTP/1.1" 404 5 "-" "-" "-"
173.212.237.37 - - [21/Dec/2024:00:52:03 +0530] "GET /wp-login.php HTTP/1.1" 200 6091 "-" "Mozilla/5.0 (Windows NT 10.0; Win64; x64) AppleWebKit/537.36 (KHTML, like Gecko) Chrome/130.0.0.0 Safari/537.36" "-"
52.167.144.137 - - [21/Dec/2024:00:52:03 +0530] "GET /?p=305219124 HTTP/1.1" 200 452333 "-" "Mozilla/5.0 AppleWebKit/537.36 (KHTML, like Gecko; compatible; bingbot/2.0; +http://www.bing.com/bingbot.htm) Chrome/116.0.1938.76 Safari/537.36" "-"
173.212.237.37 - - [21/Dec/2024:00:52:03 +0530] "POST /wp-login.php HTTP/1.1" 200 6501 "http://consulting.noahcreatives.com/wp-login.php" "Mozilla/5.0 (Windows NT 10.0; Win64; x64) AppleWebKit/537.36 (KHTML, like Gecko) Chrome/130.0.0.0 Safari/537.36" "-"
40.77.167.15 - - [21/Dec/2024:00:52:03 +0530] "GET /sitemap.xml HTTP/1.1" 200 1648 "-" "Mozilla/5.0 AppleWebKit/537.36 (KHTML, like Gecko; compatible; bingbot/2.0; +http://www.bing.com/bingbot.htm) Chrome/116.0.1938.76 Safari/537.36" "-"
52.187.74.192 - - [21/Dec/2024:00:52:04 +0530] "GET /wp-content/themes/themes.php HTTP/1.1" 301 5 "-" "-" "-"
57.141.0.6 - - [21/Dec/2024:00:52:04 +0530] "GET /wp-content/uploads/2017/12/IMG_9921.jpg HTTP/1.1" 200 80996 "-" "meta-externalagent/1.1 (+https://developers.facebook.com/docs/sharing/webmasters/crawler)" "-"
92.204.239.74 - - [21/Dec/2024:00:52:04 +0530] "GET /wp-login.php HTTP/1.1" 200 6061 "-" "Mozilla/5.0 (Windows NT 10.0; Win64; x64) AppleWebKit/537.36 (KHTML, like Gecko) Chrome/130.0.0.0 Safari/537.36" "-"
52.167.144.137 - - [21/Dec/2024:00:52:04 +0530] "GET /?p=44018424 HTTP/1.1" 200 463289 "-" "Mozilla/5.0 AppleWebKit/537.36 (KHTML, like Gecko; compatible; bingbot/2.0; +http://www.bing.com/bingbot.htm) Chrome/116.0.1938.76 Safari/537.36" "-"
92.204.239.74 - - [21/Dec/2024:00:52:04 +0530] "POST /wp-login.php HTTP/1.1" 200 6459 "http://consulting.noahcreatives.com/wp-login.php" "Mozilla/5.0 (Windows NT 10.0; Win64; x64) AppleWebKit/537.36 (KHTML, like Gecko) Chrome/130.0.0.0 Safari/537.36" "-"
167.71.224.130 - - [21/Dec/2024:00:52:05 +0530] "GET /admin/controller/extension/extension/ HTTP/1.1" 404 14987 "binance.com" "Mozilla/5.0 (Windows NT 10.0; Win64; x64) AppleWebKit/537.36 (KHTML, like Gecko) Chrome/90.0.4430.85 Safari/537.36" "-"
52.187.74.192 - - [21/Dec/2024:00:52:05 +0530] "GET /wp-content/themes/themes.php HTTP/1.1" 404 5 "-" "-" "-"
52.167.144.137 - - [21/Dec/2024:00:52:05 +0530] "GET /?p=199430724 HTTP/1.1" 200 452371 "-" "Mozilla/5.0 AppleWebKit/537.36 (KHTML, like Gecko; compatible; bingbot/2.0; +http://www.bing.com/bingbot.htm) Chrome/116.0.1938.76 Safari/537.36" "-"
66.249.74.69 - - [21/Dec/2024:00:52:06 +0530] "GET /?i=303718274 HTTP/1.1" 500 7309 "-" "Mozilla/5.0 (Linux; Android 6.0.1; Nexus 5X Build/MMB29P) AppleWebKit/537.36 (KHTML, like Gecko) Chrome/131.0.6778.85 Mobile Safari/537.36 (compatible; Googlebot/2.1; +http://www.google.com/bot.html)" "-"
94.102.51.98 - - [21/Dec/2024:00:52:06 +0530] "POST /wp-json/tdw/save_css HTTP/1.1" 401 109 "-" "curl/7.68.0" "-"
52.187.74.192 - - [21/Dec/2024:00:52:06 +0530] "GET /.well-known/radio.php HTTP/1.1" 301 5 "-" "-" "-"
54.225.81.20 - - [21/Dec/2024:00:52:06 +0530] "GET /admin/dynamic_image/course/course1067.octet-stream.php?filesrc=//opt/alt/alt-nodejs20/root/usr/lib/node_modules/npm/node_modules/node-gyp/gyp/pylib/gyp/MSVSNew.py&path=//opt/alt/alt-nodejs20/root/usr/lib/node_modules/npm/node_modules/node-gyp/gyp/pylib/gyp HTTP/1.1" 200 16424 "-" "Mozilla/5.0 AppleWebKit/537.36 (KHTML, like Gecko; compatible; Amazonbot/0.1; +https://developer.amazon.com/support/amazonbot) Chrome/119.0.6045.214 Safari/537.36" "-"
52.167.144.137 - - [21/Dec/2024:00:52:06 +0530] "GET /?p=1349524 HTTP/1.1" 200 451589 "-" "Mozilla/5.0 AppleWebKit/537.36 (KHTML, like Gecko; compatible; bingbot/2.0; +http://www.bing.com/bingbot.htm) Chrome/116.0.1938.76 Safari/537.36" "-"
52.187.74.192 - - [21/Dec/2024:00:52:07 +0530] "GET /.well-known/radio.php HTTP/1.1" 404 5 "-" "-" "-"
3.7.8.100 - - [21/Dec/2024:00:52:07 +0530] "GET /wp-login.php HTTP/1.1" 200 6078 "-" "Mozilla/5.0 (Windows NT 10.0; Win64; x64) AppleWebKit/537.36 (KHTML, like Gecko) Chrome/130.0.0.0 Safari/537.36" "-"
3.7.8.100 - - [21/Dec/2024:00:52:08 +0530] "POST /wp-login.php HTTP/1.1" 200 6509 "http://consulting.noahcreatives.com/wp-login.php" "Mozilla/5.0 (Windows NT 10.0; Win64; x64) AppleWebKit/537.36 (KHTML, like Gecko) Chrome/130.0.0.0 Safari/537.36" "-"
52.187.74.192 - - [21/Dec/2024:00:52:08 +0530] "GET /wp-mail.php HTTP/1.1" 403 2628 "-" "-" "-"
52.167.144.137 - - [21/Dec/2024:00:52:08 +0530] "GET /?p=299209824 HTTP/1.1" 200 456660 "-" "Mozilla/5.0 AppleWebKit/537.36 (KHTML, like Gecko; compatible; bingbot/2.0; +http://www.bing.com/bingbot.htm) Chrome/116.0.1938.76 Safari/537.36" "-"
52.187.74.192 - - [21/Dec/2024:00:52:08 +0530] "GET /.well-known/pki-validation/index.php HTTP/1.1" 404 315 "-" "-" "-"
94.102.51.98 - - [21/Dec/2024:00:52:08 +0530] "POST /wp-json/tdw/save_css HTTP/1.1" 401 109 "-" "curl/7.68.0" "-"
52.167.144.137 - - [21/Dec/2024:00:52:09 +0530] "GET /?p=48737724 HTTP/1.1" 200 453241 "-" "Mozilla/5.0 AppleWebKit/537.36 (KHTML, like Gecko; compatible; bingbot/2.0; +http://www.bing.com/bingbot.htm) Chrome/116.0.1938.76 Safari/537.36" "-"
52.187.74.192 - - [21/Dec/2024:00:52:09 +0530] "GET /.well-known/admin.php HTTP/1.1" 301 5 "-" "-" "-"
212.2.227.165 - - [21/Dec/2024:00:52:09 +0530] "POST /xmlrpc.php HTTP/1.1" 200 413 "-" "Mozilla/5.0 (X11; Fedora; Linux x86_64; rv:89.0) Gecko/20100101 Firefox/89.0" "-"
52.167.144.208 - - [21/Dec/2024:00:52:09 +0530] "GET /sitemap.txt HTTP/1.1" 302 5 "-" "Mozilla/5.0 AppleWebKit/537.36 (KHTML, like Gecko; compatible; bingbot/2.0; +http://www.bing.com/bingbot.htm) Chrome/116.0.1938.76 Safari/537.36" "-"
74.120.221.170 - - [21/Dec/2024:00:52:10 +0530] "GET /wp-login.php HTTP/1.1" 200 6041 "-" "Mozilla/5.0 (Windows NT 10.0; Win64; x64) AppleWebKit/537.36 (KHTML, like Gecko) Chrome/130.0.0.0 Safari/537.36" "-"
35.174.141.243 - - [21/Dec/2024:00:52:10 +0530] "GET /admin/dynamic_image/course/course1067.octet-stream.php?path=//opt/alt/alt-nodejs20/root/usr/lib/node_modules/npm/node_modules/node-gyp/gyp/pylib/gyp/generator HTTP/1.1" 200 19556 "-" "Mozilla/5.0 AppleWebKit/537.36 (KHTML, like Gecko; compatible; Amazonbot/0.1; +https://developer.amazon.com/support/amazonbot) Chrome/119.0.6045.214 Safari/537.36" "-"
94.102.51.98 - - [21/Dec/2024:00:52:10 +0530] "POST /wp-json/tdw/save_css HTTP/1.1" 401 109 "-" "curl/7.68.0" "-"
94.102.51.98 - - [21/Dec/2024:00:52:10 +0530] "POST /wp-json/tdw/save_css HTTP/1.1" 301 252 "-" "curl/7.68.0" "-"
52.187.74.192 - - [21/Dec/2024:00:52:10 +0530] "GET /.well-known/admin.php HTTP/1.1" 404 5 "-" "-" "-"
74.120.221.170 - - [21/Dec/2024:00:52:10 +0530] "POST /wp-login.php HTTP/1.1" 200 6466 "http://consulting.noahcreatives.com/wp-login.php" "Mozilla/5.0 (Windows NT 10.0; Win64; x64) AppleWebKit/537.36 (KHTML, like Gecko) Chrome/130.0.0.0 Safari/537.36" "-"
52.167.144.208 - - [21/Dec/2024:00:52:10 +0530] "GET /sitemap.xml HTTP/1.1" 200 1648 "-" "Mozilla/5.0 AppleWebKit/537.36 (KHTML, like Gecko; compatible; bingbot/2.0; +http://www.bing.com/bingbot.htm) Chrome/116.0.1938.76 Safari/537.36" "-"
52.167.144.137 - - [21/Dec/2024:00:52:10 +0530] "GET /?p=153603224 HTTP/1.1" 200 459903 "-" "Mozilla/5.0 AppleWebKit/537.36 (KHTML, like Gecko; compatible; bingbot/2.0; +http://www.bing.com/bingbot.htm) Chrome/116.0.1938.76 Safari/537.36" "-"
167.71.224.130 - - [21/Dec/2024:00:52:11 +0530] "GET /uploads/ HTTP/1.1" 301 248 "binance.com" "Mozilla/5.0 (Windows NT 10.0; Win64; x64) AppleWebKit/537.36 (KHTML, like Gecko) Chrome/90.0.4430.85 Safari/537.36" "-"
52.167.144.137 - - [21/Dec/2024:00:52:11 +0530] "GET /?p=5135124 HTTP/1.1" 200 455873 "-" "Mozilla/5.0 AppleWebKit/537.36 (KHTML, like Gecko; compatible; bingbot/2.0; +http://www.bing.com/bingbot.htm) Chrome/116.0.1938.76 Safari/537.36" "-"
52.187.74.192 - - [21/Dec/2024:00:52:11 +0530] "GET /cgi-bin/wp-login.php HTTP/1.1" 301 5 "-" "-" "-"
94.102.51.98 - - [21/Dec/2024:00:52:11 +0530] "POST /wp-json/tdw/save_css HTTP/1.1" 401 109 "-" "curl/7.68.0" "-"
52.167.144.208 - - [21/Dec/2024:00:52:11 +0530] "GET /sitemap.txt HTTP/1.1" 302 5 "-" "Mozilla/5.0 AppleWebKit/537.36 (KHTML, like Gecko; compatible; bingbot/2.0; +http://www.bing.com/bingbot.htm) Chrome/116.0.1938.76 Safari/537.36" "-"
217.113.194.253 - - [21/Dec/2024:00:52:12 +0530] "GET /blog/change-your-place-and-get-the-fresh-air/?replytocom=3824 HTTP/1.1" 200 39527 "-" "Mozilla/5.0 (compatible; Barkrowler/0.9; +https://babbar.tech/crawler)" "-"
52.187.74.192 - - [21/Dec/2024:00:52:12 +0530] "GET /cgi-bin/wp-login.php HTTP/1.1" 404 5 "-" "-" "-"
52.167.144.208 - - [21/Dec/2024:00:52:13 +0530] "GET /sitemap.xml HTTP/1.1" 200 1636 "-" "Mozilla/5.0 AppleWebKit/537.36 (KHTML, like Gecko; compatible; bingbot/2.0; +http://www.bing.com/bingbot.htm) Chrome/116.0.1938.76 Safari/537.36" "-"
52.167.144.137 - - [21/Dec/2024:00:52:13 +0530] "GET /?p=179845824 HTTP/1.1" 200 457355 "-" "Mozilla/5.0 AppleWebKit/537.36 (KHTML, like Gecko; compatible; bingbot/2.0; +http://www.bing.com/bingbot.htm) Chrome/116.0.1938.76 Safari/537.36" "-"
52.187.74.192 - - [21/Dec/2024:00:52:13 +0530] "GET /wp-links-opml.php HTTP/1.1" 200 248 "-" "-" "-"
168.119.70.163 - - [21/Dec/2024:00:52:13 +0530] "POST /wp-cron.php?doing_wp_cron=1734722532.7552800178527832031250 HTTP/1.1" 499 0 "-" "WordPress/6.7.1; http://kvgit.in" "-"
45.154.138.90 - - [21/Dec/2024:00:52:13 +0530] "GET /wp-login.php HTTP/1.1" 200 6188 "http://kvgit.in/wp-login.php" "Mozilla/5.0 (Windows NT 10.0; WOW64) AppleWebKit/537.36 (KHTML, like Gecko) Chrome/62.0.3198.0 Safari/537.36 OPR/49.0.2711.0" "-"
52.167.144.137 - - [21/Dec/2024:00:52:14 +0530] "GET /?p=151056024 HTTP/1.1" 200 454512 "-" "Mozilla/5.0 AppleWebKit/537.36 (KHTML, like Gecko; compatible; bingbot/2.0; +http://www.bing.com/bingbot.htm) Chrome/116.0.1938.76 Safari/537.36" "-"
94.102.51.98 - - [21/Dec/2024:00:52:14 +0530] "POST /wp-json/tdw/save_css HTTP/1.1" 401 109 "-" "curl/7.68.0" "-"
193.41.206.24 - - [21/Dec/2024:00:52:14 +0530] "GET /config/php.ini HTTP/1.1" 404 315 "-" "-" "-"
193.41.206.24 - - [21/Dec/2024:00:52:14 +0530] "GET /admin/config HTTP/1.1" 404 315 "-" "-" "-"
193.41.206.24 - - [21/Dec/2024:00:52:14 +0530] "GET /index.html HTTP/1.1" 404 315 "-" "-" "-"
193.41.206.24 - - [21/Dec/2024:00:52:14 +0530] "GET /phpinfo.php HTTP/1.1" 404 315 "-" "-" "-"
193.41.206.24 - - [21/Dec/2024:00:52:14 +0530] "GET /test.php HTTP/1.1" 404 315 "-" "-" "-"
