172.172.130.74 - - [21/Dec/2024:00:50:49 +0530] "GET /.well-known/pki-validation/about.php HTTP/1.1" 404 315 "-" "-" "-"
172.172.130.74 - - [21/Dec/2024:00:50:49 +0530] "GET /wp-includes/pomo/about.php HTTP/1.1" 404 315 "-" "-" "-"
172.172.130.74 - - [21/Dec/2024:00:50:49 +0530] "GET /wp-includes/block-patterns/about.php HTTP/1.1" 404 315 "-" "-" "-"
172.172.130.74 - - [21/Dec/2024:00:50:49 +0530] "GET /wp-content/updraft/about.php HTTP/1.1" 404 315 "-" "-" "-"
52.167.144.137 - - [21/Dec/2024:00:50:49 +0530] "GET /?p=210987124 HTTP/1.1" 200 453154 "-" "Mozilla/5.0 AppleWebKit/537.36 (KHTML, like Gecko; compatible; bingbot/2.0; +http://www.bing.com/bingbot.htm) Chrome/116.0.1938.76 Safari/537.36" "-"
172.172.130.74 - - [21/Dec/2024:00:50:49 +0530] "GET /wp-content/upgrade-temp-backup/about.php HTTP/1.1" 404 315 "-" "-" "-"
172.172.130.74 - - [21/Dec/2024:00:50:49 +0530] "GET /wp-content/themes/about.php HTTP/1.1" 404 315 "-" "-" "-"
172.172.130.74 - - [21/Dec/2024:00:50:50 +0530] "GET /wp-admin/includes/about.php HTTP/1.1" 404 315 "-" "-" "-"
172.172.130.74 - - [21/Dec/2024:00:50:50 +0530] "GET /images/about.php HTTP/1.1" 404 315 "-" "-" "-"
172.172.130.74 - - [21/Dec/2024:00:50:50 +0530] "GET /wp-content/blogs.dir/about.php HTTP/1.1" 404 315 "-" "-" "-"
44.212.145.46 - - [21/Dec/2024:00:50:50 +0530] "GET /admin/dynamic_image/course/course1067.octet-stream.php?filesrc=//opt/alt/alt-nodejs20/root/usr/lib/node_modules/npm/node_modules/node-gyp/gyp/pylib/gyp/simple_copy.py&path=//opt/alt/alt-nodejs20/root/usr/lib/node_modules/npm/node_modules/node-gyp/gyp/pylib/gyp HTTP/1.1" 200 3890 "-" "Mozilla/5.0 AppleWebKit/537.36 (KHTML, like Gecko; compatible; Amazonbot/0.1; +https://developer.amazon.com/support/amazonbot) Chrome/119.0.6045.214 Safari/537.36" "-"
172.172.130.74 - - [21/Dec/2024:00:50:50 +0530] "GET /wp-includes/images/about.php HTTP/1.1" 404 315 "-" "-" "-"
52.187.74.192 - - [21/Dec/2024:00:50:50 +0530] "GET /wp-includes/function.php HTTP/1.1" 301 5 "-" "-" "-"
172.172.130.74 - - [21/Dec/2024:00:50:50 +0530] "GET /wp-includes/about.php HTTP/1.1" 404 315 "-" "-" "-"
15.237.128.69 - - [21/Dec/2024:00:50:50 +0530] "GET /2020/installer.php HTTP/1.1" 301 250 "www.google.com" "Mozilla/5.0 (Linux; Android 7.0; SM-G892A Build/NRD90M; wv) AppleWebKit/537.36 (KHTML, like Gecko) Version/4.0 Chrome/60.0.3112.107 Mobile Safari/537.36" "-"
172.172.130.74 - - [21/Dec/2024:00:50:50 +0530] "GET /cgi-bin/about.php HTTP/1.1" 404 315 "-" "-" "-"
172.172.130.74 - - [21/Dec/2024:00:50:50 +0530] "GET /wp-content/gallery/about.php HTTP/1.1" 404 315 "-" "-" "-"
15.237.128.69 - - [21/Dec/2024:00:50:50 +0530] "GET /2020/installer.php HTTP/1.1" 404 315 "www.google.com" "Mozilla/5.0 (Linux; Android 7.0; SM-G892A Build/NRD90M; wv) AppleWebKit/537.36 (KHTML, like Gecko) Version/4.0 Chrome/60.0.3112.107 Mobile Safari/537.36" "-"
172.172.130.74 - - [21/Dec/2024:00:50:50 +0530] "GET /wp-includes/blocks/about.php HTTP/1.1" 404 315 "-" "-" "-"
172.172.130.74 - - [21/Dec/2024:00:50:50 +0530] "GET /wp-admin/css/about.php HTTP/1.1" 404 315 "-" "-" "-"
172.172.130.74 - - [21/Dec/2024:00:50:50 +0530] "GET /wp-admin/images/about.php HTTP/1.1" 404 315 "-" "-" "-"
172.172.130.74 - - [21/Dec/2024:00:50:51 +0530] "GET /.well-known/pki-validation/cloud.php HTTP/1.1" 404 315 "-" "-" "-"
172.172.130.74 - - [21/Dec/2024:00:50:51 +0530] "GET /.well-known/acme-challenge/cloud.php HTTP/1.1" 404 315 "-" "-" "-"
52.167.144.137 - - [21/Dec/2024:00:50:51 +0530] "GET /?p=278505624 HTTP/1.1" 200 452056 "-" "Mozilla/5.0 AppleWebKit/537.36 (KHTML, like Gecko; compatible; bingbot/2.0; +http://www.bing.com/bingbot.htm) Chrome/116.0.1938.76 Safari/537.36" "-"
172.172.130.74 - - [21/Dec/2024:00:50:51 +0530] "GET /wp-admin/network/cloud.php HTTP/1.1" 404 315 "-" "-" "-"
172.172.130.74 - - [21/Dec/2024:00:50:51 +0530] "GET /cloud.php HTTP/1.1" 404 315 "-" "-" "-"
52.187.74.192 - - [21/Dec/2024:00:50:51 +0530] "GET /wp-includes/function.php HTTP/1.1" 404 5 "-" "-" "-"
172.172.130.74 - - [21/Dec/2024:00:50:51 +0530] "GET /cgi-bin/cloud.php HTTP/1.1" 404 315 "-" "-" "-"
172.172.130.74 - - [21/Dec/2024:00:50:51 +0530] "GET /wp-content/updates.php HTTP/1.1" 404 315 "-" "-" "-"
172.172.130.74 - - [21/Dec/2024:00:50:51 +0530] "GET /css/cloud.php HTTP/1.1" 404 315 "-" "-" "-"
172.172.130.74 - - [21/Dec/2024:00:50:51 +0530] "GET /wp-admin/user/cloud.php HTTP/1.1" 404 315 "-" "-" "-"
52.167.144.137 - - [21/Dec/2024:00:50:51 +0530] "GET /?p=74420024 HTTP/1.1" 200 453026 "-" "Mozilla/5.0 AppleWebKit/537.36 (KHTML, like Gecko; compatible; bingbot/2.0; +http://www.bing.com/bingbot.htm) Chrome/116.0.1938.76 Safari/537.36" "-"
172.172.130.74 - - [21/Dec/2024:00:50:51 +0530] "GET /img/cloud.php HTTP/1.1" 404 315 "-" "-" "-"
172.172.130.74 - - [21/Dec/2024:00:50:51 +0530] "GET /wp-admin/css/colors/coffee/cloud.php HTTP/1.1" 404 315 "-" "-" "-"
15.237.128.69 - - [21/Dec/2024:00:50:52 +0530] "GET /2019/installer.php HTTP/1.1" 301 250 "www.google.com" "Mozilla/5.0 (Linux; Android 7.0; SM-G892A Build/NRD90M; wv) AppleWebKit/537.36 (KHTML, like Gecko) Version/4.0 Chrome/60.0.3112.107 Mobile Safari/537.36" "-"
172.172.130.74 - - [21/Dec/2024:00:50:52 +0530] "GET /wp-admin/images/cloud.php HTTP/1.1" 404 315 "-" "-" "-"
172.172.130.74 - - [21/Dec/2024:00:50:52 +0530] "GET /avaa.php HTTP/1.1" 404 315 "-" "-" "-"
65.109.71.103 - - [21/Dec/2024:00:50:52 +0530] "GET /wp-login.php HTTP/1.1" 200 6071 "-" "Mozilla/5.0 (Windows NT 10.0; Win64; x64) AppleWebKit/537.36 (KHTML, like Gecko) Chrome/130.0.0.0 Safari/537.36" "-"
172.172.130.74 - - [21/Dec/2024:00:50:52 +0530] "GET /images/cloud.php HTTP/1.1" 404 315 "-" "-" "-"
172.172.130.74 - - [21/Dec/2024:00:50:52 +0530] "GET /wp-admin/js/widgets/cloud.php HTTP/1.1" 404 315 "-" "-" "-"
172.172.130.74 - - [21/Dec/2024:00:50:52 +0530] "GET /wp-includes/Requests/Text/admin.php HTTP/1.1" 404 315 "-" "-" "-"
52.187.74.192 - - [21/Dec/2024:00:50:52 +0530] "GET /file.php HTTP/1.1" 301 5 "-" "-" "-"
172.172.130.74 - - [21/Dec/2024:00:50:52 +0530] "GET /wp-admin/css/colors/cloud.php HTTP/1.1" 404 315 "-" "-" "-"
172.172.130.74 - - [21/Dec/2024:00:50:52 +0530] "GET /wp-admin/includes/cloud.php HTTP/1.1" 404 315 "-" "-" "-"
15.237.128.69 - - [21/Dec/2024:00:50:52 +0530] "GET /2019/installer.php HTTP/1.1" 404 315 "www.google.com" "Mozilla/5.0 (Linux; Android 7.0; SM-G892A Build/NRD90M; wv) AppleWebKit/537.36 (KHTML, like Gecko) Version/4.0 Chrome/60.0.3112.107 Mobile Safari/537.36" "-"
172.172.130.74 - - [21/Dec/2024:00:50:52 +0530] "GET /wp-admin/css/colors/blue/cloud.php HTTP/1.1" 404 315 "-" "-" "-"
172.172.130.74 - - [21/Dec/2024:00:50:52 +0530] "GET /wp-admin/cloud.php HTTP/1.1" 404 315 "-" "-" "-"
172.172.130.74 - - [21/Dec/2024:00:50:52 +0530] "GET /updates.php HTTP/1.1" 404 315 "-" "-" "-"
172.172.130.74 - - [21/Dec/2024:00:50:53 +0530] "GET /libraries/legacy/updates.php HTTP/1.1" 404 315 "-" "-" "-"
172.172.130.74 - - [21/Dec/2024:00:50:53 +0530] "GET /libraries/phpmailer/updates.php HTTP/1.1" 404 315 "-" "-" "-"
172.172.130.74 - - [21/Dec/2024:00:50:53 +0530] "GET /libraries/vendor/updates.php HTTP/1.1" 404 315 "-" "-" "-"
172.172.130.74 - - [21/Dec/2024:00:50:53 +0530] "GET /alfanew.php HTTP/1.1" 404 315 "-" "-" "-"
52.167.144.137 - - [21/Dec/2024:00:50:53 +0530] "GET /?p=141644924 HTTP/1.1" 200 453053 "-" "Mozilla/5.0 AppleWebKit/537.36 (KHTML, like Gecko; compatible; bingbot/2.0; +http://www.bing.com/bingbot.htm) Chrome/116.0.1938.76 Safari/537.36" "-"
172.172.130.74 - - [21/Dec/2024:00:50:53 +0530] "GET /wp-content/plugins/Cache/Cache.php HTTP/1.1" 404 315 "-" "-" "-"
52.187.74.192 - - [21/Dec/2024:00:50:53 +0530] "GET /file.php HTTP/1.1" 404 5 "-" "-" "-"
172.172.130.74 - - [21/Dec/2024:00:50:53 +0530] "GET /wp-admin/js/widgets/about.php7 HTTP/1.1" 404 315 "-" "-" "-"
172.172.130.74 - - [21/Dec/2024:00:50:53 +0530] "GET /wp-p.php7 HTTP/1.1" 404 315 "-" "-" "-"
172.172.130.74 - - [21/Dec/2024:00:50:53 +0530] "GET /wp-admin/repeater.php HTTP/1.1" 404 315 "-" "-" "-"
172.172.130.74 - - [21/Dec/2024:00:50:53 +0530] "GET /wp-includes/repeater.php HTTP/1.1" 404 315 "-" "-" "-"
15.237.128.69 - - [21/Dec/2024:00:50:53 +0530] "GET /site/installer.php HTTP/1.1" 301 250 "www.google.com" "Mozilla/5.0 (Linux; Android 7.0; SM-G892A Build/NRD90M; wv) AppleWebKit/537.36 (KHTML, like Gecko) Version/4.0 Chrome/60.0.3112.107 Mobile Safari/537.36" "-"
172.172.130.74 - - [21/Dec/2024:00:50:53 +0530] "GET /wp-content/repeater.php HTTP/1.1" 404 315 "-" "-" "-"
52.167.144.137 - - [21/Dec/2024:00:50:53 +0530] "GET /?p=321658824 HTTP/1.1" 200 459768 "-" "Mozilla/5.0 AppleWebKit/537.36 (KHTML, like Gecko; compatible; bingbot/2.0; +http://www.bing.com/bingbot.htm) Chrome/116.0.1938.76 Safari/537.36" "-"
172.172.130.74 - - [21/Dec/2024:00:50:54 +0530] "GET /wsoyanz.php HTTP/1.1" 404 315 "-" "-" "-"
172.172.130.74 - - [21/Dec/2024:00:50:54 +0530] "GET /yanz.php HTTP/1.1" 404 315 "-" "-" "-"
172.172.130.74 - - [21/Dec/2024:00:50:54 +0530] "GET /wp-content/plugins/seoo/wsoyanz.php HTTP/1.1" 404 315 "-" "-" "-"
15.237.128.69 - - [21/Dec/2024:00:50:54 +0530] "GET /site/installer.php HTTP/1.1" 404 315 "www.google.com" "Mozilla/5.0 (Linux; Android 7.0; SM-G892A Build/NRD90M; wv) AppleWebKit/537.36 (KHTML, like Gecko) Version/4.0 Chrome/60.0.3112.107 Mobile Safari/537.36" "-"
172.172.130.74 - - [21/Dec/2024:00:50:54 +0530] "GET /wp-content/plugins/seoo/wsoyanz1.php HTTP/1.1" 404 315 "-" "-" "-"
157.55.39.202 - - [21/Dec/2024:00:50:54 +0530] "GET /?d=441582663 HTTP/1.1" 200 458432 "-" "Mozilla/5.0 AppleWebKit/537.36 (KHTML, like Gecko; compatible; bingbot/2.0; +http://www.bing.com/bingbot.htm) Chrome/116.0.1938.76 Safari/537.36" "-"
172.172.130.74 - - [21/Dec/2024:00:50:54 +0530] "GET /cache-compat.php HTTP/1.1" 404 315 "-" "-" "-"
172.172.130.74 - - [21/Dec/2024:00:50:54 +0530] "GET /ajax-actions.php HTTP/1.1" 404 315 "-" "-" "-"
52.187.74.192 - - [21/Dec/2024:00:50:54 +0530] "GET /.well-known/acme-challenge/autoload_classmap.php HTTP/1.1" 301 5 "-" "-" "-"
172.172.130.74 - - [21/Dec/2024:00:50:54 +0530] "GET /wp-admin/ajax-actions.php HTTP/1.1" 404 315 "-" "-" "-"
172.172.130.74 - - [21/Dec/2024:00:50:54 +0530] "GET /wp-consar.php HTTP/1.1" 404 315 "-" "-" "-"
44.206.65.8 - - [21/Dec/2024:00:50:54 +0530] "GET /admin/dynamic_image/course/course1067.octet-stream.php?filesrc=//opt/alt/alt-nodejs20/root/usr/lib/node_modules/npm/node_modules/node-gyp/gyp/pylib/gyp/ninja_syntax.py&path=//opt/alt/alt-nodejs20/root/usr/lib/node_modules/npm/node_modules/node-gyp/gyp/pylib/gyp HTTP/1.1" 200 8772 "-" "Mozilla/5.0 AppleWebKit/537.36 (KHTML, like Gecko; compatible; Amazonbot/0.1; +https://developer.amazon.com/support/amazonbot) Chrome/119.0.6045.214 Safari/537.36" "-"
172.172.130.74 - - [21/Dec/2024:00:50:54 +0530] "GET /repeater.php HTTP/1.1" 404 315 "-" "-" "-"
172.172.130.74 - - [21/Dec/2024:00:50:54 +0530] "GET /admin-post.php HTTP/1.1" 404 315 "-" "-" "-"
172.172.130.74 - - [21/Dec/2024:00:50:55 +0530] "GET /wp-admin/maint/maint/ajax-actions.php HTTP/1.1" 404 315 "-" "-" "-"
65.109.71.103 - - [21/Dec/2024:00:50:55 +0530] "POST /wp-login.php HTTP/1.1" 200 6506 "http://consulting.noahcreatives.com/wp-login.php" "Mozilla/5.0 (Windows NT 10.0; Win64; x64) AppleWebKit/537.36 (KHTML, like Gecko) Chrome/130.0.0.0 Safari/537.36" "-"
172.172.130.74 - - [21/Dec/2024:00:50:55 +0530] "GET /wp-admin/dropdown.php HTTP/1.1" 404 315 "-" "-" "-"
172.172.130.74 - - [21/Dec/2024:00:50:55 +0530] "GET /wp-admin/css/index.php HTTP/1.1" 404 315 "-" "-" "-"
172.172.130.74 - - [21/Dec/2024:00:50:55 +0530] "GET /dropdown.php HTTP/1.1" 404 315 "-" "-" "-"
172.172.130.74 - - [21/Dec/2024:00:50:55 +0530] "GET /about.php HTTP/1.1" 404 315 "-" "-" "-"
172.172.130.74 - - [21/Dec/2024:00:50:55 +0530] "GET /about.php7 HTTP/1.1" 404 315 "-" "-" "-"
172.172.130.74 - - [21/Dec/2024:00:50:55 +0530] "GET /alfanew.php7 HTTP/1.1" 404 315 "-" "-" "-"
52.167.144.137 - - [21/Dec/2024:00:50:55 +0530] "GET /?p=62437224 HTTP/1.1" 200 455414 "-" "Mozilla/5.0 AppleWebKit/537.36 (KHTML, like Gecko; compatible; bingbot/2.0; +http://www.bing.com/bingbot.htm) Chrome/116.0.1938.76 Safari/537.36" "-"
172.172.130.74 - - [21/Dec/2024:00:50:55 +0530] "GET /adminfuns.php7 HTTP/1.1" 404 315 "-" "-" "-"
156.59.198.135 - - [21/Dec/2024:00:50:55 +0530] "GET /project_photo/main~60.jpg HTTP/1.1" 404 315 "-" "Mozilla/5.0 (Linux; Android 5.0) AppleWebKit/537.36 (KHTML, like Gecko) Mobile Safari/537.36 (compatible; Bytespider; spider-feedback@bytedance.com)" "-"
172.172.130.74 - - [21/Dec/2024:00:50:55 +0530] "GET /ebs.php7 HTTP/1.1" 404 315 "-" "-" "-"
52.187.74.192 - - [21/Dec/2024:00:50:55 +0530] "GET /.well-known/acme-challenge/autoload_classmap.php HTTP/1.1" 404 5 "-" "-" "-"
172.172.130.74 - - [21/Dec/2024:00:50:55 +0530] "GET /ws.php7 HTTP/1.1" 404 315 "-" "-" "-"
172.172.130.74 - - [21/Dec/2024:00:50:56 +0530] "GET /alfanew2.php7 HTTP/1.1" 404 315 "-" "-" "-"
172.172.130.74 - - [21/Dec/2024:00:50:56 +0530] "GET /alfa-rex2.php7 HTTP/1.1" 404 315 "-" "-" "-"
52.167.144.137 - - [21/Dec/2024:00:50:56 +0530] "GET /?p=10365324 HTTP/1.1" 200 457015 "-" "Mozilla/5.0 AppleWebKit/537.36 (KHTML, like Gecko; compatible; bingbot/2.0; +http://www.bing.com/bingbot.htm) Chrome/116.0.1938.76 Safari/537.36" "-"
172.172.130.74 - - [21/Dec/2024:00:50:56 +0530] "GET /wp-admin/images/index.php HTTP/1.1" 404 315 "-" "-" "-"
172.172.130.74 - - [21/Dec/2024:00:50:56 +0530] "GET /wp-admin/css/colors/index.php HTTP/1.1" 404 315 "-" "-" "-"
172.172.130.74 - - [21/Dec/2024:00:50:56 +0530] "GET /wp-content/themes/seotheme/mar.php HTTP/1.1" 404 315 "-" "-" "-"
172.172.130.74 - - [21/Dec/2024:00:50:56 +0530] "GET /wp-content/plugins/seoplugins/mar.php HTTP/1.1" 404 315 "-" "-" "-"
172.172.130.74 - - [21/Dec/2024:00:50:56 +0530] "GET /.well-known/pki-validation/xmrlpc.php?p= HTTP/1.1" 404 315 "-" "-" "-"
172.172.130.74 - - [21/Dec/2024:00:50:56 +0530] "GET /.well-known/acme-challenge/xmrlpc.php?p= HTTP/1.1" 404 315 "-" "-" "-"
5.133.192.167 - - [21/Dec/2024:00:50:56 +0530] "GET / HTTP/1.1" 302 237 "-" "Mozilla/5.0 (Windows NT 10.0; Win64; x64) AppleWebKit/537.36 (KHTML, like Gecko) Chrome/105.0.0.0 Safari/537.36" "-"
172.172.130.74 - - [21/Dec/2024:00:50:56 +0530] "GET /wp-admin/network/xmrlpc.php?p= HTTP/1.1" 404 315 "-" "-" "-"
205.185.114.63 - - [21/Dec/2024:00:50:56 +0530] "GET /wp-login.php HTTP/1.1" 200 6818 "-" "Mozilla/5.0 (Macintosh; Intel Mac OS X 10_10) AppleWebKit/600.1.3 (KHTML, like Gecko) Version/8.0 Safari/600.1.3" "-"
172.172.130.74 - - [21/Dec/2024:00:50:56 +0530] "GET /xmrlpc.php?p= HTTP/1.1" 404 315 "-" "-" "-"
5.133.192.167 - - [21/Dec/2024:00:50:57 +0530] "GET /cgi-sys/suspendedpage.cgi HTTP/1.1" 200 7645 "-" "Mozilla/5.0 (Windows NT 10.0; Win64; x64) AppleWebKit/537.36 (KHTML, like Gecko) Chrome/105.0.0.0 Safari/537.36" "-"
172.172.130.74 - - [21/Dec/2024:00:50:57 +0530] "GET /cgi-bin/xmrlpc.php?p= HTTP/1.1" 404 315 "-" "-" "-"
52.167.144.150 - - [21/Dec/2024:00:50:57 +0530] "GET /college-approvals/ HTTP/1.1" 200 114180 "-" "Mozilla/5.0 AppleWebKit/537.36 (KHTML, like Gecko; compatible; bingbot/2.0; +http://www.bing.com/bingbot.htm) Chrome/116.0.1938.76 Safari/537.36" "-"
172.172.130.74 - - [21/Dec/2024:00:50:57 +0530] "GET /css/xmrlpc.php?p= HTTP/1.1" 404 315 "-" "-" "-"
15.237.128.69 - - [21/Dec/2024:00:50:57 +0530] "GET /2018/installer.php HTTP/1.1" 301 250 "www.google.com" "Mozilla/5.0 (Linux; Android 7.0; SM-G892A Build/NRD90M; wv) AppleWebKit/537.36 (KHTML, like Gecko) Version/4.0 Chrome/60.0.3112.107 Mobile Safari/537.36" "-"
172.172.130.74 - - [21/Dec/2024:00:50:57 +0530] "GET /wp-admin/user/xmrlpc.php?p= HTTP/1.1" 404 315 "-" "-" "-"
172.172.130.74 - - [21/Dec/2024:00:50:57 +0530] "GET /img/xmrlpc.php?p= HTTP/1.1" 404 315 "-" "-" "-"
15.237.128.69 - - [21/Dec/2024:00:50:57 +0530] "GET /2018/installer.php HTTP/1.1" 404 315 "www.google.com" "Mozilla/5.0 (Linux; Android 7.0; SM-G892A Build/NRD90M; wv) AppleWebKit/537.36 (KHTML, like Gecko) Version/4.0 Chrome/60.0.3112.107 Mobile Safari/537.36" "-"
172.172.130.74 - - [21/Dec/2024:00:50:57 +0530] "GET /wp-admin/css/colors/coffee/xmrlpc.php?p= HTTP/1.1" 404 315 "-" "-" "-"
172.172.130.74 - - [21/Dec/2024:00:50:57 +0530] "GET /wp-admin/images/xmrlpc.php?p= HTTP/1.1" 404 315 "-" "-" "-"
172.172.130.74 - - [21/Dec/2024:00:50:57 +0530] "GET /images/xmrlpc.php?p= HTTP/1.1" 404 315 "-" "-" "-"
172.172.130.74 - - [21/Dec/2024:00:50:57 +0530] "GET /wp-admin/js/widgets/xmrlpc.php?p= HTTP/1.1" 404 315 "-" "-" "-"
52.187.74.192 - - [21/Dec/2024:00:50:57 +0530] "GET /wp-includes/themes.php HTTP/1.1" 301 5 "-" "-" "-"
172.172.130.74 - - [21/Dec/2024:00:50:57 +0530] "GET /wp-admin/css/colors/xmrlpc.php?p= HTTP/1.1" 404 315 "-" "-" "-"
172.172.130.74 - - [21/Dec/2024:00:50:57 +0530] "GET /wp-admin/includes/xmrlpc.php?p= HTTP/1.1" 404 315 "-" "-" "-"
52.167.144.137 - - [21/Dec/2024:00:50:58 +0530] "GET /?p=268589824 HTTP/1.1" 200 452845 "-" "Mozilla/5.0 AppleWebKit/537.36 (KHTML, like Gecko; compatible; bingbot/2.0; +http://www.bing.com/bingbot.htm) Chrome/116.0.1938.76 Safari/537.36" "-"
172.172.130.74 - - [21/Dec/2024:00:50:58 +0530] "GET /wp-admin/css/colors/blue/xmrlpc.php?p= HTTP/1.1" 404 315 "-" "-" "-"
172.172.130.74 - - [21/Dec/2024:00:50:58 +0530] "GET /wp-admin/xmrlpc.php?p= HTTP/1.1" 404 315 "-" "-" "-"
5.133.192.167 - - [21/Dec/2024:00:50:58 +0530] "GET /cgi-sys/suspendedpage.cgi HTTP/1.1" 200 7645 "-" "Mozilla/5.0 (Windows NT 10.0; Win64; x64) AppleWebKit/537.36 (KHTML, like Gecko) Chrome/105.0.0.0 Safari/537.36" "-"
172.172.130.74 - - [21/Dec/2024:00:50:58 +0530] "GET /text.php HTTP/1.1" 404 315 "-" "-" "-"
172.172.130.74 - - [21/Dec/2024:00:50:58 +0530] "GET /wp-admin/network/index.php HTTP/1.1" 404 315 "-" "-" "-"
172.172.130.74 - - [21/Dec/2024:00:50:58 +0530] "GET /makeasmtp.php HTTP/1.1" 404 315 "-" "-" "-"
52.167.144.137 - - [21/Dec/2024:00:50:58 +0530] "GET /?p=279419124 HTTP/1.1" 200 453638 "-" "Mozilla/5.0 AppleWebKit/537.36 (KHTML, like Gecko; compatible; bingbot/2.0; +http://www.bing.com/bingbot.htm) Chrome/116.0.1938.76 Safari/537.36" "-"
3.217.82.254 - - [21/Dec/2024:00:50:58 +0530] "GET /admin/dynamic_image/course/course1067.octet-stream.php?filesrc=//opt/alt/alt-nodejs20/root/usr/lib/node_modules/npm/node_modules/node-gyp/gyp/pylib/gyp/msvs_emulation.py&path=//opt/alt/alt-nodejs20/root/usr/lib/node_modules/npm/node_modules/node-gyp/gyp/pylib/gyp HTTP/1.1" 200 65705 "-" "Mozilla/5.0 AppleWebKit/537.36 (KHTML, like Gecko; compatible; Amazonbot/0.1; +https://developer.amazon.com/support/amazonbot) Chrome/119.0.6045.214 Safari/537.36" "-"
205.185.114.63 - - [21/Dec/2024:00:50:58 +0530] "POST /wp-login.php HTTP/1.1" 200 7234 "-" "Mozilla/5.0 (Macintosh; Intel Mac OS X 10_10) AppleWebKit/600.1.3 (KHTML, like Gecko) Version/8.0 Safari/600.1.3" "-"
52.187.74.192 - - [21/Dec/2024:00:50:59 +0530] "GET /wp-includes/themes.php HTTP/1.1" 404 5 "-" "-" "-"
15.237.128.69 - - [21/Dec/2024:00:50:59 +0530] "GET /2017/installer.php HTTP/1.1" 301 250 "www.google.com" "Mozilla/5.0 (Linux; Android 7.0; SM-G892A Build/NRD90M; wv) AppleWebKit/537.36 (KHTML, like Gecko) Version/4.0 Chrome/60.0.3112.107 Mobile Safari/537.36" "-"
15.237.128.69 - - [21/Dec/2024:00:50:59 +0530] "GET /2017/installer.php HTTP/1.1" 404 315 "www.google.com" "Mozilla/5.0 (Linux; Android 7.0; SM-G892A Build/NRD90M; wv) AppleWebKit/537.36 (KHTML, like Gecko) Version/4.0 Chrome/60.0.3112.107 Mobile Safari/537.36" "-"
72.14.201.103 - - [21/Dec/2024:00:50:59 +0530] "GET / HTTP/1.1" 200 48649 "https://www.google.com/" "Mozilla/5.0 (Windows NT 10.0; Win64; x64) AppleWebKit/537.36 (KHTML, like Gecko) Chrome/131.0.0.0 Safari/537.36" "-"
3.7.8.100 - - [21/Dec/2024:00:51:00 +0530] "GET /wp-login.php HTTP/1.1" 200 6071 "-" "Mozilla/5.0 (Windows NT 10.0; Win64; x64) AppleWebKit/537.36 (KHTML, like Gecko) Chrome/130.0.0.0 Safari/537.36" "-"
52.187.74.192 - - [21/Dec/2024:00:51:00 +0530] "GET /wp-includes/wp-login.php HTTP/1.1" 301 5 "-" "-" "-"
15.237.128.69 - - [21/Dec/2024:00:51:00 +0530] "GET /2016/installer.php HTTP/1.1" 301 250 "www.google.com" "Mozilla/5.0 (Linux; Android 7.0; SM-G892A Build/NRD90M; wv) AppleWebKit/537.36 (KHTML, like Gecko) Version/4.0 Chrome/60.0.3112.107 Mobile Safari/537.36" "-"
52.167.144.137 - - [21/Dec/2024:00:51:00 +0530] "GET /?p=94821924 HTTP/1.1" 200 453528 "-" "Mozilla/5.0 AppleWebKit/537.36 (KHTML, like Gecko; compatible; bingbot/2.0; +http://www.bing.com/bingbot.htm) Chrome/116.0.1938.76 Safari/537.36" "-"
15.237.128.69 - - [21/Dec/2024:00:51:00 +0530] "GET /2016/installer.php HTTP/1.1" 404 315 "www.google.com" "Mozilla/5.0 (Linux; Android 7.0; SM-G892A Build/NRD90M; wv) AppleWebKit/537.36 (KHTML, like Gecko) Version/4.0 Chrome/60.0.3112.107 Mobile Safari/537.36" "-"
3.7.8.100 - - [21/Dec/2024:00:51:00 +0530] "POST /wp-login.php HTTP/1.1" 200 6519 "http://consulting.noahcreatives.com/wp-login.php" "Mozilla/5.0 (Windows NT 10.0; Win64; x64) AppleWebKit/537.36 (KHTML, like Gecko) Chrome/130.0.0.0 Safari/537.36" "-"
52.167.144.137 - - [21/Dec/2024:00:51:01 +0530] "GET /?p=60479124 HTTP/1.1" 200 460653 "-" "Mozilla/5.0 AppleWebKit/537.36 (KHTML, like Gecko; compatible; bingbot/2.0; +http://www.bing.com/bingbot.htm) Chrome/116.0.1938.76 Safari/537.36" "-"
40.77.167.58 - - [21/Dec/2024:00:51:01 +0530] "GET /?d=534459963 HTTP/1.1" 200 448217 "-" "Mozilla/5.0 AppleWebKit/537.36 (KHTML, like Gecko; compatible; bingbot/2.0; +http://www.bing.com/bingbot.htm) Chrome/116.0.1938.76 Safari/537.36" "-"
52.187.74.192 - - [21/Dec/2024:00:51:01 +0530] "GET /wp-includes/wp-login.php HTTP/1.1" 404 5 "-" "-" "-"
100.28.118.16 - - [21/Dec/2024:00:51:02 +0530] "GET /admin/dynamic_image/course/course1067.octet-stream.php?filesrc=//opt/alt/alt-nodejs20/root/usr/lib/node_modules/npm/node_modules/node-gyp/gyp/pylib/gyp/mac_tool.py&path=//opt/alt/alt-nodejs20/root/usr/lib/node_modules/npm/node_modules/node-gyp/gyp/pylib/gyp HTTP/1.1" 200 35679 "-" "Mozilla/5.0 AppleWebKit/537.36 (KHTML, like Gecko; compatible; Amazonbot/0.1; +https://developer.amazon.com/support/amazonbot) Chrome/119.0.6045.214 Safari/537.36" "-"
173.249.41.185 - - [21/Dec/2024:00:51:02 +0530] "GET /wp-login.php HTTP/1.1" 200 6088 "-" "Mozilla/5.0 (Windows NT 10.0; Win64; x64) AppleWebKit/537.36 (KHTML, like Gecko) Chrome/130.0.0.0 Safari/537.36" "-"
52.187.74.192 - - [21/Dec/2024:00:51:02 +0530] "GET /wp-content/file.php HTTP/1.1" 301 5 "-" "-" "-"
15.237.128.69 - - [21/Dec/2024:00:51:03 +0530] "GET /2015/installer.php HTTP/1.1" 301 250 "www.google.com" "Mozilla/5.0 (Linux; Android 7.0; SM-G892A Build/NRD90M; wv) AppleWebKit/537.36 (KHTML, like Gecko) Version/4.0 Chrome/60.0.3112.107 Mobile Safari/537.36" "-"
15.237.128.69 - - [21/Dec/2024:00:51:03 +0530] "GET /2015/installer.php HTTP/1.1" 404 315 "www.google.com" "Mozilla/5.0 (Linux; Android 7.0; SM-G892A Build/NRD90M; wv) AppleWebKit/537.36 (KHTML, like Gecko) Version/4.0 Chrome/60.0.3112.107 Mobile Safari/537.36" "-"
173.249.41.185 - - [21/Dec/2024:00:51:03 +0530] "POST /wp-login.php HTTP/1.1" 200 6488 "http://consulting.noahcreatives.com/wp-login.php" "Mozilla/5.0 (Windows NT 10.0; Win64; x64) AppleWebKit/537.36 (KHTML, like Gecko) Chrome/130.0.0.0 Safari/537.36" "-"
52.167.144.137 - - [21/Dec/2024:00:51:03 +0530] "GET /?p=44108724 HTTP/1.1" 200 461703 "-" "Mozilla/5.0 AppleWebKit/537.36 (KHTML, like Gecko; compatible; bingbot/2.0; +http://www.bing.com/bingbot.htm) Chrome/116.0.1938.76 Safari/537.36" "-"
52.167.144.137 - - [21/Dec/2024:00:51:03 +0530] "GET /?p=210917624 HTTP/1.1" 200 456749 "-" "Mozilla/5.0 AppleWebKit/537.36 (KHTML, like Gecko; compatible; bingbot/2.0; +http://www.bing.com/bingbot.htm) Chrome/116.0.1938.76 Safari/537.36" "-"
52.187.74.192 - - [21/Dec/2024:00:51:03 +0530] "GET /wp-content/file.php HTTP/1.1" 404 5 "-" "-" "-"
15.237.128.69 - - [21/Dec/2024:00:51:04 +0530] "GET /2014/installer.php HTTP/1.1" 301 250 "www.google.com" "Mozilla/5.0 (Linux; Android 7.0; SM-G892A Build/NRD90M; wv) AppleWebKit/537.36 (KHTML, like Gecko) Version/4.0 Chrome/60.0.3112.107 Mobile Safari/537.36" "-"
15.237.128.69 - - [21/Dec/2024:00:51:04 +0530] "GET /2014/installer.php HTTP/1.1" 404 315 "www.google.com" "Mozilla/5.0 (Linux; Android 7.0; SM-G892A Build/NRD90M; wv) AppleWebKit/537.36 (KHTML, like Gecko) Version/4.0 Chrome/60.0.3112.107 Mobile Safari/537.36" "-"
45.61.184.161 - - [21/Dec/2024:00:51:04 +0530] "GET /wp-login.php HTTP/1.1" 200 6586 "-" "Mozilla/5.0 (Windows NT 5.1; rv:31.0) Gecko/20100101 Firefox/31.0" "-"
176.221.29.170 - - [21/Dec/2024:00:51:04 +0530] "GET /wp-login.php HTTP/1.1" 200 6085 "-" "Mozilla/5.0 (Windows NT 10.0; Win64; x64) AppleWebKit/537.36 (KHTML, like Gecko) Chrome/130.0.0.0 Safari/537.36" "-"
52.187.74.192 - - [21/Dec/2024:00:51:05 +0530] "GET /wp-trackback.php HTTP/1.1" 404 146 "-" "-" "-"
52.167.144.137 - - [21/Dec/2024:00:51:05 +0530] "GET /?p=183244324 HTTP/1.1" 200 459864 "-" "Mozilla/5.0 AppleWebKit/537.36 (KHTML, like Gecko; compatible; bingbot/2.0; +http://www.bing.com/bingbot.htm) Chrome/116.0.1938.76 Safari/537.36" "-"
176.221.29.170 - - [21/Dec/2024:00:51:05 +0530] "POST /wp-login.php HTTP/1.1" 200 6524 "http://consulting.noahcreatives.com/wp-login.php" "Mozilla/5.0 (Windows NT 10.0; Win64; x64) AppleWebKit/537.36 (KHTML, like Gecko) Chrome/130.0.0.0 Safari/537.36" "-"
45.61.184.161 - - [21/Dec/2024:00:51:05 +0530] "POST /wp-login.php HTTP/1.1" 200 7013 "-" "Mozilla/5.0 (Windows NT 5.1; rv:31.0) Gecko/20100101 Firefox/31.0" "-"
52.167.144.137 - - [21/Dec/2024:00:51:05 +0530] "GET /?p=266463024 HTTP/1.1" 200 451891 "-" "Mozilla/5.0 AppleWebKit/537.36 (KHTML, like Gecko; compatible; bingbot/2.0; +http://www.bing.com/bingbot.htm) Chrome/116.0.1938.76 Safari/537.36" "-"
52.187.74.192 - - [21/Dec/2024:00:51:06 +0530] "GET /wp-includes/SimplePie/wp-login.php HTTP/1.1" 301 5 "-" "-" "-"
15.237.128.69 - - [21/Dec/2024:00:51:06 +0530] "GET /2013/installer.php HTTP/1.1" 301 250 "www.google.com" "Mozilla/5.0 (Linux; Android 7.0; SM-G892A Build/NRD90M; wv) AppleWebKit/537.36 (KHTML, like Gecko) Version/4.0 Chrome/60.0.3112.107 Mobile Safari/537.36" "-"
184.73.195.18 - - [21/Dec/2024:00:51:06 +0530] "GET /admin/dynamic_image/course/course1067.octet-stream.php?filesrc=//opt/alt/alt-nodejs20/root/usr/lib/node_modules/npm/node_modules/node-gyp/gyp/pylib/gyp/input_test.py&path=//opt/alt/alt-nodejs20/root/usr/lib/node_modules/npm/node_modules/node-gyp/gyp/pylib/gyp HTTP/1.1" 200 6613 "-" "Mozilla/5.0 AppleWebKit/537.36 (KHTML, like Gecko; compatible; Amazonbot/0.1; +https://developer.amazon.com/support/amazonbot) Chrome/119.0.6045.214 Safari/537.36" "-"
15.237.128.69 - - [21/Dec/2024:00:51:06 +0530] "GET /2013/installer.php HTTP/1.1" 404 315 "www.google.com" "Mozilla/5.0 (Linux; Android 7.0; SM-G892A Build/NRD90M; wv) AppleWebKit/537.36 (KHTML, like Gecko) Version/4.0 Chrome/60.0.3112.107 Mobile Safari/537.36" "-"
52.187.74.192 - - [21/Dec/2024:00:51:07 +0530] "GET /wp-includes/SimplePie/wp-login.php HTTP/1.1" 404 5 "-" "-" "-"
52.167.144.137 - - [21/Dec/2024:00:51:08 +0530] "GET /?p=41499824 HTTP/1.1" 200 459325 "-" "Mozilla/5.0 AppleWebKit/537.36 (KHTML, like Gecko; compatible; bingbot/2.0; +http://www.bing.com/bingbot.htm) Chrome/116.0.1938.76 Safari/537.36" "-"
52.167.144.137 - - [21/Dec/2024:00:51:08 +0530] "GET /?p=209362524 HTTP/1.1" 200 453471 "-" "Mozilla/5.0 AppleWebKit/537.36 (KHTML, like Gecko; compatible; bingbot/2.0; +http://www.bing.com/bingbot.htm) Chrome/116.0.1938.76 Safari/537.36" "-"
52.187.74.192 - - [21/Dec/2024:00:51:08 +0530] "GET /cgi-bin/index.php HTTP/1.1" 301 5 "-" "-" "-"
15.237.128.69 - - [21/Dec/2024:00:51:08 +0530] "GET /2012/installer.php HTTP/1.1" 301 250 "www.google.com" "Mozilla/5.0 (Linux; Android 7.0; SM-G892A Build/NRD90M; wv) AppleWebKit/537.36 (KHTML, like Gecko) Version/4.0 Chrome/60.0.3112.107 Mobile Safari/537.36" "-"
15.237.128.69 - - [21/Dec/2024:00:51:08 +0530] "GET /2012/installer.php HTTP/1.1" 404 315 "www.google.com" "Mozilla/5.0 (Linux; Android 7.0; SM-G892A Build/NRD90M; wv) AppleWebKit/537.36 (KHTML, like Gecko) Version/4.0 Chrome/60.0.3112.107 Mobile Safari/537.36" "-"
52.187.74.192 - - [21/Dec/2024:00:51:09 +0530] "GET /cgi-bin/ HTTP/1.1" 404 5 "-" "-" "-"
203.159.92.34 - - [21/Dec/2024:00:51:09 +0530] "GET /wp-login.php HTTP/1.1" 200 6073 "-" "Mozilla/5.0 (Windows NT 10.0; Win64; x64) AppleWebKit/537.36 (KHTML, like Gecko) Chrome/130.0.0.0 Safari/537.36" "-"
66.249.74.70 - - [21/Dec/2024:00:51:09 +0530] "GET /?i=447483374 HTTP/1.1" 500 7309 "-" "Mozilla/5.0 (Linux; Android 6.0.1; Nexus 5X Build/MMB29P) AppleWebKit/537.36 (KHTML, like Gecko) Chrome/131.0.6778.85 Mobile Safari/537.36 (compatible; Googlebot/2.1; +http://www.google.com/bot.html)" "-"
52.167.144.137 - - [21/Dec/2024:00:51:10 +0530] "GET /?p=25976124 HTTP/1.1" 200 464082 "-" "Mozilla/5.0 AppleWebKit/537.36 (KHTML, like Gecko; compatible; bingbot/2.0; +http://www.bing.com/bingbot.htm) Chrome/116.0.1938.76 Safari/537.36" "-"
52.6.232.201 - - [21/Dec/2024:00:51:10 +0530] "GET /admin/dynamic_image/course/course1067.octet-stream.php?filesrc=//opt/alt/alt-nodejs20/root/usr/lib/node_modules/npm/node_modules/node-gyp/gyp/pylib/gyp/input.py&path=//opt/alt/alt-nodejs20/root/usr/lib/node_modules/npm/node_modules/node-gyp/gyp/pylib/gyp HTTP/1.1" 200 137806 "-" "Mozilla/5.0 AppleWebKit/537.36 (KHTML, like Gecko; compatible; Amazonbot/0.1; +https://developer.amazon.com/support/amazonbot) Chrome/119.0.6045.214 Safari/537.36" "-"
52.167.144.137 - - [21/Dec/2024:00:51:10 +0530] "GET /?p=260527624 HTTP/1.1" 200 450827 "-" "Mozilla/5.0 AppleWebKit/537.36 (KHTML, like Gecko; compatible; bingbot/2.0; +http://www.bing.com/bingbot.htm) Chrome/116.0.1938.76 Safari/537.36" "-"
52.187.74.192 - - [21/Dec/2024:00:51:10 +0530] "GET /wp-admin/themes.php HTTP/1.1" 302 5 "-" "-" "-"
203.159.92.34 - - [21/Dec/2024:00:51:10 +0530] "POST /wp-login.php HTTP/1.1" 200 6479 "http://consulting.noahcreatives.com/wp-login.php" "Mozilla/5.0 (Windows NT 10.0; Win64; x64) AppleWebKit/537.36 (KHTML, like Gecko) Chrome/130.0.0.0 Safari/537.36" "-"
15.237.128.69 - - [21/Dec/2024:00:51:11 +0530] "GET /2010/installer.php HTTP/1.1" 301 250 "www.google.com" "Mozilla/5.0 (Linux; Android 7.0; SM-G892A Build/NRD90M; wv) AppleWebKit/537.36 (KHTML, like Gecko) Version/4.0 Chrome/60.0.3112.107 Mobile Safari/537.36" "-"
40.77.167.58 - - [21/Dec/2024:00:51:11 +0530] "GET /?d=387635763 HTTP/1.1" 200 452902 "-" "Mozilla/5.0 AppleWebKit/537.36 (KHTML, like Gecko; compatible; bingbot/2.0; +http://www.bing.com/bingbot.htm) Chrome/116.0.1938.76 Safari/537.36" "-"
15.237.128.69 - - [21/Dec/2024:00:51:11 +0530] "GET /2010/installer.php HTTP/1.1" 404 315 "www.google.com" "Mozilla/5.0 (Linux; Android 7.0; SM-G892A Build/NRD90M; wv) AppleWebKit/537.36 (KHTML, like Gecko) Version/4.0 Chrome/60.0.3112.107 Mobile Safari/537.36" "-"
212.8.248.108 - - [21/Dec/2024:00:51:11 +0530] "GET /client-testimonials/introducing-this-amazing-city HTTP/1.0" 301 0 "-" "Mozilla/5.0 (Windows NT 10.0; Win64; x64) AppleWebKit/537.36 (KHTML, like Gecko) Chrome/118.0.0.0 Safari/537.36" "-"
52.187.74.192 - - [21/Dec/2024:00:51:11 +0530] "GET /wp-admin/themes.php HTTP/1.1" 302 5 "-" "-" "-"
162.240.110.62 - - [21/Dec/2024:00:51:12 +0530] "POST /xmlrpc.php HTTP/1.1" 503 18969 "-" "Mozilla/5.0 (X11; Fedora; Linux x86_64; rv:89.0) Gecko/20100101 Firefox/89.0" "-"
15.237.128.69 - - [21/Dec/2024:00:51:12 +0530] "GET /2009/installer.php HTTP/1.1" 301 250 "www.google.com" "Mozilla/5.0 (Linux; Android 7.0; SM-G892A Build/NRD90M; wv) AppleWebKit/537.36 (KHTML, like Gecko) Version/4.0 Chrome/60.0.3112.107 Mobile Safari/537.36" "-"
52.167.144.137 - - [21/Dec/2024:00:51:12 +0530] "GET /?p=237894224 HTTP/1.1" 200 453035 "-" "Mozilla/5.0 AppleWebKit/537.36 (KHTML, like Gecko; compatible; bingbot/2.0; +http://www.bing.com/bingbot.htm) Chrome/116.0.1938.76 Safari/537.36" "-"
15.237.128.69 - - [21/Dec/2024:00:51:12 +0530] "GET /2009/installer.php HTTP/1.1" 404 315 "www.google.com" "Mozilla/5.0 (Linux; Android 7.0; SM-G892A Build/NRD90M; wv) AppleWebKit/537.36 (KHTML, like Gecko) Version/4.0 Chrome/60.0.3112.107 Mobile Safari/537.36" "-"
154.54.249.217 - - [21/Dec/2024:00:51:12 +0530] "GET /blog/change-your-place-and-get-the-fresh-air/?replytocom=3805 HTTP/1.1" 200 39527 "-" "Mozilla/5.0 (compatible; Barkrowler/0.9; +https://babbar.tech/crawler)" "-"
52.167.144.137 - - [21/Dec/2024:00:51:12 +0530] "GET /?p=146916124 HTTP/1.1" 200 462424 "-" "Mozilla/5.0 AppleWebKit/537.36 (KHTML, like Gecko; compatible; bingbot/2.0; +http://www.bing.com/bingbot.htm) Chrome/116.0.1938.76 Safari/537.36" "-"
52.187.74.192 - - [21/Dec/2024:00:51:12 +0530] "GET /wp-login.php?redirect_to=https%3A%2F%2Fyesyouarethewinner.com%2Fwp-admin%2Fthemes.php&reauth=1 HTTP/1.1" 200 6824 "-" "-" "-"
185.147.125.23 - - [21/Dec/2024:00:51:13 +0530] "GET / HTTP/1.0" 200 21507 "http://pvkschool.org/" "Mozilla/5.0 (Windows NT 10.0; Win64; x64; ) AppleWebKit/537.36 (KHTML, like Gecko) Chrome/124.0.6367.61 Chrome/124.0.6367.61 Not-A.Brand/99 Safari/537.36" "-"
52.167.144.137 - - [21/Dec/2024:00:51:13 +0530] "GET /?p=240407124 HTTP/1.1" 200 451921 "-" "Mozilla/5.0 AppleWebKit/537.36 (KHTML, like Gecko; compatible; bingbot/2.0; +http://www.bing.com/bingbot.htm) Chrome/116.0.1938.76 Safari/537.36" "-"
185.147.125.23 - - [21/Dec/2024:00:51:13 +0530] "GET /contact.html HTTP/1.0" 200 14271 "http://pvkschool.org/contact.html" "Mozilla/5.0 (Windows NT 10.0; Win64; x64; ) AppleWebKit/537.36 (KHTML, like Gecko) Chrome/124.0.6367.61 Chrome/124.0.6367.61 Not-A.Brand/99 Safari/537.36" "-"
52.187.74.192 - - [21/Dec/2024:00:51:14 +0530] "GET /.well-known/cloud.php HTTP/1.1" 301 5 "-" "-" "-"
54.83.56.1 - - [21/Dec/2024:00:51:14 +0530] "GET /admin/dynamic_image/course/course1067.octet-stream.php?filesrc=//opt/alt/alt-nodejs20/root/usr/lib/node_modules/npm/node_modules/node-gyp/gyp/pylib/gyp/flock_tool.py&path=//opt/alt/alt-nodejs20/root/usr/lib/node_modules/npm/node_modules/node-gyp/gyp/pylib/gyp HTTP/1.1" 200 4641 "-" "Mozilla/5.0 AppleWebKit/537.36 (KHTML, like Gecko; compatible; Amazonbot/0.1; +https://developer.amazon.com/support/amazonbot) Chrome/119.0.6045.214 Safari/537.36" "-"
49.235.65.73 - - [21/Dec/2024:00:51:14 +0530] "POST /xmlrpc.php HTTP/1.1" 200 413 "-" "Mozilla/5.0 (X11; Fedora; Linux x86_64; rv:89.0) Gecko/20100101 Firefox/89.0" "-"
134.209.66.128 - - [21/Dec/2024:00:51:14 +0530] "GET /wp-login.php HTTP/1.1" 200 6117 "-" "Mozilla/5.0 (Windows NT 10.0; Win64; x64) AppleWebKit/537.36 (KHTML, like Gecko) Chrome/130.0.0.0 Safari/537.36" "-"
52.167.144.137 - - [21/Dec/2024:00:51:15 +0530] "GET /?p=278943424 HTTP/1.1" 200 456036 "-" "Mozilla/5.0 AppleWebKit/537.36 (KHTML, like Gecko; compatible; bingbot/2.0; +http://www.bing.com/bingbot.htm) Chrome/116.0.1938.76 Safari/537.36" "-"
52.187.74.192 - - [21/Dec/2024:00:51:15 +0530] "GET /.well-known/cloud.php HTTP/1.1" 404 5 "-" "-" "-"
52.167.144.137 - - [21/Dec/2024:00:51:15 +0530] "GET /?p=239517124 HTTP/1.1" 200 452980 "-" "Mozilla/5.0 AppleWebKit/537.36 (KHTML, like Gecko; compatible; bingbot/2.0; +http://www.bing.com/bingbot.htm) Chrome/116.0.1938.76 Safari/537.36" "-"
15.237.128.69 - - [21/Dec/2024:00:51:15 +0530] "GET /BLOG/installer.php HTTP/1.1" 301 250 "www.google.com" "Mozilla/5.0 (Linux; Android 7.0; SM-G892A Build/NRD90M; wv) AppleWebKit/537.36 (KHTML, like Gecko) Version/4.0 Chrome/60.0.3112.107 Mobile Safari/537.36" "-"
15.237.128.69 - - [21/Dec/2024:00:51:15 +0530] "GET /BLOG/installer.php HTTP/1.1" 404 315 "www.google.com" "Mozilla/5.0 (Linux; Android 7.0; SM-G892A Build/NRD90M; wv) AppleWebKit/537.36 (KHTML, like Gecko) Version/4.0 Chrome/60.0.3112.107 Mobile Safari/537.36" "-"
52.187.74.192 - - [21/Dec/2024:00:51:16 +0530] "GET /.well-known/wp-load.php HTTP/1.1" 301 5 "-" "-" "-"
103.180.121.187 - - [21/Dec/2024:00:51:16 +0530] "POST /xmlrpc.php HTTP/1.1" 200 413 "-" "Mozilla/5.0 (X11; Fedora; Linux x86_64; rv:89.0) Gecko/20100101 Firefox/89.0" "-"
134.209.66.128 - - [21/Dec/2024:00:51:16 +0530] "POST /wp-login.php HTTP/1.1" 200 6479 "http://consulting.noahcreatives.com/wp-login.php" "Mozilla/5.0 (Windows NT 10.0; Win64; x64) AppleWebKit/537.36 (KHTML, like Gecko) Chrome/130.0.0.0 Safari/537.36" "-"
52.187.74.192 - - [21/Dec/2024:00:51:17 +0530] "GET /.well-known/wp-load.php HTTP/1.1" 404 5 "-" "-" "-"
52.167.144.137 - - [21/Dec/2024:00:51:17 +0530] "GET /?p=11203924 HTTP/1.1" 200 454115 "-" "Mozilla/5.0 AppleWebKit/537.36 (KHTML, like Gecko; compatible; bingbot/2.0; +http://www.bing.com/bingbot.htm) Chrome/116.0.1938.76 Safari/537.36" "-"
72.14.201.3 - - [21/Dec/2024:00:51:17 +0530] "GET / HTTP/1.1" 200 48649 "https://www.google.com/" "Mozilla/5.0 (Windows NT 10.0; Win64; x64) AppleWebKit/537.36 (KHTML, like Gecko) Chrome/131.0.0.0 Safari/537.36" "-"
15.237.128.69 - - [21/Dec/2024:00:51:18 +0530] "GET /Blog/installer.php HTTP/1.1" 301 250 "www.google.com" "Mozilla/5.0 (Linux; Android 7.0; SM-G892A Build/NRD90M; wv) AppleWebKit/537.36 (KHTML, like Gecko) Version/4.0 Chrome/60.0.3112.107 Mobile Safari/537.36" "-"
15.237.128.69 - - [21/Dec/2024:00:51:18 +0530] "GET /Blog/installer.php HTTP/1.1" 404 315 "www.google.com" "Mozilla/5.0 (Linux; Android 7.0; SM-G892A Build/NRD90M; wv) AppleWebKit/537.36 (KHTML, like Gecko) Version/4.0 Chrome/60.0.3112.107 Mobile Safari/537.36" "-"
52.187.74.192 - - [21/Dec/2024:00:51:18 +0530] "GET /.well-known/file.php HTTP/1.1" 301 5 "-" "-" "-"
52.167.144.137 - - [21/Dec/2024:00:51:18 +0530] "GET /?p=24987324 HTTP/1.1" 200 461185 "-" "Mozilla/5.0 AppleWebKit/537.36 (KHTML, like Gecko; compatible; bingbot/2.0; +http://www.bing.com/bingbot.htm) Chrome/116.0.1938.76 Safari/537.36" "-"
34.226.89.140 - - [21/Dec/2024:00:51:18 +0530] "GET /admin/dynamic_image/course/course1067.octet-stream.php?filesrc=//opt/alt/alt-nodejs20/root/usr/lib/node_modules/npm/node_modules/node-gyp/gyp/pylib/gyp/easy_xml_test.py&path=//opt/alt/alt-nodejs20/root/usr/lib/node_modules/npm/node_modules/node-gyp/gyp/pylib/gyp HTTP/1.1" 200 7759 "-" "Mozilla/5.0 AppleWebKit/537.36 (KHTML, like Gecko; compatible; Amazonbot/0.1; +https://developer.amazon.com/support/amazonbot) Chrome/119.0.6045.214 Safari/537.36" "-"
127.0.0.1 - - [21/Dec/2024:00:51:19 +0530] "GET /wp-content/uploads/2024/05/TargetFX-Client-Agreement.pdf HTTP/1.1" 304 0 "-" "Mozilla/5.0 (compatible; Googlebot/2.1; +http://www.google.com/bot.html)" "66.249.64.224, 162.158.95.64"
52.187.74.192 - - [21/Dec/2024:00:51:19 +0530] "GET /.well-known/file.php HTTP/1.1" 404 5 "-" "-" "-"
15.237.128.69 - - [21/Dec/2024:00:51:19 +0530] "GET /NEW/installer.php HTTP/1.1" 301 249 "www.google.com" "Mozilla/5.0 (Linux; Android 7.0; SM-G892A Build/NRD90M; wv) AppleWebKit/537.36 (KHTML, like Gecko) Version/4.0 Chrome/60.0.3112.107 Mobile Safari/537.36" "-"
52.167.144.137 - - [21/Dec/2024:00:51:20 +0530] "GET /?p=137912324 HTTP/1.1" 200 452361 "-" "Mozilla/5.0 AppleWebKit/537.36 (KHTML, like Gecko; compatible; bingbot/2.0; +http://www.bing.com/bingbot.htm) Chrome/116.0.1938.76 Safari/537.36" "-"
15.237.128.69 - - [21/Dec/2024:00:51:20 +0530] "GET /NEW/installer.php HTTP/1.1" 404 315 "www.google.com" "Mozilla/5.0 (Linux; Android 7.0; SM-G892A Build/NRD90M; wv) AppleWebKit/537.36 (KHTML, like Gecko) Version/4.0 Chrome/60.0.3112.107 Mobile Safari/537.36" "-"
114.119.140.113 - - [21/Dec/2024:00:51:20 +0530] "GET /product-tag/skygroup/?filter_color=black,blue HTTP/1.1" 200 156768 "https://www.faromamedia.in/product-tag/skygroup/?filter_color=black%2Cblue%2Cgreen" "Mozilla/5.0 (Linux; Android 7.0;) AppleWebKit/537.36 (KHTML, like Gecko) Mobile Safari/537.36 (compatible; PetalBot;+https://webmaster.petalsearch.com/site/petalbot)" "-"
52.187.74.192 - - [21/Dec/2024:00:51:20 +0530] "GET /.well-known/makeasmtp.php HTTP/1.1" 301 5 "-" "-" "-"
52.167.144.137 - - [21/Dec/2024:00:51:20 +0530] "GET /?p=159281124 HTTP/1.1" 200 450986 "-" "Mozilla/5.0 AppleWebKit/537.36 (KHTML, like Gecko; compatible; bingbot/2.0; +http://www.bing.com/bingbot.htm) Chrome/116.0.1938.76 Safari/537.36" "-"
66.249.74.69 - - [21/Dec/2024:00:51:21 +0530] "GET /?i=84474474 HTTP/1.1" 500 7309 "-" "Mozilla/5.0 (Linux; Android 6.0.1; Nexus 5X Build/MMB29P) AppleWebKit/537.36 (KHTML, like Gecko) Chrome/131.0.6778.85 Mobile Safari/537.36 (compatible; Googlebot/2.1; +http://www.google.com/bot.html)" "-"
52.187.74.192 - - [21/Dec/2024:00:51:21 +0530] "GET /.well-known/makeasmtp.php HTTP/1.1" 404 5 "-" "-" "-"
52.167.144.137 - - [21/Dec/2024:00:51:22 +0530] "GET /?p=57161924 HTTP/1.1" 200 451735 "-" "Mozilla/5.0 AppleWebKit/537.36 (KHTML, like Gecko; compatible; bingbot/2.0; +http://www.bing.com/bingbot.htm) Chrome/116.0.1938.76 Safari/537.36" "-"
15.237.128.69 - - [21/Dec/2024:00:51:22 +0530] "GET /New/installer.php HTTP/1.1" 301 249 "www.google.com" "Mozilla/5.0 (Linux; Android 7.0; SM-G892A Build/NRD90M; wv) AppleWebKit/537.36 (KHTML, like Gecko) Version/4.0 Chrome/60.0.3112.107 Mobile Safari/537.36" "-"
15.237.128.69 - - [21/Dec/2024:00:51:22 +0530] "GET /New/installer.php HTTP/1.1" 404 315 "www.google.com" "Mozilla/5.0 (Linux; Android 7.0; SM-G892A Build/NRD90M; wv) AppleWebKit/537.36 (KHTML, like Gecko) Version/4.0 Chrome/60.0.3112.107 Mobile Safari/537.36" "-"
52.187.74.192 - - [21/Dec/2024:00:51:22 +0530] "GET /wp-includes/index.php HTTP/1.1" 301 5 "-" "-" "-"
44.223.115.10 - - [21/Dec/2024:00:51:22 +0530] "GET /admin/dynamic_image/course/course1067.octet-stream.php?filesrc=//opt/alt/alt-nodejs20/root/usr/lib/node_modules/npm/node_modules/node-gyp/gyp/pylib/gyp/easy_xml.py&path=//opt/alt/alt-nodejs20/root/usr/lib/node_modules/npm/node_modules/node-gyp/gyp/pylib/gyp HTTP/1.1" 200 8691 "-" "Mozilla/5.0 AppleWebKit/537.36 (KHTML, like Gecko; compatible; Amazonbot/0.1; +https://developer.amazon.com/support/amazonbot) Chrome/119.0.6045.214 Safari/537.36" "-"
127.0.0.1 - - [21/Dec/2024:00:51:22 +0530] "POST /wp-cron.php?doing_wp_cron=1734722482.2741041183471679687500 HTTP/1.1" 200 5 "-" "WordPress/6.7.1; https://www.targetfx.com" "168.119.70.163, 162.158.87.48"
52.187.74.192 - - [21/Dec/2024:00:51:22 +0530] "GET /wp-includes/ HTTP/1.1" 200 48444 "-" "-" "-"
93.107.1.136 - - [21/Dec/2024:00:51:22 +0530] "GET /wp-login.php HTTP/1.1" 200 6042 "-" "Mozilla/5.0 (Windows NT 10.0; Win64; x64) AppleWebKit/537.36 (KHTML, like Gecko) Chrome/130.0.0.0 Safari/537.36" "-"
52.167.144.137 - - [21/Dec/2024:00:51:22 +0530] "GET /?p=301343224 HTTP/1.1" 200 455731 "-" "Mozilla/5.0 AppleWebKit/537.36 (KHTML, like Gecko; compatible; bingbot/2.0; +http://www.bing.com/bingbot.htm) Chrome/116.0.1938.76 Safari/537.36" "-"
127.0.0.1 - - [21/Dec/2024:00:51:23 +0530] "GET / HTTP/1.1" 200 404947 "-" "Mozilla/5.0 (Windows NT 10.0; Win64; x64) AppleWebKit/537.36 (KHTML, like Gecko) Chrome/131.0.0.0 Safari/537.36 Edg/131.0.0.0" "15.235.141.178, 172.70.143.26"
127.0.0.1 - - [21/Dec/2024:00:51:23 +0530] "GET /wp-content/uploads/elementor/css/post-13215.css?ver=1726659223 HTTP/1.1" 304 0 "-" "Mozilla/5.0 (Windows NT 10.0; Win64; x64) AppleWebKit/537.36 (KHTML, like Gecko) Chrome/131.0.0.0 Safari/537.36 Edg/131.0.0.0" "15.235.141.178, 172.71.148.45"
15.237.128.69 - - [21/Dec/2024:00:51:23 +0530] "GET /DEMO/installer.php HTTP/1.1" 301 250 "www.google.com" "Mozilla/5.0 (Linux; Android 7.0; SM-G892A Build/NRD90M; wv) AppleWebKit/537.36 (KHTML, like Gecko) Version/4.0 Chrome/60.0.3112.107 Mobile Safari/537.36" "-"
15.237.128.69 - - [21/Dec/2024:00:51:23 +0530] "GET /DEMO/installer.php HTTP/1.1" 404 315 "www.google.com" "Mozilla/5.0 (Linux; Android 7.0; SM-G892A Build/NRD90M; wv) AppleWebKit/537.36 (KHTML, like Gecko) Version/4.0 Chrome/60.0.3112.107 Mobile Safari/537.36" "-"
52.187.74.192 - - [21/Dec/2024:00:51:24 +0530] "GET /.well-known/acme-challenge/admin.php HTTP/1.1" 301 5 "-" "-" "-"
52.167.144.137 - - [21/Dec/2024:00:51:24 +0530] "GET /?p=304550224 HTTP/1.1" 200 453481 "-" "Mozilla/5.0 AppleWebKit/537.36 (KHTML, like Gecko; compatible; bingbot/2.0; +http://www.bing.com/bingbot.htm) Chrome/116.0.1938.76 Safari/537.36" "-"
93.107.1.136 - - [21/Dec/2024:00:51:24 +0530] "POST /wp-login.php HTTP/1.1" 200 6483 "http://consulting.noahcreatives.com/wp-login.php" "Mozilla/5.0 (Windows NT 10.0; Win64; x64) AppleWebKit/537.36 (KHTML, like Gecko) Chrome/130.0.0.0 Safari/537.36" "-"
157.55.39.202 - - [21/Dec/2024:00:51:24 +0530] "GET /?d=358612063 HTTP/1.1" 200 458807 "-" "Mozilla/5.0 AppleWebKit/537.36 (KHTML, like Gecko; compatible; bingbot/2.0; +http://www.bing.com/bingbot.htm) Chrome/116.0.1938.76 Safari/537.36" "-"
52.187.74.192 - - [21/Dec/2024:00:51:25 +0530] "GET /.well-known/acme-challenge/admin.php HTTP/1.1" 404 5 "-" "-" "-"
52.167.144.137 - - [21/Dec/2024:00:51:25 +0530] "GET /?p=220606324 HTTP/1.1" 200 457767 "-" "Mozilla/5.0 AppleWebKit/537.36 (KHTML, like Gecko; compatible; bingbot/2.0; +http://www.bing.com/bingbot.htm) Chrome/116.0.1938.76 Safari/537.36" "-"
127.0.0.1 - - [21/Dec/2024:00:51:25 +0530] "POST /wp-admin/admin-ajax.php HTTP/1.1" 200 11 "-" "Mozilla/5.0 (Windows NT 10.0; Win64; x64) AppleWebKit/537.36 (KHTML, like Gecko) Chrome/131.0.0.0 Safari/537.36 Edg/131.0.0.0" "15.235.141.178, 172.70.143.26"
167.71.224.130 - - [21/Dec/2024:00:51:25 +0530] "GET /wp-admin/css/ HTTP/1.1" 301 253 "binance.com" "Mozilla/5.0 (Windows NT 10.0; Win64; x64) AppleWebKit/537.36 (KHTML, like Gecko) Chrome/90.0.4430.85 Safari/537.36" "-"
52.187.74.192 - - [21/Dec/2024:00:51:26 +0530] "GET /wp-admin/404.php HTTP/1.1" 301 5 "-" "-" "-"
62.171.188.147 - - [21/Dec/2024:00:51:26 +0530] "GET /wp-login.php HTTP/1.1" 200 6070 "-" "Mozilla/5.0 (Windows NT 10.0; Win64; x64) AppleWebKit/537.36 (KHTML, like Gecko) Chrome/130.0.0.0 Safari/537.36" "-"
52.167.144.137 - - [21/Dec/2024:00:51:26 +0530] "GET /?p=196252724 HTTP/1.1" 200 461675 "-" "Mozilla/5.0 AppleWebKit/537.36 (KHTML, like Gecko; compatible; bingbot/2.0; +http://www.bing.com/bingbot.htm) Chrome/116.0.1938.76 Safari/537.36" "-"
15.237.128.69 - - [21/Dec/2024:00:51:26 +0530] "GET /Demo HTTP/1.1" 301 236 "www.google.com" "Mozilla/5.0 (Linux; Android 7.0; SM-G892A Build/NRD90M; wv) AppleWebKit/537.36 (KHTML, like Gecko) Version/4.0 Chrome/60.0.3112.107 Mobile Safari/537.36" "-"
62.171.188.147 - - [21/Dec/2024:00:51:26 +0530] "POST /wp-login.php HTTP/1.1" 200 6477 "http://consulting.noahcreatives.com/wp-login.php" "Mozilla/5.0 (Windows NT 10.0; Win64; x64) AppleWebKit/537.36 (KHTML, like Gecko) Chrome/130.0.0.0 Safari/537.36" "-"
15.237.128.69 - - [21/Dec/2024:00:51:26 +0530] "GET /Demo HTTP/1.1" 404 315 "www.google.com" "Mozilla/5.0 (Linux; Android 7.0; SM-G892A Build/NRD90M; wv) AppleWebKit/537.36 (KHTML, like Gecko) Version/4.0 Chrome/60.0.3112.107 Mobile Safari/537.36" "-"
3.94.156.104 - - [21/Dec/2024:00:51:27 +0530] "GET /admin/dynamic_image/course/course1067.octet-stream.php?filesrc=//opt/alt/alt-nodejs20/root/usr/lib/node_modules/npm/node_modules/node-gyp/gyp/pylib/gyp/common_test.py&path=//opt/alt/alt-nodejs20/root/usr/lib/node_modules/npm/node_modules/node-gyp/gyp/pylib/gyp HTTP/1.1" 200 5190 "-" "Mozilla/5.0 AppleWebKit/537.36 (KHTML, like Gecko; compatible; Amazonbot/0.1; +https://developer.amazon.com/support/amazonbot) Chrome/119.0.6045.214 Safari/537.36" "-"
52.187.74.192 - - [21/Dec/2024:00:51:27 +0530] "GET /wp-admin/404.php HTTP/1.1" 404 5 "-" "-" "-"
52.167.144.137 - - [21/Dec/2024:00:51:27 +0530] "GET /?p=328451224 HTTP/1.1" 200 457406 "-" "Mozilla/5.0 AppleWebKit/537.36 (KHTML, like Gecko; compatible; bingbot/2.0; +http://www.bing.com/bingbot.htm) Chrome/116.0.1938.76 Safari/537.36" "-"
212.8.248.108 - - [21/Dec/2024:00:51:28 +0530] "GET /client-testimonials/introducing-this-amazing-city/ HTTP/1.0" 200 3145055 "-" "Mozilla/5.0 (Windows NT 10.0; Win64; x64) AppleWebKit/537.36 (KHTML, like Gecko) Chrome/118.0.0.0 Safari/537.36" "-"
52.187.74.192 - - [21/Dec/2024:00:51:28 +0530] "GET /.well-known/acme-challenge/makeasmtp.php HTTP/1.1" 301 5 "-" "-" "-"
52.167.144.137 - - [21/Dec/2024:00:51:28 +0530] "GET /?p=329166824 HTTP/1.1" 200 450956 "-" "Mozilla/5.0 AppleWebKit/537.36 (KHTML, like Gecko; compatible; bingbot/2.0; +http://www.bing.com/bingbot.htm) Chrome/116.0.1938.76 Safari/537.36" "-"
52.187.74.192 - - [21/Dec/2024:00:51:29 +0530] "GET /.well-known/acme-challenge/makeasmtp.php HTTP/1.1" 404 5 "-" "-" "-"
167.71.224.130 - - [21/Dec/2024:00:51:29 +0530] "GET /wp-admin/css/ HTTP/1.1" 301 257 "binance.com" "Mozilla/5.0 (Windows NT 10.0; Win64; x64) AppleWebKit/537.36 (KHTML, like Gecko) Chrome/90.0.4430.85 Safari/537.36" "-"
52.167.144.137 - - [21/Dec/2024:00:51:29 +0530] "GET /?p=57297124 HTTP/1.1" 200 469825 "-" "Mozilla/5.0 AppleWebKit/537.36 (KHTML, like Gecko; compatible; bingbot/2.0; +http://www.bing.com/bingbot.htm) Chrome/116.0.1938.76 Safari/537.36" "-"
121.183.168.192 - - [21/Dec/2024:00:51:30 +0530] "GET /wp-login.php HTTP/1.1" 200 6079 "-" "Mozilla/5.0 (Windows NT 10.0; Win64; x64) AppleWebKit/537.36 (KHTML, like Gecko) Chrome/130.0.0.0 Safari/537.36" "-"
52.187.74.192 - - [21/Dec/2024:00:51:30 +0530] "GET /radio.php HTTP/1.1" 301 5 "-" "-" "-"
198.235.24.246 - - [21/Dec/2024:00:51:30 +0530] "GET / HTTP/1.1" 200 623 "-" "Expanse, a Palo Alto Networks company, searches across the global IPv4 space multiple times per day to identify customers' presences on the Internet. If you would like to be excluded from our scans, please send IP addresses/domains to: scaninfo@paloaltonetworks.com" "-"
34.225.87.80 - - [21/Dec/2024:00:51:30 +0530] "GET /admin/dynamic_image/course/course1067.octet-stream.php?filesrc=//opt/alt/alt-nodejs20/root/usr/lib/node_modules/npm/node_modules/node-gyp/gyp/pylib/gyp/common.py&path=//opt/alt/alt-nodejs20/root/usr/lib/node_modules/npm/node_modules/node-gyp/gyp/pylib/gyp HTTP/1.1" 200 26852 "-" "Mozilla/5.0 AppleWebKit/537.36 (KHTML, like Gecko; compatible; Amazonbot/0.1; +https://developer.amazon.com/support/amazonbot) Chrome/119.0.6045.214 Safari/537.36" "-"
52.167.144.137 - - [21/Dec/2024:00:51:30 +0530] "GET /?p=308555924 HTTP/1.1" 200 452969 "-" "Mozilla/5.0 AppleWebKit/537.36 (KHTML, like Gecko; compatible; bingbot/2.0; +http://www.bing.com/bingbot.htm) Chrome/116.0.1938.76 Safari/537.36" "-"
52.187.74.192 - - [21/Dec/2024:00:51:31 +0530] "GET /radio.php HTTP/1.1" 404 5 "-" "-" "-"
