172.172.130.74 - - [21/Dec/2024:00:56:56 +0530] "GET /.well-known/pki-validation/a.php HTTP/1.1" 404 517 "-" "-" "-"
57.141.0.22 - - [21/Dec/2024:00:56:56 +0530] "GET /wp-content/uploads/2017/05/sports2-400x225.jpg HTTP/1.1" 200 31499 "-" "meta-externalagent/1.1 (+https://developers.facebook.com/docs/sharing/webmasters/crawler)" "-"
172.172.130.74 - - [21/Dec/2024:00:56:56 +0530] "GET /wp-content/themes/sketch/404.php HTTP/1.1" 404 517 "-" "-" "-"
172.172.130.74 - - [21/Dec/2024:00:56:56 +0530] "GET /st.php HTTP/1.1" 404 491 "-" "-" "-"
172.172.130.74 - - [21/Dec/2024:00:56:56 +0530] "GET /.well-known/pki-validation/lang-load-role.php HTTP/1.1" 404 530 "-" "-" "-"
172.172.130.74 - - [21/Dec/2024:00:56:57 +0530] "GET /wp-content/uploads/cong.php HTTP/1.1" 404 512 "-" "-" "-"
172.172.130.74 - - [21/Dec/2024:00:56:57 +0530] "GET /01.php HTTP/1.1" 404 491 "-" "-" "-"
52.167.144.20 - - [21/Dec/2024:00:56:57 +0530] "GET /?p=54603224 HTTP/1.1" 200 450710 "-" "Mozilla/5.0 AppleWebKit/537.36 (KHTML, like Gecko; compatible; bingbot/2.0; +http://www.bing.com/bingbot.htm) Chrome/116.0.1938.76 Safari/537.36" "-"
172.172.130.74 - - [21/Dec/2024:00:56:57 +0530] "GET /adminfuns.php HTTP/1.1" 404 498 "-" "-" "-"
172.172.130.74 - - [21/Dec/2024:00:56:57 +0530] "GET /x.php HTTP/1.1" 404 490 "-" "-" "-"
172.172.130.74 - - [21/Dec/2024:00:56:57 +0530] "GET /wp-includes/block-patterns/admin.php HTTP/1.1" 404 521 "-" "-" "-"
172.172.130.74 - - [21/Dec/2024:00:56:57 +0530] "GET /wp-includes/smaxx.php HTTP/1.1" 404 506 "-" "-" "-"
52.187.74.192 - - [21/Dec/2024:00:56:57 +0530] "GET /wp-admin/network/index.php HTTP/1.1" 302 5 "-" "-" "-"
172.172.130.74 - - [21/Dec/2024:00:56:57 +0530] "GET /ynz.PhP7 HTTP/1.1" 404 493 "-" "-" "-"
172.172.130.74 - - [21/Dec/2024:00:56:57 +0530] "GET /wp-includes/js/tinymce/skins/wordpress/images/index.php HTTP/1.1" 404 540 "-" "-" "-"
94.198.140.98 - - [21/Dec/2024:00:56:57 +0530] "GET /wp-login.php HTTP/1.1" 200 6010 "-" "Mozilla/5.0 (Windows NT 10.0; Win64; x64) AppleWebKit/537.36 (KHTML, like Gecko) Chrome/130.0.0.0 Safari/537.36" "-"
66.249.66.17 - - [21/Dec/2024:00:56:57 +0530] "GET / HTTP/1.1" 301 231 "-" "Mozilla/5.0 (compatible; Googlebot/2.1; +http://www.google.com/bot.html)" "-"
172.172.130.74 - - [21/Dec/2024:00:56:57 +0530] "GET /wp-includes/js/tinymce/skins/lightgray/img/index.php?p= HTTP/1.1" 404 540 "-" "-" "-"
152.58.92.4 - - [21/Dec/2024:00:56:57 +0530] "GET /client-testimonials/introducing-this-amazing-city/ HTTP/1.1" 200 7077182 "https://greatindianvoyage.com/client-testimonials/introducing-this-amazing-city" "Mozilla/5.0 (X11; Linux x86_64) AppleWebKit/537.36 (KHTML, like Gecko) Chrome/114.0.0.0 Safari/537.36 Vivaldi/5.3.2679.68" "-"
172.172.130.74 - - [21/Dec/2024:00:56:57 +0530] "GET /wp-includes/customize/themes.php HTTP/1.1" 404 517 "-" "-" "-"
104.168.138.86 - - [21/Dec/2024:00:56:57 +0530] "POST /contact-us.php HTTP/1.1" 200 34978 "https://www.ssengineeringwork.in/contact-us.php" "Mozilla/5.0 (Windows NT 10.0) AppleWebKit/537.36 (KHTML, like Gecko) Chrome/114.0.0.0 Safari/537.36" "-"
172.172.130.74 - - [21/Dec/2024:00:56:58 +0530] "GET /.well-known/acme-challenge/fond.php HTTP/1.1" 404 520 "-" "-" "-"
172.172.130.74 - - [21/Dec/2024:00:56:58 +0530] "GET /ALFA_DATA/alfacgiapi/function.php HTTP/1.1" 404 518 "-" "-" "-"
172.172.130.74 - - [21/Dec/2024:00:56:58 +0530] "GET /wp-includes/customize/chosen.php HTTP/1.1" 404 517 "-" "-" "-"
172.172.130.74 - - [21/Dec/2024:00:56:58 +0530] "GET /wp-admin/images/file.php HTTP/1.1" 404 509 "-" "-" "-"
107.20.224.184 - - [21/Dec/2024:00:56:58 +0530] "GET /admin/dynamic_image/course/course1067.octet-stream.php?filesrc=//opt/alt/alt-nodejs20/root/usr/lib/node_modules/npm/node_modules/minipass-sized/node_modules/minipass/index.js&path=//opt/alt/alt-nodejs20/root/usr/lib/node_modules/npm/node_modules/minipass-sized/node_modules/minipass HTTP/1.1" 200 20775 "-" "Mozilla/5.0 AppleWebKit/537.36 (KHTML, like Gecko; compatible; Amazonbot/0.1; +https://developer.amazon.com/support/amazonbot) Chrome/119.0.6045.214 Safari/537.36" "-"
172.172.130.74 - - [21/Dec/2024:00:56:58 +0530] "GET /wp-content/blogs.dir/about.php HTTP/1.1" 404 515 "-" "-" "-"
172.172.130.74 - - [21/Dec/2024:00:56:58 +0530] "GET /wp-admin/js/widgets/cloud.php HTTP/1.1" 404 514 "-" "-" "-"
94.102.51.98 - - [21/Dec/2024:00:56:58 +0530] "POST /wp-json/tdw/save_css HTTP/1.1" 200 5 "-" "curl/7.68.0" "-"
94.198.140.98 - - [21/Dec/2024:00:56:58 +0530] "POST /wp-login.php HTTP/1.1" 200 6475 "http://consulting.noahcreatives.com/wp-login.php" "Mozilla/5.0 (Windows NT 10.0; Win64; x64) AppleWebKit/537.36 (KHTML, like Gecko) Chrome/130.0.0.0 Safari/537.36" "-"
172.172.130.74 - - [21/Dec/2024:00:56:58 +0530] "GET /gel4y.php HTTP/1.1" 404 494 "-" "-" "-"
172.172.130.74 - - [21/Dec/2024:00:56:58 +0530] "GET /wp-content/upgrade/wp-login.php HTTP/1.1" 404 516 "-" "-" "-"
172.172.130.74 - - [21/Dec/2024:00:56:58 +0530] "GET /google.php HTTP/1.1" 404 495 "-" "-" "-"
172.172.130.74 - - [21/Dec/2024:00:56:58 +0530] "GET /main.php HTTP/1.1" 404 493 "-" "-" "-"
57.141.0.6 - - [21/Dec/2024:00:56:58 +0530] "GET /images/pgallery8.jpg HTTP/1.1" 200 155484 "-" "meta-externalagent/1.1 (+https://developers.facebook.com/docs/sharing/webmasters/crawler)" "-"
52.167.144.20 - - [21/Dec/2024:00:56:58 +0530] "GET /?p=320219524 HTTP/1.1" 200 463536 "-" "Mozilla/5.0 AppleWebKit/537.36 (KHTML, like Gecko; compatible; bingbot/2.0; +http://www.bing.com/bingbot.htm) Chrome/116.0.1938.76 Safari/537.36" "-"
172.172.130.74 - - [21/Dec/2024:00:56:59 +0530] "GET /cgi-bin/admin.php HTTP/1.1" 404 502 "-" "-" "-"
172.172.130.74 - - [21/Dec/2024:00:56:59 +0530] "GET /wp-includes/Requests/library/don.php HTTP/1.1" 404 521 "-" "-" "-"
172.172.130.74 - - [21/Dec/2024:00:56:59 +0530] "GET /wp-content/languages/about.php HTTP/1.1" 404 515 "-" "-" "-"
172.172.130.74 - - [21/Dec/2024:00:56:59 +0530] "GET /ebs.php7 HTTP/1.1" 404 493 "-" "-" "-"
172.172.130.74 - - [21/Dec/2024:00:56:59 +0530] "GET /post.php HTTP/1.1" 404 493 "-" "-" "-"
172.172.130.74 - - [21/Dec/2024:00:56:59 +0530] "GET /baja.php HTTP/1.1" 404 493 "-" "-" "-"
172.172.130.74 - - [21/Dec/2024:00:56:59 +0530] "GET /xt/smaxx.php HTTP/1.1" 404 497 "-" "-" "-"
52.187.74.192 - - [21/Dec/2024:00:56:59 +0530] "GET /wp-login.php?redirect_to=https%3A%2F%2Fyesyouarethewinner.com%2Fwp-admin%2Fnetwork%2Findex.php&reauth=1 HTTP/1.1" 200 6831 "-" "-" "-"
172.172.130.74 - - [21/Dec/2024:00:56:59 +0530] "GET /wp-admin/css/wp-login.php HTTP/1.1" 404 510 "-" "-" "-"
152.58.92.4 - - [21/Dec/2024:00:56:59 +0530] "GET /client-testimonials/introducing-this-amazing-city HTTP/1.1" 301 5 "https://greatindianvoyage.com/client-testimonials/introducing-this-amazing-city" "PHP/{5|6|7}.{3|2}.{1|2|3|4|5|6|7|8|9|0}{1|2|3|4|5|6|7|8|9|0}" "-"
172.172.130.74 - - [21/Dec/2024:00:56:59 +0530] "GET /filter.php HTTP/1.1" 404 495 "-" "-" "-"
172.172.130.74 - - [21/Dec/2024:00:56:59 +0530] "GET /chosen HTTP/1.1" 404 491 "-" "-" "-"
172.172.130.74 - - [21/Dec/2024:00:57:00 +0530] "GET /wp-content/plugins/core-plugin/include.php HTTP/1.1" 404 527 "-" "-" "-"
94.102.51.98 - - [21/Dec/2024:00:57:00 +0530] "POST /wp-json/tdw/save_css HTTP/1.1" 200 5 "-" "curl/7.68.0" "-"
172.172.130.74 - - [21/Dec/2024:00:57:00 +0530] "GET /wp-content/uploads/cache.php HTTP/1.1" 404 513 "-" "-" "-"
172.172.130.74 - - [21/Dec/2024:00:57:00 +0530] "GET /wp-includes/install.php HTTP/1.1" 404 508 "-" "-" "-"
172.172.130.74 - - [21/Dec/2024:00:57:00 +0530] "GET /upgrade.php HTTP/1.1" 404 496 "-" "-" "-"
172.172.130.74 - - [21/Dec/2024:00:57:00 +0530] "GET /wp-includes/Text/about.php HTTP/1.1" 404 511 "-" "-" "-"
154.205.156.155 - - [21/Dec/2024:00:57:00 +0530] "POST /saml/login HTTP/1.1" 404 315 "-" "Mozilla/5.0 (Windows NT 10.0; Win64; x64; rv:84.0) Gecko/20100101 Firefox/84.0" "-"
172.172.130.74 - - [21/Dec/2024:00:57:00 +0530] "GET /wp-content/plugins/seoo/wsoyanz1.php HTTP/1.1" 404 521 "-" "-" "-"
172.172.130.74 - - [21/Dec/2024:00:57:00 +0530] "GET /plugins.php HTTP/1.1" 404 496 "-" "-" "-"
172.172.130.74 - - [21/Dec/2024:00:57:00 +0530] "GET /wp-admin/shell20211028.php HTTP/1.1" 404 511 "-" "-" "-"
52.187.74.192 - - [21/Dec/2024:00:57:00 +0530] "GET /makeasmtp.php HTTP/1.1" 301 5 "-" "-" "-"
172.172.130.74 - - [21/Dec/2024:00:57:00 +0530] "GET /libraries/vendor/updates.php HTTP/1.1" 404 513 "-" "-" "-"
52.167.144.20 - - [21/Dec/2024:00:57:00 +0530] "GET /?p=171695424 HTTP/1.1" 200 479103 "-" "Mozilla/5.0 AppleWebKit/537.36 (KHTML, like Gecko; compatible; bingbot/2.0; +http://www.bing.com/bingbot.htm) Chrome/116.0.1938.76 Safari/537.36" "-"
172.172.130.74 - - [21/Dec/2024:00:57:00 +0530] "GET /wp-includes/fonts/wp-login.php HTTP/1.1" 404 515 "-" "-" "-"
172.172.130.74 - - [21/Dec/2024:00:57:01 +0530] "GET /wp-includes/blocks/block/moon.php HTTP/1.1" 404 518 "-" "-" "-"
172.172.130.74 - - [21/Dec/2024:00:57:01 +0530] "GET /img/cloud.php HTTP/1.1" 404 498 "-" "-" "-"
172.172.130.74 - - [21/Dec/2024:00:57:01 +0530] "GET /wp-includes/sodium_compat/src/Core/Curve25519/Ge/about.php HTTP/1.1" 404 543 "-" "-" "-"
52.167.144.20 - - [21/Dec/2024:00:57:01 +0530] "GET /?p=53546124 HTTP/1.1" 200 453937 "-" "Mozilla/5.0 AppleWebKit/537.36 (KHTML, like Gecko; compatible; bingbot/2.0; +http://www.bing.com/bingbot.htm) Chrome/116.0.1938.76 Safari/537.36" "-"
172.172.130.74 - - [21/Dec/2024:00:57:01 +0530] "GET /wp-2019.php HTTP/1.1" 404 496 "-" "-" "-"
172.172.130.74 - - [21/Dec/2024:00:57:01 +0530] "GET /wp-includes/sitemaps/about.php HTTP/1.1" 404 515 "-" "-" "-"
172.172.130.74 - - [21/Dec/2024:00:57:01 +0530] "GET /assets/images/tinyimg.php HTTP/1.1" 404 510 "-" "-" "-"
172.172.130.74 - - [21/Dec/2024:00:57:01 +0530] "GET /wp-includes/IXR/install.php HTTP/1.1" 404 512 "-" "-" "-"
200.137.2.254 - - [21/Dec/2024:00:57:01 +0530] "GET /wp-login.php HTTP/1.1" 200 6067 "-" "Mozilla/5.0 (Windows NT 10.0; Win64; x64) AppleWebKit/537.36 (KHTML, like Gecko) Chrome/130.0.0.0 Safari/537.36" "-"
172.172.130.74 - - [21/Dec/2024:00:57:01 +0530] "GET /wp-content/uploads/autoload_classmap.php HTTP/1.1" 404 525 "-" "-" "-"
172.172.130.74 - - [21/Dec/2024:00:57:01 +0530] "GET /wp-includes/js/tinymce/langs/atomlib.php HTTP/1.1" 404 525 "-" "-" "-"
52.187.74.192 - - [21/Dec/2024:00:57:01 +0530] "GET /makeasmtp.php HTTP/1.1" 404 5 "-" "-" "-"
172.172.130.74 - - [21/Dec/2024:00:57:01 +0530] "GET /wp-includes/blocks/sx.php HTTP/1.1" 404 510 "-" "-" "-"
172.172.130.74 - - [21/Dec/2024:00:57:01 +0530] "GET /wp-admin/images/xmrlpc.php HTTP/1.1" 404 511 "-" "-" "-"
172.172.130.74 - - [21/Dec/2024:00:57:02 +0530] "GET /test.php HTTP/1.1" 404 493 "-" "-" "-"
152.58.92.4 - - [21/Dec/2024:00:57:02 +0530] "GET /client-testimonials/introducing-this-amazing-city/ HTTP/1.1" 200 7388478 "https://greatindianvoyage.com/client-testimonials/introducing-this-amazing-city" "PHP/{5|6|7}.{3|2}.{1|2|3|4|5|6|7|8|9|0}{1|2|3|4|5|6|7|8|9|0}" "-"
172.172.130.74 - - [21/Dec/2024:00:57:02 +0530] "GET /wp-content/uploads/9_abc.phtml.jpg HTTP/1.1" 404 519 "-" "-" "-"
172.172.130.74 - - [21/Dec/2024:00:57:02 +0530] "GET /wp-admin/css/index.php HTTP/1.1" 404 507 "-" "-" "-"
200.137.2.254 - - [21/Dec/2024:00:57:02 +0530] "POST /wp-login.php HTTP/1.1" 200 6513 "http://consulting.noahcreatives.com/wp-login.php" "Mozilla/5.0 (Windows NT 10.0; Win64; x64) AppleWebKit/537.36 (KHTML, like Gecko) Chrome/130.0.0.0 Safari/537.36" "-"
172.172.130.74 - - [21/Dec/2024:00:57:02 +0530] "GET /wp-admin/images/xmrlpc.php?p= HTTP/1.1" 404 514 "-" "-" "-"
172.172.130.74 - - [21/Dec/2024:00:57:02 +0530] "GET /wp-includes/images/smaxx.php HTTP/1.1" 404 513 "-" "-" "-"
172.172.130.74 - - [21/Dec/2024:00:57:02 +0530] "GET /.well-known//.well-known/owlmailer.php HTTP/1.1" 404 523 "-" "-" "-"
54.86.59.155 - - [21/Dec/2024:00:57:02 +0530] "GET /admin/dynamic_image/course/course1067.octet-stream.php?filesrc=//opt/alt/alt-nodejs20/root/usr/lib/node_modules/npm/node_modules/minipass-sized/node_modules/minipass/LICENSE&path=//opt/alt/alt-nodejs20/root/usr/lib/node_modules/npm/node_modules/minipass-sized/node_modules/minipass HTTP/1.1" 200 3240 "-" "Mozilla/5.0 AppleWebKit/537.36 (KHTML, like Gecko; compatible; Amazonbot/0.1; +https://developer.amazon.com/support/amazonbot) Chrome/119.0.6045.214 Safari/537.36" "-"
172.172.130.74 - - [21/Dec/2024:00:57:02 +0530] "GET /include/Lurd.class.php HTTP/1.1" 404 507 "-" "-" "-"
172.172.130.74 - - [21/Dec/2024:00:57:02 +0530] "GET /wp-includes/certificates/wp-login.php HTTP/1.1" 404 522 "-" "-" "-"
172.172.130.74 - - [21/Dec/2024:00:57:02 +0530] "GET /wp-includes/sodium_compat/src/Core/Curve25519/Ge/info.php.suspected HTTP/1.1" 404 552 "-" "-" "-"
172.172.130.74 - - [21/Dec/2024:00:57:02 +0530] "GET /wp-content/themes/aahana/json.php HTTP/1.1" 404 518 "-" "-" "-"
172.172.130.74 - - [21/Dec/2024:00:57:03 +0530] "GET /wp-admin/dropdown.php HTTP/1.1" 404 506 "-" "-" "-"
172.172.130.74 - - [21/Dec/2024:00:57:03 +0530] "GET /ae.php HTTP/1.1" 404 491 "-" "-" "-"
66.249.74.68 - - [21/Dec/2024:00:57:03 +0530] "GET /?i=442870174 HTTP/1.1" 500 7309 "-" "Mozilla/5.0 (Linux; Android 6.0.1; Nexus 5X Build/MMB29P) AppleWebKit/537.36 (KHTML, like Gecko) Chrome/131.0.6778.85 Mobile Safari/537.36 (compatible; Googlebot/2.1; +http://www.google.com/bot.html)" "-"
172.172.130.74 - - [21/Dec/2024:00:57:03 +0530] "GET /wp-content/uploads/json.php HTTP/1.1" 404 512 "-" "-" "-"
172.172.130.74 - - [21/Dec/2024:00:57:03 +0530] "GET /aged.php HTTP/1.1" 404 493 "-" "-" "-"
172.172.130.74 - - [21/Dec/2024:00:57:03 +0530] "GET /wp-content/themes/twentyeleven/functions.php HTTP/1.1" 404 529 "-" "-" "-"
172.172.130.74 - - [21/Dec/2024:00:57:03 +0530] "GET /wp-includes/block-patterns/about.php HTTP/1.1" 404 521 "-" "-" "-"
172.172.130.74 - - [21/Dec/2024:00:57:03 +0530] "GET /alfanew2.php7 HTTP/1.1" 404 498 "-" "-" "-"
52.167.144.20 - - [21/Dec/2024:00:57:03 +0530] "GET /?p=115009624 HTTP/1.1" 200 451615 "-" "Mozilla/5.0 AppleWebKit/537.36 (KHTML, like Gecko; compatible; bingbot/2.0; +http://www.bing.com/bingbot.htm) Chrome/116.0.1938.76 Safari/537.36" "-"
89.168.119.206 - - [21/Dec/2024:00:57:03 +0530] "POST /xmlrpc.php HTTP/1.1" 200 413 "-" "Mozilla/5.0 (X11; Fedora; Linux x86_64; rv:89.0) Gecko/20100101 Firefox/89.0" "-"
172.172.130.74 - - [21/Dec/2024:00:57:03 +0530] "GET /wp-admin/css/colors/light/about.php HTTP/1.1" 404 520 "-" "-" "-"
172.172.130.74 - - [21/Dec/2024:00:57:03 +0530] "GET /worm3.PhP7 HTTP/1.1" 404 495 "-" "-" "-"
172.172.130.74 - - [21/Dec/2024:00:57:03 +0530] "GET /css/xmrlpc.php HTTP/1.1" 404 499 "-" "-" "-"
172.172.130.74 - - [21/Dec/2024:00:57:04 +0530] "GET /wp-includes/plugins.php HTTP/1.1" 404 508 "-" "-" "-"
172.172.130.74 - - [21/Dec/2024:00:57:04 +0530] "GET /lv.php HTTP/1.1" 404 491 "-" "-" "-"
172.172.130.74 - - [21/Dec/2024:00:57:04 +0530] "GET /wp-includes/pomo/fgertreyersd.php.suspected HTTP/1.1" 404 528 "-" "-" "-"
172.172.130.74 - - [21/Dec/2024:00:57:04 +0530] "GET /revision.php HTTP/1.1" 404 497 "-" "-" "-"
172.172.130.74 - - [21/Dec/2024:00:57:04 +0530] "GET /images/cloud.php HTTP/1.1" 404 501 "-" "-" "-"
172.172.130.74 - - [21/Dec/2024:00:57:04 +0530] "GET /.well-known/acme-challenge/classsmtps.php HTTP/1.1" 404 526 "-" "-" "-"
172.172.130.74 - - [21/Dec/2024:00:57:04 +0530] "GET /wp-includes/class-ftps.php HTTP/1.1" 404 511 "-" "-" "-"
172.172.130.74 - - [21/Dec/2024:00:57:04 +0530] "GET /woh.php HTTP/1.1" 404 492 "-" "-" "-"
172.172.130.74 - - [21/Dec/2024:00:57:04 +0530] "GET /style.php HTTP/1.1" 404 494 "-" "-" "-"
172.172.130.74 - - [21/Dec/2024:00:57:04 +0530] "GET /wp-pano.php HTTP/1.1" 404 496 "-" "-" "-"
152.58.92.4 - - [21/Dec/2024:00:57:05 +0530] "POST /xmlrpc.php HTTP/1.1" 200 382 "https://greatindianvoyage.com/client-testimonials/introducing-this-amazing-city/" "PHP/5.3.64" "-"
172.172.130.74 - - [21/Dec/2024:00:57:05 +0530] "GET /.well-known/wso112233.php HTTP/1.1" 404 510 "-" "-" "-"
172.172.130.74 - - [21/Dec/2024:00:57:05 +0530] "GET /.well-known/pki-validation/cloud.php HTTP/1.1" 404 521 "-" "-" "-"
172.172.130.74 - - [21/Dec/2024:00:57:05 +0530] "GET /class.api.php HTTP/1.1" 404 498 "-" "-" "-"
172.172.130.74 - - [21/Dec/2024:00:57:05 +0530] "GET /.well-known/pki-validation/content.php HTTP/1.1" 404 523 "-" "-" "-"
172.172.130.74 - - [21/Dec/2024:00:57:05 +0530] "GET /img/about.php HTTP/1.1" 404 498 "-" "-" "-"
172.172.130.74 - - [21/Dec/2024:00:57:05 +0530] "GET /wp-admin.php HTTP/1.1" 404 497 "-" "-" "-"
113.141.91.58 - - [21/Dec/2024:00:57:05 +0530] "GET / HTTP/1.1" 200 5245 "-" "Mozilla/5.0 (iPhone; CPU iPhone OS 13_2_3 like Mac OS X) AppleWebKit/605.1.15 (KHTML, like Gecko) Version/13.0.3 Mobile/15E148 Safari/604.1" "-"
152.58.92.4 - - [21/Dec/2024:00:57:05 +0530] "GET /client-testimonials/introducing-this-amazing-city HTTP/1.1" 301 5 "-" "PHP/5.3.64" "-"
172.172.130.74 - - [21/Dec/2024:00:57:05 +0530] "GET /wp-content/upgrade/pdf.php HTTP/1.1" 404 511 "-" "-" "-"
172.172.130.74 - - [21/Dec/2024:00:57:05 +0530] "GET /wp-content/plugins/css-ready/file.php HTTP/1.1" 404 522 "-" "-" "-"
172.172.130.74 - - [21/Dec/2024:00:57:05 +0530] "GET /checkbox.php HTTP/1.1" 404 497 "-" "-" "-"
172.172.130.74 - - [21/Dec/2024:00:57:05 +0530] "GET /wp-content/uploads/7.php HTTP/1.1" 404 509 "-" "-" "-"
172.172.130.74 - - [21/Dec/2024:00:57:06 +0530] "GET /webadmin.php HTTP/1.1" 404 497 "-" "-" "-"
172.172.130.74 - - [21/Dec/2024:00:57:06 +0530] "GET /jindex.php HTTP/1.1" 404 495 "-" "-" "-"
172.172.130.74 - - [21/Dec/2024:00:57:06 +0530] "GET /.well-known/pki-validation/classwithtostring.php HTTP/1.1" 404 533 "-" "-" "-"
172.172.130.74 - - [21/Dec/2024:00:57:06 +0530] "GET /wp-admin/css/colors/about.php HTTP/1.1" 404 514 "-" "-" "-"
34.226.89.140 - - [21/Dec/2024:00:57:06 +0530] "GET /admin/dynamic_image/course/course1067.octet-stream.php?path=//opt/alt/alt-nodejs20/root/usr/lib/node_modules/npm/node_modules/minipass-pipeline HTTP/1.1" 200 6154 "-" "Mozilla/5.0 AppleWebKit/537.36 (KHTML, like Gecko; compatible; Amazonbot/0.1; +https://developer.amazon.com/support/amazonbot) Chrome/119.0.6045.214 Safari/537.36" "-"
172.172.130.74 - - [21/Dec/2024:00:57:06 +0530] "GET /wp-content/themes/twentytwenty/functions.php HTTP/1.1" 404 529 "-" "-" "-"
172.172.130.74 - - [21/Dec/2024:00:57:06 +0530] "GET /wp-includes/ID3/about.php HTTP/1.1" 404 510 "-" "-" "-"
172.172.130.74 - - [21/Dec/2024:00:57:06 +0530] "GET /wp-admin/sx.php HTTP/1.1" 404 500 "-" "-" "-"
172.172.130.74 - - [21/Dec/2024:00:57:06 +0530] "GET /contact.php HTTP/1.1" 404 496 "-" "-" "-"
172.172.130.74 - - [21/Dec/2024:00:57:06 +0530] "GET /wp-content/plugins/fix/3.php HTTP/1.1" 404 513 "-" "-" "-"
172.172.130.74 - - [21/Dec/2024:00:57:06 +0530] "GET /wp-admin/css/colors/blue/blkcdojh.php HTTP/1.1" 404 522 "-" "-" "-"
52.167.144.137 - - [21/Dec/2024:00:57:07 +0530] "GET /?p=215872024 HTTP/1.1" 200 452933 "-" "Mozilla/5.0 AppleWebKit/537.36 (KHTML, like Gecko; compatible; bingbot/2.0; +http://www.bing.com/bingbot.htm) Chrome/116.0.1938.76 Safari/537.36" "-"
172.172.130.74 - - [21/Dec/2024:00:57:07 +0530] "GET /wp-admin/includes/xmrlpc.php HTTP/1.1" 404 513 "-" "-" "-"
66.249.66.17 - - [21/Dec/2024:00:57:07 +0530] "GET /index/ HTTP/1.1" 200 77823 "-" "Mozilla/5.0 (compatible; Googlebot/2.1; +http://www.google.com/bot.html)" "-"
172.172.130.74 - - [21/Dec/2024:00:57:07 +0530] "GET /wp-includes/admin.php HTTP/1.1" 404 506 "-" "-" "-"
172.172.130.74 - - [21/Dec/2024:00:57:07 +0530] "GET /wp-atom.php HTTP/1.1" 404 496 "-" "-" "-"
172.172.130.74 - - [21/Dec/2024:00:57:07 +0530] "GET /wp-includes/css.php HTTP/1.1" 404 504 "-" "-" "-"
185.191.171.11 - - [21/Dec/2024:00:57:07 +0530] "GET /demo.csbonlineclass.com/server.php/course-details?id=eyJpdiI6IkxhNDRVdDNEMk10bE9vbXJXRjZEbHc9PSIsInZhbHVlIjoiLzFJSHBTVXl3UG91QVNGLzUzTW13QT09IiwibWFjIjoiMjM1OGQ4ZWUxZmEwMTg1YTkwYTJhOTg2ZDk4YzYyN2YyYzU5MWJjYzVjMTk0MTkyNDkxOTFhOTRkYWU5NTc4OCIsInRhZyI6IiJ9&type=1 HTTP/1.1" 200 90954 "-" "Mozilla/5.0 (compatible; SemrushBot/7~bl; +http://www.semrush.com/bot.html)" "-"
172.172.130.74 - - [21/Dec/2024:00:57:07 +0530] "GET /admin-post.php HTTP/1.1" 404 499 "-" "-" "-"
172.172.130.74 - - [21/Dec/2024:00:57:07 +0530] "GET /.well-known/acme-challenge/sx.php HTTP/1.1" 404 518 "-" "-" "-"
172.172.130.74 - - [21/Dec/2024:00:57:07 +0530] "GET /assets/images/1p.php HTTP/1.1" 404 505 "-" "-" "-"
172.172.130.74 - - [21/Dec/2024:00:57:07 +0530] "GET /wp-content/plugins/core/include.php HTTP/1.1" 404 520 "-" "-" "-"
172.172.130.74 - - [21/Dec/2024:00:57:07 +0530] "GET /wp-includes/IXR/moon.php HTTP/1.1" 404 509 "-" "-" "-"
152.58.92.4 - - [21/Dec/2024:00:57:07 +0530] "GET /client-testimonials/introducing-this-amazing-city/ HTTP/1.1" 200 5750078 "https://greatindianvoyage.com/client-testimonials/introducing-this-amazing-city" "PHP/5.3.64" "-"
172.172.130.74 - - [21/Dec/2024:00:57:07 +0530] "GET /wp-includes/theme-compat/border.php HTTP/1.1" 404 520 "-" "-" "-"
199.45.154.155 - - [21/Dec/2024:00:57:07 +0530] "GET / HTTP/1.1" 301 5 "-" "-" "-"
172.172.130.74 - - [21/Dec/2024:00:57:08 +0530] "GET /ern1.PhP7 HTTP/1.1" 404 494 "-" "-" "-"
172.172.130.74 - - [21/Dec/2024:00:57:08 +0530] "GET /wp-admin/maint/edit.php HTTP/1.1" 404 508 "-" "-" "-"
172.172.130.74 - - [21/Dec/2024:00:57:08 +0530] "GET /wp-content/plugins/seoo/ulc2.php HTTP/1.1" 404 517 "-" "-" "-"
172.172.130.74 - - [21/Dec/2024:00:57:08 +0530] "GET /wp-admin/css/colors/admin.php HTTP/1.1" 404 514 "-" "-" "-"
172.172.130.74 - - [21/Dec/2024:00:57:08 +0530] "GET /defaul1.php HTTP/1.1" 404 496 "-" "-" "-"
185.106.130.251 - - [21/Dec/2024:00:57:08 +0530] "GET /wp-login.php HTTP/1.1" 200 6111 "-" "Mozilla/5.0 (Windows NT 10.0; Win64; x64) AppleWebKit/537.36 (KHTML, like Gecko) Chrome/130.0.0.0 Safari/537.36" "-"
172.172.130.74 - - [21/Dec/2024:00:57:08 +0530] "GET /cache-compat.php HTTP/1.1" 404 501 "-" "-" "-"
172.172.130.74 - - [21/Dec/2024:00:57:08 +0530] "GET /wp-content/plugins/background-image-cropper/ups.php HTTP/1.1" 404 536 "-" "-" "-"
121.229.156.62 - - [21/Dec/2024:00:57:08 +0530] "GET / HTTP/1.1" 302 211 "-" "Sogou web spider/4.0(+http://www.sogou.com/docs/help/webmasters.htm#07)" "-"
172.172.130.74 - - [21/Dec/2024:00:57:08 +0530] "GET /wp-cli.php HTTP/1.1" 404 495 "-" "-" "-"
185.23.73.44 - - [21/Dec/2024:00:57:08 +0530] "POST /xmlrpc.php HTTP/1.1" 500 5 "-" "Mozilla/5.0 (X11; Fedora; Linux x86_64; rv:89.0) Gecko/20100101 Firefox/89.0" "-"
172.172.130.74 - - [21/Dec/2024:00:57:08 +0530] "GET /indeex.php HTTP/1.1" 404 495 "-" "-" "-"
172.172.130.74 - - [21/Dec/2024:00:57:08 +0530] "GET /media-new.php HTTP/1.1" 404 498 "-" "-" "-"
172.172.130.74 - - [21/Dec/2024:00:57:09 +0530] "GET /1975.php HTTP/1.1" 404 493 "-" "-" "-"
172.172.130.74 - - [21/Dec/2024:00:57:09 +0530] "GET /include/bussubmit.php HTTP/1.1" 404 506 "-" "-" "-"
172.172.130.74 - - [21/Dec/2024:00:57:09 +0530] "GET /wp-admin/css/colors/sunrise/item.php HTTP/1.1" 404 521 "-" "-" "-"
172.172.130.74 - - [21/Dec/2024:00:57:09 +0530] "GET /wp-includes/repeater.php HTTP/1.1" 404 509 "-" "-" "-"
172.172.130.74 - - [21/Dec/2024:00:57:09 +0530] "GET /wp-content/themes/seotheme/db.php?u HTTP/1.1" 404 520 "-" "-" "-"
172.172.130.74 - - [21/Dec/2024:00:57:09 +0530] "GET /wp-content/uploads/wp-login.php.suspected HTTP/1.1" 404 526 "-" "-" "-"
172.172.130.74 - - [21/Dec/2024:00:57:09 +0530] "GET /.well-known/pki-validation/ckyocyyp.php HTTP/1.1" 404 524 "-" "-" "-"
172.172.130.74 - - [21/Dec/2024:00:57:09 +0530] "GET /jp.php HTTP/1.1" 404 491 "-" "-" "-"
66.249.66.87 - - [21/Dec/2024:00:57:09 +0530] "GET /majestic-details.php HTTP/1.1" 200 12855 "-" "Mozilla/5.0 (Linux; Android 6.0.1; Nexus 5X Build/MMB29P) AppleWebKit/537.36 (KHTML, like Gecko) Chrome/131.0.6778.85 Mobile Safari/537.36 (compatible; GoogleOther)" "-"
172.172.130.74 - - [21/Dec/2024:00:57:09 +0530] "GET /index1.php HTTP/1.1" 404 495 "-" "-" "-"
172.172.130.74 - - [21/Dec/2024:00:57:09 +0530] "GET /upfile.php HTTP/1.1" 404 495 "-" "-" "-"
172.172.130.74 - - [21/Dec/2024:00:57:10 +0530] "GET /worm0.PhP7 HTTP/1.1" 404 495 "-" "-" "-"
185.106.130.251 - - [21/Dec/2024:00:57:10 +0530] "POST /wp-login.php HTTP/1.1" 200 6488 "http://consulting.noahcreatives.com/wp-login.php" "Mozilla/5.0 (Windows NT 10.0; Win64; x64) AppleWebKit/537.36 (KHTML, like Gecko) Chrome/130.0.0.0 Safari/537.36" "-"
172.172.130.74 - - [21/Dec/2024:00:57:10 +0530] "GET /.well-known/pki-validation/autoload_classmap.php HTTP/1.1" 404 533 "-" "-" "-"
172.172.130.74 - - [21/Dec/2024:00:57:10 +0530] "GET /login HTTP/1.1" 404 490 "-" "-" "-"
121.229.156.62 - - [21/Dec/2024:00:57:10 +0530] "GET / HTTP/1.1" 301 5 "-" "Sogou web spider/4.0(+http://www.sogou.com/docs/help/webmasters.htm#07)" "-"
34.202.88.37 - - [21/Dec/2024:00:57:10 +0530] "GET /admin/dynamic_image/course/course1067.octet-stream.php?filesrc=//opt/alt/alt-nodejs20/root/usr/lib/node_modules/npm/node_modules/minipass-pipeline/package.json&path=//opt/alt/alt-nodejs20/root/usr/lib/node_modules/npm/node_modules/minipass-pipeline HTTP/1.1" 200 3113 "-" "Mozilla/5.0 AppleWebKit/537.36 (KHTML, like Gecko; compatible; Amazonbot/0.1; +https://developer.amazon.com/support/amazonbot) Chrome/119.0.6045.214 Safari/537.36" "-"
172.172.130.74 - - [21/Dec/2024:00:57:10 +0530] "GET /byp.php HTTP/1.1" 404 492 "-" "-" "-"
172.172.130.74 - - [21/Dec/2024:00:57:10 +0530] "GET /wp-includes/PHPMailer/upfile_(2).php HTTP/1.1" 404 521 "-" "-" "-"
172.172.130.74 - - [21/Dec/2024:00:57:10 +0530] "GET /wp-admin/includes/users.php HTTP/1.1" 404 512 "-" "-" "-"
172.172.130.74 - - [21/Dec/2024:00:57:10 +0530] "GET /wp-admin/css/admin.php HTTP/1.1" 404 507 "-" "-" "-"
172.172.130.74 - - [21/Dec/2024:00:57:10 +0530] "GET /.well-known/pki-validation/themes.php HTTP/1.1" 404 522 "-" "-" "-"
172.172.130.74 - - [21/Dec/2024:00:57:10 +0530] "GET /index.php.suspected HTTP/1.1" 404 504 "-" "-" "-"
172.172.130.74 - - [21/Dec/2024:00:57:10 +0530] "GET /images/server.php HTTP/1.1" 404 502 "-" "-" "-"
172.172.130.74 - - [21/Dec/2024:00:57:11 +0530] "GET /wp-includes/css/about.php HTTP/1.1" 404 510 "-" "-" "-"
185.191.171.19 - - [21/Dec/2024:00:57:11 +0530] "GET /demo.csbonlineclass.com/packagecoursedetails?id=eyJpdiI6IkV1dHpReXlkS1ZGQjlSVU50QmhnTVE9PSIsInZhbHVlIjoib0RIRE94aWtTQWhKZ0h0SkVMa1dxUT09IiwibWFjIjoiNTc3ZjkyN2E3MTcyYTI3MDQ1ZDcxMTdiNWZlMWM3NTc5ZTlkMWFiZWM3MmY5Yzk3ZDg4ODRiNmU3Yjg1N2ZjNiIsInRhZyI6IiJ9&packid=eyJpdiI6InJ4VFdiV2dwWGpBNzlWWWdVbC9MeFE9PSIsInZhbHVlIjoiZUVKcWt4Q3JYdzRQNTRObEJaWldNQT09IiwibWFjIjoiNmFjNjVlZTg2ZDdhZmQ3NmYxODhjZjcxM2M3Y2E1Y2UyYjM1MDRjOGI2NWIyNDc4YmQ0ZjIzNGQ1NmJlYWRjMiIsInRhZyI6IiJ9&type=1 HTTP/1.1" 200 52660 "-" "Mozilla/5.0 (compatible; SemrushBot/7~bl; +http://www.semrush.com/bot.html)" "-"
52.167.144.137 - - [21/Dec/2024:00:57:11 +0530] "GET /?p=280788124 HTTP/1.1" 200 451726 "-" "Mozilla/5.0 AppleWebKit/537.36 (KHTML, like Gecko; compatible; bingbot/2.0; +http://www.bing.com/bingbot.htm) Chrome/116.0.1938.76 Safari/537.36" "-"
172.172.130.74 - - [21/Dec/2024:00:57:11 +0530] "GET /.well-known/zxhfwqyt.php HTTP/1.1" 404 509 "-" "-" "-"
172.172.130.74 - - [21/Dec/2024:00:57:11 +0530] "GET /wsoyanz.php HTTP/1.1" 404 496 "-" "-" "-"
172.172.130.74 - - [21/Dec/2024:00:57:11 +0530] "GET /wp-includes/images/smilies/about.php HTTP/1.1" 404 521 "-" "-" "-"
172.172.130.74 - - [21/Dec/2024:00:57:11 +0530] "GET /wp-includes/certificates/about.php HTTP/1.1" 404 519 "-" "-" "-"
172.172.130.74 - - [21/Dec/2024:00:57:11 +0530] "GET /modules/mod_simplefileuploadv1.3/elements/udd.php HTTP/1.1" 404 534 "-" "-" "-"
66.85.140.106 - - [21/Dec/2024:00:57:11 +0530] "POST /xmlrpc.php HTTP/1.1" 200 413 "-" "Mozilla/5.0 (X11; Fedora; Linux x86_64; rv:89.0) Gecko/20100101 Firefox/89.0" "-"
172.172.130.74 - - [21/Dec/2024:00:57:11 +0530] "GET /wp-includes/wp-class.php HTTP/1.1" 404 509 "-" "-" "-"
66.249.66.72 - - [21/Dec/2024:00:57:11 +0530] "GET /use.fontawesome.com/releases/v5.0.8/css/all.css HTTP/1.1" 404 315 "-" "Mozilla/5.0 (Linux; Android 6.0.1; Nexus 5X Build/MMB29P) AppleWebKit/537.36 (KHTML, like Gecko) Chrome/131.0.6778.139 Mobile Safari/537.36 (compatible; Googlebot/2.1; +http://www.google.com/bot.html)" "-"
172.172.130.74 - - [21/Dec/2024:00:57:11 +0530] "GET /lib.php HTTP/1.1" 404 492 "-" "-" "-"
34.75.180.157 - - [21/Dec/2024:00:57:11 +0530] "GET /about-blue-ribbon HTTP/1.0" 200 43640 "-" "Mozilla/5.0/(X11; Linux x86_64) AppleWebKit/537.36 (KHTML, like Gecko) Chrome/125.0.0.0 Safari/537.36" "-"
34.75.180.157 - - [21/Dec/2024:00:57:11 +0530] "GET /best-nss-training-in-college HTTP/1.0" 200 31916 "-" "Mozilla/5.0/(X11; Linux x86_64) AppleWebKit/537.36 (KHTML, like Gecko) Chrome/125.0.0.0 Safari/537.36" "-"
172.172.130.74 - - [21/Dec/2024:00:57:11 +0530] "GET /wp-content/plugins/backup-backup/includes/1a895fa06f.php HTTP/1.1" 404 541 "-" "-" "-"
172.172.130.74 - - [21/Dec/2024:00:57:11 +0530] "GET /wp-content/plugins/instabuilder2/cache/plugins/moon.php HTTP/1.1" 404 540 "-" "-" "-"
172.172.130.74 - - [21/Dec/2024:00:57:11 +0530] "GET /wp-admin/css/colors/cloud.php HTTP/1.1" 404 514 "-" "-" "-"
172.172.130.74 - - [21/Dec/2024:00:57:12 +0530] "GET /wp-includes/js/crop/mart.php HTTP/1.1" 404 513 "-" "-" "-"
168.119.70.163 - - [21/Dec/2024:00:57:12 +0530] "POST /wp-cron.php?doing_wp_cron=1734722831.1415119171142578125000 HTTP/1.1" 499 0 "-" "WordPress/6.7.1; http://kvgit.in" "-"
172.172.130.74 - - [21/Dec/2024:00:57:12 +0530] "GET /mini.php HTTP/1.1" 404 493 "-" "-" "-"
172.172.130.74 - - [21/Dec/2024:00:57:12 +0530] "GET /wp-content/plugins/background-image-cropper/tmpls.php HTTP/1.1" 404 538 "-" "-" "-"
34.75.180.157 - - [21/Dec/2024:00:57:12 +0530] "GET /sri-aravindar-college-alumni HTTP/1.0" 200 31946 "-" "Mozilla/5.0/(X11; Linux x86_64) AppleWebKit/537.36 (KHTML, like Gecko) Chrome/125.0.0.0 Safari/537.36" "-"
66.249.66.86 - - [21/Dec/2024:00:57:12 +0530] "GET /use.fontawesome.com/releases/v5.0.8/css/all.css HTTP/1.1" 404 315 "-" "Mozilla/5.0 (Linux; Android 6.0.1; Nexus 5X Build/MMB29P) AppleWebKit/537.36 (KHTML, like Gecko) Chrome/131.0.6778.139 Mobile Safari/537.36 (compatible; Googlebot/2.1; +http://www.google.com/bot.html)" "-"
172.172.130.74 - - [21/Dec/2024:00:57:12 +0530] "GET /wp-content/plugins/wp-theme-editor/include.php HTTP/1.1" 404 531 "-" "-" "-"
67.222.149.58 - - [21/Dec/2024:00:57:12 +0530] "POST /xmlrpc.php HTTP/1.1" 200 413 "-" "Mozilla/5.0 (X11; Fedora; Linux x86_64; rv:89.0) Gecko/20100101 Firefox/89.0" "-"
121.229.156.62 - - [21/Dec/2024:00:57:12 +0530] "GET / HTTP/1.1" 200 235258 "-" "Sogou web spider/4.0(+http://www.sogou.com/docs/help/webmasters.htm#07)" "-"
94.102.51.98 - - [21/Dec/2024:00:57:13 +0530] "POST /wp-json/tdw/save_css HTTP/1.1" 200 5 "-" "curl/7.68.0" "-"
66.249.66.80 - - [21/Dec/2024:00:57:13 +0530] "GET / HTTP/1.1" 200 449624 "-" "Mozilla/5.0 (compatible; Googlebot/2.1; +http://www.google.com/bot.html)" "-"
66.249.66.19 - - [21/Dec/2024:00:57:13 +0530] "GET /cgi-sys/suspendedpage.cgi HTTP/1.1" 200 7639 "-" "Mozilla/5.0 (compatible; Googlebot/2.1; +http://www.google.com/bot.html)" "-"
199.45.154.155 - - [21/Dec/2024:00:57:13 +0530] "GET / HTTP/1.1" 200 37771 "-" "Mozilla/5.0 (compatible; CensysInspect/1.1; +https://about.censys.io/)" "-"
103.42.206.187 - - [21/Dec/2024:00:57:14 +0530] "GET /wp-login.php HTTP/1.1" 200 6081 "-" "Mozilla/5.0 (Windows NT 10.0; Win64; x64) AppleWebKit/537.36 (KHTML, like Gecko) Chrome/130.0.0.0 Safari/537.36" "-"
50.19.102.70 - - [21/Dec/2024:00:57:14 +0530] "GET /admin/dynamic_image/course/course1067.octet-stream.php?filesrc=//opt/alt/alt-nodejs20/root/usr/lib/node_modules/npm/node_modules/minipass-pipeline/index.js&path=//opt/alt/alt-nodejs20/root/usr/lib/node_modules/npm/node_modules/minipass-pipeline HTTP/1.1" 200 5964 "-" "Mozilla/5.0 AppleWebKit/537.36 (KHTML, like Gecko; compatible; Amazonbot/0.1; +https://developer.amazon.com/support/amazonbot) Chrome/119.0.6045.214 Safari/537.36" "-"
66.249.66.6 - - [21/Dec/2024:00:57:14 +0530] "GET / HTTP/1.1" 200 2400 "-" "Mozilla/5.0 (Linux; Android 6.0.1; Nexus 5X Build/MMB29P) AppleWebKit/537.36 (KHTML, like Gecko) Chrome/99.0.4844.84 Mobile Safari/537.36 (compatible; Googlebot/2.1; +http://www.google.com/bot.html)" "-"
66.249.74.69 - - [21/Dec/2024:00:57:14 +0530] "GET /?i=155187374 HTTP/1.1" 500 7309 "-" "Mozilla/5.0 (Linux; Android 6.0.1; Nexus 5X Build/MMB29P) AppleWebKit/537.36 (KHTML, like Gecko) Chrome/131.0.6778.85 Mobile Safari/537.36 (compatible; Googlebot/2.1; +http://www.google.com/bot.html)" "-"
66.249.66.6 - - [21/Dec/2024:00:57:14 +0530] "GET / HTTP/1.1" 200 2400 "-" "Mozilla/5.0 (compatible; Googlebot/2.1; +http://www.google.com/bot.html)" "-"
103.42.206.187 - - [21/Dec/2024:00:57:14 +0530] "POST /wp-login.php HTTP/1.1" 200 6485 "http://consulting.noahcreatives.com/wp-login.php" "Mozilla/5.0 (Windows NT 10.0; Win64; x64) AppleWebKit/537.36 (KHTML, like Gecko) Chrome/130.0.0.0 Safari/537.36" "-"
157.55.39.202 - - [21/Dec/2024:00:57:15 +0530] "GET /?d=116839163 HTTP/1.1" 200 448916 "-" "Mozilla/5.0 AppleWebKit/537.36 (KHTML, like Gecko; compatible; bingbot/2.0; +http://www.bing.com/bingbot.htm) Chrome/116.0.1938.76 Safari/537.36" "-"
199.45.154.155 - - [21/Dec/2024:00:57:15 +0530] "GET /favicon.ico HTTP/1.1" 200 37771 "-" "Mozilla/5.0 (compatible; CensysInspect/1.1; +https://about.censys.io/)" "-"
66.249.74.68 - - [21/Dec/2024:00:57:16 +0530] "GET /?i=143361574 HTTP/1.1" 500 7309 "-" "Mozilla/5.0 (Linux; Android 6.0.1; Nexus 5X Build/MMB29P) AppleWebKit/537.36 (KHTML, like Gecko) Chrome/131.0.6778.85 Mobile Safari/537.36 (compatible; Googlebot/2.1; +http://www.google.com/bot.html)" "-"
94.102.51.98 - - [21/Dec/2024:00:57:16 +0530] "POST /wp-json/tdw/save_css HTTP/1.1" 200 5 "-" "curl/7.68.0" "-"
3.235.215.92 - - [21/Dec/2024:00:57:18 +0530] "GET /admin/dynamic_image/course/course1067.octet-stream.php?filesrc=//opt/alt/alt-nodejs20/root/usr/lib/node_modules/npm/node_modules/minipass-pipeline/LICENSE&path=//opt/alt/alt-nodejs20/root/usr/lib/node_modules/npm/node_modules/minipass-pipeline HTTP/1.1" 200 2946 "-" "Mozilla/5.0 AppleWebKit/537.36 (KHTML, like Gecko; compatible; Amazonbot/0.1; +https://developer.amazon.com/support/amazonbot) Chrome/119.0.6045.214 Safari/537.36" "-"
217.113.194.223 - - [21/Dec/2024:00:57:18 +0530] "GET /blog/change-your-place-and-get-the-fresh-air/?replytocom=3854 HTTP/1.1" 200 39527 "-" "Mozilla/5.0 (compatible; Barkrowler/0.9; +https://babbar.tech/crawler)" "-"
157.55.39.202 - - [21/Dec/2024:00:57:18 +0530] "GET /?d=452878763 HTTP/1.1" 200 448336 "-" "Mozilla/5.0 AppleWebKit/537.36 (KHTML, like Gecko; compatible; bingbot/2.0; +http://www.bing.com/bingbot.htm) Chrome/116.0.1938.76 Safari/537.36" "-"
66.249.66.6 - - [21/Dec/2024:00:57:20 +0530] "GET / HTTP/1.1" 302 238 "-" "Mozilla/5.0 (compatible; Googlebot/2.1; +http://www.google.com/bot.html)" "-"
127.0.0.1 - - [21/Dec/2024:00:57:21 +0530] "POST /wp-cron.php?doing_wp_cron=1734722840.6861829757690429687500 HTTP/1.1" 200 5 "-" "WordPress/6.7.1; https://www.targetfx.com" "168.119.70.163, 172.71.148.90"
185.191.171.1 - - [21/Dec/2024:00:57:21 +0530] "GET /demo.csbonlineclass.com/server.php/course-details?id=eyJpdiI6IkRGQi80bGdQZWdJR2xTb2FHTlNKVnc9PSIsInZhbHVlIjoiRGMvaHBYZzdnRGZhNnBoZzhOMW5oZz09IiwibWFjIjoiNDIxZmQ2MmEyZjY2MGFhOGMxZDA1NWE3ODdlZWUxZmY5YThiYzRjZTU2ODU0OTMxNjVjYmQ4M2MyYmJjNmZkOSIsInRhZyI6IiJ9&type=1 HTTP/1.1" 200 81287 "-" "Mozilla/5.0 (compatible; SemrushBot/7~bl; +http://www.semrush.com/bot.html)" "-"
198.235.24.29 - - [21/Dec/2024:00:57:21 +0530] "GET / HTTP/1.1" 301 162 "-" "-" "-"
127.0.0.1 - - [21/Dec/2024:00:57:21 +0530] "GET /pamm-trading-2/ HTTP/1.1" 200 127704 "-" "Mozilla/5.0 (compatible; Googlebot/2.1; +http://www.google.com/bot.html)" "66.249.76.202, 141.101.69.9"
116.118.104.42 - - [21/Dec/2024:00:57:21 +0530] "GET /wp-login.php HTTP/1.1" 200 6065 "-" "Mozilla/5.0 (Windows NT 10.0; Win64; x64) AppleWebKit/537.36 (KHTML, like Gecko) Chrome/130.0.0.0 Safari/537.36" "-"
94.102.51.98 - - [21/Dec/2024:00:57:22 +0530] "POST /wp-json/tdw/save_css HTTP/1.1" 200 5 "-" "curl/7.68.0" "-"
44.217.255.167 - - [21/Dec/2024:00:57:22 +0530] "GET /admin/dynamic_image/course/course1067.octet-stream.php?path=//opt/alt/alt-nodejs20/root/usr/lib/node_modules/npm/node_modules/minipass-pipeline/node_modules HTTP/1.1" 200 3392 "-" "Mozilla/5.0 AppleWebKit/537.36 (KHTML, like Gecko; compatible; Amazonbot/0.1; +https://developer.amazon.com/support/amazonbot) Chrome/119.0.6045.214 Safari/537.36" "-"
198.235.24.29 - - [21/Dec/2024:00:57:22 +0530] "GET / HTTP/1.1" 200 37771 "http://168.119.70.163:80/" "-" "-"
40.77.167.58 - - [21/Dec/2024:00:57:22 +0530] "GET /?d=291683063 HTTP/1.1" 200 452124 "-" "Mozilla/5.0 AppleWebKit/537.36 (KHTML, like Gecko; compatible; bingbot/2.0; +http://www.bing.com/bingbot.htm) Chrome/116.0.1938.76 Safari/537.36" "-"
66.249.66.1 - - [21/Dec/2024:00:57:23 +0530] "GET /wp-content/plugins/under-construction-page/themes/mad_designer/style.css?v=4.01 HTTP/1.1" 200 1600 "-" "Mozilla/5.0 AppleWebKit/537.36 (KHTML, like Gecko; compatible; Googlebot/2.1; +http://www.google.com/bot.html) Chrome/131.0.6778.139 Safari/537.36" "-"
66.249.66.23 - - [21/Dec/2024:00:57:24 +0530] "GET /wp-content/plugins/under-construction-page/themes/css/common.css?v=4.01 HTTP/1.1" 200 878 "-" "Mozilla/5.0 (Linux; Android 6.0.1; Nexus 5X Build/MMB29P) AppleWebKit/537.36 (KHTML, like Gecko) Chrome/131.0.6778.139 Mobile Safari/537.36 (compatible; Googlebot/2.1; +http://www.google.com/bot.html)" "-"
66.249.66.5 - - [21/Dec/2024:00:57:24 +0530] "GET /cgi-sys/suspendedpage.cgi HTTP/1.1" 200 7639 "-" "Mozilla/5.0 (compatible; Googlebot/2.1; +http://www.google.com/bot.html)" "-"
40.77.167.58 - - [21/Dec/2024:00:57:24 +0530] "GET /?d=130162263 HTTP/1.1" 200 454945 "-" "Mozilla/5.0 AppleWebKit/537.36 (KHTML, like Gecko; compatible; bingbot/2.0; +http://www.bing.com/bingbot.htm) Chrome/116.0.1938.76 Safari/537.36" "-"
66.249.66.1 - - [21/Dec/2024:00:57:25 +0530] "GET /wp-content/plugins/under-construction-page/themes/mad_designer/style.css?v=4.01 HTTP/1.1" 200 1600 "-" "Mozilla/5.0 (Linux; Android 6.0.1; Nexus 5X Build/MMB29P) AppleWebKit/537.36 (KHTML, like Gecko) Chrome/131.0.6778.139 Mobile Safari/537.36 (compatible; Googlebot/2.1; +http://www.google.com/bot.html)" "-"
66.249.66.23 - - [21/Dec/2024:00:57:25 +0530] "GET /wp-content/plugins/under-construction-page/themes/css/bootstrap.min.css?v=4.01 HTTP/1.1" 200 121200 "-" "Mozilla/5.0 AppleWebKit/537.36 (KHTML, like Gecko; compatible; Googlebot/2.1; +http://www.google.com/bot.html) Chrome/131.0.6778.139 Safari/537.36" "-"
52.5.242.243 - - [21/Dec/2024:00:57:26 +0530] "GET /admin/dynamic_image/course/course1067.octet-stream.php?path=//opt/alt/alt-nodejs20/root/usr/lib/node_modules/npm/node_modules/minipass-pipeline/node_modules/minipass HTTP/1.1" 200 5857 "-" "Mozilla/5.0 AppleWebKit/537.36 (KHTML, like Gecko; compatible; Amazonbot/0.1; +https://developer.amazon.com/support/amazonbot) Chrome/119.0.6045.214 Safari/537.36" "-"
66.249.66.1 - - [21/Dec/2024:00:57:26 +0530] "GET /wp-content/plugins/under-construction-page/themes/css/common.css?v=4.01 HTTP/1.1" 200 878 "-" "Mozilla/5.0 AppleWebKit/537.36 (KHTML, like Gecko; compatible; Googlebot/2.1; +http://www.google.com/bot.html) Chrome/131.0.6778.139 Safari/537.36" "-"
127.0.0.1 - - [21/Dec/2024:00:57:26 +0530] "GET / HTTP/1.0" 301 162 "-" "-" "-"
116.118.104.42 - - [21/Dec/2024:00:57:27 +0530] "POST /wp-login.php HTTP/1.1" 200 6515 "http://consulting.noahcreatives.com/wp-login.php" "Mozilla/5.0 (Windows NT 10.0; Win64; x64) AppleWebKit/537.36 (KHTML, like Gecko) Chrome/130.0.0.0 Safari/537.36" "-"
66.249.74.68 - - [21/Dec/2024:00:57:27 +0530] "GET /?i=249994874 HTTP/1.1" 500 7309 "-" "Mozilla/5.0 (Linux; Android 6.0.1; Nexus 5X Build/MMB29P) AppleWebKit/537.36 (KHTML, like Gecko) Chrome/131.0.6778.85 Mobile Safari/537.36 (compatible; Googlebot/2.1; +http://www.google.com/bot.html)" "-"
66.249.66.201 - - [21/Dec/2024:00:57:27 +0530] "GET /about.php HTTP/1.1" 500 673 "-" "Mozilla/5.0 (Linux; Android 6.0.1; Nexus 5X Build/MMB29P) AppleWebKit/537.36 (KHTML, like Gecko) Chrome/131.0.6778.85 Mobile Safari/537.36 (compatible; Googlebot/2.1; +http://www.google.com/bot.html)" "-"
66.249.66.17 - - [21/Dec/2024:00:57:28 +0530] "GET /product/caromin/?_wpnonce=0385d7b625 HTTP/1.1" 302 257 "-" "Mozilla/5.0 (Linux; Android 6.0.1; Nexus 5X Build/MMB29P) AppleWebKit/537.36 (KHTML, like Gecko) Chrome/131.0.6778.85 Mobile Safari/537.36 (compatible; Googlebot/2.1; +http://www.google.com/bot.html)" "-"
66.249.66.74 - - [21/Dec/2024:00:57:28 +0530] "GET / HTTP/1.1" 200 17676 "-" "Mozilla/5.0 (compatible; Googlebot/2.1; +http://www.google.com/bot.html)" "-"
168.119.70.163 - - [21/Dec/2024:00:57:28 +0530] "POST /wp-cron.php?doing_wp_cron=1734722848.0784730911254882812500 HTTP/1.1" 200 5 "-" "WordPress/6.7.1; https://unruledpaper.com" "-"
157.245.201.51 - - [21/Dec/2024:00:57:29 +0530] "POST /xmlrpc.php HTTP/1.1" 200 413 "-" "Mozilla/5.0 (X11; Fedora; Linux x86_64; rv:89.0) Gecko/20100101 Firefox/89.0" "-"
114.119.151.153 - - [21/Dec/2024:00:57:29 +0530] "GET /herbal_details?id=NDg%3D HTTP/1.1" 200 22009 "https://pias.org.in/herbal-plant" "Mozilla/5.0 (Linux; Android 7.0;) AppleWebKit/537.36 (KHTML, like Gecko) Mobile Safari/537.36 (compatible; PetalBot;+https://webmaster.petalsearch.com/site/petalbot)" "-"
66.249.66.76 - - [21/Dec/2024:00:57:29 +0530] "GET /mobile-app-for-to-inform-about-the-dangerous-chhat-ghats/?nonamp=1 HTTP/1.1" 200 88158 "-" "Mozilla/5.0 (Linux; Android 6.0.1; Nexus 5X Build/MMB29P) AppleWebKit/537.36 (KHTML, like Gecko) Chrome/131.0.6778.85 Mobile Safari/537.36 (compatible; Googlebot/2.1; +http://www.google.com/bot.html)" "-"
66.249.66.18 - - [21/Dec/2024:00:57:30 +0530] "GET /product-category/uncategorized/ HTTP/1.1" 200 105337 "-" "Mozilla/5.0 (Linux; Android 6.0.1; Nexus 5X Build/MMB29P) AppleWebKit/537.36 (KHTML, like Gecko) Chrome/131.0.6778.85 Mobile Safari/537.36 (compatible; Googlebot/2.1; +http://www.google.com/bot.html)" "-"
152.58.92.4 - - [21/Dec/2024:00:57:30 +0530] "GET /client-testimonials/introducing-this-amazing-city HTTP/1.1" 301 5 "-" "Mozilla/5.0 (X11; Fedora; Linux x86_64; rv:114.0) Gecko/20100101 Firefox/114.0" "-"
107.23.62.75 - - [21/Dec/2024:00:57:30 +0530] "GET /admin/dynamic_image/course/course1067.octet-stream.php?filesrc=//opt/alt/alt-nodejs20/root/usr/lib/node_modules/npm/node_modules/minipass-pipeline/node_modules/minipass/package.json&path=//opt/alt/alt-nodejs20/root/usr/lib/node_modules/npm/node_modules/minipass-pipeline/node_modules/minipass HTTP/1.1" 200 4349 "-" "Mozilla/5.0 AppleWebKit/537.36 (KHTML, like Gecko; compatible; Amazonbot/0.1; +https://developer.amazon.com/support/amazonbot) Chrome/119.0.6045.214 Safari/537.36" "-"
66.249.66.77 - - [21/Dec/2024:00:57:30 +0530] "GET /top-10-most-expensive-whiskey-in-the-the-world/3/ HTTP/1.1" 200 96748 "-" "Mozilla/5.0 (Linux; Android 6.0.1; Nexus 5X Build/MMB29P) AppleWebKit/537.36 (KHTML, like Gecko) Chrome/131.0.6778.85 Mobile Safari/537.36 (compatible; Googlebot/2.1; +http://www.google.com/bot.html)" "-"
66.249.66.76 - - [21/Dec/2024:00:57:31 +0530] "GET /top-10-most-expensive-whiskey-in-the-the-world/2/ HTTP/1.1" 200 96748 "-" "Mozilla/5.0 (Linux; Android 6.0.1; Nexus 5X Build/MMB29P) AppleWebKit/537.36 (KHTML, like Gecko) Chrome/131.0.6778.85 Mobile Safari/537.36 (compatible; Googlebot/2.1; +http://www.google.com/bot.html)" "-"
34.242.246.12 - - [21/Dec/2024:00:57:31 +0530] "GET /wp-login.php HTTP/1.1" 200 6078 "-" "Mozilla/5.0 (Windows NT 10.0; Win64; x64) AppleWebKit/537.36 (KHTML, like Gecko) Chrome/130.0.0.0 Safari/537.36" "-"
66.249.66.35 - - [21/Dec/2024:00:57:31 +0530] "GET /ads.txt HTTP/1.1" 404 315 "-" "Mozilla/5.0 (compatible; Googlebot/2.1; +http://www.google.com/bot.html)" "-"
168.119.70.168 - - [21/Dec/2024:00:57:32 +0530] "GET /register.php?language=dutch HTTP/1.1" 200 94074 "-" "Mozilla/5.0 (compatible; AhrefsBot/7.0; +http://ahrefs.com/robot/)" "54.36.148.217"
34.242.246.12 - - [21/Dec/2024:00:57:32 +0530] "POST /wp-login.php HTTP/1.1" 200 6531 "http://consulting.noahcreatives.com/wp-login.php" "Mozilla/5.0 (Windows NT 10.0; Win64; x64) AppleWebKit/537.36 (KHTML, like Gecko) Chrome/130.0.0.0 Safari/537.36" "-"
152.58.92.4 - - [21/Dec/2024:00:57:32 +0530] "GET /client-testimonials/introducing-this-amazing-city/ HTTP/1.1" 200 4652350 "https://greatindianvoyage.com/client-testimonials/introducing-this-amazing-city" "Mozilla/5.0 (X11; Fedora; Linux x86_64; rv:114.0) Gecko/20100101 Firefox/114.0" "-"
178.33.248.195 - - [21/Dec/2024:00:57:33 +0530] "GET /wp-login.php HTTP/1.1" 200 6066 "-" "Mozilla/5.0 (Windows NT 10.0; Win64; x64) AppleWebKit/537.36 (KHTML, like Gecko) Chrome/130.0.0.0 Safari/537.36" "-"
66.249.66.75 - - [21/Dec/2024:00:57:33 +0530] "GET /css/bootstrap.min.css HTTP/1.1" 200 121216 "-" "Mozilla/5.0 AppleWebKit/537.36 (KHTML, like Gecko; compatible; Googlebot/2.1; +http://www.google.com/bot.html) Chrome/131.0.6778.139 Safari/537.36" "-"
66.249.74.68 - - [21/Dec/2024:00:57:33 +0530] "GET /?i=488001174 HTTP/1.1" 500 7309 "-" "Mozilla/5.0 (compatible; Googlebot/2.1; +http://www.google.com/bot.html)" "-"
74.80.208.192 - - [21/Dec/2024:00:57:34 +0530] "GET /napcen/wp-content/uploads/2020/04/6.-Chemical-and-solvent-fume-extractor.jpg HTTP/1.1" 404 5210 "-" "Mozilla/5.0 (compatible; ImagesiftBot; +imagesift.com)" "-"
178.33.248.195 - - [21/Dec/2024:00:57:34 +0530] "POST /wp-login.php HTTP/1.1" 200 6507 "http://consulting.noahcreatives.com/wp-login.php" "Mozilla/5.0 (Windows NT 10.0; Win64; x64) AppleWebKit/537.36 (KHTML, like Gecko) Chrome/130.0.0.0 Safari/537.36" "-"
52.167.144.187 - - [21/Dec/2024:00:57:34 +0530] "GET /?p=128311924 HTTP/1.1" 200 459064 "-" "Mozilla/5.0 AppleWebKit/537.36 (KHTML, like Gecko; compatible; bingbot/2.0; +http://www.bing.com/bingbot.htm) Chrome/116.0.1938.76 Safari/537.36" "-"
66.249.66.74 - - [21/Dec/2024:00:57:34 +0530] "GET /css/style.css HTTP/1.1" 200 121612 "-" "Mozilla/5.0 AppleWebKit/537.36 (KHTML, like Gecko; compatible; Googlebot/2.1; +http://www.google.com/bot.html) Chrome/131.0.6778.139 Safari/537.36" "-"
34.195.248.30 - - [21/Dec/2024:00:57:34 +0530] "GET /admin/dynamic_image/course/course1067.octet-stream.php?filesrc=//opt/alt/alt-nodejs20/root/usr/lib/node_modules/npm/node_modules/minipass-pipeline/node_modules/minipass/index.js&path=//opt/alt/alt-nodejs20/root/usr/lib/node_modules/npm/node_modules/minipass-pipeline/node_modules/minipass HTTP/1.1" 200 20790 "-" "Mozilla/5.0 AppleWebKit/537.36 (KHTML, like Gecko; compatible; Amazonbot/0.1; +https://developer.amazon.com/support/amazonbot) Chrome/119.0.6045.214 Safari/537.36" "-"
66.249.66.77 - - [21/Dec/2024:00:57:35 +0530] "GET /mobile-app-for-to-inform-about-the-dangerous-chhat-ghats/?amp HTTP/1.1" 200 88150 "-" "Mozilla/5.0 (Linux; Android 6.0.1; Nexus 5X Build/MMB29P) AppleWebKit/537.36 (KHTML, like Gecko) Chrome/131.0.6778.85 Mobile Safari/537.36 (compatible; Googlebot/2.1; +http://www.google.com/bot.html)" "-"
157.55.39.202 - - [21/Dec/2024:00:57:35 +0530] "GET /?d=60074463 HTTP/1.1" 200 459147 "-" "Mozilla/5.0 AppleWebKit/537.36 (KHTML, like Gecko; compatible; bingbot/2.0; +http://www.bing.com/bingbot.htm) Chrome/116.0.1938.76 Safari/537.36" "-"
66.249.66.75 - - [21/Dec/2024:00:57:35 +0530] "GET /js/tweetie.js HTTP/1.1" 200 7426 "-" "Mozilla/5.0 AppleWebKit/537.36 (KHTML, like Gecko; compatible; Googlebot/2.1; +http://www.google.com/bot.html) Chrome/131.0.6778.139 Safari/537.36" "-"
66.249.66.74 - - [21/Dec/2024:00:57:36 +0530] "GET /js/timepicker.js HTTP/1.1" 200 142983 "-" "Mozilla/5.0 AppleWebKit/537.36 (KHTML, like Gecko; compatible; Googlebot/2.1; +http://www.google.com/bot.html) Chrome/131.0.6778.139 Safari/537.36" "-"
66.249.66.74 - - [21/Dec/2024:00:57:36 +0530] "GET /js/script.js HTTP/1.1" 200 31270 "-" "Mozilla/5.0 AppleWebKit/537.36 (KHTML, like Gecko; compatible; Googlebot/2.1; +http://www.google.com/bot.html) Chrome/131.0.6778.139 Safari/537.36" "-"
66.249.66.74 - - [21/Dec/2024:00:57:36 +0530] "GET /js/gallery.js HTTP/1.1" 200 80858 "-" "Mozilla/5.0 AppleWebKit/537.36 (KHTML, like Gecko; compatible; Googlebot/2.1; +http://www.google.com/bot.html) Chrome/131.0.6778.139 Safari/537.36" "-"
94.102.51.98 - - [21/Dec/2024:00:57:36 +0530] "POST /wp-json/tdw/save_css HTTP/1.1" 200 5 "-" "curl/7.68.0" "-"
66.249.66.75 - - [21/Dec/2024:00:57:37 +0530] "GET /js/jquery-1.12.4.js HTTP/1.1" 200 337281 "-" "Mozilla/5.0 AppleWebKit/537.36 (KHTML, like Gecko; compatible; Googlebot/2.1; +http://www.google.com/bot.html) Chrome/131.0.6778.139 Safari/537.36" "-"
66.249.66.197 - - [21/Dec/2024:00:57:37 +0530] "GET /26657271.phtml HTTP/1.1" 404 315 "-" "Mozilla/5.0 (Linux; Android 6.0.1; Nexus 5X Build/MMB29P) AppleWebKit/537.36 (KHTML, like Gecko) Chrome/131.0.6778.85 Mobile Safari/537.36 (compatible; Googlebot/2.1; +http://www.google.com/bot.html)" "-"
52.2.58.41 - - [21/Dec/2024:00:57:38 +0530] "GET /admin/dynamic_image/course/course1067.octet-stream.php?filesrc=//opt/alt/alt-nodejs20/root/usr/lib/node_modules/npm/node_modules/minipass-pipeline/node_modules/minipass/LICENSE&path=//opt/alt/alt-nodejs20/root/usr/lib/node_modules/npm/node_modules/minipass-pipeline/node_modules/minipass HTTP/1.1" 200 3255 "-" "Mozilla/5.0 AppleWebKit/537.36 (KHTML, like Gecko; compatible; Amazonbot/0.1; +https://developer.amazon.com/support/amazonbot) Chrome/119.0.6045.214 Safari/537.36" "-"
66.249.74.68 - - [21/Dec/2024:00:57:38 +0530] "GET /?i=97664974 HTTP/1.1" 500 7309 "-" "Mozilla/5.0 (Linux; Android 6.0.1; Nexus 5X Build/MMB29P) AppleWebKit/537.36 (KHTML, like Gecko) Chrome/131.0.6778.85 Mobile Safari/537.36 (compatible; Googlebot/2.1; +http://www.google.com/bot.html)" "-"
64.233.173.140 - - [21/Dec/2024:00:57:39 +0530] "GET /.well-known/traffic-advice HTTP/1.1" 404 315 "-" "Chrome Privacy Preserving Prefetch Proxy" "-"
193.186.4.185 - - [21/Dec/2024:00:57:40 +0530] "GET / HTTP/1.1" 200 17386 "https://www.google.com/" "Mozilla/5.0 (Linux; Android 10; K) AppleWebKit/537.36 (KHTML, like Gecko) Chrome/131.0.0.0 Mobile Safari/537.36" "-"
66.249.66.34 - - [21/Dec/2024:00:57:40 +0530] "GET / HTTP/1.1" 200 217516 "-" "Mozilla/5.0 (compatible; Googlebot/2.1; +http://www.google.com/bot.html)" "-"
