41.111.178.66 - - [21/Dec/2024:00:35:38 +0530] "POST /wp-login.php HTTP/1.1" 200 6637 "http://consulting.noahcreatives.com/wp-login.php" "Mozilla/5.0 (Windows NT 10.0; Win64; x64) AppleWebKit/537.36 (KHTML, like Gecko) Chrome/130.0.0.0 Safari/537.36" "-"
172.172.130.74 - - [21/Dec/2024:00:35:38 +0530] "GET /wp-admin/network/cloud.php HTTP/1.1" 404 315 "-" "-" "-"
172.172.130.74 - - [21/Dec/2024:00:35:38 +0530] "GET /images/about.php HTTP/1.1" 404 315 "-" "-" "-"
172.172.130.74 - - [21/Dec/2024:00:35:38 +0530] "GET /cgi-bin/wp-login.php HTTP/1.1" 404 315 "-" "-" "-"
52.3.156.186 - - [21/Dec/2024:00:35:38 +0530] "GET /admin/dynamic_image/course/course1067.octet-stream.php?filesrc=//opt/alt/alt-nodejs20/root/usr/lib/node_modules/npm/node_modules/postcss-selector-parser/dist/selectors/universal.js&path=//opt/alt/alt-nodejs20/root/usr/lib/node_modules/npm/node_modules/postcss-selector-parser/dist/selectors HTTP/1.1" 200 3588 "-" "Mozilla/5.0 AppleWebKit/537.36 (KHTML, like Gecko; compatible; Amazonbot/0.1; +https://developer.amazon.com/support/amazonbot) Chrome/119.0.6045.214 Safari/537.36" "-"
172.172.130.74 - - [21/Dec/2024:00:35:38 +0530] "GET /classwithtostring.php HTTP/1.1" 404 315 "-" "-" "-"
185.191.171.13 - - [21/Dec/2024:00:35:38 +0530] "GET /demo.csbonlineclass.com/server.php/course-details?id=eyJpdiI6InZ3Z3l6SnVBSDljMWF3UmFxOTZOQVE9PSIsInZhbHVlIjoiZCtiUEV6c01sYmJENUtCRTJhTUozUT09IiwibWFjIjoiZTc0MmRiNGE1NGQ3NDE1ZjBjN2M1ZTIyNzg2ODQwNzkwN2UyZWFhZDAwYTZlNGQ4MDhiMWJlOGE5M2Y4OTcxYiIsInRhZyI6IiJ9&packid=eyJpdiI6IngyMlVaRVZvQTBLOEtNdnZZUCt1ZGc9PSIsInZhbHVlIjoicm9TY3pKcHBucDh0UWNmaEhyVGdCdz09IiwibWFjIjoiZGYwNTY0ZDQyMjNiODdkMDAyNmQ4ODFlOTJkNTM5NmEyNmY3YTRkYmVkN2EyNWVmYzczOGYwYTI0MzFiNzNlYiIsInRhZyI6IiJ9&type=1 HTTP/1.1" 200 81403 "-" "Mozilla/5.0 (compatible; SemrushBot/7~bl; +http://www.semrush.com/bot.html)" "-"
172.172.130.74 - - [21/Dec/2024:00:35:38 +0530] "GET /packed.php HTTP/1.1" 404 315 "-" "-" "-"
172.172.130.74 - - [21/Dec/2024:00:35:38 +0530] "GET /admin.php HTTP/1.1" 404 315 "-" "-" "-"
54.36.149.65 - - [21/Dec/2024:00:35:39 +0530] "GET /category/ghana-dating-mobile-site-2/ HTTP/1.1" 302 238 "-" "Mozilla/5.0 (compatible; AhrefsBot/7.0; +http://ahrefs.com/robot/)" "-"
172.172.130.74 - - [21/Dec/2024:00:35:39 +0530] "GET /buy.php HTTP/1.1" 404 315 "-" "-" "-"
13.76.137.182 - - [21/Dec/2024:00:35:39 +0530] "GET /wp-admin/user/cloud.php HTTP/1.1" 301 5 "-" "-" "-"
172.172.130.74 - - [21/Dec/2024:00:35:39 +0530] "GET /wso.php HTTP/1.1" 404 315 "-" "-" "-"
172.172.130.74 - - [21/Dec/2024:00:35:39 +0530] "GET /admin/function.php HTTP/1.1" 404 315 "-" "-" "-"
172.172.130.74 - - [21/Dec/2024:00:35:39 +0530] "GET /index/function.php HTTP/1.1" 404 315 "-" "-" "-"
172.172.130.74 - - [21/Dec/2024:00:35:39 +0530] "GET /wp-admin/images/cloud.php HTTP/1.1" 404 315 "-" "-" "-"
40.84.221.232 - - [21/Dec/2024:00:35:39 +0530] "GET /about HTTP/1.1" 200 51368 "-" "Mozilla/5.0 AppleWebKit/537.36 (KHTML, like Gecko); compatible" "-"
172.172.130.74 - - [21/Dec/2024:00:35:39 +0530] "GET /0x.php HTTP/1.1" 404 315 "-" "-" "-"
172.172.130.74 - - [21/Dec/2024:00:35:39 +0530] "GET /wp-admin/maint/index.php HTTP/1.1" 404 315 "-" "-" "-"
52.167.144.199 - - [21/Dec/2024:00:35:39 +0530] "GET /?p=60622524 HTTP/1.1" 200 459211 "-" "Mozilla/5.0 AppleWebKit/537.36 (KHTML, like Gecko; compatible; bingbot/2.0; +http://www.bing.com/bingbot.htm) Chrome/116.0.1938.76 Safari/537.36" "-"
13.76.137.182 - - [21/Dec/2024:00:35:39 +0530] "GET /wp-admin/user/cloud.php HTTP/1.1" 404 81910 "-" "-" "-"
172.172.130.74 - - [21/Dec/2024:00:35:39 +0530] "GET /moon.php HTTP/1.1" 404 315 "-" "-" "-"
172.172.130.74 - - [21/Dec/2024:00:35:39 +0530] "GET /ty.php HTTP/1.1" 404 315 "-" "-" "-"
172.172.130.74 - - [21/Dec/2024:00:35:40 +0530] "GET /randkeyword.php HTTP/1.1" 404 315 "-" "-" "-"
172.172.130.74 - - [21/Dec/2024:00:35:40 +0530] "GET /jp.php HTTP/1.1" 404 315 "-" "-" "-"
172.172.130.74 - - [21/Dec/2024:00:35:40 +0530] "GET /plugin.php HTTP/1.1" 404 315 "-" "-" "-"
172.172.130.74 - - [21/Dec/2024:00:35:40 +0530] "GET /fw.php HTTP/1.1" 404 315 "-" "-" "-"
172.172.130.74 - - [21/Dec/2024:00:35:40 +0530] "GET /2.php HTTP/1.1" 404 315 "-" "-" "-"
172.172.130.74 - - [21/Dec/2024:00:35:40 +0530] "GET /wp-content/plugins/index.php HTTP/1.1" 404 315 "-" "-" "-"
13.76.137.182 - - [21/Dec/2024:00:35:40 +0530] "GET /img/cloud.php HTTP/1.1" 301 5 "-" "-" "-"
172.172.130.74 - - [21/Dec/2024:00:35:40 +0530] "GET /x.php HTTP/1.1" 404 315 "-" "-" "-"
172.172.130.74 - - [21/Dec/2024:00:35:40 +0530] "GET /wp-includes/IXR/index.php HTTP/1.1" 404 315 "-" "-" "-"
40.84.221.229 - - [21/Dec/2024:00:35:40 +0530] "GET / HTTP/1.1" 200 51193 "-" "Mozilla/5.0 AppleWebKit/537.36 (KHTML, like Gecko); compatible; ChatGPT-User/1.0; +https://openai.com/bot" "-"
172.172.130.74 - - [21/Dec/2024:00:35:40 +0530] "GET /info.php HTTP/1.1" 404 315 "-" "-" "-"
80.85.246.74 - - [21/Dec/2024:00:35:40 +0530] "GET / HTTP/1.1" 200 1210 "-" "Mozilla/5.0 (Windows NT 10.0; Win64; x64) AppleWebKit/537.36 (KHTML, like Gecko) Chrome/120.0.0.0 Safari/537.36" "-"
172.172.130.74 - - [21/Dec/2024:00:35:40 +0530] "GET /wp-links.php HTTP/1.1" 404 315 "-" "-" "-"
172.172.130.74 - - [21/Dec/2024:00:35:41 +0530] "GET /wp-content/plugins/pwnd/as.php HTTP/1.1" 404 315 "-" "-" "-"
13.76.137.182 - - [21/Dec/2024:00:35:41 +0530] "GET /img/cloud.php HTTP/1.1" 404 81909 "-" "-" "-"
172.172.130.74 - - [21/Dec/2024:00:35:41 +0530] "GET /wp-admin.php HTTP/1.1" 404 315 "-" "-" "-"
172.172.130.74 - - [21/Dec/2024:00:35:41 +0530] "GET /wp-admin/radio.php HTTP/1.1" 404 315 "-" "-" "-"
172.172.130.74 - - [21/Dec/2024:00:35:41 +0530] "GET /wp-admin/product.php HTTP/1.1" 404 315 "-" "-" "-"
172.172.130.74 - - [21/Dec/2024:00:35:41 +0530] "GET /1.php HTTP/1.1" 404 315 "-" "-" "-"
172.172.130.74 - - [21/Dec/2024:00:35:41 +0530] "GET /wp-admin/css/colors/blue/index.php HTTP/1.1" 404 315 "-" "-" "-"
172.172.130.74 - - [21/Dec/2024:00:35:41 +0530] "GET /item.php HTTP/1.1" 404 315 "-" "-" "-"
172.172.130.74 - - [21/Dec/2024:00:35:41 +0530] "GET /wp-admin/css/colors/coffee/index.php HTTP/1.1" 404 315 "-" "-" "-"
172.172.130.74 - - [21/Dec/2024:00:35:41 +0530] "GET /license.php HTTP/1.1" 404 315 "-" "-" "-"
13.76.137.182 - - [21/Dec/2024:00:35:41 +0530] "GET /wp-admin/css/colors/coffee/cloud.php HTTP/1.1" 301 5 "-" "-" "-"
172.172.130.74 - - [21/Dec/2024:00:35:41 +0530] "GET /wp-includes/fonts/index.php HTTP/1.1" 404 315 "-" "-" "-"
172.172.130.74 - - [21/Dec/2024:00:35:42 +0530] "GET /menu.php HTTP/1.1" 404 315 "-" "-" "-"
52.167.144.199 - - [21/Dec/2024:00:35:42 +0530] "GET /?p=218753724 HTTP/1.1" 200 467524 "-" "Mozilla/5.0 AppleWebKit/537.36 (KHTML, like Gecko; compatible; bingbot/2.0; +http://www.bing.com/bingbot.htm) Chrome/116.0.1938.76 Safari/537.36" "-"
172.172.130.74 - - [21/Dec/2024:00:35:42 +0530] "GET /edit.php HTTP/1.1" 404 315 "-" "-" "-"
172.172.130.74 - - [21/Dec/2024:00:35:42 +0530] "GET /wp-admin/js/index.php HTTP/1.1" 404 315 "-" "-" "-"
172.172.130.74 - - [21/Dec/2024:00:35:42 +0530] "GET /.well-known/acme-challenge/atomlib.php HTTP/1.1" 404 315 "-" "-" "-"
13.76.137.182 - - [21/Dec/2024:00:35:42 +0530] "GET /wp-admin/css/colors/coffee/cloud.php HTTP/1.1" 404 81933 "-" "-" "-"
172.172.130.74 - - [21/Dec/2024:00:35:42 +0530] "GET /wp-admin/maint/about.php HTTP/1.1" 404 315 "-" "-" "-"
52.200.142.199 - - [21/Dec/2024:00:35:42 +0530] "GET /projects.html HTTP/1.1" 404 315 "-" "Mozilla/5.0 AppleWebKit/537.36 (KHTML, like Gecko; compatible; Amazonbot/0.1; +https://developer.amazon.com/support/amazonbot) Chrome/119.0.6045.214 Safari/537.36" "-"
172.172.130.74 - - [21/Dec/2024:00:35:42 +0530] "GET /config.php HTTP/1.1" 404 315 "-" "-" "-"
114.119.153.91 - - [21/Dec/2024:00:35:42 +0530] "GET /dynamic_image/category/img-35.jpg HTTP/1.1" 200 178167 "http://www.pias.org.in/herbal_details?id=MTg%3D" "Mozilla/5.0 (Linux; Android 7.0;) AppleWebKit/537.36 (KHTML, like Gecko) Mobile Safari/537.36 (compatible; PetalBot;+https://webmaster.petalsearch.com/site/petalbot)" "10.179.80.202"
54.147.182.90 - - [21/Dec/2024:00:35:42 +0530] "GET /admin/dynamic_image/course/course1067.octet-stream.php?filesrc=//opt/alt/alt-nodejs20/root/usr/lib/node_modules/npm/node_modules/postcss-selector-parser/dist/selectors/types.js&path=//opt/alt/alt-nodejs20/root/usr/lib/node_modules/npm/node_modules/postcss-selector-parser/dist/selectors HTTP/1.1" 200 3439 "-" "Mozilla/5.0 AppleWebKit/537.36 (KHTML, like Gecko; compatible; Amazonbot/0.1; +https://developer.amazon.com/support/amazonbot) Chrome/119.0.6045.214 Safari/537.36" "-"
172.172.130.74 - - [21/Dec/2024:00:35:42 +0530] "GET /options.php HTTP/1.1" 404 315 "-" "-" "-"
54.156.124.2 - - [21/Dec/2024:00:35:42 +0530] "GET /images/portfolio/2024/29.jpg HTTP/1.1" 200 439796 "-" "Mozilla/5.0 AppleWebKit/537.36 (KHTML, like Gecko; compatible; Amazonbot/0.1; +https://developer.amazon.com/support/amazonbot) Chrome/119.0.6045.214 Safari/537.36" "-"
172.172.130.74 - - [21/Dec/2024:00:35:42 +0530] "GET /wp-content/themes/wp-pridmag/init.php HTTP/1.1" 404 315 "-" "-" "-"
172.172.130.74 - - [21/Dec/2024:00:35:42 +0530] "GET /wp-admin/user/about.php HTTP/1.1" 404 315 "-" "-" "-"
172.172.130.74 - - [21/Dec/2024:00:35:42 +0530] "GET /doc.php HTTP/1.1" 404 315 "-" "-" "-"
172.172.130.74 - - [21/Dec/2024:00:35:43 +0530] "GET /index.html HTTP/1.1" 200 37397 "-" "-" "-"
172.172.130.74 - - [21/Dec/2024:00:35:43 +0530] "GET /wp-content/languages/index.php HTTP/1.1" 404 315 "-" "-" "-"
13.76.137.182 - - [21/Dec/2024:00:35:43 +0530] "GET /wp-admin/images/cloud.php HTTP/1.1" 301 5 "-" "-" "-"
172.172.130.74 - - [21/Dec/2024:00:35:43 +0530] "GET /shell20211028.php HTTP/1.1" 404 315 "-" "-" "-"
94.102.51.98 - - [21/Dec/2024:00:35:43 +0530] "POST /wp-json/tdw/save_css HTTP/1.1" 301 252 "-" "curl/7.68.0" "-"
172.172.130.74 - - [21/Dec/2024:00:35:43 +0530] "GET /wp-content/themes/hello-element/footer.php HTTP/1.1" 404 315 "-" "-" "-"
172.172.130.74 - - [21/Dec/2024:00:35:43 +0530] "GET /tinyfilemanager.php HTTP/1.1" 404 315 "-" "-" "-"
172.172.130.74 - - [21/Dec/2024:00:35:43 +0530] "GET /wp-admin/css/colors/blue/atomlib.php HTTP/1.1" 404 315 "-" "-" "-"
118.159.110.97 - - [21/Dec/2024:00:35:43 +0530] "GET /wp-login.php HTTP/1.1" 200 6057 "-" "Mozilla/5.0 (Windows NT 10.0; Win64; x64) AppleWebKit/537.36 (KHTML, like Gecko) Chrome/130.0.0.0 Safari/537.36" "-"
172.172.130.74 - - [21/Dec/2024:00:35:43 +0530] "GET /wp.php HTTP/1.1" 404 315 "-" "-" "-"
13.76.137.182 - - [21/Dec/2024:00:35:43 +0530] "GET /wp-admin/images/cloud.php HTTP/1.1" 404 81917 "-" "-" "-"
172.172.130.74 - - [21/Dec/2024:00:35:43 +0530] "GET /.well-known/classwithtostring.php HTTP/1.1" 404 315 "-" "-" "-"
172.172.130.74 - - [21/Dec/2024:00:35:43 +0530] "GET /wp-includes/assets/index.php HTTP/1.1" 404 315 "-" "-" "-"
172.172.130.74 - - [21/Dec/2024:00:35:44 +0530] "GET /wp-blog-header.php HTTP/1.1" 404 315 "-" "-" "-"
172.172.130.74 - - [21/Dec/2024:00:35:44 +0530] "GET /lock.php HTTP/1.1" 404 315 "-" "-" "-"
172.172.130.74 - - [21/Dec/2024:00:35:44 +0530] "GET /wp-admin/404.php HTTP/1.1" 404 315 "-" "-" "-"
52.167.144.199 - - [21/Dec/2024:00:35:44 +0530] "GET /?p=260763724 HTTP/1.1" 200 454874 "-" "Mozilla/5.0 AppleWebKit/537.36 (KHTML, like Gecko; compatible; bingbot/2.0; +http://www.bing.com/bingbot.htm) Chrome/116.0.1938.76 Safari/537.36" "-"
57.141.0.18 - - [21/Dec/2024:00:35:44 +0530] "GET /wp-content/uploads/2018/11/IMG_0177-768x512.jpg HTTP/1.1" 200 75623 "-" "meta-externalagent/1.1 (+https://developers.facebook.com/docs/sharing/webmasters/crawler)" "-"
172.172.130.74 - - [21/Dec/2024:00:35:44 +0530] "GET /uploads/autoload_classmap.php HTTP/1.1" 404 315 "-" "-" "-"
172.172.130.74 - - [21/Dec/2024:00:35:44 +0530] "GET /wp-content/plugins/revslider/includes/external/page/index.php HTTP/1.1" 404 315 "-" "-" "-"
172.172.130.74 - - [21/Dec/2024:00:35:44 +0530] "GET /manager.php HTTP/1.1" 404 315 "-" "-" "-"
172.172.130.74 - - [21/Dec/2024:00:35:44 +0530] "GET /wp-login.php HTTP/1.1" 404 315 "-" "-" "-"
13.76.137.182 - - [21/Dec/2024:00:35:44 +0530] "GET /avaa.php HTTP/1.1" 301 5 "-" "-" "-"
172.172.130.74 - - [21/Dec/2024:00:35:44 +0530] "GET /wp-2019.php HTTP/1.1" 404 315 "-" "-" "-"
112.86.225.250 - - [21/Dec/2024:00:35:44 +0530] "GET / HTTP/1.1" 302 212 "-" "Sogou web spider/4.0(+http://www.sogou.com/docs/help/webmasters.htm#07)" "-"
172.172.130.74 - - [21/Dec/2024:00:35:44 +0530] "GET /alfa.php HTTP/1.1" 404 315 "-" "-" "-"
52.5.242.243 - - [21/Dec/2024:00:35:44 +0530] "GET /images/portfolio/2024/12.jpg HTTP/1.1" 200 375562 "-" "Mozilla/5.0 AppleWebKit/537.36 (KHTML, like Gecko; compatible; Amazonbot/0.1; +https://developer.amazon.com/support/amazonbot) Chrome/119.0.6045.214 Safari/537.36" "-"
172.172.130.74 - - [21/Dec/2024:00:35:44 +0530] "GET /wp-content/themes/twenty/twenty.php HTTP/1.1" 404 315 "-" "-" "-"
172.172.130.74 - - [21/Dec/2024:00:35:45 +0530] "GET /wp-includes/css/dist/preferences/wp-login.php HTTP/1.1" 404 315 "-" "-" "-"
172.172.130.74 - - [21/Dec/2024:00:35:45 +0530] "GET /abe.php HTTP/1.1" 404 315 "-" "-" "-"
13.76.137.182 - - [21/Dec/2024:00:35:45 +0530] "GET /avaa.php HTTP/1.1" 404 81933 "-" "-" "-"
172.172.130.74 - - [21/Dec/2024:00:35:45 +0530] "GET /13.php HTTP/1.1" 404 315 "-" "-" "-"
172.172.130.74 - - [21/Dec/2024:00:35:45 +0530] "GET /wp-includes/autoload_classmap.php HTTP/1.1" 404 315 "-" "-" "-"
172.172.130.74 - - [21/Dec/2024:00:35:45 +0530] "GET /wp-content/uploads/autoload_classmap.php HTTP/1.1" 404 315 "-" "-" "-"
172.172.130.74 - - [21/Dec/2024:00:35:45 +0530] "GET /sx.php HTTP/1.1" 404 315 "-" "-" "-"
172.172.130.74 - - [21/Dec/2024:00:35:45 +0530] "GET /wp-config-sample.php HTTP/1.1" 404 315 "-" "-" "-"
172.172.130.74 - - [21/Dec/2024:00:35:45 +0530] "GET /click.php HTTP/1.1" 404 315 "-" "-" "-"
85.208.96.202 - - [21/Dec/2024:00:35:45 +0530] "GET /demo.csbonlineclass.com/public/course-details?id=eyJpdiI6IlBJUFFJS2tkaGh5L1QzNjJaQVJUNUE9PSIsInZhbHVlIjoiWnBJQmZOSDZTNlNiRXp2NkFrNDByZz09IiwibWFjIjoiOWU0NDkyZjI5OGZjZTEyOWU0YTMzMTA3M2NjMjA0OTlhMjNlYzMxYTU0MDA1YWFhMGQ5ZjNiYWI2YzNkOWJlMiIsInRhZyI6IiJ9&type=1 HTTP/1.1" 200 90698 "-" "Mozilla/5.0 (compatible; SemrushBot/7~bl; +http://www.semrush.com/bot.html)" "-"
172.172.130.74 - - [21/Dec/2024:00:35:45 +0530] "GET /install.php HTTP/1.1" 404 315 "-" "-" "-"
172.172.130.74 - - [21/Dec/2024:00:35:46 +0530] "GET /wp-content/403.php HTTP/1.1" 404 315 "-" "-" "-"
13.76.137.182 - - [21/Dec/2024:00:35:46 +0530] "GET /images/cloud.php HTTP/1.1" 301 5 "-" "-" "-"
172.172.130.74 - - [21/Dec/2024:00:35:46 +0530] "GET /wp-admin/includes/cloud.php HTTP/1.1" 404 315 "-" "-" "-"
112.86.225.250 - - [21/Dec/2024:00:35:46 +0530] "GET / HTTP/1.1" 200 10793 "-" "Sogou web spider/4.0(+http://www.sogou.com/docs/help/webmasters.htm#07)" "-"
118.159.110.97 - - [21/Dec/2024:00:35:46 +0530] "POST /wp-login.php HTTP/1.1" 200 6497 "http://consulting.noahcreatives.com/wp-login.php" "Mozilla/5.0 (Windows NT 10.0; Win64; x64) AppleWebKit/537.36 (KHTML, like Gecko) Chrome/130.0.0.0 Safari/537.36" "-"
172.172.130.74 - - [21/Dec/2024:00:35:46 +0530] "GET /lv.php HTTP/1.1" 404 315 "-" "-" "-"
172.172.130.74 - - [21/Dec/2024:00:35:46 +0530] "GET /wp-files.php HTTP/1.1" 404 315 "-" "-" "-"
172.172.130.74 - - [21/Dec/2024:00:35:46 +0530] "GET /filemanager.php HTTP/1.1" 404 315 "-" "-" "-"
172.172.130.74 - - [21/Dec/2024:00:35:46 +0530] "GET /defaults.php HTTP/1.1" 404 315 "-" "-" "-"
52.167.144.199 - - [21/Dec/2024:00:35:46 +0530] "GET /?p=90913624 HTTP/1.1" 200 451618 "-" "Mozilla/5.0 AppleWebKit/537.36 (KHTML, like Gecko; compatible; bingbot/2.0; +http://www.bing.com/bingbot.htm) Chrome/116.0.1938.76 Safari/537.36" "-"
172.172.130.74 - - [21/Dec/2024:00:35:46 +0530] "GET /aks.php HTTP/1.1" 404 315 "-" "-" "-"
13.76.137.182 - - [21/Dec/2024:00:35:46 +0530] "GET /images/cloud.php HTTP/1.1" 404 81901 "-" "-" "-"
172.172.130.74 - - [21/Dec/2024:00:35:46 +0530] "GET /wp-content/uploads/index.php HTTP/1.1" 404 315 "-" "-" "-"
18.208.11.93 - - [21/Dec/2024:00:35:46 +0530] "GET /admin/dynamic_image/course/course1067.octet-stream.php?filesrc=//opt/alt/alt-nodejs20/root/usr/lib/node_modules/npm/node_modules/postcss-selector-parser/dist/selectors/tag.js&path=//opt/alt/alt-nodejs20/root/usr/lib/node_modules/npm/node_modules/postcss-selector-parser/dist/selectors HTTP/1.1" 200 3513 "-" "Mozilla/5.0 AppleWebKit/537.36 (KHTML, like Gecko; compatible; Amazonbot/0.1; +https://developer.amazon.com/support/amazonbot) Chrome/119.0.6045.214 Safari/537.36" "-"
172.172.130.74 - - [21/Dec/2024:00:35:46 +0530] "GET /admin HTTP/1.1" 404 315 "-" "-" "-"
172.172.130.74 - - [21/Dec/2024:00:35:46 +0530] "GET /fm.php HTTP/1.1" 404 315 "-" "-" "-"
172.172.130.74 - - [21/Dec/2024:00:35:47 +0530] "GET /goat1.php HTTP/1.1" 404 315 "-" "-" "-"
172.172.130.74 - - [21/Dec/2024:00:35:47 +0530] "GET /wp-admin/js/wp-login.php HTTP/1.1" 404 315 "-" "-" "-"
172.172.130.74 - - [21/Dec/2024:00:35:47 +0530] "GET /wp-content/plugins/dummyyummy/wp-signup.php HTTP/1.1" 404 315 "-" "-" "-"
172.172.130.74 - - [21/Dec/2024:00:35:47 +0530] "GET /inputs.php HTTP/1.1" 404 315 "-" "-" "-"
172.172.130.74 - - [21/Dec/2024:00:35:47 +0530] "GET /wp-content/admin.php HTTP/1.1" 404 315 "-" "-" "-"
13.76.137.182 - - [21/Dec/2024:00:35:47 +0530] "GET /wp-admin/js/widgets/cloud.php HTTP/1.1" 301 5 "-" "-" "-"
172.172.130.74 - - [21/Dec/2024:00:35:47 +0530] "GET /randkeyword.PhP8 HTTP/1.1" 404 315 "-" "-" "-"
172.172.130.74 - - [21/Dec/2024:00:35:47 +0530] "GET /wp-includes/SimplePie/index.php HTTP/1.1" 404 315 "-" "-" "-"
172.172.130.74 - - [21/Dec/2024:00:35:47 +0530] "GET /wp-includes/ID3/admin.php HTTP/1.1" 404 315 "-" "-" "-"
172.172.130.74 - - [21/Dec/2024:00:35:47 +0530] "GET /plugins.php HTTP/1.1" 404 315 "-" "-" "-"
194.233.83.64 - - [21/Dec/2024:00:35:47 +0530] "POST /xmlrpc.php HTTP/1.1" 200 413 "-" "Mozilla/5.0 (X11; Fedora; Linux x86_64; rv:89.0) Gecko/20100101 Firefox/89.0" "-"
172.172.130.74 - - [21/Dec/2024:00:35:47 +0530] "GET /f.php HTTP/1.1" 404 315 "-" "-" "-"
172.172.130.74 - - [21/Dec/2024:00:35:48 +0530] "GET /wp-includes/IXR/admin.php HTTP/1.1" 404 315 "-" "-" "-"
13.76.137.182 - - [21/Dec/2024:00:35:48 +0530] "GET /wp-admin/js/widgets/cloud.php HTTP/1.1" 404 81933 "-" "-" "-"
172.172.130.74 - - [21/Dec/2024:00:35:48 +0530] "GET /shell.php HTTP/1.1" 404 315 "-" "-" "-"
154.30.107.159 - - [21/Dec/2024:00:35:48 +0530] "GET /community/account/tammydumas80136/ HTTP/1.1" 404 315 "-" "Mozilla/5.0 (X11; Linux i686) AppleWebKit/537.36 (KHTML, like Gecko) Chrome/114.0.0.0 Safari/537.36 Vivaldi/5.3.2679.68" "-"
172.172.130.74 - - [21/Dec/2024:00:35:48 +0530] "GET /.well-known/pki-validation/cloud.php HTTP/1.1" 404 315 "-" "-" "-"
172.172.130.74 - - [21/Dec/2024:00:35:48 +0530] "GET /style.php HTTP/1.1" 404 315 "-" "-" "-"
172.172.130.74 - - [21/Dec/2024:00:35:48 +0530] "GET /css/cloud.php HTTP/1.1" 404 315 "-" "-" "-"
172.172.130.74 - - [21/Dec/2024:00:35:48 +0530] "GET /wp-admin/file.php HTTP/1.1" 404 315 "-" "-" "-"
172.172.130.74 - - [21/Dec/2024:00:35:48 +0530] "GET /atomlib.php HTTP/1.1" 404 315 "-" "-" "-"
172.172.130.74 - - [21/Dec/2024:00:35:48 +0530] "GET /wp-includes/rest-api/alfa-rex.php7 HTTP/1.1" 404 315 "-" "-" "-"
172.172.130.74 - - [21/Dec/2024:00:35:48 +0530] "GET /wp-admin/css/about.php HTTP/1.1" 404 315 "-" "-" "-"
52.167.144.199 - - [21/Dec/2024:00:35:48 +0530] "GET /?p=192961124 HTTP/1.1" 200 461004 "-" "Mozilla/5.0 AppleWebKit/537.36 (KHTML, like Gecko; compatible; bingbot/2.0; +http://www.bing.com/bingbot.htm) Chrome/116.0.1938.76 Safari/537.36" "-"
172.172.130.74 - - [21/Dec/2024:00:35:48 +0530] "GET /wp-admin/setup-config.php HTTP/1.1" 404 315 "-" "-" "-"
13.76.137.182 - - [21/Dec/2024:00:35:48 +0530] "GET /wp-includes/Requests/Text/admin.php HTTP/1.1" 301 5 "-" "-" "-"
173.252.107.12 - - [21/Dec/2024:00:35:48 +0530] "GET / HTTP/1.1" 200 976 "-" "facebookexternalhit/1.1 (+http://www.facebook.com/externalhit_uatext.php)" "-"
173.252.107.13 - - [21/Dec/2024:00:35:48 +0530] "GET / HTTP/1.1" 200 976 "-" "facebookexternalhit/1.1 (+http://www.facebook.com/externalhit_uatext.php)" "-"
172.172.130.74 - - [21/Dec/2024:00:35:49 +0530] "GET /wp-admin/css/colors/coffee/about.php HTTP/1.1" 404 315 "-" "-" "-"
45.64.25.34 - - [21/Dec/2024:00:35:49 +0530] "GET /wp-login.php HTTP/1.1" 200 6046 "-" "Mozilla/5.0 (Windows NT 10.0; Win64; x64) AppleWebKit/537.36 (KHTML, like Gecko) Chrome/130.0.0.0 Safari/537.36" "-"
173.252.107.9 - - [21/Dec/2024:00:35:49 +0530] "GET /meta.json HTTP/1.1" 404 315 "-" "facebookexternalhit/1.1 (+http://www.facebook.com/externalhit_uatext.php)" "-"
172.172.130.74 - - [21/Dec/2024:00:35:49 +0530] "GET /class.php HTTP/1.1" 404 315 "-" "-" "-"
172.172.130.74 - - [21/Dec/2024:00:35:49 +0530] "GET /wp-includes/SimplePie/network.php HTTP/1.1" 404 315 "-" "-" "-"
172.172.130.74 - - [21/Dec/2024:00:35:49 +0530] "GET /ws.php HTTP/1.1" 404 315 "-" "-" "-"
154.30.107.159 - - [21/Dec/2024:00:35:49 +0530] "GET / HTTP/1.1" 200 46570 "-" "Mozilla/5.0 (X11; Linux i686) AppleWebKit/537.36 (KHTML, like Gecko) Chrome/114.0.0.0 Safari/537.36 Vivaldi/5.3.2679.68" "-"
172.172.130.74 - - [21/Dec/2024:00:35:49 +0530] "GET /themes/zMousse/otuz1.php HTTP/1.1" 404 315 "-" "-" "-"
172.172.130.74 - - [21/Dec/2024:00:35:49 +0530] "GET /wp-includes/theme-compat/chosen.php HTTP/1.1" 404 315 "-" "-" "-"
13.76.137.182 - - [21/Dec/2024:00:35:49 +0530] "GET /wp-includes/Requests/Text/admin.php HTTP/1.1" 404 81902 "-" "-" "-"
44.208.223.68 - - [21/Dec/2024:00:35:49 +0530] "GET /images/portfolio/2024/11.jpg HTTP/1.1" 200 209758 "-" "Mozilla/5.0 AppleWebKit/537.36 (KHTML, like Gecko; compatible; Amazonbot/0.1; +https://developer.amazon.com/support/amazonbot) Chrome/119.0.6045.214 Safari/537.36" "-"
172.172.130.74 - - [21/Dec/2024:00:35:49 +0530] "GET /widgets.php HTTP/1.1" 404 315 "-" "-" "-"
127.0.0.1 - - [21/Dec/2024:00:35:49 +0530] "GET /wp-admin/setup-config.php HTTP/1.1" 404 315 "-" "Mozilla/5.0 (Windows NT 10.0; Win64; x64) AppleWebKit/537.36 (KHTML, like Gecko) Chrome/131.0.0.0 Safari/537.36" "2a06:98c0:3600::103, 172.71.127.17"
172.172.130.74 - - [21/Dec/2024:00:35:49 +0530] "GET /wp-includes/PHPMailer/admin.php HTTP/1.1" 404 315 "-" "-" "-"
168.119.70.163 - - [21/Dec/2024:00:35:49 +0530] "POST /wp-cron.php?doing_wp_cron=1734721548.7416129112243652343750 HTTP/1.1" 499 0 "-" "WordPress/6.7.1; https://euonusit.co.uk" "-"
172.172.130.74 - - [21/Dec/2024:00:35:49 +0530] "GET /network.php HTTP/1.1" 404 315 "-" "-" "-"
172.172.130.74 - - [21/Dec/2024:00:35:49 +0530] "GET /post.php HTTP/1.1" 404 315 "-" "-" "-"
20.246.193.190 - - [21/Dec/2024:00:35:50 +0530] "POST /xmlrpc.php HTTP/1.1" 200 413 "-" "Mozilla/5.0 (X11; U; Linux i686; en-US; rv:96.0) Gecko/20071914 Firefox/96.0" "-"
172.172.130.74 - - [21/Dec/2024:00:35:50 +0530] "GET /wp-content/themes/pridmag/admin.php HTTP/1.1" 404 315 "-" "-" "-"
45.64.25.34 - - [21/Dec/2024:00:35:50 +0530] "POST /wp-login.php HTTP/1.1" 200 6507 "http://consulting.noahcreatives.com/wp-login.php" "Mozilla/5.0 (Windows NT 10.0; Win64; x64) AppleWebKit/537.36 (KHTML, like Gecko) Chrome/130.0.0.0 Safari/537.36" "-"
172.172.130.74 - - [21/Dec/2024:00:35:50 +0530] "GET /wp-admin/js/autoload_classmap.php HTTP/1.1" 404 315 "-" "-" "-"
172.172.130.74 - - [21/Dec/2024:00:35:50 +0530] "GET /wp-includes/Text/Diff/Engine/wp-login.php HTTP/1.1" 404 315 "-" "-" "-"
172.172.130.74 - - [21/Dec/2024:00:35:50 +0530] "GET /wp-activate.php HTTP/1.1" 404 315 "-" "-" "-"
13.76.137.182 - - [21/Dec/2024:00:35:50 +0530] "GET /wp-admin/css/colors/cloud.php HTTP/1.1" 301 5 "-" "-" "-"
172.172.130.74 - - [21/Dec/2024:00:35:50 +0530] "GET /wp-admin/css/colors/blue/about.php HTTP/1.1" 404 315 "-" "-" "-"
35.171.117.160 - - [21/Dec/2024:00:35:50 +0530] "GET /admin/dynamic_image/course/course1067.octet-stream.php?filesrc=//opt/alt/alt-nodejs20/root/usr/lib/node_modules/npm/node_modules/postcss-selector-parser/dist/selectors/string.js&path=//opt/alt/alt-nodejs20/root/usr/lib/node_modules/npm/node_modules/postcss-selector-parser/dist/selectors HTTP/1.1" 200 3511 "-" "Mozilla/5.0 AppleWebKit/537.36 (KHTML, like Gecko; compatible; Amazonbot/0.1; +https://developer.amazon.com/support/amazonbot) Chrome/119.0.6045.214 Safari/537.36" "-"
172.172.130.74 - - [21/Dec/2024:00:35:50 +0530] "GET /wp-includes/certificates/about.php HTTP/1.1" 404 315 "-" "-" "-"
172.172.130.74 - - [21/Dec/2024:00:35:50 +0530] "GET /wp-content/themes/astra/inc/ki1k.php HTTP/1.1" 404 315 "-" "-" "-"
172.172.130.74 - - [21/Dec/2024:00:35:50 +0530] "GET /wp-includes/ID3/install.php HTTP/1.1" 404 315 "-" "-" "-"
172.172.130.74 - - [21/Dec/2024:00:35:50 +0530] "GET /default.php HTTP/1.1" 404 315 "-" "-" "-"
172.172.130.74 - - [21/Dec/2024:00:35:50 +0530] "GET /.well-known/cong.php HTTP/1.1" 404 315 "-" "-" "-"
13.76.137.182 - - [21/Dec/2024:00:35:50 +0530] "GET /wp-admin/css/colors/cloud.php HTTP/1.1" 404 81917 "-" "-" "-"
127.0.0.1 - - [21/Dec/2024:00:35:50 +0530] "POST /wp-cron.php?doing_wp_cron=1734721550.5178730487823486328125 HTTP/1.1" 200 5 "-" "WordPress/6.7.1; https://www.targetfx.com" "168.119.70.163, 172.69.151.133"
172.172.130.74 - - [21/Dec/2024:00:35:51 +0530] "GET /app.php HTTP/1.1" 404 315 "-" "-" "-"
127.0.0.1 - - [21/Dec/2024:00:35:51 +0530] "GET /category/trading/ HTTP/1.1" 200 75656 "-" "Mozilla/5.0 (Windows NT 10.0; Win64; x64) AppleWebKit/537.36 (KHTML, like Gecko) Chrome/131.0.0.0 Safari/537.36 Edg/131.0.0.0" "2405:201:601b:b8d7:851:32d9:5623:dee9, 162.158.108.160"
172.172.130.74 - - [21/Dec/2024:00:35:51 +0530] "GET /403.php HTTP/1.1" 404 315 "-" "-" "-"
172.172.130.74 - - [21/Dec/2024:00:35:51 +0530] "GET /cgi-bin/wp-2019.php HTTP/1.1" 404 315 "-" "-" "-"
52.167.144.199 - - [21/Dec/2024:00:35:51 +0530] "GET /?p=180023024 HTTP/1.1" 200 466463 "-" "Mozilla/5.0 AppleWebKit/537.36 (KHTML, like Gecko; compatible; bingbot/2.0; +http://www.bing.com/bingbot.htm) Chrome/116.0.1938.76 Safari/537.36" "-"
172.172.130.74 - - [21/Dec/2024:00:35:51 +0530] "GET /.well-known/content.php HTTP/1.1" 404 315 "-" "-" "-"
172.172.130.74 - - [21/Dec/2024:00:35:51 +0530] "GET /wp-admin/css/colors/blue/admin.php HTTP/1.1" 404 315 "-" "-" "-"
172.172.130.74 - - [21/Dec/2024:00:35:51 +0530] "GET /wp-includes/theme-compat/about.php HTTP/1.1" 404 315 "-" "-" "-"
185.191.171.13 - - [21/Dec/2024:00:35:51 +0530] "GET /demo.csbonlineclass.com/server.php/course-details?id=eyJpdiI6IldiUm5ybndvNVlmdUltcmNVOVAwQ0E9PSIsInZhbHVlIjoiTnNVSmdkWWljQVBrc2tEMzhGaTBTQT09IiwibWFjIjoiN2Y0YmIyZDUyMWNkZjgxNjlhZDE5MTNkOWViZDhhNTc5NjhkMjQ4YTQ5MGY1NWUzMDQxNDlkNmUyYWY5YmMwMSIsInRhZyI6IiJ9&packid=eyJpdiI6IkQybDVROW44aVQxbW8yMm45VlRkd0E9PSIsInZhbHVlIjoiaW8xdFFqaGRnYnd4M2NFMUN6d3I3UT09IiwibWFjIjoiZjczODAwNzVjNTUzMzc5MWRjMTg2NjdhZWU4OWQ1NzEzZTBiM2RkMjhjZGU5N2NmMThlYjJlYjM2YTNjMDYwMSIsInRhZyI6IiJ9&type=1 HTTP/1.1" 200 81455 "-" "Mozilla/5.0 (compatible; SemrushBot/7~bl; +http://www.semrush.com/bot.html)" "-"
172.172.130.74 - - [21/Dec/2024:00:35:51 +0530] "GET /wp-head.php HTTP/1.1" 404 315 "-" "-" "-"
172.172.130.74 - - [21/Dec/2024:00:35:51 +0530] "GET /crack_self_restore.php HTTP/1.1" 404 315 "-" "-" "-"
13.76.137.182 - - [21/Dec/2024:00:35:51 +0530] "GET /wp-admin/includes/cloud.php HTTP/1.1" 301 5 "-" "-" "-"
172.172.130.74 - - [21/Dec/2024:00:35:51 +0530] "GET /db.php HTTP/1.1" 404 315 "-" "-" "-"
172.172.130.74 - - [21/Dec/2024:00:35:51 +0530] "GET /ova-tools.php HTTP/1.1" 404 315 "-" "-" "-"
127.0.0.1 - - [21/Dec/2024:00:35:52 +0530] "GET /wp-content/uploads/2024/09/leverage-1-150x150.png HTTP/1.1" 200 13326 "-" "Mozilla/5.0 (Windows NT 10.0; Win64; x64) AppleWebKit/537.36 (KHTML, like Gecko) Chrome/131.0.0.0 Safari/537.36 Edg/131.0.0.0" "2405:201:601b:b8d7:851:32d9:5623:dee9, 172.71.250.96"
127.0.0.1 - - [21/Dec/2024:00:35:52 +0530] "GET /wp-content/uploads/2024/09/eurusd-150x150.png HTTP/1.1" 304 0 "-" "Mozilla/5.0 (Windows NT 10.0; Win64; x64) AppleWebKit/537.36 (KHTML, like Gecko) Chrome/131.0.0.0 Safari/537.36 Edg/131.0.0.0" "2405:201:601b:b8d7:851:32d9:5623:dee9, 172.71.144.119"
172.172.130.74 - - [21/Dec/2024:00:35:52 +0530] "GET /gecko.php HTTP/1.1" 404 315 "-" "-" "-"
172.172.130.74 - - [21/Dec/2024:00:35:52 +0530] "GET /public/admin.php HTTP/1.1" 404 315 "-" "-" "-"
47.128.61.135 - - [21/Dec/2024:00:35:52 +0530] "GET /product/cotton-tie-dye-cushion-cover-2 HTTP/1.1" 200 106690 "-" "Mozilla/5.0 (compatible; Bytespider; spider-feedback@bytedance.com) AppleWebKit/537.36 (KHTML, like Gecko) Chrome/70.0.0.0 Safari/537.36" "-"
172.172.130.74 - - [21/Dec/2024:00:35:52 +0530] "GET /wp-content/upgrade/about.php HTTP/1.1" 404 315 "-" "-" "-"
172.172.130.74 - - [21/Dec/2024:00:35:52 +0530] "GET /wp/abe.php HTTP/1.1" 404 315 "-" "-" "-"
94.102.51.98 - - [21/Dec/2024:00:35:52 +0530] "POST /wp-json/tdw/save_css HTTP/1.1" 401 109 "-" "curl/7.68.0" "-"
13.76.137.182 - - [21/Dec/2024:00:35:52 +0530] "GET /wp-admin/includes/cloud.php HTTP/1.1" 404 81894 "-" "-" "-"
172.172.130.74 - - [21/Dec/2024:00:35:52 +0530] "GET /wp-includes/options.php HTTP/1.1" 404 315 "-" "-" "-"
52.167.144.228 - - [21/Dec/2024:00:35:52 +0530] "GET /?p=133307424 HTTP/1.1" 200 456701 "-" "Mozilla/5.0 AppleWebKit/537.36 (KHTML, like Gecko; compatible; bingbot/2.0; +http://www.bing.com/bingbot.htm) Chrome/116.0.1938.76 Safari/537.36" "-"
172.172.130.74 - - [21/Dec/2024:00:35:52 +0530] "GET /gallery.php HTTP/1.1" 404 315 "-" "-" "-"
172.172.130.74 - - [21/Dec/2024:00:35:52 +0530] "GET /mini.php HTTP/1.1" 404 315 "-" "-" "-"
35.174.253.85 - - [21/Dec/2024:00:35:52 +0530] "GET /images/portfolio/2024/9.jpg HTTP/1.1" 200 77491 "-" "Mozilla/5.0 AppleWebKit/537.36 (KHTML, like Gecko; compatible; Amazonbot/0.1; +https://developer.amazon.com/support/amazonbot) Chrome/119.0.6045.214 Safari/537.36" "-"
194.67.67.172 - - [21/Dec/2024:00:35:52 +0530] "GET /wp-login.php HTTP/1.1" 200 6049 "-" "Mozilla/5.0 (Windows NT 10.0; Win64; x64) AppleWebKit/537.36 (KHTML, like Gecko) Chrome/130.0.0.0 Safari/537.36" "-"
172.172.130.74 - - [21/Dec/2024:00:35:52 +0530] "GET /classsmtps.php HTTP/1.1" 404 315 "-" "-" "-"
172.172.130.74 - - [21/Dec/2024:00:35:52 +0530] "GET /wp-includes/wp-load.php HTTP/1.1" 404 315 "-" "-" "-"
93.174.93.12 - - [21/Dec/2024:00:35:52 +0530] "GET / HTTP/1.0" 301 162 "-" "Mozilla/5.0 (Windows NT 10.0; WOW64) AppleWebKit/537.36 (KHTML, like Gecko) Chrome/70.0.3538.25 Safari/537.36 Core/1.70.3722.400 QQBrowser/10.5.3763.400" "-"
172.172.130.74 - - [21/Dec/2024:00:35:52 +0530] "GET /wp-content/themes/twentytwentytwo/index.php HTTP/1.1" 404 315 "-" "-" "-"
172.172.130.74 - - [21/Dec/2024:00:35:53 +0530] "GET /bypass.php HTTP/1.1" 404 315 "-" "-" "-"
172.172.130.74 - - [21/Dec/2024:00:35:53 +0530] "GET /.well-known/acme-challenge/mariju.php HTTP/1.1" 404 315 "-" "-" "-"
172.172.130.74 - - [21/Dec/2024:00:35:53 +0530] "GET /bs1.php HTTP/1.1" 404 315 "-" "-" "-"
13.76.137.182 - - [21/Dec/2024:00:35:53 +0530] "GET /wp-admin/css/colors/blue/cloud.php HTTP/1.1" 301 5 "-" "-" "-"
127.0.0.1 - - [21/Dec/2024:00:35:53 +0530] "POST /wp-admin/admin-ajax.php HTTP/1.1" 200 11 "-" "Mozilla/5.0 (Windows NT 10.0; Win64; x64) AppleWebKit/537.36 (KHTML, like Gecko) Chrome/131.0.0.0 Safari/537.36 Edg/131.0.0.0" "2405:201:601b:b8d7:851:32d9:5623:dee9, 162.158.108.160"
172.172.130.74 - - [21/Dec/2024:00:35:53 +0530] "GET /.well-known/acme-challenge/cloud.php HTTP/1.1" 404 315 "-" "-" "-"
172.172.130.74 - - [21/Dec/2024:00:35:53 +0530] "GET /wp-includes/Text/wp-login.php HTTP/1.1" 404 315 "-" "-" "-"
194.67.67.172 - - [21/Dec/2024:00:35:53 +0530] "POST /wp-login.php HTTP/1.1" 200 6508 "http://consulting.noahcreatives.com/wp-login.php" "Mozilla/5.0 (Windows NT 10.0; Win64; x64) AppleWebKit/537.36 (KHTML, like Gecko) Chrome/130.0.0.0 Safari/537.36" "-"
172.172.130.74 - - [21/Dec/2024:00:35:53 +0530] "GET /upgrade.php HTTP/1.1" 404 315 "-" "-" "-"
172.172.130.74 - - [21/Dec/2024:00:35:53 +0530] "GET /mail.php HTTP/1.1" 404 315 "-" "-" "-"
34.205.163.103 - - [21/Dec/2024:00:35:53 +0530] "GET /services-details.html HTTP/1.1" 404 315 "-" "Mozilla/5.0 AppleWebKit/537.36 (KHTML, like Gecko; compatible; Amazonbot/0.1; +https://developer.amazon.com/support/amazonbot) Chrome/119.0.6045.214 Safari/537.36" "-"
172.172.130.74 - - [21/Dec/2024:00:35:53 +0530] "GET /web.php HTTP/1.1" 404 315 "-" "-" "-"
13.76.137.182 - - [21/Dec/2024:00:35:53 +0530] "GET /wp-admin/css/colors/blue/cloud.php HTTP/1.1" 404 81894 "-" "-" "-"
172.172.130.74 - - [21/Dec/2024:00:35:53 +0530] "GET /content.php HTTP/1.1" 404 315 "-" "-" "-"
94.102.51.98 - - [21/Dec/2024:00:35:53 +0530] "POST /wp-json/tdw/save_css HTTP/1.1" 401 109 "-" "curl/7.68.0" "-"
172.172.130.74 - - [21/Dec/2024:00:35:53 +0530] "GET /wp-includes/item.php HTTP/1.1" 404 315 "-" "-" "-"
172.172.130.74 - - [21/Dec/2024:00:35:54 +0530] "GET /index1.php HTTP/1.1" 404 315 "-" "-" "-"
172.172.130.74 - - [21/Dec/2024:00:35:54 +0530] "GET /wp-includes/theme-compat/wp-login.php HTTP/1.1" 404 315 "-" "-" "-"
173.212.224.88 - - [21/Dec/2024:00:35:54 +0530] "GET /wp-login.php HTTP/1.1" 200 6067 "-" "Mozilla/5.0 (Windows NT 10.0; Win64; x64) AppleWebKit/537.36 (KHTML, like Gecko) Chrome/130.0.0.0 Safari/537.36" "-"
172.172.130.74 - - [21/Dec/2024:00:35:54 +0530] "GET /cc.php HTTP/1.1" 404 315 "-" "-" "-"
52.167.144.199 - - [21/Dec/2024:00:35:54 +0530] "GET /?p=258928724 HTTP/1.1" 200 451657 "-" "Mozilla/5.0 AppleWebKit/537.36 (KHTML, like Gecko; compatible; bingbot/2.0; +http://www.bing.com/bingbot.htm) Chrome/116.0.1938.76 Safari/537.36" "-"
172.172.130.74 - - [21/Dec/2024:00:35:54 +0530] "GET /wp-admin/admin.php HTTP/1.1" 404 315 "-" "-" "-"
172.172.130.74 - - [21/Dec/2024:00:35:54 +0530] "GET /wp-content/radio.php HTTP/1.1" 404 315 "-" "-" "-"
172.172.130.74 - - [21/Dec/2024:00:35:54 +0530] "GET /cgi-bin/about.php HTTP/1.1" 404 315 "-" "-" "-"
173.212.224.88 - - [21/Dec/2024:00:35:54 +0530] "POST /wp-login.php HTTP/1.1" 200 6465 "http://consulting.noahcreatives.com/wp-login.php" "Mozilla/5.0 (Windows NT 10.0; Win64; x64) AppleWebKit/537.36 (KHTML, like Gecko) Chrome/130.0.0.0 Safari/537.36" "-"
172.172.130.74 - - [21/Dec/2024:00:35:54 +0530] "GET /wp-admin/user/network.php HTTP/1.1" 404 315 "-" "-" "-"
13.76.137.182 - - [21/Dec/2024:00:35:54 +0530] "GET /wp-admin/cloud.php HTTP/1.1" 301 5 "-" "-" "-"
52.167.144.228 - - [21/Dec/2024:00:35:54 +0530] "GET /?p=122574724 HTTP/1.1" 200 459906 "-" "Mozilla/5.0 AppleWebKit/537.36 (KHTML, like Gecko; compatible; bingbot/2.0; +http://www.bing.com/bingbot.htm) Chrome/116.0.1938.76 Safari/537.36" "-"
172.172.130.74 - - [21/Dec/2024:00:35:54 +0530] "GET /tiny.php HTTP/1.1" 404 315 "-" "-" "-"
172.172.130.74 - - [21/Dec/2024:00:35:54 +0530] "GET /wp-cron.php HTTP/1.1" 404 315 "-" "-" "-"
172.172.130.74 - - [21/Dec/2024:00:35:54 +0530] "GET /sidwsi.php HTTP/1.1" 404 315 "-" "-" "-"
20.15.133.184 - - [21/Dec/2024:00:35:55 +0530] "GET /?p=112761124 HTTP/1.1" 200 456876 "-" "Mozilla/5.0 AppleWebKit/537.36 (KHTML, like Gecko; compatible; bingbot/2.0; +http://www.bing.com/bingbot.htm) Chrome/116.0.1938.76 Safari/537.36" "-"
172.172.130.74 - - [21/Dec/2024:00:35:55 +0530] "GET /wp-content/plugins/item.php HTTP/1.1" 404 315 "-" "-" "-"
172.172.130.74 - - [21/Dec/2024:00:35:55 +0530] "GET /cgi-bin/cgi-bin/about.php7 HTTP/1.1" 404 315 "-" "-" "-"
172.172.130.74 - - [21/Dec/2024:00:35:55 +0530] "GET /wp-content/themes/seotheme/admin.php HTTP/1.1" 404 315 "-" "-" "-"
13.76.137.182 - - [21/Dec/2024:00:35:55 +0530] "GET /wp-admin/cloud.php HTTP/1.1" 404 81886 "-" "-" "-"
107.20.255.194 - - [21/Dec/2024:00:35:55 +0530] "GET /admin/dynamic_image/course/course1067.octet-stream.php?filesrc=//opt/alt/alt-nodejs20/root/usr/lib/node_modules/npm/node_modules/postcss-selector-parser/dist/selectors/selector.js&path=//opt/alt/alt-nodejs20/root/usr/lib/node_modules/npm/node_modules/postcss-selector-parser/dist/selectors HTTP/1.1" 200 3548 "-" "Mozilla/5.0 AppleWebKit/537.36 (KHTML, like Gecko; compatible; Amazonbot/0.1; +https://developer.amazon.com/support/amazonbot) Chrome/119.0.6045.214 Safari/537.36" "-"
172.172.130.74 - - [21/Dec/2024:00:35:55 +0530] "GET /wp-load.php HTTP/1.1" 404 315 "-" "-" "-"
94.102.51.98 - - [21/Dec/2024:00:35:55 +0530] "POST /wp-json/tdw/save_css HTTP/1.1" 401 109 "-" "curl/7.68.0" "-"
172.172.130.74 - - [21/Dec/2024:00:35:55 +0530] "GET /htaccess.php HTTP/1.1" 404 315 "-" "-" "-"
172.172.130.74 - - [21/Dec/2024:00:35:55 +0530] "GET /wp-content/install.php HTTP/1.1" 404 315 "-" "-" "-"
172.172.130.74 - - [21/Dec/2024:00:35:55 +0530] "GET /wp-includes/block-patterns/themes.php HTTP/1.1" 404 315 "-" "-" "-"
172.172.130.74 - - [21/Dec/2024:00:35:55 +0530] "GET /wp-admin/images/file.php HTTP/1.1" 404 315 "-" "-" "-"
172.172.130.74 - - [21/Dec/2024:00:35:55 +0530] "GET /.well-known/pki-validation/classwithtostring.php HTTP/1.1" 404 315 "-" "-" "-"
172.172.130.74 - - [21/Dec/2024:00:35:55 +0530] "GET /wp-content/plugins/wp-help/index.php HTTP/1.1" 404 315 "-" "-" "-"
3.129.90.3 - - [21/Dec/2024:00:35:56 +0530] "HEAD /wordpress HTTP/1.1" 404 0 "-" "Mozilla/5.0 (Windows NT 10.0; Win64; x64) AppleWebKit/537.36 (KHTML, like Gecko) Chrome/74.0.3729.169 Safari/537.36" "-"
172.172.130.74 - - [21/Dec/2024:00:35:56 +0530] "GET /home.php HTTP/1.1" 404 315 "-" "-" "-"
13.76.137.182 - - [21/Dec/2024:00:35:56 +0530] "GET /updates.php HTTP/1.1" 301 5 "-" "-" "-"
172.172.130.74 - - [21/Dec/2024:00:35:56 +0530] "GET /.well-known/pki-validation/mariju.php HTTP/1.1" 404 315 "-" "-" "-"
3.129.90.3 - - [21/Dec/2024:00:35:56 +0530] "HEAD / HTTP/1.1" 200 0 "-" "Mozilla/5.0 (Windows NT 10.0; Win64; x64) AppleWebKit/537.36 (KHTML, like Gecko) Chrome/74.0.3729.169 Safari/537.36" "-"
172.172.130.74 - - [21/Dec/2024:00:35:56 +0530] "GET /vendor/composer/index.php HTTP/1.1" 404 315 "-" "-" "-"
52.167.144.199 - - [21/Dec/2024:00:35:56 +0530] "GET /?p=109444324 HTTP/1.1" 200 459091 "-" "Mozilla/5.0 AppleWebKit/537.36 (KHTML, like Gecko; compatible; bingbot/2.0; +http://www.bing.com/bingbot.htm) Chrome/116.0.1938.76 Safari/537.36" "-"
3.129.90.3 - - [21/Dec/2024:00:35:56 +0530] "HEAD /wp HTTP/1.1" 404 0 "-" "Mozilla/5.0 (Windows NT 10.0; Win64; x64) AppleWebKit/537.36 (KHTML, like Gecko) Chrome/74.0.3729.169 Safari/537.36" "-"
172.172.130.74 - - [21/Dec/2024:00:35:56 +0530] "GET /wp-admin/cong.php HTTP/1.1" 404 315 "-" "-" "-"
3.129.90.3 - - [21/Dec/2024:00:35:56 +0530] "HEAD /bc HTTP/1.1" 404 0 "-" "Mozilla/5.0 (Windows NT 10.0; Win64; x64) AppleWebKit/537.36 (KHTML, like Gecko) Chrome/74.0.3729.169 Safari/537.36" "-"
172.172.130.74 - - [21/Dec/2024:00:35:56 +0530] "GET /wp-content/wp-login.php HTTP/1.1" 404 315 "-" "-" "-"
172.172.130.74 - - [21/Dec/2024:00:35:56 +0530] "GET /wp-content/plugins/seoplugins/admin.php HTTP/1.1" 404 315 "-" "-" "-"
3.129.90.3 - - [21/Dec/2024:00:35:56 +0530] "HEAD /bk HTTP/1.1" 404 0 "-" "Mozilla/5.0 (Windows NT 10.0; Win64; x64) AppleWebKit/537.36 (KHTML, like Gecko) Chrome/74.0.3729.169 Safari/537.36" "-"
172.172.130.74 - - [21/Dec/2024:00:35:56 +0530] "GET /.well-known/acme-challenge/install.php HTTP/1.1" 404 315 "-" "-" "-"
3.129.90.3 - - [21/Dec/2024:00:35:56 +0530] "HEAD /backup HTTP/1.1" 404 0 "-" "Mozilla/5.0 (Windows NT 10.0; Win64; x64) AppleWebKit/537.36 (KHTML, like Gecko) Chrome/74.0.3729.169 Safari/537.36" "-"
13.76.137.182 - - [21/Dec/2024:00:35:56 +0530] "GET /updates.php HTTP/1.1" 404 81879 "-" "-" "-"
34.195.60.66 - - [21/Dec/2024:00:35:56 +0530] "GET /images/portfolio/2024/33.jpg HTTP/1.1" 200 84060 "-" "Mozilla/5.0 AppleWebKit/537.36 (KHTML, like Gecko; compatible; Amazonbot/0.1; +https://developer.amazon.com/support/amazonbot) Chrome/119.0.6045.214 Safari/537.36" "-"
172.172.130.74 - - [21/Dec/2024:00:35:56 +0530] "GET /css.php HTTP/1.1" 404 315 "-" "-" "-"
3.129.90.3 - - [21/Dec/2024:00:35:56 +0530] "HEAD /old HTTP/1.1" 404 0 "-" "Mozilla/5.0 (Windows NT 10.0; Win64; x64) AppleWebKit/537.36 (KHTML, like Gecko) Chrome/74.0.3729.169 Safari/537.36" "-"
172.172.130.74 - - [21/Dec/2024:00:35:56 +0530] "GET /wp-content/uploads/wp.php HTTP/1.1" 404 315 "-" "-" "-"
3.129.90.3 - - [21/Dec/2024:00:35:56 +0530] "HEAD /new HTTP/1.1" 404 0 "-" "Mozilla/5.0 (Windows NT 10.0; Win64; x64) AppleWebKit/537.36 (KHTML, like Gecko) Chrome/74.0.3729.169 Safari/537.36" "-"
172.172.130.74 - - [21/Dec/2024:00:35:56 +0530] "GET /img/cloud.php HTTP/1.1" 404 315 "-" "-" "-"
66.249.74.68 - - [21/Dec/2024:00:35:57 +0530] "GET /?i=173919474 HTTP/1.1" 500 7309 "-" "Mozilla/5.0 (Linux; Android 6.0.1; Nexus 5X Build/MMB29P) AppleWebKit/537.36 (KHTML, like Gecko) Chrome/131.0.6778.85 Mobile Safari/537.36 (compatible; Googlebot/2.1; +http://www.google.com/bot.html)" "-"
3.129.90.3 - - [21/Dec/2024:00:35:57 +0530] "HEAD /main HTTP/1.1" 404 0 "-" "Mozilla/5.0 (Windows NT 10.0; Win64; x64) AppleWebKit/537.36 (KHTML, like Gecko) Chrome/74.0.3729.169 Safari/537.36" "-"
172.172.130.74 - - [21/Dec/2024:00:35:57 +0530] "GET /cloud.php HTTP/1.1" 404 315 "-" "-" "-"
3.129.90.3 - - [21/Dec/2024:00:35:57 +0530] "HEAD /home HTTP/1.1" 404 0 "-" "Mozilla/5.0 (Windows NT 10.0; Win64; x64) AppleWebKit/537.36 (KHTML, like Gecko) Chrome/74.0.3729.169 Safari/537.36" "-"
172.172.130.74 - - [21/Dec/2024:00:35:57 +0530] "GET /wp-content/themes/twentytwentytwo/admin.php HTTP/1.1" 404 315 "-" "-" "-"
5.188.118.241 - - [21/Dec/2024:00:35:57 +0530] "GET /wp-login.php HTTP/1.1" 200 6066 "-" "Mozilla/5.0 (Windows NT 10.0; Win64; x64) AppleWebKit/537.36 (KHTML, like Gecko) Chrome/130.0.0.0 Safari/537.36" "-"
172.172.130.74 - - [21/Dec/2024:00:35:57 +0530] "GET /updates.php HTTP/1.1" 404 315 "-" "-" "-"
172.172.130.74 - - [21/Dec/2024:00:35:57 +0530] "GET /wp-content/plugins/wp-help/admin/wp-fclass.php HTTP/1.1" 404 315 "-" "-" "-"
172.172.130.74 - - [21/Dec/2024:00:35:57 +0530] "GET /wp-includes/ID3/themes.php HTTP/1.1" 404 315 "-" "-" "-"
13.76.137.182 - - [21/Dec/2024:00:35:57 +0530] "GET /libraries/legacy/updates.php HTTP/1.1" 301 5 "-" "-" "-"
172.172.130.74 - - [21/Dec/2024:00:35:57 +0530] "GET /bless.php HTTP/1.1" 404 315 "-" "-" "-"
172.172.130.74 - - [21/Dec/2024:00:35:57 +0530] "GET /index/admin.php HTTP/1.1" 404 315 "-" "-" "-"
5.188.118.241 - - [21/Dec/2024:00:35:57 +0530] "POST /wp-login.php HTTP/1.1" 200 6489 "http://consulting.noahcreatives.com/wp-login.php" "Mozilla/5.0 (Windows NT 10.0; Win64; x64) AppleWebKit/537.36 (KHTML, like Gecko) Chrome/130.0.0.0 Safari/537.36" "-"
52.167.144.228 - - [21/Dec/2024:00:35:57 +0530] "GET /?p=350766524 HTTP/1.1" 200 453999 "-" "Mozilla/5.0 AppleWebKit/537.36 (KHTML, like Gecko; compatible; bingbot/2.0; +http://www.bing.com/bingbot.htm) Chrome/116.0.1938.76 Safari/537.36" "-"
13.76.137.182 - - [21/Dec/2024:00:35:58 +0530] "GET /libraries/legacy/updates.php HTTP/1.1" 404 81909 "-" "-" "-"
217.113.194.222 - - [21/Dec/2024:00:35:58 +0530] "GET /blog/change-your-place-and-get-the-fresh-air/?replytocom=2882 HTTP/1.1" 200 39519 "-" "Mozilla/5.0 (compatible; Barkrowler/0.9; +https://babbar.tech/crawler)" "-"
52.203.237.170 - - [21/Dec/2024:00:35:58 +0530] "GET /admin/dynamic_image/course/course1067.octet-stream.php?filesrc=//opt/alt/alt-nodejs20/root/usr/lib/node_modules/npm/node_modules/postcss-selector-parser/dist/selectors/root.js&path=//opt/alt/alt-nodejs20/root/usr/lib/node_modules/npm/node_modules/postcss-selector-parser/dist/selectors HTTP/1.1" 200 4736 "-" "Mozilla/5.0 AppleWebKit/537.36 (KHTML, like Gecko; compatible; Amazonbot/0.1; +https://developer.amazon.com/support/amazonbot) Chrome/119.0.6045.214 Safari/537.36" "-"
154.30.107.159 - - [21/Dec/2024:00:35:58 +0530] "GET /jobs/erp-implementation-executive-1559.html HTTP/1.1" 404 315 "https://a2zyouthsolution.com" "Mozilla/5.0 (X11; Linux i686) AppleWebKit/537.36 (KHTML, like Gecko) Chrome/114.0.0.0 Safari/537.36 Vivaldi/5.3.2679.68" "-"
52.167.144.199 - - [21/Dec/2024:00:35:58 +0530] "GET /?p=206867724 HTTP/1.1" 200 452275 "-" "Mozilla/5.0 AppleWebKit/537.36 (KHTML, like Gecko; compatible; bingbot/2.0; +http://www.bing.com/bingbot.htm) Chrome/116.0.1938.76 Safari/537.36" "-"
13.76.137.182 - - [21/Dec/2024:00:35:58 +0530] "GET /libraries/phpmailer/updates.php HTTP/1.1" 301 5 "-" "-" "-"
66.249.74.68 - - [21/Dec/2024:00:35:58 +0530] "GET /?i=310744974 HTTP/1.1" 500 7309 "-" "Mozilla/5.0 (Linux; Android 6.0.1; Nexus 5X Build/MMB29P) AppleWebKit/537.36 (KHTML, like Gecko) Chrome/131.0.6778.85 Mobile Safari/537.36 (compatible; Googlebot/2.1; +http://www.google.com/bot.html)" "-"
54.37.11.28 - - [21/Dec/2024:00:35:59 +0530] "GET /wp-login.php HTTP/1.1" 200 6078 "-" "Mozilla/5.0 (Windows NT 10.0; Win64; x64) AppleWebKit/537.36 (KHTML, like Gecko) Chrome/130.0.0.0 Safari/537.36" "-"
154.30.107.159 - - [21/Dec/2024:00:35:59 +0530] "GET / HTTP/1.1" 200 46577 "https://a2zyouthsolution.com" "Mozilla/5.0 (X11; Linux i686) AppleWebKit/537.36 (KHTML, like Gecko) Chrome/114.0.0.0 Safari/537.36 Vivaldi/5.3.2679.68" "-"
13.76.137.182 - - [21/Dec/2024:00:35:59 +0530] "GET /libraries/phpmailer/updates.php HTTP/1.1" 404 81910 "-" "-" "-"
54.37.11.28 - - [21/Dec/2024:00:35:59 +0530] "POST /wp-login.php HTTP/1.1" 200 6514 "http://consulting.noahcreatives.com/wp-login.php" "Mozilla/5.0 (Windows NT 10.0; Win64; x64) AppleWebKit/537.36 (KHTML, like Gecko) Chrome/130.0.0.0 Safari/537.36" "-"
52.167.144.228 - - [21/Dec/2024:00:36:00 +0530] "GET /?p=43857224 HTTP/1.1" 200 465014 "-" "Mozilla/5.0 AppleWebKit/537.36 (KHTML, like Gecko; compatible; bingbot/2.0; +http://www.bing.com/bingbot.htm) Chrome/116.0.1938.76 Safari/537.36" "-"
52.167.144.228 - - [21/Dec/2024:00:36:00 +0530] "GET /?p=195453624 HTTP/1.1" 200 452440 "-" "Mozilla/5.0 AppleWebKit/537.36 (KHTML, like Gecko; compatible; bingbot/2.0; +http://www.bing.com/bingbot.htm) Chrome/116.0.1938.76 Safari/537.36" "-"
13.76.137.182 - - [21/Dec/2024:00:36:00 +0530] "GET /libraries/vendor/updates.php HTTP/1.1" 301 5 "-" "-" "-"
54.37.121.239 - - [21/Dec/2024:00:36:00 +0530] "GET /wp-login.php HTTP/1.1" 200 6090 "-" "Mozilla/5.0 (Windows NT 10.0; Win64; x64) AppleWebKit/537.36 (KHTML, like Gecko) Chrome/130.0.0.0 Safari/537.36" "-"
13.76.137.182 - - [21/Dec/2024:00:36:00 +0530] "GET /libraries/vendor/updates.php HTTP/1.1" 404 81933 "-" "-" "-"
54.37.121.239 - - [21/Dec/2024:00:36:01 +0530] "POST /wp-login.php HTTP/1.1" 200 6494 "http://consulting.noahcreatives.com/wp-login.php" "Mozilla/5.0 (Windows NT 10.0; Win64; x64) AppleWebKit/537.36 (KHTML, like Gecko) Chrome/130.0.0.0 Safari/537.36" "-"
52.167.144.199 - - [21/Dec/2024:00:36:01 +0530] "GET /?p=142390524 HTTP/1.1" 200 457729 "-" "Mozilla/5.0 AppleWebKit/537.36 (KHTML, like Gecko; compatible; bingbot/2.0; +http://www.bing.com/bingbot.htm) Chrome/116.0.1938.76 Safari/537.36" "-"
13.76.137.182 - - [21/Dec/2024:00:36:01 +0530] "GET /alfa-rex.php7 HTTP/1.1" 301 5 "-" "-" "-"
13.76.137.182 - - [21/Dec/2024:00:36:02 +0530] "GET /alfa-rex.php7 HTTP/1.1" 404 81925 "-" "-" "-"
52.205.113.104 - - [21/Dec/2024:00:36:02 +0530] "GET /images/portfolio/2024/31.jpg HTTP/1.1" 200 73593 "-" "Mozilla/5.0 AppleWebKit/537.36 (KHTML, like Gecko; compatible; Amazonbot/0.1; +https://developer.amazon.com/support/amazonbot) Chrome/119.0.6045.214 Safari/537.36" "-"
34.224.9.144 - - [21/Dec/2024:00:36:02 +0530] "GET /admin/dynamic_image/course/course1067.octet-stream.php?filesrc=//opt/alt/alt-nodejs20/root/usr/lib/node_modules/npm/node_modules/postcss-selector-parser/dist/selectors/pseudo.js&path=//opt/alt/alt-nodejs20/root/usr/lib/node_modules/npm/node_modules/postcss-selector-parser/dist/selectors HTTP/1.1" 200 3854 "-" "Mozilla/5.0 AppleWebKit/537.36 (KHTML, like Gecko; compatible; Amazonbot/0.1; +https://developer.amazon.com/support/amazonbot) Chrome/119.0.6045.214 Safari/537.36" "-"
52.167.144.228 - - [21/Dec/2024:00:36:02 +0530] "GET /?p=106455224 HTTP/1.1" 200 449771 "-" "Mozilla/5.0 AppleWebKit/537.36 (KHTML, like Gecko; compatible; bingbot/2.0; +http://www.bing.com/bingbot.htm) Chrome/116.0.1938.76 Safari/537.36" "-"
134.209.66.128 - - [21/Dec/2024:00:36:02 +0530] "GET /wp-login.php HTTP/1.1" 200 6067 "-" "Mozilla/5.0 (Windows NT 10.0; Win64; x64) AppleWebKit/537.36 (KHTML, like Gecko) Chrome/130.0.0.0 Safari/537.36" "-"
94.102.51.98 - - [21/Dec/2024:00:36:03 +0530] "POST /wp-json/tdw/save_css HTTP/1.1" 301 252 "-" "curl/7.68.0" "-"
13.76.137.182 - - [21/Dec/2024:00:36:03 +0530] "GET /alfanew.php HTTP/1.1" 301 5 "-" "-" "-"
52.167.144.199 - - [21/Dec/2024:00:36:03 +0530] "GET /?p=227994524 HTTP/1.1" 200 455457 "-" "Mozilla/5.0 AppleWebKit/537.36 (KHTML, like Gecko; compatible; bingbot/2.0; +http://www.bing.com/bingbot.htm) Chrome/116.0.1938.76 Safari/537.36" "-"
134.209.66.128 - - [21/Dec/2024:00:36:03 +0530] "POST /wp-login.php HTTP/1.1" 200 6468 "http://consulting.noahcreatives.com/wp-login.php" "Mozilla/5.0 (Windows NT 10.0; Win64; x64) AppleWebKit/537.36 (KHTML, like Gecko) Chrome/130.0.0.0 Safari/537.36" "-"
34.224.70.69 - - [21/Dec/2024:00:36:03 +0530] "POST /wp-login.php HTTP/1.1" 200 5812 "-" "Mozilla/5.0" "-"
13.76.137.182 - - [21/Dec/2024:00:36:03 +0530] "GET /alfanew.php HTTP/1.1" 404 81887 "-" "-" "-"
52.167.144.199 - - [21/Dec/2024:00:36:04 +0530] "GET /?p=344878824 HTTP/1.1" 200 461096 "-" "Mozilla/5.0 AppleWebKit/537.36 (KHTML, like Gecko; compatible; bingbot/2.0; +http://www.bing.com/bingbot.htm) Chrome/116.0.1938.76 Safari/537.36" "-"
13.76.137.182 - - [21/Dec/2024:00:36:04 +0530] "GET /wp-content/plugins/Cache/Cache.php HTTP/1.1" 301 5 "-" "-" "-"
168.119.70.163 - - [21/Dec/2024:00:36:04 +0530] "POST /wp-admin/admin-ajax.php?action=async_litespeed&nonce=1ffe53cf03&litespeed_type=imgoptm HTTP/1.1" 200 11 "https://exam.ozoneinfomedia.com/wp-admin/admin-ajax.php?action=async_litespeed&nonce=1ffe53cf03&litespeed_type=imgoptm" "WordPress/6.1.7; https://exam.ozoneinfomedia.com" "-"
212.132.119.194 - - [21/Dec/2024:00:36:04 +0530] "GET /wp-login.php HTTP/1.1" 200 6078 "-" "Mozilla/5.0 (Windows NT 10.0; Win64; x64) AppleWebKit/537.36 (KHTML, like Gecko) Chrome/130.0.0.0 Safari/537.36" "-"
34.235.239.240 - - [21/Dec/2024:00:36:04 +0530] "GET /images/portfolio/2024/7.jpg HTTP/1.1" 200 245995 "-" "Mozilla/5.0 AppleWebKit/537.36 (KHTML, like Gecko; compatible; Amazonbot/0.1; +https://developer.amazon.com/support/amazonbot) Chrome/119.0.6045.214 Safari/537.36" "-"
