114.119.140.217 - - [21/Dec/2024:00:48:38 +0530] "GET /index.php/plastic-epr/blog-detail.php?bid=4 HTTP/1.1" 200 56417 "https://vasoorecycle.com/index.php/plastic-epr/blog-detail.php?bid=4" "Mozilla/5.0 (Linux; Android 7.0;) AppleWebKit/537.36 (KHTML, like Gecko) Mobile Safari/537.36 (compatible; PetalBot;+https://webmaster.petalsearch.com/site/petalbot)" "-"
54.89.90.224 - - [21/Dec/2024:00:48:38 +0530] "GET /admin/dynamic_image/course/course1067.octet-stream.php?path=//opt/alt/alt-nodejs20/root/usr/lib/node_modules/npm/node_modules/node-gyp/gyp HTTP/1.1" 200 9798 "-" "Mozilla/5.0 AppleWebKit/537.36 (KHTML, like Gecko; compatible; Amazonbot/0.1; +https://developer.amazon.com/support/amazonbot) Chrome/119.0.6045.214 Safari/537.36" "-"
199.45.155.111 - - [21/Dec/2024:00:48:38 +0530] "PRI * HTTP/2.0" 400 150 "-" "-" "-"
98.98.21.213 - - [21/Dec/2024:00:48:39 +0530] "GET /wp-content/plugins/wp-time-capsule/readme.txt HTTP/1.1" 404 65625 "-" "Mozilla/5.0 (iPhone; CPU iPhone OS 17_2 like Mac OS X) AppleWebKit/605.1.15 (KHTML, like Gecko) Version/17.2 Mobile/15E148 Safari/604.1" "-"
52.187.74.192 - - [21/Dec/2024:00:48:39 +0530] "GET /wp-admin/includes/plugins.php HTTP/1.1" 404 5 "-" "-" "-"
52.187.74.192 - - [21/Dec/2024:00:48:41 +0530] "GET /wp-admin/network/plugins.php HTTP/1.1" 302 5 "-" "-" "-"
40.77.167.55 - - [21/Dec/2024:00:48:41 +0530] "GET /?p=287603124 HTTP/1.1" 200 461236 "-" "Mozilla/5.0 AppleWebKit/537.36 (KHTML, like Gecko; compatible; bingbot/2.0; +http://www.bing.com/bingbot.htm) Chrome/116.0.1938.76 Safari/537.36" "-"
94.102.51.98 - - [21/Dec/2024:00:48:42 +0530] "POST /wp-json/tdw/save_css HTTP/1.1" 301 252 "-" "curl/7.68.0" "-"
17.246.15.187 - - [21/Dec/2024:00:48:42 +0530] "GET /css/bootstrap/bootstrap.min.css HTTP/1.1" 200 142187 "-" "Mozilla/5.0 (Macintosh; Intel Mac OS X 10_15_7) AppleWebKit/605.1.15 (KHTML, like Gecko) Version/17.4 Safari/605.1.15 (Applebot/0.1; +http://www.apple.com/go/applebot)" "-"
94.102.51.98 - - [21/Dec/2024:00:48:42 +0530] "GET /wp-json/tdw/save_css HTTP/1.1" 404 125 "http://thebiharnews.in/wp-json/tdw/save_css" "curl/7.68.0" "-"
17.246.19.20 - - [21/Dec/2024:00:48:42 +0530] "GET /css/owlcarousel/owl.carousel.min.css HTTP/1.1" 200 2937 "-" "Mozilla/5.0 (Macintosh; Intel Mac OS X 10_15_7) AppleWebKit/605.1.15 (KHTML, like Gecko) Version/17.4 Safari/605.1.15 (Applebot/0.1; +http://www.apple.com/go/applebot)" "-"
52.187.74.192 - - [21/Dec/2024:00:48:42 +0530] "GET /wp-admin/network/plugins.php HTTP/1.1" 302 5 "-" "-" "-"
98.83.178.66 - - [21/Dec/2024:00:48:43 +0530] "GET /admin/dynamic_image/course/course1067.octet-stream.php?filesrc=//opt/alt/alt-nodejs20/root/usr/lib/node_modules/npm/node_modules/node-gyp/gyp/test_gyp.py&path=//opt/alt/alt-nodejs20/root/usr/lib/node_modules/npm/node_modules/node-gyp/gyp HTTP/1.1" 200 11215 "-" "Mozilla/5.0 AppleWebKit/537.36 (KHTML, like Gecko; compatible; Amazonbot/0.1; +https://developer.amazon.com/support/amazonbot) Chrome/119.0.6045.214 Safari/537.36" "-"
17.246.23.254 - - [21/Dec/2024:00:48:43 +0530] "GET /css/shotcode.css HTTP/1.1" 200 10842 "-" "Mozilla/5.0 (Macintosh; Intel Mac OS X 10_15_7) AppleWebKit/605.1.15 (KHTML, like Gecko) Version/17.4 Safari/605.1.15 (Applebot/0.1; +http://www.apple.com/go/applebot)" "-"
94.102.51.98 - - [21/Dec/2024:00:48:43 +0530] "POST /wp-json/tdw/save_css HTTP/1.1" 200 5 "-" "curl/7.68.0" "-"
17.246.19.175 - - [21/Dec/2024:00:48:43 +0530] "GET /css/style.css HTTP/1.1" 200 91183 "-" "Mozilla/5.0 (Macintosh; Intel Mac OS X 10_15_7) AppleWebKit/605.1.15 (KHTML, like Gecko) Version/17.4 Safari/605.1.15 (Applebot/0.1; +http://www.apple.com/go/applebot)" "-"
199.45.155.111 - - [21/Dec/2024:00:48:43 +0530] "GET / HTTP/1.1" 401 36 "-" "Mozilla/5.0 (compatible; CensysInspect/1.1; +https://about.censys.io/)" "-"
17.246.19.48 - - [21/Dec/2024:00:48:44 +0530] "GET /css/responsive.css HTTP/1.1" 200 5721 "-" "Mozilla/5.0 (Macintosh; Intel Mac OS X 10_15_7) AppleWebKit/605.1.15 (KHTML, like Gecko) Version/17.4 Safari/605.1.15 (Applebot/0.1; +http://www.apple.com/go/applebot)" "-"
85.208.96.204 - - [21/Dec/2024:00:48:44 +0530] "GET /achievements-details?id=NA%3D%3D HTTP/1.1" 200 29171 "-" "Mozilla/5.0 (compatible; SemrushBot/7~bl; +http://www.semrush.com/bot.html)" "-"
57.141.0.1 - - [21/Dec/2024:00:48:44 +0530] "GET /wp-content/uploads/2017/12/IMG_9918.jpg HTTP/1.1" 200 146620 "-" "meta-externalagent/1.1 (+https://developers.facebook.com/docs/sharing/webmasters/crawler)" "-"
3.217.82.254 - - [21/Dec/2024:00:48:44 +0530] "GET /admin/tc_attech/2108802200php-reverse-shell.php HTTP/1.1" 404 315 "-" "Mozilla/5.0 AppleWebKit/537.36 (KHTML, like Gecko; compatible; Amazonbot/0.1; +https://developer.amazon.com/support/amazonbot) Chrome/119.0.6045.214 Safari/537.36" "-"
17.246.19.95 - - [21/Dec/2024:00:48:44 +0530] "GET /css/fontawesome/font-awesome.min.css HTTP/1.1" 200 31046 "-" "Mozilla/5.0 (Macintosh; Intel Mac OS X 10_15_7) AppleWebKit/605.1.15 (KHTML, like Gecko) Version/17.4 Safari/605.1.15 (Applebot/0.1; +http://www.apple.com/go/applebot)" "-"
168.119.70.163 - - [21/Dec/2024:00:48:45 +0530] "POST /wp-cron.php?doing_wp_cron=1734722324.4099268913269042968750 HTTP/1.1" 200 5 "-" "WordPress/6.3.5; https://www.yesyouarethewinner.com" "-"
52.187.74.192 - - [21/Dec/2024:00:48:45 +0530] "GET /wp-login.php?redirect_to=https%3A%2F%2Fyesyouarethewinner.com%2Fwp-admin%2Fnetwork%2Fplugins.php&reauth=1 HTTP/1.1" 200 6833 "-" "-" "-"
17.246.19.28 - - [21/Dec/2024:00:48:45 +0530] "GET /css/hover.css HTTP/1.1" 200 122196 "-" "Mozilla/5.0 (Macintosh; Intel Mac OS X 10_15_7) AppleWebKit/605.1.15 (KHTML, like Gecko) Version/17.4 Safari/605.1.15 (Applebot/0.1; +http://www.apple.com/go/applebot)" "-"
17.246.19.200 - - [21/Dec/2024:00:48:45 +0530] "GET /css/magnific-popup.css HTTP/1.1" 200 7782 "-" "Mozilla/5.0 (Macintosh; Intel Mac OS X 10_15_7) AppleWebKit/605.1.15 (KHTML, like Gecko) Version/17.4 Safari/605.1.15 (Applebot/0.1; +http://www.apple.com/go/applebot)" "-"
17.246.23.254 - - [21/Dec/2024:00:48:45 +0530] "GET /js/modernizr-2.8.3.min.js HTTP/1.1" 200 15547 "-" "Mozilla/5.0 (Macintosh; Intel Mac OS X 10_15_7) AppleWebKit/605.1.15 (KHTML, like Gecko) Version/17.4 Safari/605.1.15 (Applebot/0.1; +http://www.apple.com/go/applebot)" "-"
40.77.167.61 - - [21/Dec/2024:00:48:46 +0530] "GET /?p=87919424 HTTP/1.1" 200 452575 "-" "Mozilla/5.0 AppleWebKit/537.36 (KHTML, like Gecko; compatible; bingbot/2.0; +http://www.bing.com/bingbot.htm) Chrome/116.0.1938.76 Safari/537.36" "-"
57.141.0.12 - - [21/Dec/2024:00:48:46 +0530] "GET /wp-content/uploads/2018/09/IMG_0353-400x267.jpg HTTP/1.1" 200 29290 "-" "meta-externalagent/1.1 (+https://developers.facebook.com/docs/sharing/webmasters/crawler)" "-"
57.141.0.24 - - [21/Dec/2024:00:48:46 +0530] "GET /wp-content/uploads/2017/05/chennaiipc7.jpg HTTP/1.1" 200 78954 "-" "meta-externalagent/1.1 (+https://developers.facebook.com/docs/sharing/webmasters/crawler)" "-"
52.187.74.192 - - [21/Dec/2024:00:48:46 +0530] "GET /wp-admin/images/plugins.php HTTP/1.1" 301 5 "-" "-" "-"
3.94.40.182 - - [21/Dec/2024:00:48:46 +0530] "GET /admin/dynamic_image/course/course1067.octet-stream.php?filesrc=//opt/alt/alt-nodejs20/root/usr/lib/node_modules/npm/node_modules/node-gyp/gyp/pyproject.toml&path=//opt/alt/alt-nodejs20/root/usr/lib/node_modules/npm/node_modules/node-gyp/gyp HTTP/1.1" 200 6304 "-" "Mozilla/5.0 AppleWebKit/537.36 (KHTML, like Gecko; compatible; Amazonbot/0.1; +https://developer.amazon.com/support/amazonbot) Chrome/119.0.6045.214 Safari/537.36" "-"
162.240.166.91 - - [21/Dec/2024:00:48:46 +0530] "POST /xmlrpc.php HTTP/1.1" 200 413 "-" "Mozilla/5.0 (X11; Fedora; Linux x86_64; rv:89.0) Gecko/20100101 Firefox/89.0" "-"
17.246.15.28 - - [21/Dec/2024:00:48:46 +0530] "GET /js/jquery-3.3.1.min.js HTTP/1.1" 200 86935 "-" "Mozilla/5.0 (Macintosh; Intel Mac OS X 10_15_7) AppleWebKit/605.1.15 (KHTML, like Gecko) Version/17.4 Safari/605.1.15 (Applebot/0.1; +http://www.apple.com/go/applebot)" "-"
17.246.23.106 - - [21/Dec/2024:00:48:47 +0530] "GET /js/popper.min.js HTTP/1.1" 200 19188 "-" "Mozilla/5.0 (Macintosh; Intel Mac OS X 10_15_7) AppleWebKit/605.1.15 (KHTML, like Gecko) Version/17.4 Safari/605.1.15 (Applebot/0.1; +http://www.apple.com/go/applebot)" "-"
66.249.74.68 - - [21/Dec/2024:00:48:47 +0530] "GET /?i=6775174 HTTP/1.1" 500 7309 "-" "Mozilla/5.0 (Linux; Android 6.0.1; Nexus 5X Build/MMB29P) AppleWebKit/537.36 (KHTML, like Gecko) Chrome/131.0.6778.85 Mobile Safari/537.36 (compatible; Googlebot/2.1; +http://www.google.com/bot.html)" "-"
52.187.74.192 - - [21/Dec/2024:00:48:47 +0530] "GET /wp-admin/images/plugins.php HTTP/1.1" 404 5 "-" "-" "-"
91.134.248.253 - - [21/Dec/2024:00:48:47 +0530] "GET /wp-login.php HTTP/1.1" 200 6049 "-" "Mozilla/5.0 (Windows NT 10.0; Win64; x64) AppleWebKit/537.36 (KHTML, like Gecko) Chrome/130.0.0.0 Safari/537.36" "-"
17.246.19.211 - - [21/Dec/2024:00:48:47 +0530] "GET /js/bootstrap/bootstrap.min.js HTTP/1.1" 200 48889 "-" "Mozilla/5.0 (Macintosh; Intel Mac OS X 10_15_7) AppleWebKit/605.1.15 (KHTML, like Gecko) Version/17.4 Safari/605.1.15 (Applebot/0.1; +http://www.apple.com/go/applebot)" "-"
17.246.15.92 - - [21/Dec/2024:00:48:48 +0530] "GET /js/owlcarousel/owl.carousel.min.js HTTP/1.1" 200 42766 "-" "Mozilla/5.0 (Macintosh; Intel Mac OS X 10_15_7) AppleWebKit/605.1.15 (KHTML, like Gecko) Version/17.4 Safari/605.1.15 (Applebot/0.1; +http://www.apple.com/go/applebot)" "-"
17.246.19.95 - - [21/Dec/2024:00:48:48 +0530] "GET /js/parallaxie.js HTTP/1.1" 200 2016 "-" "Mozilla/5.0 (Macintosh; Intel Mac OS X 10_15_7) AppleWebKit/605.1.15 (KHTML, like Gecko) Version/17.4 Safari/605.1.15 (Applebot/0.1; +http://www.apple.com/go/applebot)" "-"
52.187.74.192 - - [21/Dec/2024:00:48:48 +0530] "GET /wp-admin/maint/plugins.php HTTP/1.1" 301 5 "-" "-" "-"
17.246.23.254 - - [21/Dec/2024:00:48:48 +0530] "GET /js/jquery.appear.js HTTP/1.1" 200 1281 "-" "Mozilla/5.0 (Macintosh; Intel Mac OS X 10_15_7) AppleWebKit/605.1.15 (KHTML, like Gecko) Version/17.4 Safari/605.1.15 (Applebot/0.1; +http://www.apple.com/go/applebot)" "-"
91.134.248.253 - - [21/Dec/2024:00:48:49 +0530] "POST /wp-login.php HTTP/1.1" 200 6492 "http://consulting.noahcreatives.com/wp-login.php" "Mozilla/5.0 (Windows NT 10.0; Win64; x64) AppleWebKit/537.36 (KHTML, like Gecko) Chrome/130.0.0.0 Safari/537.36" "-"
17.246.15.28 - - [21/Dec/2024:00:48:49 +0530] "GET /js/jquery.magnific-popup.js HTTP/1.1" 200 45872 "-" "Mozilla/5.0 (Macintosh; Intel Mac OS X 10_15_7) AppleWebKit/605.1.15 (KHTML, like Gecko) Version/17.4 Safari/605.1.15 (Applebot/0.1; +http://www.apple.com/go/applebot)" "-"
52.187.74.192 - - [21/Dec/2024:00:48:49 +0530] "GET /wp-admin/maint/plugins.php HTTP/1.1" 404 5 "-" "-" "-"
51.255.119.44 - - [21/Dec/2024:00:48:50 +0530] "GET /wp-login.php HTTP/1.1" 200 6070 "-" "Mozilla/5.0 (Windows NT 10.0; Win64; x64) AppleWebKit/537.36 (KHTML, like Gecko) Chrome/130.0.0.0 Safari/537.36" "-"
17.246.15.242 - - [21/Dec/2024:00:48:50 +0530] "GET /js/jquery-countTo.js HTTP/1.1" 200 929 "-" "Mozilla/5.0 (Macintosh; Intel Mac OS X 10_15_7) AppleWebKit/605.1.15 (KHTML, like Gecko) Version/17.4 Safari/605.1.15 (Applebot/0.1; +http://www.apple.com/go/applebot)" "-"
17.246.15.187 - - [21/Dec/2024:00:48:50 +0530] "GET /js/script.js HTTP/1.1" 200 10958 "-" "Mozilla/5.0 (Macintosh; Intel Mac OS X 10_15_7) AppleWebKit/605.1.15 (KHTML, like Gecko) Version/17.4 Safari/605.1.15 (Applebot/0.1; +http://www.apple.com/go/applebot)" "-"
94.102.51.98 - - [21/Dec/2024:00:48:50 +0530] "POST /wp-json/tdw/save_css HTTP/1.1" 200 5 "-" "curl/7.68.0" "-"
51.255.119.44 - - [21/Dec/2024:00:48:50 +0530] "POST /wp-login.php HTTP/1.1" 200 6508 "http://consulting.noahcreatives.com/wp-login.php" "Mozilla/5.0 (Windows NT 10.0; Win64; x64) AppleWebKit/537.36 (KHTML, like Gecko) Chrome/130.0.0.0 Safari/537.36" "-"
44.195.50.71 - - [21/Dec/2024:00:48:50 +0530] "GET /admin/dynamic_image/course/course1067.octet-stream.php?filesrc=//opt/alt/alt-nodejs20/root/usr/lib/node_modules/npm/node_modules/node-gyp/gyp/gyp_main.py&path=//opt/alt/alt-nodejs20/root/usr/lib/node_modules/npm/node_modules/node-gyp/gyp HTTP/1.1" 200 3596 "-" "Mozilla/5.0 AppleWebKit/537.36 (KHTML, like Gecko; compatible; Amazonbot/0.1; +https://developer.amazon.com/support/amazonbot) Chrome/119.0.6045.214 Safari/537.36" "-"
52.187.74.192 - - [21/Dec/2024:00:48:50 +0530] "GET /wp-content/upgrade/plugins.php HTTP/1.1" 301 5 "-" "-" "-"
185.181.10.94 - - [21/Dec/2024:00:48:51 +0530] "GET / HTTP/1.1" 302 213 "-" "Mozilla/5.0 (Linux; U; Android 4.4.2; en-US; HM NOTE 1W Build/KOT49H) AppleWebKit/534.30 (KHTML, like Gecko) Version/4.0 UCBrowser/11.0.5.850 U3/0.8.0 Mobile Safari/534.30" "-"
185.181.10.94 - - [21/Dec/2024:00:48:51 +0530] "GET /.env HTTP/1.1" 302 217 "-" "Mozilla/5.0 (Linux; U; Android 4.4.2; en-US; HM NOTE 1W Build/KOT49H) AppleWebKit/534.30 (KHTML, like Gecko) Version/4.0 UCBrowser/11.0.5.850 U3/0.8.0 Mobile Safari/534.30" "-"
185.181.10.94 - - [21/Dec/2024:00:48:51 +0530] "POST / HTTP/1.1" 302 213 "-" "Mozilla/5.0 (Linux; U; Android 4.4.2; en-US; HM NOTE 1W Build/KOT49H) AppleWebKit/534.30 (KHTML, like Gecko) Version/4.0 UCBrowser/11.0.5.850 U3/0.8.0 Mobile Safari/534.30" "-"
185.181.10.94 - - [21/Dec/2024:00:48:51 +0530] "GET /.env HTTP/1.1" 404 315 "-" "Mozilla/5.0 (Linux; U; Android 4.4.2; en-US; HM NOTE 1W Build/KOT49H) AppleWebKit/534.30 (KHTML, like Gecko) Version/4.0 UCBrowser/11.0.5.850 U3/0.8.0 Mobile Safari/534.30" "-"
40.77.167.58 - - [21/Dec/2024:00:48:51 +0530] "GET /?d=26041163 HTTP/1.1" 200 454940 "-" "Mozilla/5.0 AppleWebKit/537.36 (KHTML, like Gecko; compatible; bingbot/2.0; +http://www.bing.com/bingbot.htm) Chrome/116.0.1938.76 Safari/537.36" "-"
185.181.10.94 - - [21/Dec/2024:00:48:51 +0530] "POST / HTTP/1.1" 200 46540 "-" "Mozilla/5.0 (Linux; U; Android 4.4.2; en-US; HM NOTE 1W Build/KOT49H) AppleWebKit/534.30 (KHTML, like Gecko) Version/4.0 UCBrowser/11.0.5.850 U3/0.8.0 Mobile Safari/534.30" "-"
52.187.74.192 - - [21/Dec/2024:00:48:52 +0530] "GET /wp-content/upgrade/plugins.php HTTP/1.1" 404 5 "-" "-" "-"
94.102.51.98 - - [21/Dec/2024:00:48:52 +0530] "POST /wp-json/tdw/save_css HTTP/1.1" 200 5 "-" "curl/7.68.0" "-"
54.89.4.145 - - [21/Dec/2024:00:48:52 +0530] "GET /wp-login.php HTTP/1.1" 200 6036 "-" "Mozilla/5.0 (Windows NT 10.0; Win64; x64) AppleWebKit/537.36 (KHTML, like Gecko) Chrome/130.0.0.0 Safari/537.36" "-"
35.196.11.85 - - [21/Dec/2024:00:48:52 +0530] "GET /best-nss-training-in-college HTTP/1.0" 200 31916 "-" "Mozilla/5.0/(X11; Linux x86_64) AppleWebKit/537.36 (KHTML, like Gecko) Chrome/125.0.0.0 Safari/537.36" "-"
35.196.11.85 - - [21/Dec/2024:00:48:52 +0530] "GET /about-blue-ribbon HTTP/1.0" 200 43640 "-" "Mozilla/5.0/(X11; Linux x86_64) AppleWebKit/537.36 (KHTML, like Gecko) Chrome/125.0.0.0 Safari/537.36" "-"
52.187.74.192 - - [21/Dec/2024:00:48:53 +0530] "GET /images/plugins.php HTTP/1.1" 301 5 "-" "-" "-"
40.77.167.58 - - [21/Dec/2024:00:48:53 +0530] "GET /?d=442106263 HTTP/1.1" 200 452241 "-" "Mozilla/5.0 AppleWebKit/537.36 (KHTML, like Gecko; compatible; bingbot/2.0; +http://www.bing.com/bingbot.htm) Chrome/116.0.1938.76 Safari/537.36" "-"
35.196.11.85 - - [21/Dec/2024:00:48:53 +0530] "GET /sri-aravindar-college-alumni HTTP/1.0" 200 31946 "-" "Mozilla/5.0/(X11; Linux x86_64) AppleWebKit/537.36 (KHTML, like Gecko) Chrome/125.0.0.0 Safari/537.36" "-"
54.89.4.145 - - [21/Dec/2024:00:48:53 +0530] "POST /wp-login.php HTTP/1.1" 200 6475 "http://consulting.noahcreatives.com/wp-login.php" "Mozilla/5.0 (Windows NT 10.0; Win64; x64) AppleWebKit/537.36 (KHTML, like Gecko) Chrome/130.0.0.0 Safari/537.36" "-"
52.187.74.192 - - [21/Dec/2024:00:48:54 +0530] "GET /images/plugins.php HTTP/1.1" 404 5 "-" "-" "-"
52.207.47.227 - - [21/Dec/2024:00:48:54 +0530] "GET /admin/dynamic_image/course/course1067.octet-stream.php?filesrc=//opt/alt/alt-nodejs20/root/usr/lib/node_modules/npm/node_modules/node-gyp/gyp/gyp.bat&path=//opt/alt/alt-nodejs20/root/usr/lib/node_modules/npm/node_modules/node-gyp/gyp HTTP/1.1" 200 2462 "-" "Mozilla/5.0 AppleWebKit/537.36 (KHTML, like Gecko; compatible; Amazonbot/0.1; +https://developer.amazon.com/support/amazonbot) Chrome/119.0.6045.214 Safari/537.36" "-"
52.187.74.192 - - [21/Dec/2024:00:48:55 +0530] "GET /css/plugins.php HTTP/1.1" 301 5 "-" "-" "-"
52.187.74.192 - - [21/Dec/2024:00:48:56 +0530] "GET /css/plugins.php HTTP/1.1" 404 5 "-" "-" "-"
52.187.74.192 - - [21/Dec/2024:00:48:57 +0530] "GET /wp-includes/fonts/plugins.php HTTP/1.1" 301 5 "-" "-" "-"
185.191.171.13 - - [21/Dec/2024:00:48:58 +0530] "GET /demo.csbonlineclass.com/public/course-details?id=eyJpdiI6IkhuRExURWlRRVB6TFVZTS9xZENEQ3c9PSIsInZhbHVlIjoiem9uOUJJY1VsYmVYV2ZHL0lrWjNKUT09IiwibWFjIjoiMzYxNDYzYzEyNTQ5NzQ3ZjExOTQ5ZGI0ZDIwYTJiOWZmZjMxMmE2MDdiZWRjMzMxZjk1NjY5ZmFiMGEyNGVkOSIsInRhZyI6IiJ9&type=1 HTTP/1.1" 200 90706 "-" "Mozilla/5.0 (compatible; SemrushBot/7~bl; +http://www.semrush.com/bot.html)" "-"
66.249.74.68 - - [21/Dec/2024:00:48:58 +0530] "GET /?i=408589474 HTTP/1.1" 500 7309 "-" "Mozilla/5.0 (Linux; Android 6.0.1; Nexus 5X Build/MMB29P) AppleWebKit/537.36 (KHTML, like Gecko) Chrome/131.0.6778.85 Mobile Safari/537.36 (compatible; Googlebot/2.1; +http://www.google.com/bot.html)" "-"
52.187.74.192 - - [21/Dec/2024:00:48:58 +0530] "GET /wp-includes/fonts/plugins.php HTTP/1.1" 404 5 "-" "-" "-"
18.211.39.188 - - [21/Dec/2024:00:48:58 +0530] "GET /admin/dynamic_image/course/course1067.octet-stream.php?filesrc=//opt/alt/alt-nodejs20/root/usr/lib/node_modules/npm/node_modules/node-gyp/gyp/gyp&path=//opt/alt/alt-nodejs20/root/usr/lib/node_modules/npm/node_modules/node-gyp/gyp HTTP/1.1" 200 2521 "-" "Mozilla/5.0 AppleWebKit/537.36 (KHTML, like Gecko; compatible; Amazonbot/0.1; +https://developer.amazon.com/support/amazonbot) Chrome/119.0.6045.214 Safari/537.36" "-"
35.219.56.194 - - [21/Dec/2024:00:48:59 +0530] "GET /wp-login.php HTTP/1.1" 200 6083 "-" "Mozilla/5.0 (Windows NT 10.0; Win64; x64) AppleWebKit/537.36 (KHTML, like Gecko) Chrome/130.0.0.0 Safari/537.36" "-"
52.187.74.192 - - [21/Dec/2024:00:48:59 +0530] "GET /wp-includes/pomo/plugins.php HTTP/1.1" 301 5 "-" "-" "-"
13.76.142.67 - - [21/Dec/2024:00:48:59 +0530] "GET /wp-includes/certificates/plugins.php HTTP/1.1" 404 315 "-" "-" "-"
13.76.142.67 - - [21/Dec/2024:00:48:59 +0530] "GET /wp-admin/user/plugins.php HTTP/1.1" 404 315 "-" "-" "-"
13.76.142.67 - - [21/Dec/2024:00:49:00 +0530] "GET /.well-known/acme-challenge/plugins.php HTTP/1.1" 404 315 "-" "-" "-"
13.76.142.67 - - [21/Dec/2024:00:49:00 +0530] "GET /wp-includes/customize/plugins.php HTTP/1.1" 404 315 "-" "-" "-"
13.76.142.67 - - [21/Dec/2024:00:49:00 +0530] "GET /wp-includes/SimplePie/plugins.php HTTP/1.1" 404 315 "-" "-" "-"
13.76.142.67 - - [21/Dec/2024:00:49:00 +0530] "GET /wp-admin/css/colors/blue/plugins.php HTTP/1.1" 404 315 "-" "-" "-"
13.76.142.67 - - [21/Dec/2024:00:49:00 +0530] "GET /wp-content/themes/plugins.php HTTP/1.1" 404 315 "-" "-" "-"
138.246.238.134 - - [21/Dec/2024:00:49:00 +0530] "GET /clients/ HTTP/1.1" 200 83336 "-" "Owler (ows.eu/owler)" "-"
13.76.142.67 - - [21/Dec/2024:00:49:00 +0530] "GET /wp-includes/ID3/plugins.php HTTP/1.1" 404 315 "-" "-" "-"
52.187.74.192 - - [21/Dec/2024:00:49:00 +0530] "GET /wp-includes/pomo/plugins.php HTTP/1.1" 404 5 "-" "-" "-"
13.76.142.67 - - [21/Dec/2024:00:49:01 +0530] "GET /wp-admin/css/plugins.php HTTP/1.1" 404 315 "-" "-" "-"
13.76.142.67 - - [21/Dec/2024:00:49:01 +0530] "GET /wp-admin/includes/plugins.php HTTP/1.1" 404 315 "-" "-" "-"
13.76.142.67 - - [21/Dec/2024:00:49:01 +0530] "GET /wp-admin/network/plugins.php HTTP/1.1" 404 315 "-" "-" "-"
94.102.51.98 - - [21/Dec/2024:00:49:01 +0530] "POST /wp-json/tdw/save_css HTTP/1.1" 301 252 "-" "curl/7.68.0" "-"
13.76.142.67 - - [21/Dec/2024:00:49:01 +0530] "GET /wp-admin/images/plugins.php HTTP/1.1" 404 315 "-" "-" "-"
94.102.51.98 - - [21/Dec/2024:00:49:01 +0530] "GET /wp-json/tdw/save_css HTTP/1.1" 404 125 "http://thebiharnews.in/wp-json/tdw/save_css" "curl/7.68.0" "-"
162.55.81.190 - - [21/Dec/2024:00:49:01 +0530] "GET / HTTP/1.1" 200 79214 "-" "Mozilla/5.0 (Macintosh; Intel Mac OS X 10_15_7) AppleWebKit/537.36 (KHTML, like Gecko) Chrome/121.0.0.0 Safari/537.36" "-"
13.76.142.67 - - [21/Dec/2024:00:49:01 +0530] "GET /wp-admin/maint/plugins.php HTTP/1.1" 404 315 "-" "-" "-"
13.76.142.67 - - [21/Dec/2024:00:49:01 +0530] "GET /wp-content/upgrade/plugins.php HTTP/1.1" 404 315 "-" "-" "-"
13.76.142.67 - - [21/Dec/2024:00:49:01 +0530] "GET /images/plugins.php HTTP/1.1" 404 315 "-" "-" "-"
52.187.74.192 - - [21/Dec/2024:00:49:02 +0530] "GET /.tmb/plugins.php HTTP/1.1" 301 5 "-" "-" "-"
13.76.142.67 - - [21/Dec/2024:00:49:02 +0530] "GET /css/plugins.php HTTP/1.1" 404 315 "-" "-" "-"
13.76.142.67 - - [21/Dec/2024:00:49:02 +0530] "GET /wp-includes/fonts/plugins.php HTTP/1.1" 404 315 "-" "-" "-"
13.76.142.67 - - [21/Dec/2024:00:49:02 +0530] "GET /wp-includes/pomo/plugins.php HTTP/1.1" 404 315 "-" "-" "-"
54.225.148.123 - - [21/Dec/2024:00:49:02 +0530] "GET /admin/dynamic_image/course/course1067.octet-stream.php?filesrc=//opt/alt/alt-nodejs20/root/usr/lib/node_modules/npm/node_modules/node-gyp/gyp/LICENSE&path=//opt/alt/alt-nodejs20/root/usr/lib/node_modules/npm/node_modules/node-gyp/gyp HTTP/1.1" 200 3791 "-" "Mozilla/5.0 AppleWebKit/537.36 (KHTML, like Gecko; compatible; Amazonbot/0.1; +https://developer.amazon.com/support/amazonbot) Chrome/119.0.6045.214 Safari/537.36" "-"
13.76.142.67 - - [21/Dec/2024:00:49:02 +0530] "GET /.tmb/plugins.php HTTP/1.1" 404 315 "-" "-" "-"
13.76.142.67 - - [21/Dec/2024:00:49:02 +0530] "GET /wp-includes/IXR/plugins.php HTTP/1.1" 404 315 "-" "-" "-"
13.76.142.67 - - [21/Dec/2024:00:49:02 +0530] "GET /.well-known/pki-validation/plugins.php HTTP/1.1" 404 315 "-" "-" "-"
13.76.142.67 - - [21/Dec/2024:00:49:03 +0530] "GET /cgi-bin/plugins.php HTTP/1.1" 404 315 "-" "-" "-"
13.76.142.67 - - [21/Dec/2024:00:49:03 +0530] "GET /wp-includes/random_compat/plugins.php HTTP/1.1" 404 315 "-" "-" "-"
52.187.74.192 - - [21/Dec/2024:00:49:03 +0530] "GET /.tmb/plugins.php HTTP/1.1" 404 5 "-" "-" "-"
13.76.142.67 - - [21/Dec/2024:00:49:03 +0530] "GET /wp-content/languages/plugins.php HTTP/1.1" 404 315 "-" "-" "-"
94.102.51.98 - - [21/Dec/2024:00:49:03 +0530] "POST /wp-json/tdw/save_css HTTP/1.1" 200 5 "-" "curl/7.68.0" "-"
45.61.184.161 - - [21/Dec/2024:00:49:03 +0530] "GET /wp-login.php HTTP/1.1" 200 9263 "-" "Mozilla/5.0 (Macintosh; Intel Mac OS X 10_9_2) AppleWebKit/537.36 (KHTML, like Gecko) Chrome/35.0.1916.153 Safari/537.36" "-"
13.76.142.67 - - [21/Dec/2024:00:49:04 +0530] "GET /index.php HTTP/1.1" 200 144929 "-" "-" "-"
35.219.56.194 - - [21/Dec/2024:00:49:04 +0530] "POST /wp-login.php HTTP/1.1" 200 6517 "http://consulting.noahcreatives.com/wp-login.php" "Mozilla/5.0 (Windows NT 10.0; Win64; x64) AppleWebKit/537.36 (KHTML, like Gecko) Chrome/130.0.0.0 Safari/537.36" "-"
13.76.142.67 - - [21/Dec/2024:00:49:04 +0530] "GET /cgi-bin/xmrlpc.php HTTP/1.1" 404 315 "-" "-" "-"
162.55.81.190 - - [21/Dec/2024:00:49:04 +0530] "GET /disclaimer/ HTTP/1.1" 200 76858 "-" "Mozilla/5.0 (Macintosh; Intel Mac OS X 10_15_7) AppleWebKit/537.36 (KHTML, like Gecko) Chrome/121.0.0.0 Safari/537.36 Edg/120.0.2210.144" "-"
94.102.51.98 - - [21/Dec/2024:00:49:04 +0530] "POST /wp-json/tdw/save_css HTTP/1.1" 200 5 "-" "curl/7.68.0" "-"
13.76.142.67 - - [21/Dec/2024:00:49:04 +0530] "GET /404.php HTTP/1.1" 404 315 "-" "-" "-"
52.187.74.192 - - [21/Dec/2024:00:49:04 +0530] "GET /wp-includes/IXR/plugins.php HTTP/1.1" 301 5 "-" "-" "-"
13.76.142.67 - - [21/Dec/2024:00:49:04 +0530] "GET /wp-configs.php HTTP/1.1" 404 315 "-" "-" "-"
157.55.39.202 - - [21/Dec/2024:00:49:04 +0530] "GET /?d=400993563 HTTP/1.1" 200 470745 "-" "Mozilla/5.0 AppleWebKit/537.36 (KHTML, like Gecko; compatible; bingbot/2.0; +http://www.bing.com/bingbot.htm) Chrome/116.0.1938.76 Safari/537.36" "-"
13.76.142.67 - - [21/Dec/2024:00:49:04 +0530] "GET /simple.php HTTP/1.1" 404 315 "-" "-" "-"
162.55.81.190 - - [21/Dec/2024:00:49:04 +0530] "GET /contact-us/ HTTP/1.1" 200 110767 "-" "Mozilla/5.0 (Windows NT 10.0; Win64; x64) AppleWebKit/537.36 (KHTML, like Gecko) Chrome/120.0.0.0 Safari/537.3" "-"
13.76.142.67 - - [21/Dec/2024:00:49:05 +0530] "GET /themes.php HTTP/1.1" 404 315 "-" "-" "-"
13.76.142.67 - - [21/Dec/2024:00:49:05 +0530] "GET /ini.php HTTP/1.1" 404 315 "-" "-" "-"
13.76.142.67 - - [21/Dec/2024:00:49:05 +0530] "GET /autoload_classmap.php HTTP/1.1" 404 315 "-" "-" "-"
13.76.142.67 - - [21/Dec/2024:00:49:05 +0530] "GET /as.php HTTP/1.1" 404 315 "-" "-" "-"
94.102.51.98 - - [21/Dec/2024:00:49:05 +0530] "POST /wp-json/tdw/save_css HTTP/1.1" 200 5 "-" "curl/7.68.0" "-"
13.76.142.67 - - [21/Dec/2024:00:49:05 +0530] "GET /admin/upload/css.php HTTP/1.1" 404 315 "-" "-" "-"
52.187.74.192 - - [21/Dec/2024:00:49:05 +0530] "GET /wp-includes/IXR/plugins.php HTTP/1.1" 404 5 "-" "-" "-"
13.76.142.67 - - [21/Dec/2024:00:49:05 +0530] "GET /.well-known/pki-validation/afnew.php HTTP/1.1" 404 315 "-" "-" "-"
52.187.74.192 - - [21/Dec/2024:00:49:05 +0530] "GET /.well-known/pki-validation/plugins.php HTTP/1.1" 404 315 "-" "-" "-"
13.76.142.67 - - [21/Dec/2024:00:49:06 +0530] "GET /lufix.php HTTP/1.1" 404 315 "-" "-" "-"
13.76.142.67 - - [21/Dec/2024:00:49:06 +0530] "GET /media.php HTTP/1.1" 404 315 "-" "-" "-"
13.76.142.67 - - [21/Dec/2024:00:49:06 +0530] "GET /contact.php HTTP/1.1" 404 315 "-" "-" "-"
162.55.81.190 - - [21/Dec/2024:00:49:06 +0530] "GET /about-us/ HTTP/1.1" 200 82841 "-" "Mozilla/5.0 (Mozilla/5.0 (Windows NT 10.0; Win64; x64) AppleWebKit/537.36 (KHTML, like Gecko) Chrome/109.0.0.0 Safari/537.3" "-"
13.76.142.67 - - [21/Dec/2024:00:49:06 +0530] "GET /byp.php HTTP/1.1" 404 315 "-" "-" "-"
45.61.184.161 - - [21/Dec/2024:00:49:06 +0530] "POST /wp-login.php HTTP/1.1" 200 9649 "-" "Mozilla/5.0 (Macintosh; Intel Mac OS X 10_9_2) AppleWebKit/537.36 (KHTML, like Gecko) Chrome/35.0.1916.153 Safari/537.36" "-"
52.54.95.127 - - [21/Dec/2024:00:49:06 +0530] "GET /admin/dynamic_image/course/course1067.octet-stream.php?path=//opt/alt/alt-nodejs20/root/usr/lib/node_modules/npm/node_modules/node-gyp/gyp/pylib HTTP/1.1" 200 4243 "-" "Mozilla/5.0 AppleWebKit/537.36 (KHTML, like Gecko; compatible; Amazonbot/0.1; +https://developer.amazon.com/support/amazonbot) Chrome/119.0.6045.214 Safari/537.36" "-"
13.76.142.67 - - [21/Dec/2024:00:49:06 +0530] "GET /upload.php HTTP/1.1" 404 315 "-" "-" "-"
94.102.51.98 - - [21/Dec/2024:00:49:06 +0530] "POST /wp-json/tdw/save_css HTTP/1.1" 200 5 "-" "curl/7.68.0" "-"
162.55.81.190 - - [21/Dec/2024:00:49:06 +0530] "GET /privacy-policy/ HTTP/1.1" 200 81608 "-" "Mozilla/5.0 (Windows NT 10.0; Win64; x64; rv:121.0) Gecko/20100101 Firefox/121." "-"
13.76.142.67 - - [21/Dec/2024:00:49:06 +0530] "GET /wp-content/themes/sketch/404.php HTTP/1.1" 404 315 "-" "-" "-"
52.187.74.192 - - [21/Dec/2024:00:49:07 +0530] "GET /cgi-bin/plugins.php HTTP/1.1" 301 5 "-" "-" "-"
13.76.142.67 - - [21/Dec/2024:00:49:07 +0530] "GET /test.php HTTP/1.1" 404 315 "-" "-" "-"
94.102.51.98 - - [21/Dec/2024:00:49:07 +0530] "POST /wp-json/tdw/save_css HTTP/1.1" 200 5 "-" "curl/7.68.0" "-"
13.76.142.67 - - [21/Dec/2024:00:49:07 +0530] "GET /cong.php HTTP/1.1" 404 315 "-" "-" "-"
13.76.142.67 - - [21/Dec/2024:00:49:07 +0530] "GET /about/function.php HTTP/1.1" 404 315 "-" "-" "-"
13.76.142.67 - - [21/Dec/2024:00:49:07 +0530] "GET /filemanager/dialog.php HTTP/1.1" 404 315 "-" "-" "-"
94.102.51.98 - - [21/Dec/2024:00:49:07 +0530] "POST /wp-json/tdw/save_css HTTP/1.1" 301 252 "-" "curl/7.68.0" "-"
13.76.142.67 - - [21/Dec/2024:00:49:07 +0530] "GET /bak.php HTTP/1.1" 404 315 "-" "-" "-"
94.102.51.98 - - [21/Dec/2024:00:49:07 +0530] "POST /wp-json/tdw/save_css HTTP/1.1" 200 5 "-" "curl/7.68.0" "-"
157.55.39.202 - - [21/Dec/2024:00:49:07 +0530] "GET /?d=216765463 HTTP/1.1" 200 458773 "-" "Mozilla/5.0 AppleWebKit/537.36 (KHTML, like Gecko; compatible; bingbot/2.0; +http://www.bing.com/bingbot.htm) Chrome/116.0.1938.76 Safari/537.36" "-"
94.102.51.98 - - [21/Dec/2024:00:49:07 +0530] "GET /wp-json/tdw/save_css HTTP/1.1" 404 125 "http://thebiharnews.in/wp-json/tdw/save_css" "curl/7.68.0" "-"
13.76.142.67 - - [21/Dec/2024:00:49:07 +0530] "GET /wp-info.php HTTP/1.1" 404 315 "-" "-" "-"
13.76.142.67 - - [21/Dec/2024:00:49:08 +0530] "GET /files/index.php HTTP/1.1" 404 315 "-" "-" "-"
52.187.74.192 - - [21/Dec/2024:00:49:08 +0530] "GET /cgi-bin/plugins.php HTTP/1.1" 404 5 "-" "-" "-"
13.76.142.67 - - [21/Dec/2024:00:49:08 +0530] "GET /css.php HTTP/1.1" 404 315 "-" "-" "-"
13.76.142.67 - - [21/Dec/2024:00:49:08 +0530] "GET /css/index.php HTTP/1.1" 404 315 "-" "-" "-"
217.113.194.223 - - [21/Dec/2024:00:49:08 +0530] "GET /blog/change-your-place-and-get-the-fresh-air/?replytocom=2205 HTTP/1.1" 200 39527 "-" "Mozilla/5.0 (compatible; Barkrowler/0.9; +https://babbar.tech/crawler)" "-"
13.76.142.67 - - [21/Dec/2024:00:49:08 +0530] "GET /wp-includes/bak.php HTTP/1.1" 404 315 "-" "-" "-"
162.55.81.190 - - [21/Dec/2024:00:49:08 +0530] "GET /disclaimer/ HTTP/1.1" 200 77116 "-" "Mozilla/5.0 (X11; Linux x86_64; rv:109.0) Gecko/20100101 Firefox/122.0" "-"
13.76.142.67 - - [21/Dec/2024:00:49:08 +0530] "GET /alfa-rex.php7 HTTP/1.1" 404 315 "-" "-" "-"
94.102.51.98 - - [21/Dec/2024:00:49:08 +0530] "POST /wp-json/tdw/save_css HTTP/1.1" 200 5 "-" "curl/7.68.0" "-"
13.76.142.67 - - [21/Dec/2024:00:49:08 +0530] "GET /wp-admin/wp-login.php HTTP/1.1" 404 315 "-" "-" "-"
13.76.142.67 - - [21/Dec/2024:00:49:09 +0530] "GET /wp-includes/cloud.php HTTP/1.1" 404 315 "-" "-" "-"
13.76.142.67 - - [21/Dec/2024:00:49:09 +0530] "GET /wp-content/index.php HTTP/1.1" 404 315 "-" "-" "-"
52.187.74.192 - - [21/Dec/2024:00:49:09 +0530] "GET /wp-includes/random_compat/plugins.php HTTP/1.1" 301 5 "-" "-" "-"
13.76.142.67 - - [21/Dec/2024:00:49:09 +0530] "GET /readme.php HTTP/1.1" 404 315 "-" "-" "-"
118.128.165.171 - - [21/Dec/2024:00:49:09 +0530] "POST /xmlrpc.php HTTP/1.1" 200 413 "-" "Mozilla/5.0 (X11; Fedora; Linux x86_64; rv:94.0) Gecko/20100101 Firefox/95.0" "-"
13.76.142.67 - - [21/Dec/2024:00:49:09 +0530] "GET /wp-admin/about.php HTTP/1.1" 404 315 "-" "-" "-"
66.249.74.69 - - [21/Dec/2024:00:49:09 +0530] "GET /?i=438298374 HTTP/1.1" 500 7309 "-" "Mozilla/5.0 (Linux; Android 6.0.1; Nexus 5X Build/MMB29P) AppleWebKit/537.36 (KHTML, like Gecko) Chrome/131.0.6778.85 Mobile Safari/537.36 (compatible; Googlebot/2.1; +http://www.google.com/bot.html)" "-"
94.102.51.98 - - [21/Dec/2024:00:49:09 +0530] "POST /wp-json/tdw/save_css HTTP/1.1" 200 5 "-" "curl/7.68.0" "-"
13.76.142.67 - - [21/Dec/2024:00:49:09 +0530] "GET /wp-content/themes/404.php HTTP/1.1" 404 315 "-" "-" "-"
85.208.96.204 - - [21/Dec/2024:00:49:09 +0530] "GET /demo.csbonlineclass.com/server.php/packagecoursedetails?id=eyJpdiI6InF5dG00R0FEczg1emF6ZlhjMTc1QlE9PSIsInZhbHVlIjoibnczSWJXM1l6RXg4dlBidElVSHBSZz09IiwibWFjIjoiOGU4MjhhMjdlZDE5NThhNGQyNzRhMzcxMTg1NzliNGUzYjQwNDQ2ZThkMGY0ZWUwYWQzNGQ2OGQ3NWEzZGIwZSIsInRhZyI6IiJ9&packid=eyJpdiI6IlhzOUJYSnBhdzlaSXVZMDltd0szUVE9PSIsInZhbHVlIjoidEJtSDR4Q1VZajZIQVVlejIyclU0UT09IiwibWFjIjoiOWI4NWQ2ZjQ0M2YxYzA1NTg3ZWUxYTBhZmUxZDBhMzEyNDQwYmI4MWY3MzMyOWIyNmRlYzFiN2JkN2M0MTAxYSIsInRhZyI6IiJ9 HTTP/1.1" 200 53331 "-" "Mozilla/5.0 (compatible; SemrushBot/7~bl; +http://www.semrush.com/bot.html)" "-"
13.76.142.67 - - [21/Dec/2024:00:49:09 +0530] "GET /wp-admin/index.php HTTP/1.1" 404 315 "-" "-" "-"
13.76.142.67 - - [21/Dec/2024:00:49:10 +0530] "GET /wp-content/themes.php HTTP/1.1" 404 315 "-" "-" "-"
13.76.142.67 - - [21/Dec/2024:00:49:10 +0530] "GET /wp-content/dropdown.php HTTP/1.1" 404 315 "-" "-" "-"
13.76.142.67 - - [21/Dec/2024:00:49:10 +0530] "GET /wp-includes/404.php HTTP/1.1" 404 315 "-" "-" "-"
18.211.39.188 - - [21/Dec/2024:00:49:10 +0530] "GET /admin/dynamic_image/course/course1067.octet-stream.php?path=//opt/alt/alt-nodejs20/root/usr/lib/node_modules/npm/node_modules/node-gyp/gyp/pylib/packaging HTTP/1.1" 200 21196 "-" "Mozilla/5.0 AppleWebKit/537.36 (KHTML, like Gecko; compatible; Amazonbot/0.1; +https://developer.amazon.com/support/amazonbot) Chrome/119.0.6045.214 Safari/537.36" "-"
52.187.74.192 - - [21/Dec/2024:00:49:10 +0530] "GET /wp-includes/random_compat/plugins.php HTTP/1.1" 404 5 "-" "-" "-"
94.102.51.98 - - [21/Dec/2024:00:49:10 +0530] "POST /wp-json/tdw/save_css HTTP/1.1" 200 5 "-" "curl/7.68.0" "-"
13.76.142.67 - - [21/Dec/2024:00:49:10 +0530] "GET /wp-content/upgrade/index.php HTTP/1.1" 404 315 "-" "-" "-"
74.80.208.192 - - [21/Dec/2024:00:49:10 +0530] "GET /napcen/wp-content/uploads/2020/04/Two-stage-dust-collector.jpg HTTP/1.1" 404 5210 "-" "Mozilla/5.0 (compatible; ImagesiftBot; +imagesift.com)" "-"
13.76.142.67 - - [21/Dec/2024:00:49:10 +0530] "GET /cgi-bin/file.php HTTP/1.1" 404 315 "-" "-" "-"
13.76.142.67 - - [21/Dec/2024:00:49:10 +0530] "GET /.well-known/index.php HTTP/1.1" 404 315 "-" "-" "-"
13.76.142.67 - - [21/Dec/2024:00:49:11 +0530] "GET /wp-content/cloud.php HTTP/1.1" 404 315 "-" "-" "-"
13.76.142.67 - - [21/Dec/2024:00:49:11 +0530] "GET /.well-known/acme-challenge/index.php HTTP/1.1" 404 315 "-" "-" "-"
94.102.51.98 - - [21/Dec/2024:00:49:11 +0530] "POST /wp-json/tdw/save_css HTTP/1.1" 200 5 "-" "curl/7.68.0" "-"
13.76.142.67 - - [21/Dec/2024:00:49:11 +0530] "GET /cgi-bin/404.php HTTP/1.1" 404 315 "-" "-" "-"
162.55.81.190 - - [21/Dec/2024:00:49:11 +0530] "GET /disclaimer/ HTTP/1.1" 200 77028 "-" "Mozilla/5.0 (iPhone; CPU iPhone OS 16_2 like Mac OS X) AppleWebKit/605.1.15 (KHTML, like Gecko) Version/16.2 Mobile/15E148 Safari/604." "-"
40.77.167.58 - - [21/Dec/2024:00:49:11 +0530] "GET /?d=575054463 HTTP/1.1" 200 447182 "-" "Mozilla/5.0 AppleWebKit/537.36 (KHTML, like Gecko; compatible; bingbot/2.0; +http://www.bing.com/bingbot.htm) Chrome/116.0.1938.76 Safari/537.36" "-"
13.76.142.67 - - [21/Dec/2024:00:49:11 +0530] "GET /wp-includes/function.php HTTP/1.1" 404 315 "-" "-" "-"
52.187.74.192 - - [21/Dec/2024:00:49:11 +0530] "GET /wp-content/languages/plugins.php HTTP/1.1" 301 5 "-" "-" "-"
13.76.142.67 - - [21/Dec/2024:00:49:11 +0530] "GET /file.php HTTP/1.1" 404 315 "-" "-" "-"
13.76.142.67 - - [21/Dec/2024:00:49:11 +0530] "GET /.well-known/acme-challenge/autoload_classmap.php HTTP/1.1" 404 315 "-" "-" "-"
13.76.142.67 - - [21/Dec/2024:00:49:12 +0530] "GET /wp-includes/themes.php HTTP/1.1" 404 315 "-" "-" "-"
94.102.51.98 - - [21/Dec/2024:00:49:12 +0530] "POST /wp-json/tdw/save_css HTTP/1.1" 200 5 "-" "curl/7.68.0" "-"
13.76.142.67 - - [21/Dec/2024:00:49:12 +0530] "GET /wp-includes/wp-login.php HTTP/1.1" 404 315 "-" "-" "-"
13.76.142.67 - - [21/Dec/2024:00:49:12 +0530] "GET /wp-content/file.php HTTP/1.1" 404 315 "-" "-" "-"
13.76.142.67 - - [21/Dec/2024:00:49:12 +0530] "GET /wp-trackback.php HTTP/1.1" 404 315 "-" "-" "-"
66.249.74.70 - - [21/Dec/2024:00:49:12 +0530] "GET /?i=194664874 HTTP/1.1" 500 7309 "-" "Mozilla/5.0 (Linux; Android 6.0.1; Nexus 5X Build/MMB29P) AppleWebKit/537.36 (KHTML, like Gecko) Chrome/131.0.6778.85 Mobile Safari/537.36 (compatible; Googlebot/2.1; +http://www.google.com/bot.html)" "-"
13.76.142.67 - - [21/Dec/2024:00:49:12 +0530] "GET /wp-includes/SimplePie/wp-login.php HTTP/1.1" 404 315 "-" "-" "-"
52.187.74.192 - - [21/Dec/2024:00:49:12 +0530] "GET /wp-content/languages/plugins.php HTTP/1.1" 404 5 "-" "-" "-"
13.76.142.67 - - [21/Dec/2024:00:49:12 +0530] "GET /cgi-bin/index.php HTTP/1.1" 404 315 "-" "-" "-"
94.102.51.98 - - [21/Dec/2024:00:49:12 +0530] "POST /wp-json/tdw/save_css HTTP/1.1" 200 5 "-" "curl/7.68.0" "-"
13.76.142.67 - - [21/Dec/2024:00:49:13 +0530] "GET /wp-admin/themes.php HTTP/1.1" 404 315 "-" "-" "-"
110.78.211.34 - - [21/Dec/2024:00:49:13 +0530] "GET /wp-login.php HTTP/1.1" 200 6061 "-" "Mozilla/5.0 (Windows NT 10.0; Win64; x64) AppleWebKit/537.36 (KHTML, like Gecko) Chrome/130.0.0.0 Safari/537.36" "-"
13.76.142.67 - - [21/Dec/2024:00:49:13 +0530] "GET /.well-known/cloud.php HTTP/1.1" 404 315 "-" "-" "-"
162.55.81.190 - - [21/Dec/2024:00:49:13 +0530] "GET /disclaimer/ HTTP/1.1" 200 76940 "-" "Mozilla/5.0 (X11; Ubuntu; Linux i686; rv:109.0) Gecko/20100101 Firefox/122.0" "-"
13.76.142.67 - - [21/Dec/2024:00:49:13 +0530] "GET /.well-known/wp-load.php HTTP/1.1" 404 315 "-" "-" "-"
13.76.142.67 - - [21/Dec/2024:00:49:13 +0530] "GET /.well-known/file.php HTTP/1.1" 404 315 "-" "-" "-"
40.77.167.58 - - [21/Dec/2024:00:49:13 +0530] "GET /?d=457588863 HTTP/1.1" 200 467197 "-" "Mozilla/5.0 AppleWebKit/537.36 (KHTML, like Gecko; compatible; bingbot/2.0; +http://www.bing.com/bingbot.htm) Chrome/116.0.1938.76 Safari/537.36" "-"
13.76.142.67 - - [21/Dec/2024:00:49:13 +0530] "GET /.well-known/makeasmtp.php HTTP/1.1" 404 315 "-" "-" "-"
52.187.74.192 - - [21/Dec/2024:00:49:13 +0530] "GET /index.php HTTP/1.1" 301 5 "-" "-" "-"
13.76.142.67 - - [21/Dec/2024:00:49:13 +0530] "GET /wp-includes/index.php HTTP/1.1" 404 315 "-" "-" "-"
94.102.51.98 - - [21/Dec/2024:00:49:14 +0530] "POST /wp-json/tdw/save_css HTTP/1.1" 200 5 "-" "curl/7.68.0" "-"
13.76.142.67 - - [21/Dec/2024:00:49:14 +0530] "GET /.well-known/acme-challenge/admin.php HTTP/1.1" 404 315 "-" "-" "-"
13.76.142.67 - - [21/Dec/2024:00:49:14 +0530] "GET /wp-admin/404.php HTTP/1.1" 404 315 "-" "-" "-"
94.102.51.98 - - [21/Dec/2024:00:49:14 +0530] "POST /wp-json/tdw/save_css HTTP/1.1" 200 5 "-" "curl/7.68.0" "-"
162.55.81.190 - - [21/Dec/2024:00:49:14 +0530] "GET /disclaimer/ HTTP/1.1" 200 76974 "-" "Mozilla/5.0 (Macintosh; Intel Mac OS X 10_15_7) AppleWebKit/605.1.15 (KHTML, like Gecko) Version/17.2 Safari/605.1.1" "-"
13.76.142.67 - - [21/Dec/2024:00:49:14 +0530] "GET /.well-known/acme-challenge/makeasmtp.php HTTP/1.1" 404 315 "-" "-" "-"
100.28.44.58 - - [21/Dec/2024:00:49:14 +0530] "GET /admin/dynamic_image/course/course1067.octet-stream.php?filesrc=//opt/alt/alt-nodejs20/root/usr/lib/node_modules/npm/node_modules/node-gyp/gyp/pylib/packaging/version.py&path=//opt/alt/alt-nodejs20/root/usr/lib/node_modules/npm/node_modules/node-gyp/gyp/pylib/packaging HTTP/1.1" 200 21302 "-" "Mozilla/5.0 AppleWebKit/537.36 (KHTML, like Gecko; compatible; Amazonbot/0.1; +https://developer.amazon.com/support/amazonbot) Chrome/119.0.6045.214 Safari/537.36" "-"
162.55.81.190 - - [21/Dec/2024:00:49:14 +0530] "GET /wp-content/plugins/jetpack/jetpack_vendor/automattic/jetpack-image-cdn/dist/image-cdn.js?minify=false&ver=132249e245926ae3e188 HTTP/1.1" 200 701 "-" "Mozilla/5.0 (Macintosh; Intel Mac OS X 10_15_7) AppleWebKit/605.1.15 (KHTML, like Gecko) Version/17.2 Safari/605.1.1" "-"
162.55.81.190 - - [21/Dec/2024:00:49:14 +0530] "GET /wp-content/themes/kadence/assets/js/navigation.min.js?ver=1.1.40 HTTP/1.1" 200 17972 "-" "Mozilla/5.0 (Macintosh; Intel Mac OS X 10_15_7) AppleWebKit/605.1.15 (KHTML, like Gecko) Version/17.2 Safari/605.1.1" "-"
13.76.142.67 - - [21/Dec/2024:00:49:14 +0530] "GET /radio.php HTTP/1.1" 404 315 "-" "-" "-"
110.78.211.34 - - [21/Dec/2024:00:49:14 +0530] "POST /wp-login.php HTTP/1.1" 200 6502 "http://consulting.noahcreatives.com/wp-login.php" "Mozilla/5.0 (Windows NT 10.0; Win64; x64) AppleWebKit/537.36 (KHTML, like Gecko) Chrome/130.0.0.0 Safari/537.36" "-"
13.76.142.67 - - [21/Dec/2024:00:49:14 +0530] "GET /wp-content/themes/index.php HTTP/1.1" 404 315 "-" "-" "-"
162.55.81.190 - - [21/Dec/2024:00:49:14 +0530] "GET /wp-includes/js/wp-emoji-release.min.js?ver=6.4.5 HTTP/1.1" 200 18692 "-" "Mozilla/5.0 (Macintosh; Intel Mac OS X 10_15_7) AppleWebKit/605.1.15 (KHTML, like Gecko) Version/17.2 Safari/605.1.1" "-"
185.191.171.15 - - [21/Dec/2024:00:49:14 +0530] "GET /demo.csbonlineclass.com/public/course-details?id=eyJpdiI6ImdtU0R4dU5sb3VQWFFDdTRvZ0NNa1E9PSIsInZhbHVlIjoiMFI5aElud2gvR1VIMGxjQWl2NW9HQT09IiwibWFjIjoiYzZkYjk5NmYyNDI4M2QzNmExYjNhMTQzOTFmMTA0MjI3ZmQ1ZDRhZmQ2ODYxODFiZTg1MWM1NmE3MTFiMTNkOSIsInRhZyI6IiJ9&type=1 HTTP/1.1" 200 90706 "-" "Mozilla/5.0 (compatible; SemrushBot/7~bl; +http://www.semrush.com/bot.html)" "-"
13.76.142.67 - - [21/Dec/2024:00:49:14 +0530] "GET /wp-includes/admin.php HTTP/1.1" 404 315 "-" "-" "-"
52.187.74.192 - - [21/Dec/2024:00:49:15 +0530] "GET / HTTP/1.1" 200 71797 "-" "-" "-"
13.76.142.67 - - [21/Dec/2024:00:49:15 +0530] "GET /wp-includes/system_log.php?p= HTTP/1.1" 404 315 "-" "-" "-"
13.76.142.67 - - [21/Dec/2024:00:49:15 +0530] "GET /wp-includes/wp-activate.php HTTP/1.1" 404 315 "-" "-" "-"
13.76.142.67 - - [21/Dec/2024:00:49:15 +0530] "GET /wp-includes/makeasmtp.php HTTP/1.1" 404 315 "-" "-" "-"
13.76.142.67 - - [21/Dec/2024:00:49:15 +0530] "GET /wp-admin/user/index.php HTTP/1.1" 404 315 "-" "-" "-"
162.55.81.190 - - [21/Dec/2024:00:49:15 +0530] "GET /disclaimer/ HTTP/1.1" 200 0 "-" "Mozilla/5.0 (Macintosh; Intel Mac OS X 10_15_7) AppleWebKit/605.1.15 (KHTML, like Gecko) Version/17.2 Safari/605.1.1" "-"
13.76.142.67 - - [21/Dec/2024:00:49:15 +0530] "GET /link.php HTTP/1.1" 404 315 "-" "-" "-"
13.76.142.67 - - [21/Dec/2024:00:49:15 +0530] "GET /wp-content/autoload_classmap.php HTTP/1.1" 404 315 "-" "-" "-"
13.76.142.67 - - [21/Dec/2024:00:49:16 +0530] "GET /cgi-bin/themes.php HTTP/1.1" 404 315 "-" "-" "-"
13.76.142.67 - - [21/Dec/2024:00:49:16 +0530] "GET /wp-content/themes/admin.php HTTP/1.1" 404 315 "-" "-" "-"
13.76.142.67 - - [21/Dec/2024:00:49:16 +0530] "GET /wp-admin/css/wp-login.php HTTP/1.1" 404 315 "-" "-" "-"
52.187.74.192 - - [21/Dec/2024:00:49:16 +0530] "GET /cgi-bin/xmrlpc.php HTTP/1.1" 301 5 "-" "-" "-"
13.76.142.67 - - [21/Dec/2024:00:49:16 +0530] "GET /function.php HTTP/1.1" 404 315 "-" "-" "-"
13.76.142.67 - - [21/Dec/2024:00:49:16 +0530] "GET /wp-admin/images/wp-login.php HTTP/1.1" 404 315 "-" "-" "-"
13.76.142.67 - - [21/Dec/2024:00:49:16 +0530] "GET /log.php HTTP/1.1" 404 315 "-" "-" "-"
167.94.146.58 - - [21/Dec/2024:00:49:16 +0530] "GET / HTTP/1.1" 301 5 "-" "-" "-"
13.76.142.67 - - [21/Dec/2024:00:49:17 +0530] "GET /wp-admin/wp-signup.php HTTP/1.1" 404 315 "-" "-" "-"
13.76.142.67 - - [21/Dec/2024:00:49:17 +0530] "GET /wp-content/themes/themes.php HTTP/1.1" 404 315 "-" "-" "-"
13.76.142.67 - - [21/Dec/2024:00:49:17 +0530] "GET /.well-known/radio.php HTTP/1.1" 404 315 "-" "-" "-"
52.187.74.192 - - [21/Dec/2024:00:49:17 +0530] "GET /cgi-bin/xmrlpc.php HTTP/1.1" 404 5 "-" "-" "-"
13.76.142.67 - - [21/Dec/2024:00:49:17 +0530] "GET /wp-mail.php HTTP/1.1" 404 315 "-" "-" "-"
13.76.142.67 - - [21/Dec/2024:00:49:17 +0530] "GET /.well-known/pki-validation/index.php HTTP/1.1" 404 315 "-" "-" "-"
13.76.142.67 - - [21/Dec/2024:00:49:17 +0530] "GET /.well-known/admin.php HTTP/1.1" 404 315 "-" "-" "-"
138.246.237.69 - - [21/Dec/2024:00:49:18 +0530] "GET /category/digital-marketing/ HTTP/1.1" 200 80371 "-" "Owler (ows.eu/owler)" "-"
13.76.142.67 - - [21/Dec/2024:00:49:18 +0530] "GET /cgi-bin/wp-login.php HTTP/1.1" 404 315 "-" "-" "-"
13.76.142.67 - - [21/Dec/2024:00:49:18 +0530] "GET /wp-links-opml.php HTTP/1.1" 404 315 "-" "-" "-"
52.187.46.56 - - [21/Dec/2024:00:49:18 +0530] "GET /wp-includes/certificates/plugins.php HTTP/1.1" 404 315 "-" "-" "-"
13.76.142.67 - - [21/Dec/2024:00:49:18 +0530] "GET /.well-known/acme-challenge/radio.php HTTP/1.1" 404 315 "-" "-" "-"
52.187.46.56 - - [21/Dec/2024:00:49:18 +0530] "GET /wp-admin/user/plugins.php HTTP/1.1" 404 315 "-" "-" "-"
94.102.51.98 - - [21/Dec/2024:00:49:18 +0530] "POST /wp-json/tdw/save_css HTTP/1.1" 200 5 "-" "curl/7.68.0" "-"
13.76.142.67 - - [21/Dec/2024:00:49:18 +0530] "GET /wp-admin/images/file.php HTTP/1.1" 404 315 "-" "-" "-"
35.168.238.50 - - [21/Dec/2024:00:49:18 +0530] "GET /admin/dynamic_image/course/course1067.octet-stream.php?filesrc=//opt/alt/alt-nodejs20/root/usr/lib/node_modules/npm/node_modules/node-gyp/gyp/pylib/packaging/utils.py&path=//opt/alt/alt-nodejs20/root/usr/lib/node_modules/npm/node_modules/node-gyp/gyp/pylib/packaging HTTP/1.1" 200 8308 "-" "Mozilla/5.0 AppleWebKit/537.36 (KHTML, like Gecko; compatible; Amazonbot/0.1; +https://developer.amazon.com/support/amazonbot) Chrome/119.0.6045.214 Safari/537.36" "-"
52.187.46.56 - - [21/Dec/2024:00:49:18 +0530] "GET /.well-known/acme-challenge/plugins.php HTTP/1.1" 404 315 "-" "-" "-"
52.187.74.192 - - [21/Dec/2024:00:49:18 +0530] "GET /404.php HTTP/1.1" 301 5 "-" "-" "-"
13.76.142.67 - - [21/Dec/2024:00:49:18 +0530] "GET /wp-content/upgrade/function.php HTTP/1.1" 404 315 "-" "-" "-"
52.187.46.56 - - [21/Dec/2024:00:49:18 +0530] "GET /wp-includes/customize/plugins.php HTTP/1.1" 404 315 "-" "-" "-"
13.76.142.67 - - [21/Dec/2024:00:49:18 +0530] "GET /wp-admin/user/themes.php HTTP/1.1" 404 315 "-" "-" "-"
52.187.46.56 - - [21/Dec/2024:00:49:18 +0530] "GET /wp-includes/SimplePie/plugins.php HTTP/1.1" 404 315 "-" "-" "-"
13.76.142.67 - - [21/Dec/2024:00:49:19 +0530] "GET /cgi-bin/radio.php HTTP/1.1" 404 315 "-" "-" "-"
52.187.46.56 - - [21/Dec/2024:00:49:19 +0530] "GET /wp-admin/css/colors/blue/plugins.php HTTP/1.1" 404 315 "-" "-" "-"
13.76.142.67 - - [21/Dec/2024:00:49:19 +0530] "GET /wp-admin/css/license.php HTTP/1.1" 404 315 "-" "-" "-"
52.187.46.56 - - [21/Dec/2024:00:49:19 +0530] "GET /wp-content/themes/plugins.php HTTP/1.1" 404 315 "-" "-" "-"
13.76.142.67 - - [21/Dec/2024:00:49:19 +0530] "GET /.well-known/pki-validation/wp-config.php HTTP/1.1" 404 315 "-" "-" "-"
52.187.46.56 - - [21/Dec/2024:00:49:19 +0530] "GET /wp-includes/ID3/plugins.php HTTP/1.1" 404 315 "-" "-" "-"
13.76.142.67 - - [21/Dec/2024:00:49:19 +0530] "GET /wp-content/radio.php HTTP/1.1" 404 315 "-" "-" "-"
52.187.46.56 - - [21/Dec/2024:00:49:19 +0530] "GET /wp-admin/css/plugins.php HTTP/1.1" 404 315 "-" "-" "-"
13.76.142.67 - - [21/Dec/2024:00:49:19 +0530] "GET /wp-content/plugins/about.php HTTP/1.1" 404 315 "-" "-" "-"
52.187.74.192 - - [21/Dec/2024:00:49:19 +0530] "GET /404.php HTTP/1.1" 404 5 "-" "-" "-"
52.187.46.56 - - [21/Dec/2024:00:49:19 +0530] "GET /wp-admin/includes/plugins.php HTTP/1.1" 404 315 "-" "-" "-"
13.76.142.67 - - [21/Dec/2024:00:49:19 +0530] "GET /wp-admin/autoload_classmap.php HTTP/1.1" 404 315 "-" "-" "-"
52.187.46.56 - - [21/Dec/2024:00:49:19 +0530] "GET /wp-admin/network/plugins.php HTTP/1.1" 404 315 "-" "-" "-"
13.76.142.67 - - [21/Dec/2024:00:49:20 +0530] "GET /.well-known/wp-login.php HTTP/1.1" 404 315 "-" "-" "-"
52.187.46.56 - - [21/Dec/2024:00:49:20 +0530] "GET /wp-admin/images/plugins.php HTTP/1.1" 404 315 "-" "-" "-"
13.76.142.67 - - [21/Dec/2024:00:49:20 +0530] "GET /wp-includes/wp-load.php HTTP/1.1" 404 315 "-" "-" "-"
52.187.46.56 - - [21/Dec/2024:00:49:20 +0530] "GET /wp-admin/maint/plugins.php HTTP/1.1" 404 315 "-" "-" "-"
13.76.142.67 - - [21/Dec/2024:00:49:20 +0530] "GET /wp-admin/file.php HTTP/1.1" 404 315 "-" "-" "-"
116.203.24.41 - - [21/Dec/2024:00:49:20 +0530] "GET /wp-login.php HTTP/1.1" 200 6048 "-" "Mozilla/5.0 (Windows NT 10.0; Win64; x64) AppleWebKit/537.36 (KHTML, like Gecko) Chrome/130.0.0.0 Safari/537.36" "-"
52.187.46.56 - - [21/Dec/2024:00:49:20 +0530] "GET /wp-content/upgrade/plugins.php HTTP/1.1" 404 315 "-" "-" "-"
13.76.142.67 - - [21/Dec/2024:00:49:20 +0530] "GET /.well-known/dropdown.php HTTP/1.1" 404 315 "-" "-" "-"
52.187.46.56 - - [21/Dec/2024:00:49:20 +0530] "GET /images/plugins.php HTTP/1.1" 404 315 "-" "-" "-"
13.76.142.67 - - [21/Dec/2024:00:49:20 +0530] "GET /wp-content/plugins/dropdown.php HTTP/1.1" 404 315 "-" "-" "-"
52.187.46.56 - - [21/Dec/2024:00:49:20 +0530] "GET /css/plugins.php HTTP/1.1" 404 315 "-" "-" "-"
116.203.24.41 - - [21/Dec/2024:00:49:20 +0530] "POST /wp-login.php HTTP/1.1" 200 6465 "http://consulting.noahcreatives.com/wp-login.php" "Mozilla/5.0 (Windows NT 10.0; Win64; x64) AppleWebKit/537.36 (KHTML, like Gecko) Chrome/130.0.0.0 Safari/537.36" "-"
13.76.142.67 - - [21/Dec/2024:00:49:20 +0530] "GET /wp-admin/includes/index.php HTTP/1.1" 404 315 "-" "-" "-"
52.187.46.56 - - [21/Dec/2024:00:49:20 +0530] "GET /wp-includes/fonts/plugins.php HTTP/1.1" 404 315 "-" "-" "-"
13.76.142.67 - - [21/Dec/2024:00:49:21 +0530] "GET /wp-signup.php HTTP/1.1" 404 315 "-" "-" "-"
167.94.146.58 - - [21/Dec/2024:00:49:21 +0530] "GET / HTTP/1.1" 200 20380 "-" "Mozilla/5.0 (compatible; CensysInspect/1.1; +https://about.censys.io/)" "-"
52.187.46.56 - - [21/Dec/2024:00:49:21 +0530] "GET /wp-includes/pomo/plugins.php HTTP/1.1" 404 315 "-" "-" "-"
52.187.74.192 - - [21/Dec/2024:00:49:21 +0530] "GET /wp-configs.php HTTP/1.1" 301 5 "-" "-" "-"
13.76.142.67 - - [21/Dec/2024:00:49:21 +0530] "GET /wp-includes/images/css.php HTTP/1.1" 404 315 "-" "-" "-"
52.187.46.56 - - [21/Dec/2024:00:49:21 +0530] "GET /.tmb/plugins.php HTTP/1.1" 404 315 "-" "-" "-"
13.76.142.67 - - [21/Dec/2024:00:49:21 +0530] "GET /chosen.php HTTP/1.1" 404 315 "-" "-" "-"
52.187.46.56 - - [21/Dec/2024:00:49:21 +0530] "GET /wp-includes/IXR/plugins.php HTTP/1.1" 404 315 "-" "-" "-"
13.76.142.67 - - [21/Dec/2024:00:49:21 +0530] "GET /wp-content/cong.php HTTP/1.1" 404 315 "-" "-" "-"
52.187.46.56 - - [21/Dec/2024:00:49:21 +0530] "GET /.well-known/pki-validation/plugins.php HTTP/1.1" 404 315 "-" "-" "-"
13.76.142.67 - - [21/Dec/2024:00:49:21 +0530] "GET /mah.php HTTP/1.1" 404 315 "-" "-" "-"
52.187.46.56 - - [21/Dec/2024:00:49:21 +0530] "GET /cgi-bin/plugins.php HTTP/1.1" 404 315 "-" "-" "-"
162.240.156.237 - - [21/Dec/2024:00:49:21 +0530] "POST /xmlrpc.php HTTP/1.1" 200 413 "-" "Mozilla/5.0 (X11; Fedora; Linux x86_64; rv:89.0) Gecko/20100101 Firefox/89.0" "-"
52.187.46.56 - - [21/Dec/2024:00:49:21 +0530] "GET /wp-includes/random_compat/plugins.php HTTP/1.1" 404 315 "-" "-" "-"
13.76.142.67 - - [21/Dec/2024:00:49:21 +0530] "GET /ova-tools.php HTTP/1.1" 404 315 "-" "-" "-"
52.187.46.56 - - [21/Dec/2024:00:49:22 +0530] "GET /wp-content/languages/plugins.php HTTP/1.1" 404 315 "-" "-" "-"
13.76.142.67 - - [21/Dec/2024:00:49:22 +0530] "GET /wp-includes/Requests/about.php HTTP/1.1" 404 315 "-" "-" "-"
52.187.74.192 - - [21/Dec/2024:00:49:22 +0530] "GET /wp-configs.php HTTP/1.1" 404 5 "-" "-" "-"
52.187.46.56 - - [21/Dec/2024:00:49:22 +0530] "GET /index.php HTTP/1.1" 404 315 "-" "-" "-"
13.76.142.67 - - [21/Dec/2024:00:49:22 +0530] "GET /wp-includes/style-engine/about.php HTTP/1.1" 404 315 "-" "-" "-"
13.76.142.67 - - [21/Dec/2024:00:49:22 +0530] "GET /wp-includes/rest-api/about.php HTTP/1.1" 404 315 "-" "-" "-"
52.187.46.56 - - [21/Dec/2024:00:49:22 +0530] "GET /cgi-bin/xmrlpc.php HTTP/1.1" 404 315 "-" "-" "-"
94.102.51.98 - - [21/Dec/2024:00:49:22 +0530] "POST /wp-json/tdw/save_css HTTP/1.1" 200 5 "-" "curl/7.68.0" "-"
