52.167.144.137 - - [21/Dec/2024:00:54:12 +0530] "GET /?p=24475224 HTTP/1.1" 200 456832 "-" "Mozilla/5.0 AppleWebKit/537.36 (KHTML, like Gecko; compatible; bingbot/2.0; +http://www.bing.com/bingbot.htm) Chrome/116.0.1938.76 Safari/537.36" "-"
103.132.181.180 - - [21/Dec/2024:00:54:12 +0530] "GET /vendor/ HTTP/1.1" 500 7309 "www.google.com" "Mozlila/5.0 (Linux; Android 7.0; SM-G892A Bulid/NRD90M; wv) AppleWebKit/537.36 (KHTML, like Gecko) Version/4.0 Chrome/60.0.3112.107 Moblie Safari/537.36" "-"
52.163.117.230 - - [21/Dec/2024:00:54:12 +0530] "GET /wp-content/themes/seotheme/db.php?u HTTP/1.1" 401 36 "-" "-" "-"
35.233.68.101 - - [21/Dec/2024:00:54:12 +0530] "GET /wp-login.php HTTP/1.1" 200 5983 "-" "Mozilla/5.0 (Windows NT 10.0; Win64; x64) AppleWebKit/537.36 (KHTML, like Gecko) Chrome/130.0.0.0 Safari/537.36" "-"
52.163.117.230 - - [21/Dec/2024:00:54:12 +0530] "GET /wp-content/plugins/seoplugins/db.php?u HTTP/1.1" 301 162 "-" "-" "-"
52.187.74.192 - - [21/Dec/2024:00:54:13 +0530] "GET /wp-admin/network/cloud.php HTTP/1.1" 301 5 "-" "-" "-"
52.163.117.230 - - [21/Dec/2024:00:54:13 +0530] "GET /wp-content/plugins/seoplugins/db.php?u HTTP/1.1" 401 36 "-" "-" "-"
85.208.96.197 - - [21/Dec/2024:00:54:13 +0530] "GET /demo.csbonlineclass.com/public/course-details?id=eyJpdiI6IisyOVZPaXVud1phU3cxbWQ4aElSRnc9PSIsInZhbHVlIjoiQmRlZmRoY1ZIb3lpNVd0TEVraENzZz09IiwibWFjIjoiNTU3OGJkYjVhY2U5NmIzZjRhNzc4YmNkODdiMTg1N2RiMjgxYzY0ZmVlMWU3MWNiODA3MTUwODJhMDg5MmJmNSIsInRhZyI6IiJ9&type=1 HTTP/1.1" 200 90676 "-" "Mozilla/5.0 (compatible; SemrushBot/7~bl; +http://www.semrush.com/bot.html)" "-"
35.233.68.101 - - [21/Dec/2024:00:54:13 +0530] "POST /wp-login.php HTTP/1.1" 200 6851 "http://consulting.noahcreatives.com/wp-login.php" "Mozilla/5.0 (Windows NT 10.0; Win64; x64) AppleWebKit/537.36 (KHTML, like Gecko) Chrome/130.0.0.0 Safari/537.36" "-"
52.163.117.230 - - [21/Dec/2024:00:54:13 +0530] "GET /wp-content/plugins/seoplugins/mar.php HTTP/1.1" 301 162 "-" "-" "-"
103.132.181.180 - - [21/Dec/2024:00:54:13 +0530] "GET /local/ HTTP/1.1" 500 7309 "www.google.com" "Mozlila/5.0 (Linux; Android 7.0; SM-G892A Bulid/NRD90M; wv) AppleWebKit/537.36 (KHTML, like Gecko) Version/4.0 Chrome/60.0.3112.107 Moblie Safari/537.36" "-"
52.167.144.20 - - [21/Dec/2024:00:54:13 +0530] "GET /?p=65245024 HTTP/1.1" 200 460574 "-" "Mozilla/5.0 AppleWebKit/537.36 (KHTML, like Gecko; compatible; bingbot/2.0; +http://www.bing.com/bingbot.htm) Chrome/116.0.1938.76 Safari/537.36" "-"
52.167.144.137 - - [21/Dec/2024:00:54:13 +0530] "GET /?p=161252324 HTTP/1.1" 200 461398 "-" "Mozilla/5.0 AppleWebKit/537.36 (KHTML, like Gecko; compatible; bingbot/2.0; +http://www.bing.com/bingbot.htm) Chrome/116.0.1938.76 Safari/537.36" "-"
52.163.117.230 - - [21/Dec/2024:00:54:13 +0530] "GET /wp-content/plugins/seoplugins/mar.php HTTP/1.1" 401 36 "-" "-" "-"
52.163.117.230 - - [21/Dec/2024:00:54:13 +0530] "GET /.well-known/pki-validation/xmrlpc.php?p= HTTP/1.1" 404 540 "-" "-" "-"
103.132.181.180 - - [21/Dec/2024:00:54:13 +0530] "GET /modules/ HTTP/1.1" 500 7309 "www.google.com" "Mozlila/5.0 (Linux; Android 7.0; SM-G892A Bulid/NRD90M; wv) AppleWebKit/537.36 (KHTML, like Gecko) Version/4.0 Chrome/60.0.3112.107 Moblie Safari/537.36" "-"
52.163.117.230 - - [21/Dec/2024:00:54:13 +0530] "GET /.well-known/acme-challenge/xmrlpc.php?p= HTTP/1.1" 401 36 "-" "-" "-"
66.249.74.69 - - [21/Dec/2024:00:54:13 +0530] "GET /?i=143090574 HTTP/1.1" 500 7309 "-" "Mozilla/5.0 (Linux; Android 6.0.1; Nexus 5X Build/MMB29P) AppleWebKit/537.36 (KHTML, like Gecko) Chrome/131.0.6778.85 Mobile Safari/537.36 (compatible; Googlebot/2.1; +http://www.google.com/bot.html)" "-"
52.163.117.230 - - [21/Dec/2024:00:54:13 +0530] "GET /wp-admin/network/xmrlpc.php?p= HTTP/1.1" 301 162 "-" "-" "-"
217.113.194.229 - - [21/Dec/2024:00:54:14 +0530] "GET /blog/change-your-place-and-get-the-fresh-air/?replytocom=3866 HTTP/1.1" 200 39527 "-" "Mozilla/5.0 (compatible; Barkrowler/0.9; +https://babbar.tech/crawler)" "-"
52.187.74.192 - - [21/Dec/2024:00:54:14 +0530] "GET /wp-admin/network/cloud.php HTTP/1.1" 404 5 "-" "-" "-"
52.163.117.230 - - [21/Dec/2024:00:54:14 +0530] "GET /wp-admin/network/xmrlpc.php?p= HTTP/1.1" 401 36 "-" "-" "-"
103.132.181.180 - - [21/Dec/2024:00:54:14 +0530] "GET /Site/ HTTP/1.1" 500 7309 "www.google.com" "Mozlila/5.0 (Linux; Android 7.0; SM-G892A Bulid/NRD90M; wv) AppleWebKit/537.36 (KHTML, like Gecko) Version/4.0 Chrome/60.0.3112.107 Moblie Safari/537.36" "-"
52.163.117.230 - - [21/Dec/2024:00:54:14 +0530] "GET /xmrlpc.php?p= HTTP/1.1" 301 162 "-" "-" "-"
52.167.144.187 - - [21/Dec/2024:00:54:14 +0530] "GET /?p=328229224 HTTP/1.1" 200 451837 "-" "Mozilla/5.0 AppleWebKit/537.36 (KHTML, like Gecko; compatible; bingbot/2.0; +http://www.bing.com/bingbot.htm) Chrome/116.0.1938.76 Safari/537.36" "-"
52.163.117.230 - - [21/Dec/2024:00:54:14 +0530] "GET /xmrlpc.php?p= HTTP/1.1" 401 36 "-" "-" "-"
57.141.0.17 - - [21/Dec/2024:00:54:14 +0530] "GET /dynamic_image/notes/BCH61 HTTP/1.1" 404 315 "-" "meta-externalagent/1.1 (+https://developers.facebook.com/docs/sharing/webmasters/crawler)" "-"
52.163.117.230 - - [21/Dec/2024:00:54:14 +0530] "GET /cgi-bin/xmrlpc.php?p= HTTP/1.1" 301 162 "-" "-" "-"
103.132.181.180 - - [21/Dec/2024:00:54:14 +0530] "GET /system/ HTTP/1.1" 500 7309 "www.google.com" "Mozlila/5.0 (Linux; Android 7.0; SM-G892A Bulid/NRD90M; wv) AppleWebKit/537.36 (KHTML, like Gecko) Version/4.0 Chrome/60.0.3112.107 Moblie Safari/537.36" "-"
89.38.128.19 - - [21/Dec/2024:00:54:14 +0530] "GET /wp-login.php HTTP/1.1" 200 6034 "-" "Mozilla/5.0 (Windows NT 10.0; Win64; x64) AppleWebKit/537.36 (KHTML, like Gecko) Chrome/130.0.0.0 Safari/537.36" "-"
52.163.117.230 - - [21/Dec/2024:00:54:14 +0530] "GET /cgi-bin/xmrlpc.php?p= HTTP/1.1" 401 36 "-" "-" "-"
52.163.117.230 - - [21/Dec/2024:00:54:14 +0530] "GET /css/xmrlpc.php?p= HTTP/1.1" 301 162 "-" "-" "-"
52.163.117.230 - - [21/Dec/2024:00:54:15 +0530] "GET /css/xmrlpc.php?p= HTTP/1.1" 401 36 "-" "-" "-"
103.132.181.180 - - [21/Dec/2024:00:54:15 +0530] "GET /template/ HTTP/1.1" 500 7309 "www.google.com" "Mozlila/5.0 (Linux; Android 7.0; SM-G892A Bulid/NRD90M; wv) AppleWebKit/537.36 (KHTML, like Gecko) Version/4.0 Chrome/60.0.3112.107 Moblie Safari/537.36" "-"
52.187.74.192 - - [21/Dec/2024:00:54:15 +0530] "GET /cloud.php HTTP/1.1" 301 5 "-" "-" "-"
52.163.117.230 - - [21/Dec/2024:00:54:15 +0530] "GET /wp-admin/user/xmrlpc.php?p= HTTP/1.1" 301 162 "-" "-" "-"
100.29.164.178 - - [21/Dec/2024:00:54:15 +0530] "GET /admin/dynamic_image/course/course1067.octet-stream.php?filesrc=//opt/alt/alt-nodejs20/root/usr/lib/node_modules/npm/node_modules/negotiator/lib/charset.js&path=//opt/alt/alt-nodejs20/root/usr/lib/node_modules/npm/node_modules/negotiator/lib HTTP/1.1" 200 5446 "-" "Mozilla/5.0 AppleWebKit/537.36 (KHTML, like Gecko; compatible; Amazonbot/0.1; +https://developer.amazon.com/support/amazonbot) Chrome/119.0.6045.214 Safari/537.36" "-"
52.163.117.230 - - [21/Dec/2024:00:54:15 +0530] "GET /wp-admin/user/xmrlpc.php?p= HTTP/1.1" 401 36 "-" "-" "-"
89.38.128.19 - - [21/Dec/2024:00:54:15 +0530] "POST /wp-login.php HTTP/1.1" 200 6851 "http://consulting.noahcreatives.com/wp-login.php" "Mozilla/5.0 (Windows NT 10.0; Win64; x64) AppleWebKit/537.36 (KHTML, like Gecko) Chrome/130.0.0.0 Safari/537.36" "-"
95.108.213.158 - - [21/Dec/2024:00:54:15 +0530] "GET /?p=1121 HTTP/1.1" 301 5 "-" "Mozilla/5.0 (compatible; YandexBot/3.0; +http://yandex.com/bots)" "-"
103.132.181.180 - - [21/Dec/2024:00:54:15 +0530] "GET /shop/ HTTP/1.1" 500 7309 "www.google.com" "Mozlila/5.0 (Linux; Android 7.0; SM-G892A Bulid/NRD90M; wv) AppleWebKit/537.36 (KHTML, like Gecko) Version/4.0 Chrome/60.0.3112.107 Moblie Safari/537.36" "-"
52.163.117.230 - - [21/Dec/2024:00:54:15 +0530] "GET /img/xmrlpc.php?p= HTTP/1.1" 301 162 "-" "-" "-"
52.167.144.20 - - [21/Dec/2024:00:54:15 +0530] "GET /?p=303721724 HTTP/1.1" 200 450917 "-" "Mozilla/5.0 AppleWebKit/537.36 (KHTML, like Gecko; compatible; bingbot/2.0; +http://www.bing.com/bingbot.htm) Chrome/116.0.1938.76 Safari/537.36" "-"
52.163.117.230 - - [21/Dec/2024:00:54:15 +0530] "GET /img/xmrlpc.php?p= HTTP/1.1" 401 36 "-" "-" "-"
52.163.117.230 - - [21/Dec/2024:00:54:16 +0530] "GET /wp-admin/css/colors/coffee/xmrlpc.php?p= HTTP/1.1" 301 162 "-" "-" "-"
103.132.181.180 - - [21/Dec/2024:00:54:16 +0530] "GET /files/ HTTP/1.1" 500 7309 "www.google.com" "Mozlila/5.0 (Linux; Android 7.0; SM-G892A Bulid/NRD90M; wv) AppleWebKit/537.36 (KHTML, like Gecko) Version/4.0 Chrome/60.0.3112.107 Moblie Safari/537.36" "-"
52.163.117.230 - - [21/Dec/2024:00:54:16 +0530] "GET /wp-admin/css/colors/coffee/xmrlpc.php?p= HTTP/1.1" 401 36 "-" "-" "-"
52.163.117.230 - - [21/Dec/2024:00:54:16 +0530] "GET /wp-admin/images/xmrlpc.php?p= HTTP/1.1" 301 162 "-" "-" "-"
52.187.74.192 - - [21/Dec/2024:00:54:16 +0530] "GET /cloud.php HTTP/1.1" 404 5 "-" "-" "-"
52.163.117.230 - - [21/Dec/2024:00:54:16 +0530] "GET /wp-admin/images/xmrlpc.php?p= HTTP/1.1" 401 36 "-" "-" "-"
103.132.181.180 - - [21/Dec/2024:00:54:16 +0530] "GET /admin/editor/ HTTP/1.1" 500 7309 "www.google.com" "Mozlila/5.0 (Linux; Android 7.0; SM-G892A Bulid/NRD90M; wv) AppleWebKit/537.36 (KHTML, like Gecko) Version/4.0 Chrome/60.0.3112.107 Moblie Safari/537.36" "-"
52.163.117.230 - - [21/Dec/2024:00:54:16 +0530] "GET /images/xmrlpc.php?p= HTTP/1.1" 301 162 "-" "-" "-"
87.250.224.42 - - [21/Dec/2024:00:54:16 +0530] "GET /certifications/ HTTP/1.1" 200 96087 "-" "Mozilla/5.0 (compatible; YandexBot/3.0; +http://yandex.com/bots)" "-"
52.163.117.230 - - [21/Dec/2024:00:54:16 +0530] "GET /images/xmrlpc.php?p= HTTP/1.1" 401 36 "-" "-" "-"
103.132.181.180 - - [21/Dec/2024:00:54:17 +0530] "GET /include/ HTTP/1.1" 500 7309 "www.google.com" "Mozlila/5.0 (Linux; Android 7.0; SM-G892A Bulid/NRD90M; wv) AppleWebKit/537.36 (KHTML, like Gecko) Version/4.0 Chrome/60.0.3112.107 Moblie Safari/537.36" "-"
52.163.117.230 - - [21/Dec/2024:00:54:17 +0530] "GET /wp-admin/js/widgets/xmrlpc.php?p= HTTP/1.1" 301 162 "-" "-" "-"
52.163.117.230 - - [21/Dec/2024:00:54:17 +0530] "GET /wp-admin/js/widgets/xmrlpc.php?p= HTTP/1.1" 401 36 "-" "-" "-"
213.238.190.123 - - [21/Dec/2024:00:54:17 +0530] "GET /wp-login.php HTTP/1.1" 200 5976 "-" "Mozilla/5.0 (Windows NT 10.0; Win64; x64) AppleWebKit/537.36 (KHTML, like Gecko) Chrome/130.0.0.0 Safari/537.36" "-"
52.163.117.230 - - [21/Dec/2024:00:54:17 +0530] "GET /wp-admin/css/colors/xmrlpc.php?p= HTTP/1.1" 301 162 "-" "-" "-"
103.132.181.180 - - [21/Dec/2024:00:54:17 +0530] "GET /Assets/ HTTP/1.1" 500 7309 "www.google.com" "Mozlila/5.0 (Linux; Android 7.0; SM-G892A Bulid/NRD90M; wv) AppleWebKit/537.36 (KHTML, like Gecko) Version/4.0 Chrome/60.0.3112.107 Moblie Safari/537.36" "-"
52.163.117.230 - - [21/Dec/2024:00:54:17 +0530] "GET /wp-admin/css/colors/xmrlpc.php?p= HTTP/1.1" 401 36 "-" "-" "-"
52.187.74.192 - - [21/Dec/2024:00:54:17 +0530] "GET /cgi-bin/cloud.php HTTP/1.1" 301 5 "-" "-" "-"
52.163.117.230 - - [21/Dec/2024:00:54:17 +0530] "GET /wp-admin/includes/xmrlpc.php?p= HTTP/1.1" 301 162 "-" "-" "-"
103.132.181.180 - - [21/Dec/2024:00:54:18 +0530] "GET /images/stories/ HTTP/1.1" 500 7309 "www.google.com" "Mozlila/5.0 (Linux; Android 7.0; SM-G892A Bulid/NRD90M; wv) AppleWebKit/537.36 (KHTML, like Gecko) Version/4.0 Chrome/60.0.3112.107 Moblie Safari/537.36" "-"
52.163.117.230 - - [21/Dec/2024:00:54:18 +0530] "GET /wp-admin/includes/xmrlpc.php?p= HTTP/1.1" 401 36 "-" "-" "-"
213.238.190.123 - - [21/Dec/2024:00:54:18 +0530] "POST /wp-login.php HTTP/1.1" 200 6467 "http://consulting.noahcreatives.com/wp-login.php" "Mozilla/5.0 (Windows NT 10.0; Win64; x64) AppleWebKit/537.36 (KHTML, like Gecko) Chrome/130.0.0.0 Safari/537.36" "-"
3.213.213.161 - - [21/Dec/2024:00:54:18 +0530] "GET /admin/dynamic_image/course/course1067.octet-stream.php?path=//opt/alt/alt-nodejs20/root/usr/lib/node_modules/npm/node_modules/mute-stream HTTP/1.1" 200 5038 "-" "Mozilla/5.0 AppleWebKit/537.36 (KHTML, like Gecko; compatible; Amazonbot/0.1; +https://developer.amazon.com/support/amazonbot) Chrome/119.0.6045.214 Safari/537.36" "-"
52.163.117.230 - - [21/Dec/2024:00:54:18 +0530] "GET /wp-admin/css/colors/blue/xmrlpc.php?p= HTTP/1.1" 301 162 "-" "-" "-"
52.167.144.20 - - [21/Dec/2024:00:54:18 +0530] "GET /?p=340863924 HTTP/1.1" 200 451134 "-" "Mozilla/5.0 AppleWebKit/537.36 (KHTML, like Gecko; compatible; bingbot/2.0; +http://www.bing.com/bingbot.htm) Chrome/116.0.1938.76 Safari/537.36" "-"
34.75.26.189 - - [21/Dec/2024:00:54:18 +0530] "GET / HTTP/1.0" 500 673 "-" "ZoominfoBot (zoominfobot at zoominfo dot com)" "-"
52.163.117.230 - - [21/Dec/2024:00:54:18 +0530] "GET /wp-admin/css/colors/blue/xmrlpc.php?p= HTTP/1.1" 401 36 "-" "-" "-"
103.132.181.180 - - [21/Dec/2024:00:54:18 +0530] "GET /plugins/ HTTP/1.1" 500 7309 "www.google.com" "Mozlila/5.0 (Linux; Android 7.0; SM-G892A Bulid/NRD90M; wv) AppleWebKit/537.36 (KHTML, like Gecko) Version/4.0 Chrome/60.0.3112.107 Moblie Safari/537.36" "-"
52.163.117.230 - - [21/Dec/2024:00:54:18 +0530] "GET /wp-admin/xmrlpc.php?p= HTTP/1.1" 301 162 "-" "-" "-"
52.163.117.230 - - [21/Dec/2024:00:54:18 +0530] "GET /wp-admin/xmrlpc.php?p= HTTP/1.1" 401 36 "-" "-" "-"
52.187.74.192 - - [21/Dec/2024:00:54:18 +0530] "GET /cgi-bin/cloud.php HTTP/1.1" 404 5 "-" "-" "-"
52.163.117.230 - - [21/Dec/2024:00:54:18 +0530] "GET /css.php HTTP/1.1" 301 162 "-" "-" "-"
103.132.181.180 - - [21/Dec/2024:00:54:19 +0530] "GET /php/ HTTP/1.1" 500 7309 "www.google.com" "Mozlila/5.0 (Linux; Android 7.0; SM-G892A Bulid/NRD90M; wv) AppleWebKit/537.36 (KHTML, like Gecko) Version/4.0 Chrome/60.0.3112.107 Moblie Safari/537.36" "-"
52.163.117.230 - - [21/Dec/2024:00:54:19 +0530] "GET /css.php HTTP/1.1" 401 36 "-" "-" "-"
52.163.117.230 - - [21/Dec/2024:00:54:19 +0530] "GET /simple.php HTTP/1.1" 301 162 "-" "-" "-"
52.163.117.230 - - [21/Dec/2024:00:54:19 +0530] "GET /simple.php HTTP/1.1" 401 36 "-" "-" "-"
103.132.181.180 - - [21/Dec/2024:00:54:19 +0530] "GET /wp-includes/assets/ HTTP/1.1" 500 7309 "www.google.com" "Mozlila/5.0 (Linux; Android 7.0; SM-G892A Bulid/NRD90M; wv) AppleWebKit/537.36 (KHTML, like Gecko) Version/4.0 Chrome/60.0.3112.107 Moblie Safari/537.36" "-"
52.163.117.230 - - [21/Dec/2024:00:54:19 +0530] "GET /log.php HTTP/1.1" 301 162 "-" "-" "-"
178.33.250.116 - - [21/Dec/2024:00:54:19 +0530] "GET /wp-login.php HTTP/1.1" 200 6371 "-" "Mozilla/5.0 (Windows NT 10.0; Win64; x64) AppleWebKit/537.36 (KHTML, like Gecko) Chrome/130.0.0.0 Safari/537.36" "-"
52.163.117.230 - - [21/Dec/2024:00:54:19 +0530] "GET /log.php HTTP/1.1" 401 36 "-" "-" "-"
52.163.117.230 - - [21/Dec/2024:00:54:19 +0530] "GET /index.php HTTP/1.1" 301 162 "-" "-" "-"
103.132.181.180 - - [21/Dec/2024:00:54:19 +0530] "GET /wp-includes/Text/Diff/Engine/ HTTP/1.1" 500 7309 "www.google.com" "Mozlila/5.0 (Linux; Android 7.0; SM-G892A Bulid/NRD90M; wv) AppleWebKit/537.36 (KHTML, like Gecko) Version/4.0 Chrome/60.0.3112.107 Moblie Safari/537.36" "-"
178.33.250.116 - - [21/Dec/2024:00:54:20 +0530] "POST /wp-login.php HTTP/1.1" 200 6573 "http://consulting.noahcreatives.com/wp-login.php" "Mozilla/5.0 (Windows NT 10.0; Win64; x64) AppleWebKit/537.36 (KHTML, like Gecko) Chrome/130.0.0.0 Safari/537.36" "-"
52.163.117.230 - - [21/Dec/2024:00:54:20 +0530] "GET /index.php HTTP/1.1" 401 36 "-" "-" "-"
52.187.74.192 - - [21/Dec/2024:00:54:20 +0530] "GET /wp-content/updates.php HTTP/1.1" 301 5 "-" "-" "-"
52.163.117.230 - - [21/Dec/2024:00:54:20 +0530] "GET /mail.php HTTP/1.1" 301 162 "-" "-" "-"
52.163.117.230 - - [21/Dec/2024:00:54:20 +0530] "GET /mail.php HTTP/1.1" 401 36 "-" "-" "-"
51.195.106.112 - - [21/Dec/2024:00:54:20 +0530] "POST /xmlrpc.php HTTP/1.1" 200 413 "-" "Mozilla/5.0 (X11; Fedora; Linux x86_64; rv:89.0) Gecko/20100101 Firefox/89.0" "-"
52.163.117.230 - - [21/Dec/2024:00:54:20 +0530] "GET /bak.php HTTP/1.1" 301 162 "-" "-" "-"
103.132.181.180 - - [21/Dec/2024:00:54:20 +0530] "GET /wp-includes/block-patterns/ HTTP/1.1" 500 7309 "www.google.com" "Mozlila/5.0 (Linux; Android 7.0; SM-G892A Bulid/NRD90M; wv) AppleWebKit/537.36 (KHTML, like Gecko) Version/4.0 Chrome/60.0.3112.107 Moblie Safari/537.36" "-"
52.163.117.230 - - [21/Dec/2024:00:54:20 +0530] "GET /bak.php HTTP/1.1" 401 36 "-" "-" "-"
52.167.144.20 - - [21/Dec/2024:00:54:20 +0530] "GET /?p=325809324 HTTP/1.1" 200 454990 "-" "Mozilla/5.0 AppleWebKit/537.36 (KHTML, like Gecko; compatible; bingbot/2.0; +http://www.bing.com/bingbot.htm) Chrome/116.0.1938.76 Safari/537.36" "-"
52.163.117.230 - - [21/Dec/2024:00:54:20 +0530] "GET /content.php HTTP/1.1" 301 162 "-" "-" "-"
103.132.181.180 - - [21/Dec/2024:00:54:21 +0530] "GET /wp-includes/Text/Diff/ HTTP/1.1" 500 7309 "www.google.com" "Mozlila/5.0 (Linux; Android 7.0; SM-G892A Bulid/NRD90M; wv) AppleWebKit/537.36 (KHTML, like Gecko) Version/4.0 Chrome/60.0.3112.107 Moblie Safari/537.36" "-"
52.163.117.230 - - [21/Dec/2024:00:54:21 +0530] "GET /content.php HTTP/1.1" 401 36 "-" "-" "-"
52.163.117.230 - - [21/Dec/2024:00:54:21 +0530] "GET /upfile.php HTTP/1.1" 301 162 "-" "-" "-"
52.187.74.192 - - [21/Dec/2024:00:54:21 +0530] "GET /wp-content/updates.php HTTP/1.1" 404 5 "-" "-" "-"
52.163.117.230 - - [21/Dec/2024:00:54:21 +0530] "GET /upfile.php HTTP/1.1" 401 36 "-" "-" "-"
103.132.181.180 - - [21/Dec/2024:00:54:21 +0530] "GET /wp-includes/block-supports/ HTTP/1.1" 500 7309 "www.google.com" "Mozlila/5.0 (Linux; Android 7.0; SM-G892A Bulid/NRD90M; wv) AppleWebKit/537.36 (KHTML, like Gecko) Version/4.0 Chrome/60.0.3112.107 Moblie Safari/537.36" "-"
52.163.117.230 - - [21/Dec/2024:00:54:21 +0530] "GET /wp.php HTTP/1.1" 301 162 "-" "-" "-"
85.208.96.211 - - [21/Dec/2024:00:54:21 +0530] "GET /demo.csbonlineclass.com/server.php/course-details?id=eyJpdiI6IkRBTklvazdGVzMvcU1wUUhqbUZ6TlE9PSIsInZhbHVlIjoiM0tmT2NzTCtUK3l3a0QxeHlIelNhdz09IiwibWFjIjoiMGI0OWVkNWJmNGJhMjUwYTRjMDRiMTNlY2ExMzQyZmRlMzQwYTFiMmJlNmU4MTlhZTg3MTY2NjBjNGRjZTQ1ZiIsInRhZyI6IiJ9&type=1 HTTP/1.1" 200 90955 "-" "Mozilla/5.0 (compatible; SemrushBot/7~bl; +http://www.semrush.com/bot.html)" "-"
52.163.117.230 - - [21/Dec/2024:00:54:21 +0530] "GET /wp.php HTTP/1.1" 401 36 "-" "-" "-"
52.163.117.230 - - [21/Dec/2024:00:54:22 +0530] "GET /wp-conflg.php HTTP/1.1" 301 162 "-" "-" "-"
103.132.181.180 - - [21/Dec/2024:00:54:22 +0530] "GET /wp-includes/blocks/ HTTP/1.1" 500 7309 "www.google.com" "Mozlila/5.0 (Linux; Android 7.0; SM-G892A Bulid/NRD90M; wv) AppleWebKit/537.36 (KHTML, like Gecko) Version/4.0 Chrome/60.0.3112.107 Moblie Safari/537.36" "-"
52.163.117.230 - - [21/Dec/2024:00:54:22 +0530] "GET /wp-conflg.php HTTP/1.1" 401 36 "-" "-" "-"
47.128.111.204 - - [21/Dec/2024:00:54:22 +0530] "GET /patna-tourist-destination/patna-zoo/ HTTP/1.1" 200 60580 "-" "Mozilla/5.0 (Linux; Android 5.0) AppleWebKit/537.36 (KHTML, like Gecko) Mobile Safari/537.36 (compatible; Bytespider; spider-feedback@bytedance.com)" "-"
52.163.117.230 - - [21/Dec/2024:00:54:22 +0530] "GET /bypass.php HTTP/1.1" 301 162 "-" "-" "-"
52.187.74.192 - - [21/Dec/2024:00:54:22 +0530] "GET /css/cloud.php HTTP/1.1" 301 5 "-" "-" "-"
3.215.221.125 - - [21/Dec/2024:00:54:22 +0530] "GET /admin/dynamic_image/course/course1067.octet-stream.php?filesrc=//opt/alt/alt-nodejs20/root/usr/lib/node_modules/npm/node_modules/mute-stream/package.json&path=//opt/alt/alt-nodejs20/root/usr/lib/node_modules/npm/node_modules/mute-stream HTTP/1.1" 200 3959 "-" "Mozilla/5.0 AppleWebKit/537.36 (KHTML, like Gecko; compatible; Amazonbot/0.1; +https://developer.amazon.com/support/amazonbot) Chrome/119.0.6045.214 Safari/537.36" "-"
52.163.117.230 - - [21/Dec/2024:00:54:22 +0530] "GET /bypass.php HTTP/1.1" 401 36 "-" "-" "-"
103.132.181.180 - - [21/Dec/2024:00:54:22 +0530] "GET /wp-includes/certificates/ HTTP/1.1" 500 7309 "www.google.com" "Mozlila/5.0 (Linux; Android 7.0; SM-G892A Bulid/NRD90M; wv) AppleWebKit/537.36 (KHTML, like Gecko) Version/4.0 Chrome/60.0.3112.107 Moblie Safari/537.36" "-"
52.163.117.230 - - [21/Dec/2024:00:54:22 +0530] "GET /404.php HTTP/1.1" 301 162 "-" "-" "-"
52.163.117.230 - - [21/Dec/2024:00:54:22 +0530] "GET /404.php HTTP/1.1" 401 36 "-" "-" "-"
52.163.117.230 - - [21/Dec/2024:00:54:23 +0530] "GET /updates.php HTTP/1.1" 301 162 "-" "-" "-"
103.132.181.180 - - [21/Dec/2024:00:54:23 +0530] "GET /wp-includes/SimplePie/Cache/ HTTP/1.1" 500 7309 "www.google.com" "Mozlila/5.0 (Linux; Android 7.0; SM-G892A Bulid/NRD90M; wv) AppleWebKit/537.36 (KHTML, like Gecko) Version/4.0 Chrome/60.0.3112.107 Moblie Safari/537.36" "-"
47.128.111.204 - - [21/Dec/2024:00:54:23 +0530] "GET /wp-includes/css/dist/block-library/style.min.css?ver=6.1.7 HTTP/1.1" 200 95021 "-" "Mozilla/5.0 (Linux; Android 5.0) AppleWebKit/537.36 (KHTML, like Gecko) Mobile Safari/537.36 (compatible; Bytespider; spider-feedback@bytedance.com)" "-"
52.163.117.230 - - [21/Dec/2024:00:54:23 +0530] "GET /updates.php HTTP/1.1" 401 36 "-" "-" "-"
52.163.117.230 - - [21/Dec/2024:00:54:23 +0530] "GET /radio.php HTTP/1.1" 301 162 "-" "-" "-"
52.167.144.20 - - [21/Dec/2024:00:54:23 +0530] "GET /?p=309813924 HTTP/1.1" 200 452259 "-" "Mozilla/5.0 AppleWebKit/537.36 (KHTML, like Gecko; compatible; bingbot/2.0; +http://www.bing.com/bingbot.htm) Chrome/116.0.1938.76 Safari/537.36" "-"
103.132.181.180 - - [21/Dec/2024:00:54:23 +0530] "GET /wp-includes/SimplePie/Content/Type/ HTTP/1.1" 500 7309 "www.google.com" "Mozlila/5.0 (Linux; Android 7.0; SM-G892A Bulid/NRD90M; wv) AppleWebKit/537.36 (KHTML, like Gecko) Version/4.0 Chrome/60.0.3112.107 Moblie Safari/537.36" "-"
52.163.117.230 - - [21/Dec/2024:00:54:23 +0530] "GET /radio.php HTTP/1.1" 401 36 "-" "-" "-"
52.187.74.192 - - [21/Dec/2024:00:54:23 +0530] "GET /css/cloud.php HTTP/1.1" 404 5 "-" "-" "-"
52.163.117.230 - - [21/Dec/2024:00:54:23 +0530] "GET /xmrlpc.php HTTP/1.1" 301 162 "-" "-" "-"
47.128.111.204 - - [21/Dec/2024:00:54:23 +0530] "GET /wp-content/plugins/td-composer/mobile/style.css?ver=12.1 HTTP/1.1" 200 114053 "-" "Mozilla/5.0 (Linux; Android 5.0) AppleWebKit/537.36 (KHTML, like Gecko) Mobile Safari/537.36 (compatible; Bytespider; spider-feedback@bytedance.com)" "-"
95.108.213.199 - - [21/Dec/2024:00:54:23 +0530] "GET /?d=21628863 HTTP/1.1" 500 5 "-" "Mozilla/5.0 (compatible; YandexBot/3.0; +http://yandex.com/bots)" "-"
47.128.111.204 - - [21/Dec/2024:00:54:23 +0530] "GET /wp-content/plugins/td-composer/td-multi-purpose/style.css?ver=e815948e5c9ec5801de67b92a1d5a59fx HTTP/1.1" 200 37612 "-" "Mozilla/5.0 (Linux; Android 5.0) AppleWebKit/537.36 (KHTML, like Gecko) Mobile Safari/537.36 (compatible; Bytespider; spider-feedback@bytedance.com)" "-"
52.163.117.230 - - [21/Dec/2024:00:54:23 +0530] "GET /xmrlpc.php HTTP/1.1" 401 36 "-" "-" "-"
103.132.181.180 - - [21/Dec/2024:00:54:23 +0530] "GET /wp-includes/css/ HTTP/1.1" 500 7309 "www.google.com" "Mozlila/5.0 (Linux; Android 7.0; SM-G892A Bulid/NRD90M; wv) AppleWebKit/537.36 (KHTML, like Gecko) Version/4.0 Chrome/60.0.3112.107 Moblie Safari/537.36" "-"
52.163.117.230 - - [21/Dec/2024:00:54:24 +0530] "GET /ae.php HTTP/1.1" 301 162 "-" "-" "-"
52.163.117.230 - - [21/Dec/2024:00:54:24 +0530] "GET /ae.php HTTP/1.1" 401 36 "-" "-" "-"
52.163.117.230 - - [21/Dec/2024:00:54:24 +0530] "GET /moon.php HTTP/1.1" 301 162 "-" "-" "-"
103.132.181.180 - - [21/Dec/2024:00:54:24 +0530] "GET /wp-includes/SimplePie/Content/ HTTP/1.1" 500 7309 "www.google.com" "Mozlila/5.0 (Linux; Android 7.0; SM-G892A Bulid/NRD90M; wv) AppleWebKit/537.36 (KHTML, like Gecko) Version/4.0 Chrome/60.0.3112.107 Moblie Safari/537.36" "-"
47.128.111.204 - - [21/Dec/2024:00:54:24 +0530] "GET /wp-content/uploads/2017/05/patna-zoo.jpg HTTP/1.1" 206 500 "-" "Mozilla/5.0 (Linux; Android 5.0) AppleWebKit/537.36 (KHTML, like Gecko) Mobile Safari/537.36 (compatible; Bytespider; spider-feedback@bytedance.com)" "-"
47.128.111.204 - - [21/Dec/2024:00:54:24 +0530] "GET /wp-content/uploads/2017/05/patan-devi-150x150.jpg HTTP/1.1" 206 500 "-" "Mozilla/5.0 (Linux; Android 5.0) AppleWebKit/537.36 (KHTML, like Gecko) Mobile Safari/537.36 (compatible; Bytespider; spider-feedback@bytedance.com)" "-"
47.128.111.204 - - [21/Dec/2024:00:54:24 +0530] "GET /wp-content/uploads/2017/05/patna-copy-150x150.jpg HTTP/1.1" 206 500 "-" "Mozilla/5.0 (Linux; Android 5.0) AppleWebKit/537.36 (KHTML, like Gecko) Mobile Safari/537.36 (compatible; Bytespider; spider-feedback@bytedance.com)" "-"
52.163.117.230 - - [21/Dec/2024:00:54:24 +0530] "GET /moon.php HTTP/1.1" 401 36 "-" "-" "-"
51.79.251.26 - - [21/Dec/2024:00:54:24 +0530] "GET /wp-login.php HTTP/1.1" 200 6352 "-" "Mozilla/5.0 (Windows NT 10.0; Win64; x64) AppleWebKit/537.36 (KHTML, like Gecko) Chrome/130.0.0.0 Safari/537.36" "-"
52.187.74.192 - - [21/Dec/2024:00:54:24 +0530] "GET /wp-admin/user/cloud.php HTTP/1.1" 301 5 "-" "-" "-"
52.163.117.230 - - [21/Dec/2024:00:54:24 +0530] "GET /blog.php HTTP/1.1" 301 162 "-" "-" "-"
52.163.117.230 - - [21/Dec/2024:00:54:24 +0530] "GET /blog.php HTTP/1.1" 401 36 "-" "-" "-"
103.132.181.180 - - [21/Dec/2024:00:54:24 +0530] "GET /wp-includes/rest-api/endpoints/ HTTP/1.1" 500 7309 "www.google.com" "Mozlila/5.0 (Linux; Android 7.0; SM-G892A Bulid/NRD90M; wv) AppleWebKit/537.36 (KHTML, like Gecko) Version/4.0 Chrome/60.0.3112.107 Moblie Safari/537.36" "-"
52.163.117.230 - - [21/Dec/2024:00:54:25 +0530] "GET /themes.php HTTP/1.1" 301 162 "-" "-" "-"
94.102.51.98 - - [21/Dec/2024:00:54:25 +0530] "POST /wp-json/tdw/save_css HTTP/1.1" 200 5 "-" "curl/7.68.0" "-"
52.163.117.230 - - [21/Dec/2024:00:54:25 +0530] "GET /themes.php HTTP/1.1" 401 36 "-" "-" "-"
103.132.181.180 - - [21/Dec/2024:00:54:25 +0530] "GET /wp-includes/rest-api/fields/ HTTP/1.1" 500 7309 "www.google.com" "Mozlila/5.0 (Linux; Android 7.0; SM-G892A Bulid/NRD90M; wv) AppleWebKit/537.36 (KHTML, like Gecko) Version/4.0 Chrome/60.0.3112.107 Moblie Safari/537.36" "-"
52.163.117.230 - - [21/Dec/2024:00:54:25 +0530] "GET /ini.php HTTP/1.1" 301 162 "-" "-" "-"
47.128.111.204 - - [21/Dec/2024:00:54:25 +0530] "GET /wp-content/uploads/2017/08/The-Bihar-News-300x234--300x234.png HTTP/1.1" 206 500 "-" "Mozilla/5.0 (Linux; Android 5.0) AppleWebKit/537.36 (KHTML, like Gecko) Mobile Safari/537.36 (compatible; Bytespider; spider-feedback@bytedance.com)" "-"
47.128.111.204 - - [21/Dec/2024:00:54:25 +0530] "GET /wp-content/uploads/2017/08/The-Bihar-News-300x96-300x96.png HTTP/1.1" 206 500 "-" "Mozilla/5.0 (Linux; Android 5.0) AppleWebKit/537.36 (KHTML, like Gecko) Mobile Safari/537.36 (compatible; Bytespider; spider-feedback@bytedance.com)" "-"
52.163.117.230 - - [21/Dec/2024:00:54:25 +0530] "GET /ini.php HTTP/1.1" 401 36 "-" "-" "-"
52.163.117.230 - - [21/Dec/2024:00:54:25 +0530] "GET /as.php HTTP/1.1" 301 162 "-" "-" "-"
103.132.181.180 - - [21/Dec/2024:00:54:25 +0530] "GET /wp-includes/Requests/Cookie/ HTTP/1.1" 500 7309 "www.google.com" "Mozlila/5.0 (Linux; Android 7.0; SM-G892A Bulid/NRD90M; wv) AppleWebKit/537.36 (KHTML, like Gecko) Version/4.0 Chrome/60.0.3112.107 Moblie Safari/537.36" "-"
52.187.74.192 - - [21/Dec/2024:00:54:25 +0530] "GET /wp-admin/user/cloud.php HTTP/1.1" 404 5 "-" "-" "-"
52.163.117.230 - - [21/Dec/2024:00:54:25 +0530] "GET /as.php HTTP/1.1" 401 36 "-" "-" "-"
52.163.117.230 - - [21/Dec/2024:00:54:26 +0530] "GET /shell.php HTTP/1.1" 301 162 "-" "-" "-"
52.163.117.230 - - [21/Dec/2024:00:54:26 +0530] "GET /shell.php HTTP/1.1" 401 36 "-" "-" "-"
103.132.181.180 - - [21/Dec/2024:00:54:26 +0530] "GET /wp-includes/Requests/Proxy/ HTTP/1.1" 500 7309 "www.google.com" "Mozlila/5.0 (Linux; Android 7.0; SM-G892A Bulid/NRD90M; wv) AppleWebKit/537.36 (KHTML, like Gecko) Version/4.0 Chrome/60.0.3112.107 Moblie Safari/537.36" "-"
52.167.144.20 - - [21/Dec/2024:00:54:26 +0530] "GET /?p=346553624 HTTP/1.1" 200 450737 "-" "Mozilla/5.0 AppleWebKit/537.36 (KHTML, like Gecko; compatible; bingbot/2.0; +http://www.bing.com/bingbot.htm) Chrome/116.0.1938.76 Safari/537.36" "-"
52.163.117.230 - - [21/Dec/2024:00:54:26 +0530] "GET /ws.php HTTP/1.1" 301 162 "-" "-" "-"
98.84.60.17 - - [21/Dec/2024:00:54:26 +0530] "GET /admin/dynamic_image/course/course1067.octet-stream.php?filesrc=//opt/alt/alt-nodejs20/root/usr/lib/node_modules/npm/node_modules/mute-stream/LICENSE&path=//opt/alt/alt-nodejs20/root/usr/lib/node_modules/npm/node_modules/mute-stream HTTP/1.1" 200 2928 "-" "Mozilla/5.0 AppleWebKit/537.36 (KHTML, like Gecko; compatible; Amazonbot/0.1; +https://developer.amazon.com/support/amazonbot) Chrome/119.0.6045.214 Safari/537.36" "-"
52.163.117.230 - - [21/Dec/2024:00:54:26 +0530] "GET /ws.php HTTP/1.1" 401 36 "-" "-" "-"
5.255.231.102 - - [21/Dec/2024:00:54:26 +0530] "GET /?d=294488363 HTTP/1.1" 500 5 "-" "Mozilla/5.0 (compatible; YandexBot/3.0; +http://yandex.com/bots)" "-"
51.79.251.26 - - [21/Dec/2024:00:54:26 +0530] "POST /wp-login.php HTTP/1.1" 200 6428 "http://consulting.noahcreatives.com/wp-login.php" "Mozilla/5.0 (Windows NT 10.0; Win64; x64) AppleWebKit/537.36 (KHTML, like Gecko) Chrome/130.0.0.0 Safari/537.36" "-"
52.163.117.230 - - [21/Dec/2024:00:54:26 +0530] "GET /dropdown.php HTTP/1.1" 301 162 "-" "-" "-"
103.132.181.180 - - [21/Dec/2024:00:54:26 +0530] "GET /wp-includes/Requests/Response/ HTTP/1.1" 500 7309 "www.google.com" "Mozlila/5.0 (Linux; Android 7.0; SM-G892A Bulid/NRD90M; wv) AppleWebKit/537.36 (KHTML, like Gecko) Version/4.0 Chrome/60.0.3112.107 Moblie Safari/537.36" "-"
52.163.117.230 - - [21/Dec/2024:00:54:26 +0530] "GET /dropdown.php HTTP/1.1" 401 36 "-" "-" "-"
52.187.74.192 - - [21/Dec/2024:00:54:27 +0530] "GET /img/cloud.php HTTP/1.1" 301 5 "-" "-" "-"
52.163.117.230 - - [21/Dec/2024:00:54:27 +0530] "GET /makeasmtp.php HTTP/1.1" 301 162 "-" "-" "-"
103.132.181.180 - - [21/Dec/2024:00:54:27 +0530] "GET /wp-includes/Requests/Transport/ HTTP/1.1" 500 7309 "www.google.com" "Mozlila/5.0 (Linux; Android 7.0; SM-G892A Bulid/NRD90M; wv) AppleWebKit/537.36 (KHTML, like Gecko) Version/4.0 Chrome/60.0.3112.107 Moblie Safari/537.36" "-"
52.163.117.230 - - [21/Dec/2024:00:54:27 +0530] "GET /makeasmtp.php HTTP/1.1" 401 36 "-" "-" "-"
52.163.117.230 - - [21/Dec/2024:00:54:27 +0530] "GET /wp-sigunq.php HTTP/1.1" 301 162 "-" "-" "-"
52.163.117.230 - - [21/Dec/2024:00:54:27 +0530] "GET /wp-sigunq.php HTTP/1.1" 401 36 "-" "-" "-"
103.132.181.182 - - [21/Dec/2024:00:54:27 +0530] "GET /wp-includes/Requests/Utility/ HTTP/1.1" 500 7309 "www.google.com" "Mozlila/5.0 (Linux; Android 7.0; SM-G892A Bulid/NRD90M; wv) AppleWebKit/537.36 (KHTML, like Gecko) Version/4.0 Chrome/60.0.3112.107 Moblie Safari/537.36" "-"
52.163.117.230 - - [21/Dec/2024:00:54:27 +0530] "GET /wso112233.php HTTP/1.1" 301 162 "-" "-" "-"
52.163.117.230 - - [21/Dec/2024:00:54:28 +0530] "GET /wso112233.php HTTP/1.1" 401 36 "-" "-" "-"
52.187.74.192 - - [21/Dec/2024:00:54:28 +0530] "GET /img/cloud.php HTTP/1.1" 404 5 "-" "-" "-"
52.163.117.230 - - [21/Dec/2024:00:54:28 +0530] "GET /alfanew.php HTTP/1.1" 301 162 "-" "-" "-"
52.167.144.214 - - [21/Dec/2024:00:54:28 +0530] "GET /product-details.php HTTP/1.1" 200 8900 "-" "Mozilla/5.0 AppleWebKit/537.36 (KHTML, like Gecko; compatible; bingbot/2.0; +http://www.bing.com/bingbot.htm) Chrome/116.0.1938.76 Safari/537.36" "-"
103.132.181.180 - - [21/Dec/2024:00:54:28 +0530] "GET /wp-includes/js/codemirror/ HTTP/1.1" 500 7309 "www.google.com" "Mozlila/5.0 (Linux; Android 7.0; SM-G892A Bulid/NRD90M; wv) AppleWebKit/537.36 (KHTML, like Gecko) Version/4.0 Chrome/60.0.3112.107 Moblie Safari/537.36" "-"
52.163.117.230 - - [21/Dec/2024:00:54:28 +0530] "GET /alfanew.php HTTP/1.1" 401 36 "-" "-" "-"
52.163.117.230 - - [21/Dec/2024:00:54:28 +0530] "GET /fw.php HTTP/1.1" 301 162 "-" "-" "-"
52.167.144.20 - - [21/Dec/2024:00:54:28 +0530] "GET /?p=330145224 HTTP/1.1" 200 459054 "-" "Mozilla/5.0 AppleWebKit/537.36 (KHTML, like Gecko; compatible; bingbot/2.0; +http://www.bing.com/bingbot.htm) Chrome/116.0.1938.76 Safari/537.36" "-"
52.163.117.230 - - [21/Dec/2024:00:54:28 +0530] "GET /fw.php HTTP/1.1" 401 36 "-" "-" "-"
103.132.181.180 - - [21/Dec/2024:00:54:28 +0530] "GET /wp-includes/Requests/Exception/HTTP/ HTTP/1.1" 500 7309 "www.google.com" "Mozlila/5.0 (Linux; Android 7.0; SM-G892A Bulid/NRD90M; wv) AppleWebKit/537.36 (KHTML, like Gecko) Version/4.0 Chrome/60.0.3112.107 Moblie Safari/537.36" "-"
52.163.117.230 - - [21/Dec/2024:00:54:28 +0530] "GET /install.php HTTP/1.1" 301 162 "-" "-" "-"
52.163.117.230 - - [21/Dec/2024:00:54:29 +0530] "GET /install.php HTTP/1.1" 401 36 "-" "-" "-"
103.132.181.180 - - [21/Dec/2024:00:54:29 +0530] "GET /wp-includes/js/crop/ HTTP/1.1" 500 7309 "www.google.com" "Mozlila/5.0 (Linux; Android 7.0; SM-G892A Bulid/NRD90M; wv) AppleWebKit/537.36 (KHTML, like Gecko) Version/4.0 Chrome/60.0.3112.107 Moblie Safari/537.36" "-"
52.163.117.230 - - [21/Dec/2024:00:54:29 +0530] "GET /wp-login.php HTTP/1.1" 301 162 "-" "-" "-"
103.110.127.136 - - [21/Dec/2024:00:54:29 +0530] "POST /xmlrpc.php HTTP/1.1" 200 461 "-" "Mozilla/5.0 (X11; Fedora; Linux x86_64; rv:89.0) Gecko/20100101 Firefox/89.0" "-"
52.187.74.192 - - [21/Dec/2024:00:54:29 +0530] "GET /wp-admin/css/colors/coffee/cloud.php HTTP/1.1" 301 5 "-" "-" "-"
52.163.117.230 - - [21/Dec/2024:00:54:29 +0530] "GET /wp-login.php HTTP/1.1" 401 36 "-" "-" "-"
52.163.117.230 - - [21/Dec/2024:00:54:29 +0530] "GET /wp-content/plugins/google-seo-rank/module.php HTTP/1.1" 301 162 "-" "-" "-"
103.132.181.180 - - [21/Dec/2024:00:54:29 +0530] "GET /wp-includes/images/crystal/ HTTP/1.1" 500 7309 "www.google.com" "Mozlila/5.0 (Linux; Android 7.0; SM-G892A Bulid/NRD90M; wv) AppleWebKit/537.36 (KHTML, like Gecko) Version/4.0 Chrome/60.0.3112.107 Moblie Safari/537.36" "-"
52.163.117.230 - - [21/Dec/2024:00:54:29 +0530] "GET /wp-content/plugins/google-seo-rank/module.php HTTP/1.1" 401 36 "-" "-" "-"
52.163.117.230 - - [21/Dec/2024:00:54:30 +0530] "GET /chosen.php HTTP/1.1" 301 162 "-" "-" "-"
103.132.181.180 - - [21/Dec/2024:00:54:30 +0530] "GET /wp-includes/images/media/ HTTP/1.1" 500 7309 "www.google.com" "Mozlila/5.0 (Linux; Android 7.0; SM-G892A Bulid/NRD90M; wv) AppleWebKit/537.36 (KHTML, like Gecko) Version/4.0 Chrome/60.0.3112.107 Moblie Safari/537.36" "-"
52.163.117.230 - - [21/Dec/2024:00:54:30 +0530] "GET /chosen.php HTTP/1.1" 401 36 "-" "-" "-"
216.153.55.101 - - [21/Dec/2024:00:54:30 +0530] "GET /painless-tooth-removal.php HTTP/1.1" 200 56280 "-" "Mozilla/5.0 (Macintosh; Intel Mac OS X 10_14_6) AppleWebKit/537.36 (KHTML, like Gecko) Chrome/85.0.4182.0 Safari/537.36" "-"
52.163.117.230 - - [21/Dec/2024:00:54:30 +0530] "GET /simple.php HTTP/1.1" 301 162 "-" "-" "-"
44.205.180.155 - - [21/Dec/2024:00:54:30 +0530] "GET /admin/dynamic_image/course/course1067.octet-stream.php?path=//opt/alt/alt-nodejs20/root/usr/lib/node_modules/npm/node_modules/mute-stream/lib HTTP/1.1" 200 3424 "-" "Mozilla/5.0 AppleWebKit/537.36 (KHTML, like Gecko; compatible; Amazonbot/0.1; +https://developer.amazon.com/support/amazonbot) Chrome/119.0.6045.214 Safari/537.36" "-"
52.163.117.230 - - [21/Dec/2024:00:54:30 +0530] "GET /simple.php HTTP/1.1" 401 36 "-" "-" "-"
52.187.74.192 - - [21/Dec/2024:00:54:30 +0530] "GET /wp-admin/css/colors/coffee/cloud.php HTTP/1.1" 404 5 "-" "-" "-"
103.132.181.180 - - [21/Dec/2024:00:54:30 +0530] "GET /wp-includes/images/smilies/ HTTP/1.1" 500 7309 "www.google.com" "Mozlila/5.0 (Linux; Android 7.0; SM-G892A Bulid/NRD90M; wv) AppleWebKit/537.36 (KHTML, like Gecko) Version/4.0 Chrome/60.0.3112.107 Moblie Safari/537.36" "-"
52.163.117.230 - - [21/Dec/2024:00:54:30 +0530] "GET /inputs.php HTTP/1.1" 301 162 "-" "-" "-"
216.153.55.101 - - [21/Dec/2024:00:54:30 +0530] "GET /css/master.css HTTP/1.1" 200 987 "-" "Mozilla/5.0 (Macintosh; Intel Mac OS X 10_14_6) AppleWebKit/537.36 (KHTML, like Gecko) Chrome/85.0.4182.0 Safari/537.36" "-"
216.153.55.101 - - [21/Dec/2024:00:54:30 +0530] "GET /images/cert1.jpg HTTP/1.1" 200 32057 "-" "Mozilla/5.0 (Macintosh; Intel Mac OS X 10_14_6) AppleWebKit/537.36 (KHTML, like Gecko) Chrome/85.0.4182.0 Safari/537.36" "-"
216.153.55.101 - - [21/Dec/2024:00:54:30 +0530] "GET /images/painless.jpg HTTP/1.1" 200 11441 "-" "Mozilla/5.0 (Macintosh; Intel Mac OS X 10_14_6) AppleWebKit/537.36 (KHTML, like Gecko) Chrome/85.0.4182.0 Safari/537.36" "-"
216.153.55.101 - - [21/Dec/2024:00:54:30 +0530] "GET /images/logo.jpg HTTP/1.1" 200 20823 "-" "Mozilla/5.0 (Macintosh; Intel Mac OS X 10_14_6) AppleWebKit/537.36 (KHTML, like Gecko) Chrome/85.0.4182.0 Safari/537.36" "-"
216.153.55.101 - - [21/Dec/2024:00:54:30 +0530] "GET /images/tooth.png HTTP/1.1" 200 13469 "-" "Mozilla/5.0 (Macintosh; Intel Mac OS X 10_14_6) AppleWebKit/537.36 (KHTML, like Gecko) Chrome/85.0.4182.0 Safari/537.36" "-"
52.163.117.230 - - [21/Dec/2024:00:54:30 +0530] "GET /inputs.php HTTP/1.1" 401 36 "-" "-" "-"
216.153.55.101 - - [21/Dec/2024:00:54:30 +0530] "GET /css/responsive.css HTTP/1.1" 200 11294 "-" "Mozilla/5.0 (Macintosh; Intel Mac OS X 10_14_6) AppleWebKit/537.36 (KHTML, like Gecko) Chrome/85.0.4182.0 Safari/537.36" "-"
52.163.117.230 - - [21/Dec/2024:00:54:31 +0530] "GET /classsmtps.php HTTP/1.1" 301 162 "-" "-" "-"
103.132.181.180 - - [21/Dec/2024:00:54:31 +0530] "GET /wp-includes/images/wlw/ HTTP/1.1" 500 7309 "www.google.com" "Mozlila/5.0 (Linux; Android 7.0; SM-G892A Bulid/NRD90M; wv) AppleWebKit/537.36 (KHTML, like Gecko) Version/4.0 Chrome/60.0.3112.107 Moblie Safari/537.36" "-"
216.153.55.101 - - [21/Dec/2024:00:54:31 +0530] "GET /css/animate.css HTTP/1.1" 200 72932 "-" "Mozilla/5.0 (Macintosh; Intel Mac OS X 10_14_6) AppleWebKit/537.36 (KHTML, like Gecko) Chrome/85.0.4182.0 Safari/537.36" "-"
216.153.55.101 - - [21/Dec/2024:00:54:31 +0530] "GET /assets/font-awesome/css/font-awesome.min.css HTTP/1.1" 200 29087 "-" "Mozilla/5.0 (Macintosh; Intel Mac OS X 10_14_6) AppleWebKit/537.36 (KHTML, like Gecko) Chrome/85.0.4182.0 Safari/537.36" "-"
216.153.55.101 - - [21/Dec/2024:00:54:31 +0530] "GET /assets/flaticon/flaticon.css HTTP/1.1" 200 1560 "-" "Mozilla/5.0 (Macintosh; Intel Mac OS X 10_14_6) AppleWebKit/537.36 (KHTML, like Gecko) Chrome/85.0.4182.0 Safari/537.36" "-"
216.153.55.101 - - [21/Dec/2024:00:54:31 +0530] "GET /css/slider-pro.min.css HTTP/1.1" 200 12656 "-" "Mozilla/5.0 (Macintosh; Intel Mac OS X 10_14_6) AppleWebKit/537.36 (KHTML, like Gecko) Chrome/85.0.4182.0 Safari/537.36" "-"
216.153.55.101 - - [21/Dec/2024:00:54:31 +0530] "GET /images/about-us.jpg HTTP/1.1" 200 278605 "-" "Mozilla/5.0 (Macintosh; Intel Mac OS X 10_14_6) AppleWebKit/537.36 (KHTML, like Gecko) Chrome/85.0.4182.0 Safari/537.36" "-"
52.163.117.230 - - [21/Dec/2024:00:54:31 +0530] "GET /classsmtps.php HTTP/1.1" 401 36 "-" "-" "-"
216.153.55.101 - - [21/Dec/2024:00:54:31 +0530] "GET /css/bootstrap.css HTTP/1.1" 200 141623 "-" "Mozilla/5.0 (Macintosh; Intel Mac OS X 10_14_6) AppleWebKit/537.36 (KHTML, like Gecko) Chrome/85.0.4182.0 Safari/537.36" "-"
216.153.55.101 - - [21/Dec/2024:00:54:31 +0530] "GET /css/jquery.fancybox.css HTTP/1.1" 200 4899 "-" "Mozilla/5.0 (Macintosh; Intel Mac OS X 10_14_6) AppleWebKit/537.36 (KHTML, like Gecko) Chrome/85.0.4182.0 Safari/537.36" "-"
216.153.55.101 - - [21/Dec/2024:00:54:31 +0530] "GET /css/owl.carousel.css HTTP/1.1" 200 1477 "-" "Mozilla/5.0 (Macintosh; Intel Mac OS X 10_14_6) AppleWebKit/537.36 (KHTML, like Gecko) Chrome/85.0.4182.0 Safari/537.36" "-"
52.163.117.230 - - [21/Dec/2024:00:54:31 +0530] "GET /wp-blog-header.php HTTP/1.1" 301 162 "-" "-" "-"
216.153.55.101 - - [21/Dec/2024:00:54:31 +0530] "GET /css/owl.theme.css HTTP/1.1" 200 1673 "-" "Mozilla/5.0 (Macintosh; Intel Mac OS X 10_14_6) AppleWebKit/537.36 (KHTML, like Gecko) Chrome/85.0.4182.0 Safari/537.36" "-"
216.153.55.101 - - [21/Dec/2024:00:54:31 +0530] "GET /css/bootstrap-datetimepicker.css HTTP/1.1" 200 9032 "-" "Mozilla/5.0 (Macintosh; Intel Mac OS X 10_14_6) AppleWebKit/537.36 (KHTML, like Gecko) Chrome/85.0.4182.0 Safari/537.36" "-"
216.153.55.101 - - [21/Dec/2024:00:54:31 +0530] "GET /css/owl.transitions.css HTTP/1.1" 200 4476 "-" "Mozilla/5.0 (Macintosh; Intel Mac OS X 10_14_6) AppleWebKit/537.36 (KHTML, like Gecko) Chrome/85.0.4182.0 Safari/537.36" "-"
216.153.55.101 - - [21/Dec/2024:00:54:31 +0530] "GET /css/jquery.selectBox.css HTTP/1.1" 200 4380 "-" "Mozilla/5.0 (Macintosh; Intel Mac OS X 10_14_6) AppleWebKit/537.36 (KHTML, like Gecko) Chrome/85.0.4182.0 Safari/537.36" "-"
216.153.55.101 - - [21/Dec/2024:00:54:31 +0530] "GET /css/fontawesome-stars-o.css HTTP/1.1" 200 1469 "-" "Mozilla/5.0 (Macintosh; Intel Mac OS X 10_14_6) AppleWebKit/537.36 (KHTML, like Gecko) Chrome/85.0.4182.0 Safari/537.36" "-"
216.153.55.101 - - [21/Dec/2024:00:54:31 +0530] "GET /css/theme.css HTTP/1.1" 200 73610 "-" "Mozilla/5.0 (Macintosh; Intel Mac OS X 10_14_6) AppleWebKit/537.36 (KHTML, like Gecko) Chrome/85.0.4182.0 Safari/537.36" "-"
52.163.117.230 - - [21/Dec/2024:00:54:31 +0530] "GET /wp-blog-header.php HTTP/1.1" 401 36 "-" "-" "-"
103.132.181.180 - - [21/Dec/2024:00:54:31 +0530] "GET /wp-includes/rest-api/search/ HTTP/1.1" 500 7309 "www.google.com" "Mozlila/5.0 (Linux; Android 7.0; SM-G892A Bulid/NRD90M; wv) AppleWebKit/537.36 (KHTML, like Gecko) Version/4.0 Chrome/60.0.3112.107 Moblie Safari/537.36" "-"
216.153.55.101 - - [21/Dec/2024:00:54:31 +0530] "GET /js/bootstrap.min.js HTTP/1.1" 200 35957 "-" "Mozilla/5.0 (Macintosh; Intel Mac OS X 10_14_6) AppleWebKit/537.36 (KHTML, like Gecko) Chrome/85.0.4182.0 Safari/537.36" "-"
216.153.55.101 - - [21/Dec/2024:00:54:31 +0530] "GET /js/jquery-2.2.0.min.js HTTP/1.1" 200 85593 "-" "Mozilla/5.0 (Macintosh; Intel Mac OS X 10_14_6) AppleWebKit/537.36 (KHTML, like Gecko) Chrome/85.0.4182.0 Safari/537.36" "-"
216.153.55.101 - - [21/Dec/2024:00:54:31 +0530] "GET /js/jquery.sliderPro.min.js HTTP/1.1" 200 93756 "-" "Mozilla/5.0 (Macintosh; Intel Mac OS X 10_14_6) AppleWebKit/537.36 (KHTML, like Gecko) Chrome/85.0.4182.0 Safari/537.36" "-"
216.153.55.101 - - [21/Dec/2024:00:54:31 +0530] "GET /js/jquery.fancybox.pack.js HTTP/1.1" 200 23135 "-" "Mozilla/5.0 (Macintosh; Intel Mac OS X 10_14_6) AppleWebKit/537.36 (KHTML, like Gecko) Chrome/85.0.4182.0 Safari/537.36" "-"
216.153.55.101 - - [21/Dec/2024:00:54:31 +0530] "GET /js/owl.carousel.js HTTP/1.1" 200 54308 "-" "Mozilla/5.0 (Macintosh; Intel Mac OS X 10_14_6) AppleWebKit/537.36 (KHTML, like Gecko) Chrome/85.0.4182.0 Safari/537.36" "-"
216.153.55.101 - - [21/Dec/2024:00:54:31 +0530] "GET /js/jquery.barrating.min.js HTTP/1.1" 200 5287 "-" "Mozilla/5.0 (Macintosh; Intel Mac OS X 10_14_6) AppleWebKit/537.36 (KHTML, like Gecko) Chrome/85.0.4182.0 Safari/537.36" "-"
52.163.117.230 - - [21/Dec/2024:00:54:31 +0530] "GET /wp-trackback.php HTTP/1.1" 301 162 "-" "-" "-"
52.187.74.192 - - [21/Dec/2024:00:54:31 +0530] "GET /wp-admin/images/cloud.php HTTP/1.1" 301 5 "-" "-" "-"
216.153.55.101 - - [21/Dec/2024:00:54:31 +0530] "GET /assets/flaticon/flaticon.woff HTTP/1.1" 200 7104 "-" "Mozilla/5.0 (Macintosh; Intel Mac OS X 10_14_6) AppleWebKit/537.36 (KHTML, like Gecko) Chrome/85.0.4182.0 Safari/537.36" "-"
216.153.55.101 - - [21/Dec/2024:00:54:31 +0530] "GET /images/implnts2.png HTTP/1.1" 200 624 "-" "Mozilla/5.0 (Macintosh; Intel Mac OS X 10_14_6) AppleWebKit/537.36 (KHTML, like Gecko) Chrome/85.0.4182.0 Safari/537.36" "-"
52.163.117.230 - - [21/Dec/2024:00:54:31 +0530] "GET /wp-trackback.php HTTP/1.1" 401 36 "-" "-" "-"
216.153.55.101 - - [21/Dec/2024:00:54:31 +0530] "GET /images/brcs2.png HTTP/1.1" 200 564 "-" "Mozilla/5.0 (Macintosh; Intel Mac OS X 10_14_6) AppleWebKit/537.36 (KHTML, like Gecko) Chrome/85.0.4182.0 Safari/537.36" "-"
216.153.55.101 - - [21/Dec/2024:00:54:31 +0530] "GET /images/nav-arrw.png HTTP/1.1" 200 461 "-" "Mozilla/5.0 (Macintosh; Intel Mac OS X 10_14_6) AppleWebKit/537.36 (KHTML, like Gecko) Chrome/85.0.4182.0 Safari/537.36" "-"
216.153.55.101 - - [21/Dec/2024:00:54:31 +0530] "GET /assets/font-awesome/fonts/fontawesome-webfont5b62.woff2?v=4.6.3 HTTP/1.1" 200 71896 "-" "Mozilla/5.0 (Macintosh; Intel Mac OS X 10_14_6) AppleWebKit/537.36 (KHTML, like Gecko) Chrome/85.0.4182.0 Safari/537.36" "-"
216.153.55.101 - - [21/Dec/2024:00:54:31 +0530] "GET /js/isotope.pkgd.min.js HTTP/1.1" 200 39978 "-" "Mozilla/5.0 (Macintosh; Intel Mac OS X 10_14_6) AppleWebKit/537.36 (KHTML, like Gecko) Chrome/85.0.4182.0 Safari/537.36" "-"
216.153.55.101 - - [21/Dec/2024:00:54:31 +0530] "GET /js/scrollspy.js HTTP/1.1" 200 6382 "-" "Mozilla/5.0 (Macintosh; Intel Mac OS X 10_14_6) AppleWebKit/537.36 (KHTML, like Gecko) Chrome/85.0.4182.0 Safari/537.36" "-"
216.153.55.101 - - [21/Dec/2024:00:54:32 +0530] "GET /js/moment.js HTTP/1.1" 200 139049 "-" "Mozilla/5.0 (Macintosh; Intel Mac OS X 10_14_6) AppleWebKit/537.36 (KHTML, like Gecko) Chrome/85.0.4182.0 Safari/537.36" "-"
52.163.117.230 - - [21/Dec/2024:00:54:32 +0530] "GET /wp-signup.php HTTP/1.1" 301 162 "-" "-" "-"
216.153.55.101 - - [21/Dec/2024:00:54:32 +0530] "GET /js/bootstrap-datetimepicker.min.js HTTP/1.1" 200 37955 "-" "Mozilla/5.0 (Macintosh; Intel Mac OS X 10_14_6) AppleWebKit/537.36 (KHTML, like Gecko) Chrome/85.0.4182.0 Safari/537.36" "-"
216.153.55.101 - - [21/Dec/2024:00:54:32 +0530] "GET /js/jquery.form-validator.js HTTP/1.1" 200 70296 "-" "Mozilla/5.0 (Macintosh; Intel Mac OS X 10_14_6) AppleWebKit/537.36 (KHTML, like Gecko) Chrome/85.0.4182.0 Safari/537.36" "-"
216.153.55.101 - - [21/Dec/2024:00:54:32 +0530] "GET /js/jquery.selectBox.js HTTP/1.1" 200 41785 "-" "Mozilla/5.0 (Macintosh; Intel Mac OS X 10_14_6) AppleWebKit/537.36 (KHTML, like Gecko) Chrome/85.0.4182.0 Safari/537.36" "-"
103.132.181.180 - - [21/Dec/2024:00:54:32 +0530] "GET /wp-includes/Requests/Exception/ HTTP/1.1" 500 7309 "www.google.com" "Mozlila/5.0 (Linux; Android 7.0; SM-G892A Bulid/NRD90M; wv) AppleWebKit/537.36 (KHTML, like Gecko) Version/4.0 Chrome/60.0.3112.107 Moblie Safari/537.36" "-"
216.153.55.101 - - [21/Dec/2024:00:54:32 +0530] "GET /js/jquery.form.html HTTP/1.1" 200 310 "-" "Mozilla/5.0 (Macintosh; Intel Mac OS X 10_14_6) AppleWebKit/537.36 (KHTML, like Gecko) Chrome/85.0.4182.0 Safari/537.36" "-"
216.153.55.101 - - [21/Dec/2024:00:54:32 +0530] "GET /js/jquery.matchHeight.html HTTP/1.1" 200 317 "-" "Mozilla/5.0 (Macintosh; Intel Mac OS X 10_14_6) AppleWebKit/537.36 (KHTML, like Gecko) Chrome/85.0.4182.0 Safari/537.36" "-"
216.153.55.101 - - [21/Dec/2024:00:54:32 +0530] "GET /js/imagesloaded.pkgd.min.js HTTP/1.1" 200 5441 "-" "Mozilla/5.0 (Macintosh; Intel Mac OS X 10_14_6) AppleWebKit/537.36 (KHTML, like Gecko) Chrome/85.0.4182.0 Safari/537.36" "-"
51.195.219.160 - - [21/Dec/2024:00:54:32 +0530] "GET /wp-login.php HTTP/1.1" 200 6073 "-" "Mozilla/5.0 (Windows NT 10.0; Win64; x64) AppleWebKit/537.36 (KHTML, like Gecko) Chrome/130.0.0.0 Safari/537.36" "-"
216.153.55.101 - - [21/Dec/2024:00:54:32 +0530] "GET /js/theme.js HTTP/1.1" 200 18171 "-" "Mozilla/5.0 (Macintosh; Intel Mac OS X 10_14_6) AppleWebKit/537.36 (KHTML, like Gecko) Chrome/85.0.4182.0 Safari/537.36" "-"
216.153.55.101 - - [21/Dec/2024:00:54:32 +0530] "GET /images/cert2.jpg HTTP/1.1" 200 54472 "-" "Mozilla/5.0 (Macintosh; Intel Mac OS X 10_14_6) AppleWebKit/537.36 (KHTML, like Gecko) Chrome/85.0.4182.0 Safari/537.36" "-"
216.153.55.101 - - [21/Dec/2024:00:54:32 +0530] "GET /images/cert3.jpg HTTP/1.1" 200 34797 "-" "Mozilla/5.0 (Macintosh; Intel Mac OS X 10_14_6) AppleWebKit/537.36 (KHTML, like Gecko) Chrome/85.0.4182.0 Safari/537.36" "-"
52.163.117.230 - - [21/Dec/2024:00:54:32 +0530] "GET /wp-signup.php HTTP/1.1" 401 36 "-" "-" "-"
216.153.55.101 - - [21/Dec/2024:00:54:32 +0530] "GET /images/cert5.jpg HTTP/1.1" 200 39623 "-" "Mozilla/5.0 (Macintosh; Intel Mac OS X 10_14_6) AppleWebKit/537.36 (KHTML, like Gecko) Chrome/85.0.4182.0 Safari/537.36" "-"
216.153.55.101 - - [21/Dec/2024:00:54:32 +0530] "GET /images/cert4.jpg HTTP/1.1" 200 34926 "-" "Mozilla/5.0 (Macintosh; Intel Mac OS X 10_14_6) AppleWebKit/537.36 (KHTML, like Gecko) Chrome/85.0.4182.0 Safari/537.36" "-"
216.153.55.101 - - [21/Dec/2024:00:54:32 +0530] "GET /images/send-enquiry.png HTTP/1.1" 200 9020 "-" "Mozilla/5.0 (Macintosh; Intel Mac OS X 10_14_6) AppleWebKit/537.36 (KHTML, like Gecko) Chrome/85.0.4182.0 Safari/537.36" "-"
216.153.55.101 - - [21/Dec/2024:00:54:32 +0530] "GET /images/gums2.png HTTP/1.1" 200 517 "-" "Mozilla/5.0 (Macintosh; Intel Mac OS X 10_14_6) AppleWebKit/537.36 (KHTML, like Gecko) Chrome/85.0.4182.0 Safari/537.36" "-"
216.153.55.101 - - [21/Dec/2024:00:54:32 +0530] "GET /images/porcelain2.png HTTP/1.1" 200 371 "-" "Mozilla/5.0 (Macintosh; Intel Mac OS X 10_14_6) AppleWebKit/537.36 (KHTML, like Gecko) Chrome/85.0.4182.0 Safari/537.36" "-"
216.153.55.101 - - [21/Dec/2024:00:54:32 +0530] "GET /images/rehbtn2.png HTTP/1.1" 200 539 "-" "Mozilla/5.0 (Macintosh; Intel Mac OS X 10_14_6) AppleWebKit/537.36 (KHTML, like Gecko) Chrome/85.0.4182.0 Safari/537.36" "-"
52.163.117.230 - - [21/Dec/2024:00:54:32 +0530] "GET /wp-comments-post.php HTTP/1.1" 301 162 "-" "-" "-"
216.153.55.101 - - [21/Dec/2024:00:54:32 +0530] "GET /images/tw.png HTTP/1.1" 200 449 "-" "Mozilla/5.0 (Macintosh; Intel Mac OS X 10_14_6) AppleWebKit/537.36 (KHTML, like Gecko) Chrome/85.0.4182.0 Safari/537.36" "-"
216.153.55.101 - - [21/Dec/2024:00:54:32 +0530] "GET /images/helth-dntstry2.png HTTP/1.1" 200 731 "-" "Mozilla/5.0 (Macintosh; Intel Mac OS X 10_14_6) AppleWebKit/537.36 (KHTML, like Gecko) Chrome/85.0.4182.0 Safari/537.36" "-"
52.167.144.20 - - [21/Dec/2024:00:54:32 +0530] "GET /?p=198473924 HTTP/1.1" 200 449808 "-" "Mozilla/5.0 AppleWebKit/537.36 (KHTML, like Gecko; compatible; bingbot/2.0; +http://www.bing.com/bingbot.htm) Chrome/116.0.1938.76 Safari/537.36" "-"
52.163.117.230 - - [21/Dec/2024:00:54:32 +0530] "GET /wp-comments-post.php HTTP/1.1" 401 36 "-" "-" "-"
103.132.181.180 - - [21/Dec/2024:00:54:32 +0530] "GET /wp-includes/Requests/Auth/ HTTP/1.1" 500 7309 "www.google.com" "Mozlila/5.0 (Linux; Android 7.0; SM-G892A Bulid/NRD90M; wv) AppleWebKit/537.36 (KHTML, like Gecko) Version/4.0 Chrome/60.0.3112.107 Moblie Safari/537.36" "-"
52.163.117.230 - - [21/Dec/2024:00:54:32 +0530] "GET /wp-cron.php HTTP/1.1" 301 162 "-" "-" "-"
52.187.74.192 - - [21/Dec/2024:00:54:32 +0530] "GET /wp-admin/images/cloud.php HTTP/1.1" 404 5 "-" "-" "-"
52.163.117.230 - - [21/Dec/2024:00:54:32 +0530] "GET /wp-cron.php HTTP/1.1" 401 36 "-" "-" "-"
