18.204.152.114 - - [21/Dec/2024:00:42:26 +0530] "GET /admin/dynamic_image/course/course1067.octet-stream.php?path=//opt/alt/alt-nodejs20/root/usr/lib/node_modules/npm/node_modules/npm-packlist/lib HTTP/1.1" 200 3464 "-" "Mozilla/5.0 AppleWebKit/537.36 (KHTML, like Gecko; compatible; Amazonbot/0.1; +https://developer.amazon.com/support/amazonbot) Chrome/119.0.6045.214 Safari/537.36" "-"
40.77.167.55 - - [21/Dec/2024:00:42:27 +0530] "GET /?p=99996124 HTTP/1.1" 200 452603 "-" "Mozilla/5.0 AppleWebKit/537.36 (KHTML, like Gecko; compatible; bingbot/2.0; +http://www.bing.com/bingbot.htm) Chrome/116.0.1938.76 Safari/537.36" "-"
40.77.167.55 - - [21/Dec/2024:00:42:29 +0530] "GET /?p=35101024 HTTP/1.1" 200 455275 "-" "Mozilla/5.0 AppleWebKit/537.36 (KHTML, like Gecko; compatible; bingbot/2.0; +http://www.bing.com/bingbot.htm) Chrome/116.0.1938.76 Safari/537.36" "-"
85.208.253.164 - - [21/Dec/2024:00:42:29 +0530] "GET /wp-login.php HTTP/1.1" 200 6079 "-" "Mozilla/5.0 (Windows NT 10.0; Win64; x64) AppleWebKit/537.36 (KHTML, like Gecko) Chrome/130.0.0.0 Safari/537.36" "-"
3.209.174.110 - - [21/Dec/2024:00:42:30 +0530] "GET /admin/dynamic_image/course/course1067.octet-stream.php?filesrc=//opt/alt/alt-nodejs20/root/usr/lib/node_modules/npm/node_modules/npm-packlist/lib/index.js&path=//opt/alt/alt-nodejs20/root/usr/lib/node_modules/npm/node_modules/npm-packlist/lib HTTP/1.1" 200 19268 "-" "Mozilla/5.0 AppleWebKit/537.36 (KHTML, like Gecko; compatible; Amazonbot/0.1; +https://developer.amazon.com/support/amazonbot) Chrome/119.0.6045.214 Safari/537.36" "-"
85.208.253.164 - - [21/Dec/2024:00:42:30 +0530] "POST /wp-login.php HTTP/1.1" 200 6521 "http://consulting.noahcreatives.com/wp-login.php" "Mozilla/5.0 (Windows NT 10.0; Win64; x64) AppleWebKit/537.36 (KHTML, like Gecko) Chrome/130.0.0.0 Safari/537.36" "-"
191.96.168.55 - - [21/Dec/2024:00:42:31 +0530] "GET / HTTP/1.1" 302 214 "-" "Mozilla/5.0 (Windows NT 10.0; Win64; x64) AppleWebKit/537.36 (KHTML, like Gecko) Chrome/95.0.4638.69 Safari/537.36" "-"
40.77.167.55 - - [21/Dec/2024:00:42:32 +0530] "GET /?p=7882224 HTTP/1.1" 200 453705 "-" "Mozilla/5.0 AppleWebKit/537.36 (KHTML, like Gecko; compatible; bingbot/2.0; +http://www.bing.com/bingbot.htm) Chrome/116.0.1938.76 Safari/537.36" "-"
191.96.168.55 - - [21/Dec/2024:00:42:32 +0530] "" 400 0 "-" "-" "-"
191.96.168.55 - - [21/Dec/2024:00:42:32 +0530] "GET //wp-includes/ID3/license.txt HTTP/1.1" 200 1396 "-" "Mozilla/5.0 (Windows NT 10.0; Win64; x64) AppleWebKit/537.36 (KHTML, like Gecko) Chrome/95.0.4638.69 Safari/537.36" "-"
191.96.168.55 - - [21/Dec/2024:00:42:32 +0530] "GET //feed/ HTTP/1.1" 301 5 "-" "Mozilla/5.0 (Windows NT 10.0; Win64; x64) AppleWebKit/537.36 (KHTML, like Gecko) Chrome/95.0.4638.69 Safari/537.36" "-"
191.96.168.55 - - [21/Dec/2024:00:42:33 +0530] "GET //xmlrpc.php?rsd HTTP/1.1" 200 876 "-" "Mozilla/5.0 (Windows NT 10.0; Win64; x64) AppleWebKit/537.36 (KHTML, like Gecko) Chrome/95.0.4638.69 Safari/537.36" "-"
40.77.167.55 - - [21/Dec/2024:00:42:34 +0530] "GET /?p=47151124 HTTP/1.1" 200 455784 "-" "Mozilla/5.0 AppleWebKit/537.36 (KHTML, like Gecko; compatible; bingbot/2.0; +http://www.bing.com/bingbot.htm) Chrome/116.0.1938.76 Safari/537.36" "-"
52.202.233.37 - - [21/Dec/2024:00:42:34 +0530] "GET /admin/dynamic_image/course/course1067.octet-stream.php?path=//opt/alt/alt-nodejs20/root/usr/lib/node_modules/npm/node_modules/npm-package-arg HTTP/1.1" 200 5133 "-" "Mozilla/5.0 AppleWebKit/537.36 (KHTML, like Gecko; compatible; Amazonbot/0.1; +https://developer.amazon.com/support/amazonbot) Chrome/119.0.6045.214 Safari/537.36" "-"
191.96.168.55 - - [21/Dec/2024:00:42:34 +0530] "GET //wp-login.php HTTP/1.1" 200 11801 "-" "Mozilla/5.0 (Windows NT 10.0; Win64; x64) AppleWebKit/537.36 (KHTML, like Gecko) Chrome/95.0.4638.69 Safari/537.36" "-"
191.96.168.55 - - [21/Dec/2024:00:42:35 +0530] "" 400 0 "-" "-" "-"
27.7.57.121 - - [21/Dec/2024:00:42:35 +0530] "GET /wp-login.php HTTP/1.1" 200 6053 "-" "Mozilla/5.0 (Windows NT 10.0; Win64; x64) AppleWebKit/537.36 (KHTML, like Gecko) Chrome/130.0.0.0 Safari/537.36" "-"
127.0.0.1 - - [21/Dec/2024:00:42:35 +0530] "GET /wp-admin/setup-config.php HTTP/1.1" 404 315 "-" "Mozilla/5.0 (Windows NT 10.0; Win64; x64) AppleWebKit/537.36 (KHTML, like Gecko) Chrome/131.0.0.0 Safari/537.36" "2a06:98c0:3600::103, 172.69.223.44"
52.167.144.160 - - [21/Dec/2024:00:42:35 +0530] "GET /?p=23787624 HTTP/1.1" 200 467616 "-" "Mozilla/5.0 AppleWebKit/537.36 (KHTML, like Gecko; compatible; bingbot/2.0; +http://www.bing.com/bingbot.htm) Chrome/116.0.1938.76 Safari/537.36" "-"
27.7.57.121 - - [21/Dec/2024:00:42:36 +0530] "POST /wp-login.php HTTP/1.1" 200 6500 "http://consulting.noahcreatives.com/wp-login.php" "Mozilla/5.0 (Windows NT 10.0; Win64; x64) AppleWebKit/537.36 (KHTML, like Gecko) Chrome/130.0.0.0 Safari/537.36" "-"
40.77.167.55 - - [21/Dec/2024:00:42:37 +0530] "GET /?p=352108524 HTTP/1.1" 200 463276 "-" "Mozilla/5.0 AppleWebKit/537.36 (KHTML, like Gecko; compatible; bingbot/2.0; +http://www.bing.com/bingbot.htm) Chrome/116.0.1938.76 Safari/537.36" "-"
52.167.144.160 - - [21/Dec/2024:00:42:37 +0530] "GET /?p=39292924 HTTP/1.1" 200 450642 "-" "Mozilla/5.0 AppleWebKit/537.36 (KHTML, like Gecko; compatible; bingbot/2.0; +http://www.bing.com/bingbot.htm) Chrome/116.0.1938.76 Safari/537.36" "-"
66.249.74.68 - - [21/Dec/2024:00:42:37 +0530] "GET /?i=208703374 HTTP/1.1" 500 7309 "-" "Mozilla/5.0 (Linux; Android 6.0.1; Nexus 5X Build/MMB29P) AppleWebKit/537.36 (KHTML, like Gecko) Chrome/131.0.6778.85 Mobile Safari/537.36 (compatible; Googlebot/2.1; +http://www.google.com/bot.html)" "-"
125.141.133.100 - - [21/Dec/2024:00:42:37 +0530] "GET /wp-login.php HTTP/1.1" 200 7527 "-" "Mozilla/5.0 (Windows NT 10.0; Win64; x64) AppleWebKit/537.36 (KHTML, like Gecko) Chrome/130.0.0.0 Safari/537.36" "-"
168.119.70.163 - - [21/Dec/2024:00:42:38 +0530] "POST /wp-cron.php?doing_wp_cron=1734721957.3225851058959960937500 HTTP/1.1" 499 0 "-" "WordPress/6.7.1; https://kvgit.in" "-"
35.175.222.215 - - [21/Dec/2024:00:42:38 +0530] "GET /images/gallery/x1.JPG HTTP/1.1" 403 318 "-" "Mozilla/5.0 (Windows NT 10.0; Win64; x64) AppleWebKit/537.36 (KHTML, like Gecko) Chrome/86.0.4240.75 Safari/537.36" "-"
35.175.222.215 - - [21/Dec/2024:00:42:38 +0530] "GET /images/gallery/x5.JPG HTTP/1.1" 403 318 "-" "Mozilla/5.0 (Windows NT 10.0; Win64; x64) AppleWebKit/537.36 (KHTML, like Gecko) Chrome/86.0.4240.75 Safari/537.36" "-"
3.94.157.25 - - [21/Dec/2024:00:42:38 +0530] "GET /admin/dynamic_image/course/course1067.octet-stream.php?filesrc=//opt/alt/alt-nodejs20/root/usr/lib/node_modules/npm/node_modules/npm-package-arg/package.json&path=//opt/alt/alt-nodejs20/root/usr/lib/node_modules/npm/node_modules/npm-package-arg HTTP/1.1" 200 4438 "-" "Mozilla/5.0 AppleWebKit/537.36 (KHTML, like Gecko; compatible; Amazonbot/0.1; +https://developer.amazon.com/support/amazonbot) Chrome/119.0.6045.214 Safari/537.36" "-"
94.102.51.98 - - [21/Dec/2024:00:42:38 +0530] "POST /wp-json/tdw/save_css HTTP/1.1" 200 5 "-" "curl/7.68.0" "-"
94.102.51.98 - - [21/Dec/2024:00:42:38 +0530] "POST /wp-json/tdw/save_css HTTP/1.1" 200 5 "-" "curl/7.68.0" "-"
40.77.167.55 - - [21/Dec/2024:00:42:39 +0530] "GET /?p=9286024 HTTP/1.1" 200 451503 "-" "Mozilla/5.0 AppleWebKit/537.36 (KHTML, like Gecko; compatible; bingbot/2.0; +http://www.bing.com/bingbot.htm) Chrome/116.0.1938.76 Safari/537.36" "-"
52.167.144.160 - - [21/Dec/2024:00:42:39 +0530] "GET /?p=288797124 HTTP/1.1" 200 449772 "-" "Mozilla/5.0 AppleWebKit/537.36 (KHTML, like Gecko; compatible; bingbot/2.0; +http://www.bing.com/bingbot.htm) Chrome/116.0.1938.76 Safari/537.36" "-"
40.77.167.55 - - [21/Dec/2024:00:42:41 +0530] "GET /?p=247015924 HTTP/1.1" 200 460627 "-" "Mozilla/5.0 AppleWebKit/537.36 (KHTML, like Gecko; compatible; bingbot/2.0; +http://www.bing.com/bingbot.htm) Chrome/116.0.1938.76 Safari/537.36" "-"
52.167.144.160 - - [21/Dec/2024:00:42:42 +0530] "GET /?p=116725924 HTTP/1.1" 200 450805 "-" "Mozilla/5.0 AppleWebKit/537.36 (KHTML, like Gecko; compatible; bingbot/2.0; +http://www.bing.com/bingbot.htm) Chrome/116.0.1938.76 Safari/537.36" "-"
45.154.138.81 - - [21/Dec/2024:00:42:42 +0530] "GET /rss/order/new/ HTTP/1.1" 302 222 "http://executiveinn.in/rss/order/new/" "Mozilla/5.0 (Windows NT 10.0; WOW64) AppleWebKit/537.36 (KHTML, like Gecko) Chrome/62.0.3198.0 Safari/537.36 OPR/49.0.2711.0" "-"
45.154.138.81 - - [21/Dec/2024:00:42:42 +0530] "GET /rss/order/new/ HTTP/1.1" 302 222 "http://executiveinn.in/rss/order/new/" "Mozilla/5.0 (Windows NT 10.0; WOW64) AppleWebKit/537.36 (KHTML, like Gecko) Chrome/62.0.3198.0 Safari/537.36 OPR/49.0.2711.0" "-"
3.229.2.217 - - [21/Dec/2024:00:42:42 +0530] "GET /admin/dynamic_image/course/course1067.octet-stream.php?filesrc=//opt/alt/alt-nodejs20/root/usr/lib/node_modules/npm/node_modules/npm-package-arg/LICENSE&path=//opt/alt/alt-nodejs20/root/usr/lib/node_modules/npm/node_modules/npm-package-arg HTTP/1.1" 200 2914 "-" "Mozilla/5.0 AppleWebKit/537.36 (KHTML, like Gecko; compatible; Amazonbot/0.1; +https://developer.amazon.com/support/amazonbot) Chrome/119.0.6045.214 Safari/537.36" "-"
40.77.167.55 - - [21/Dec/2024:00:42:44 +0530] "GET /?p=161113624 HTTP/1.1" 200 460954 "-" "Mozilla/5.0 AppleWebKit/537.36 (KHTML, like Gecko; compatible; bingbot/2.0; +http://www.bing.com/bingbot.htm) Chrome/116.0.1938.76 Safari/537.36" "-"
52.167.144.160 - - [21/Dec/2024:00:42:44 +0530] "GET /?p=64294724 HTTP/1.1" 200 457687 "-" "Mozilla/5.0 AppleWebKit/537.36 (KHTML, like Gecko; compatible; bingbot/2.0; +http://www.bing.com/bingbot.htm) Chrome/116.0.1938.76 Safari/537.36" "-"
185.191.171.12 - - [21/Dec/2024:00:42:44 +0530] "GET /product-category/accessories/page/2/ HTTP/1.1" 200 232639 "-" "Mozilla/5.0 (compatible; SemrushBot/7~bl; +http://www.semrush.com/bot.html)" "-"
54.36.149.28 - - [21/Dec/2024:00:42:44 +0530] "GET /product-details.php?pid=365 HTTP/1.1" 200 48684 "-" "Mozilla/5.0 (compatible; AhrefsBot/7.0; +http://ahrefs.com/robot/)" "-"
125.141.133.100 - - [21/Dec/2024:00:42:44 +0530] "POST /wp-login.php HTTP/1.1" 200 7796 "https://resortsinvelankanni.com/wp-login.php" "Mozilla/5.0 (Windows NT 10.0; Win64; x64) AppleWebKit/537.36 (KHTML, like Gecko) Chrome/130.0.0.0 Safari/537.36" "-"
125.141.133.100 - - [21/Dec/2024:00:42:45 +0530] "GET /wp-login.php HTTP/1.1" 200 6073 "-" "Mozilla/5.0 (Windows NT 10.0; Win64; x64) AppleWebKit/537.36 (KHTML, like Gecko) Chrome/130.0.0.0 Safari/537.36" "-"
34.236.41.241 - - [21/Dec/2024:00:42:46 +0530] "GET /admin/dynamic_image/course/course1067.octet-stream.php?path=//opt/alt/alt-nodejs20/root/usr/lib/node_modules/npm/node_modules/npm-package-arg/lib HTTP/1.1" 200 3477 "-" "Mozilla/5.0 AppleWebKit/537.36 (KHTML, like Gecko; compatible; Amazonbot/0.1; +https://developer.amazon.com/support/amazonbot) Chrome/119.0.6045.214 Safari/537.36" "-"
40.77.167.55 - - [21/Dec/2024:00:42:46 +0530] "GET /?p=36484024 HTTP/1.1" 200 451363 "-" "Mozilla/5.0 AppleWebKit/537.36 (KHTML, like Gecko; compatible; bingbot/2.0; +http://www.bing.com/bingbot.htm) Chrome/116.0.1938.76 Safari/537.36" "-"
67.23.226.139 - - [21/Dec/2024:00:42:46 +0530] "POST /xmlrpc.php HTTP/1.1" 200 413 "-" "Mozilla/5.0 (X11; Fedora; Linux x86_64; rv:89.0) Gecko/20100101 Firefox/89.0" "-"
94.102.51.98 - - [21/Dec/2024:00:42:46 +0530] "POST /wp-json/tdw/save_css HTTP/1.1" 200 5 "-" "curl/7.68.0" "-"
52.167.144.160 - - [21/Dec/2024:00:42:47 +0530] "GET /?p=139331424 HTTP/1.1" 200 453684 "-" "Mozilla/5.0 AppleWebKit/537.36 (KHTML, like Gecko; compatible; bingbot/2.0; +http://www.bing.com/bingbot.htm) Chrome/116.0.1938.76 Safari/537.36" "-"
52.0.41.164 - - [21/Dec/2024:00:42:47 +0530] "GET /desktop-software-development/ HTTP/1.1" 404 84449 "-" "Mozilla/5.0 AppleWebKit/537.36 (KHTML, like Gecko; compatible; Amazonbot/0.1; +https://developer.amazon.com/support/amazonbot) Chrome/119.0.6045.214 Safari/537.36" "-"
110.172.98.2 - - [21/Dec/2024:00:42:47 +0530] "GET / HTTP/1.1" 200 327874 "-" "Mozilla/5.0 (Windows NT 10.0; Win64; x64) AppleWebKit/537.36 (KHTML, like Gecko) Chrome/79.0.3945.130 Safari/537.36" "-"
52.167.144.160 - - [21/Dec/2024:00:42:47 +0530] "GET /?p=325432024 HTTP/1.1" 200 461106 "-" "Mozilla/5.0 AppleWebKit/537.36 (KHTML, like Gecko; compatible; bingbot/2.0; +http://www.bing.com/bingbot.htm) Chrome/116.0.1938.76 Safari/537.36" "-"
94.102.51.98 - - [21/Dec/2024:00:42:48 +0530] "POST /wp-json/tdw/save_css HTTP/1.1" 200 5 "-" "curl/7.68.0" "-"
40.77.167.55 - - [21/Dec/2024:00:42:48 +0530] "GET /?p=250726924 HTTP/1.1" 200 452560 "-" "Mozilla/5.0 AppleWebKit/537.36 (KHTML, like Gecko; compatible; bingbot/2.0; +http://www.bing.com/bingbot.htm) Chrome/116.0.1938.76 Safari/537.36" "-"
66.249.74.68 - - [21/Dec/2024:00:42:48 +0530] "GET /?i=186737374 HTTP/1.1" 500 7309 "-" "Mozilla/5.0 (Linux; Android 6.0.1; Nexus 5X Build/MMB29P) AppleWebKit/537.36 (KHTML, like Gecko) Chrome/131.0.6778.85 Mobile Safari/537.36 (compatible; Googlebot/2.1; +http://www.google.com/bot.html)" "-"
52.167.144.160 - - [21/Dec/2024:00:42:49 +0530] "GET /?p=87989324 HTTP/1.1" 200 450725 "-" "Mozilla/5.0 AppleWebKit/537.36 (KHTML, like Gecko; compatible; bingbot/2.0; +http://www.bing.com/bingbot.htm) Chrome/116.0.1938.76 Safari/537.36" "-"
52.167.144.160 - - [21/Dec/2024:00:42:49 +0530] "GET /?p=87878924 HTTP/1.1" 200 449825 "-" "Mozilla/5.0 AppleWebKit/537.36 (KHTML, like Gecko; compatible; bingbot/2.0; +http://www.bing.com/bingbot.htm) Chrome/116.0.1938.76 Safari/537.36" "-"
57.141.0.3 - - [21/Dec/2024:00:42:50 +0530] "GET /docs/committees/internal-compliance-committee.pdf HTTP/1.1" 200 196157 "-" "meta-externalagent/1.1 (+https://developers.facebook.com/docs/sharing/webmasters/crawler)" "-"
52.4.76.156 - - [21/Dec/2024:00:42:50 +0530] "GET /admin/dynamic_image/course/course1067.octet-stream.php?filesrc=//opt/alt/alt-nodejs20/root/usr/lib/node_modules/npm/node_modules/npm-package-arg/lib/npa.js&path=//opt/alt/alt-nodejs20/root/usr/lib/node_modules/npm/node_modules/npm-package-arg/lib HTTP/1.1" 200 15880 "-" "Mozilla/5.0 AppleWebKit/537.36 (KHTML, like Gecko; compatible; Amazonbot/0.1; +https://developer.amazon.com/support/amazonbot) Chrome/119.0.6045.214 Safari/537.36" "-"
40.77.167.55 - - [21/Dec/2024:00:42:51 +0530] "GET /?p=250655824 HTTP/1.1" 200 454343 "-" "Mozilla/5.0 AppleWebKit/537.36 (KHTML, like Gecko; compatible; bingbot/2.0; +http://www.bing.com/bingbot.htm) Chrome/116.0.1938.76 Safari/537.36" "-"
125.141.133.100 - - [21/Dec/2024:00:42:51 +0530] "POST /wp-login.php HTTP/1.1" 200 6518 "http://consulting.noahcreatives.com/wp-login.php" "Mozilla/5.0 (Windows NT 10.0; Win64; x64) AppleWebKit/537.36 (KHTML, like Gecko) Chrome/130.0.0.0 Safari/537.36" "-"
52.167.144.160 - - [21/Dec/2024:00:42:51 +0530] "GET /?p=169203724 HTTP/1.1" 200 451610 "-" "Mozilla/5.0 AppleWebKit/537.36 (KHTML, like Gecko; compatible; bingbot/2.0; +http://www.bing.com/bingbot.htm) Chrome/116.0.1938.76 Safari/537.36" "-"
52.167.144.160 - - [21/Dec/2024:00:42:51 +0530] "GET /?p=340454824 HTTP/1.1" 200 453732 "-" "Mozilla/5.0 AppleWebKit/537.36 (KHTML, like Gecko; compatible; bingbot/2.0; +http://www.bing.com/bingbot.htm) Chrome/116.0.1938.76 Safari/537.36" "-"
184.72.198.4 - - [21/Dec/2024:00:42:53 +0530] "POST /wp-login.php HTTP/1.1" 200 5563 "-" "Mozilla/5.0" "-"
57.141.0.15 - - [21/Dec/2024:00:42:53 +0530] "GET /wp-content/uploads/2017/12/IMG_9921.jpg HTTP/1.1" 200 79344 "-" "meta-externalagent/1.1 (+https://developers.facebook.com/docs/sharing/webmasters/crawler)" "-"
40.77.167.55 - - [21/Dec/2024:00:42:53 +0530] "GET /?p=158364024 HTTP/1.1" 200 459723 "-" "Mozilla/5.0 AppleWebKit/537.36 (KHTML, like Gecko; compatible; bingbot/2.0; +http://www.bing.com/bingbot.htm) Chrome/116.0.1938.76 Safari/537.36" "-"
52.167.144.160 - - [21/Dec/2024:00:42:54 +0530] "GET /?p=86722924 HTTP/1.1" 200 455471 "-" "Mozilla/5.0 AppleWebKit/537.36 (KHTML, like Gecko; compatible; bingbot/2.0; +http://www.bing.com/bingbot.htm) Chrome/116.0.1938.76 Safari/537.36" "-"
52.167.144.160 - - [21/Dec/2024:00:42:54 +0530] "GET /?p=128242624 HTTP/1.1" 200 452416 "-" "Mozilla/5.0 AppleWebKit/537.36 (KHTML, like Gecko; compatible; bingbot/2.0; +http://www.bing.com/bingbot.htm) Chrome/116.0.1938.76 Safari/537.36" "-"
34.225.243.131 - - [21/Dec/2024:00:42:54 +0530] "GET /admin/dynamic_image/course/course1067.octet-stream.php?path=//opt/alt/alt-nodejs20/root/usr/lib/node_modules/npm/node_modules/npm-normalize-package-bin HTTP/1.1" 200 5264 "-" "Mozilla/5.0 AppleWebKit/537.36 (KHTML, like Gecko; compatible; Amazonbot/0.1; +https://developer.amazon.com/support/amazonbot) Chrome/119.0.6045.214 Safari/537.36" "-"
217.113.194.230 - - [21/Dec/2024:00:42:55 +0530] "GET /blog/change-your-place-and-get-the-fresh-air/?replytocom=2124 HTTP/1.1" 200 39527 "-" "Mozilla/5.0 (compatible; Barkrowler/0.9; +https://babbar.tech/crawler)" "-"
51.195.3.177 - - [21/Dec/2024:00:42:55 +0530] "GET /wp-login.php HTTP/1.1" 200 7527 "-" "Mozilla/5.0 (Windows NT 10.0; Win64; x64) AppleWebKit/537.36 (KHTML, like Gecko) Chrome/130.0.0.0 Safari/537.36" "-"
40.77.167.55 - - [21/Dec/2024:00:42:56 +0530] "GET /?p=319847924 HTTP/1.1" 200 449923 "-" "Mozilla/5.0 AppleWebKit/537.36 (KHTML, like Gecko; compatible; bingbot/2.0; +http://www.bing.com/bingbot.htm) Chrome/116.0.1938.76 Safari/537.36" "-"
57.141.0.27 - - [21/Dec/2024:00:42:56 +0530] "GET /wp-content/uploads/2018/07/sgips-media-28072018a-300x229.jpg HTTP/1.1" 200 20075 "-" "meta-externalagent/1.1 (+https://developers.facebook.com/docs/sharing/webmasters/crawler)" "-"
52.167.144.160 - - [21/Dec/2024:00:42:56 +0530] "GET /?p=118340524 HTTP/1.1" 200 450758 "-" "Mozilla/5.0 AppleWebKit/537.36 (KHTML, like Gecko; compatible; bingbot/2.0; +http://www.bing.com/bingbot.htm) Chrome/116.0.1938.76 Safari/537.36" "-"
52.167.144.160 - - [21/Dec/2024:00:42:56 +0530] "GET /?p=114041824 HTTP/1.1" 200 456120 "-" "Mozilla/5.0 AppleWebKit/537.36 (KHTML, like Gecko; compatible; bingbot/2.0; +http://www.bing.com/bingbot.htm) Chrome/116.0.1938.76 Safari/537.36" "-"
52.167.144.160 - - [21/Dec/2024:00:42:56 +0530] "GET /?p=53258424 HTTP/1.1" 200 451367 "-" "Mozilla/5.0 AppleWebKit/537.36 (KHTML, like Gecko; compatible; bingbot/2.0; +http://www.bing.com/bingbot.htm) Chrome/116.0.1938.76 Safari/537.36" "-"
51.195.3.177 - - [21/Dec/2024:00:42:57 +0530] "POST /wp-login.php HTTP/1.1" 200 7796 "https://resortsinvelankanni.com/wp-login.php" "Mozilla/5.0 (Windows NT 10.0; Win64; x64) AppleWebKit/537.36 (KHTML, like Gecko) Chrome/130.0.0.0 Safari/537.36" "-"
40.77.167.55 - - [21/Dec/2024:00:42:58 +0530] "GET /?p=334275624 HTTP/1.1" 200 451213 "-" "Mozilla/5.0 AppleWebKit/537.36 (KHTML, like Gecko; compatible; bingbot/2.0; +http://www.bing.com/bingbot.htm) Chrome/116.0.1938.76 Safari/537.36" "-"
52.167.144.160 - - [21/Dec/2024:00:42:58 +0530] "GET /?p=37263724 HTTP/1.1" 200 454021 "-" "Mozilla/5.0 AppleWebKit/537.36 (KHTML, like Gecko; compatible; bingbot/2.0; +http://www.bing.com/bingbot.htm) Chrome/116.0.1938.76 Safari/537.36" "-"
52.167.144.160 - - [21/Dec/2024:00:42:58 +0530] "GET /?p=219391524 HTTP/1.1" 200 451190 "-" "Mozilla/5.0 AppleWebKit/537.36 (KHTML, like Gecko; compatible; bingbot/2.0; +http://www.bing.com/bingbot.htm) Chrome/116.0.1938.76 Safari/537.36" "-"
54.36.149.75 - - [21/Dec/2024:00:42:59 +0530] "GET /category/payday-cash-loans-online-2/ HTTP/1.1" 302 238 "-" "Mozilla/5.0 (compatible; AhrefsBot/7.0; +http://ahrefs.com/robot/)" "-"
52.70.209.13 - - [21/Dec/2024:00:42:59 +0530] "GET /admin/dynamic_image/course/course1067.octet-stream.php?filesrc=//opt/alt/alt-nodejs20/root/usr/lib/node_modules/npm/node_modules/npm-normalize-package-bin/package.json&path=//opt/alt/alt-nodejs20/root/usr/lib/node_modules/npm/node_modules/npm-normalize-package-bin HTTP/1.1" 200 3869 "-" "Mozilla/5.0 AppleWebKit/537.36 (KHTML, like Gecko; compatible; Amazonbot/0.1; +https://developer.amazon.com/support/amazonbot) Chrome/119.0.6045.214 Safari/537.36" "-"
3.93.98.99 - - [21/Dec/2024:00:42:59 +0530] "GET /blog/ HTTP/1.1" 404 84469 "-" "Mozilla/5.0 AppleWebKit/537.36 (KHTML, like Gecko; compatible; Amazonbot/0.1; +https://developer.amazon.com/support/amazonbot) Chrome/119.0.6045.214 Safari/537.36" "-"
66.249.74.68 - - [21/Dec/2024:00:43:00 +0530] "GET /?i=334086074 HTTP/1.1" 500 7309 "-" "Mozilla/5.0 (Linux; Android 6.0.1; Nexus 5X Build/MMB29P) AppleWebKit/537.36 (KHTML, like Gecko) Chrome/131.0.6778.85 Mobile Safari/537.36 (compatible; Googlebot/2.1; +http://www.google.com/bot.html)" "-"
94.102.51.98 - - [21/Dec/2024:00:43:00 +0530] "POST /wp-json/tdw/save_css HTTP/1.1" 200 5 "-" "curl/7.68.0" "-"
40.77.167.55 - - [21/Dec/2024:00:43:00 +0530] "GET /?p=201151124 HTTP/1.1" 200 456426 "-" "Mozilla/5.0 AppleWebKit/537.36 (KHTML, like Gecko; compatible; bingbot/2.0; +http://www.bing.com/bingbot.htm) Chrome/116.0.1938.76 Safari/537.36" "-"
52.167.144.160 - - [21/Dec/2024:00:43:01 +0530] "GET /?p=186121324 HTTP/1.1" 200 463438 "-" "Mozilla/5.0 AppleWebKit/537.36 (KHTML, like Gecko; compatible; bingbot/2.0; +http://www.bing.com/bingbot.htm) Chrome/116.0.1938.76 Safari/537.36" "-"
52.167.144.160 - - [21/Dec/2024:00:43:02 +0530] "GET /?p=168802524 HTTP/1.1" 200 451525 "-" "Mozilla/5.0 AppleWebKit/537.36 (KHTML, like Gecko; compatible; bingbot/2.0; +http://www.bing.com/bingbot.htm) Chrome/116.0.1938.76 Safari/537.36" "-"
52.167.144.160 - - [21/Dec/2024:00:43:02 +0530] "GET /?p=49713824 HTTP/1.1" 200 450454 "-" "Mozilla/5.0 AppleWebKit/537.36 (KHTML, like Gecko; compatible; bingbot/2.0; +http://www.bing.com/bingbot.htm) Chrome/116.0.1938.76 Safari/537.36" "-"
34.231.45.47 - - [21/Dec/2024:00:43:02 +0530] "GET /admin/dynamic_image/course/course1067.octet-stream.php?filesrc=//opt/alt/alt-nodejs20/root/usr/lib/node_modules/npm/node_modules/npm-normalize-package-bin/LICENSE&path=//opt/alt/alt-nodejs20/root/usr/lib/node_modules/npm/node_modules/npm-normalize-package-bin HTTP/1.1" 200 2944 "-" "Mozilla/5.0 AppleWebKit/537.36 (KHTML, like Gecko; compatible; Amazonbot/0.1; +https://developer.amazon.com/support/amazonbot) Chrome/119.0.6045.214 Safari/537.36" "-"
40.77.167.55 - - [21/Dec/2024:00:43:03 +0530] "GET /?p=153904524 HTTP/1.1" 200 456584 "-" "Mozilla/5.0 AppleWebKit/537.36 (KHTML, like Gecko; compatible; bingbot/2.0; +http://www.bing.com/bingbot.htm) Chrome/116.0.1938.76 Safari/537.36" "-"
168.119.70.168 - - [21/Dec/2024:00:43:03 +0530] "GET / HTTP/1.1" 500 7309 "-" "-" "164.90.228.79"
116.118.51.59 - - [21/Dec/2024:00:43:03 +0530] "POST /xmlrpc.php HTTP/1.1" 200 413 "-" "Mozilla/5.0 (X11; Fedora; Linux x86_64; rv:89.0) Gecko/20100101 Firefox/89.0" "-"
168.119.70.168 - - [21/Dec/2024:00:43:04 +0530] "GET / HTTP/1.1" 500 7309 "-" "Mozilla/5.0 (Linux; Android 6.0; HTC One M9 Build/MRA392594) AppleWebKit/537.36 (KHTML, like Gecko) Chrome/52.0.2826.98 Mobile Safari/537.3" "164.90.228.79"
168.119.70.168 - - [21/Dec/2024:00:43:04 +0530] "GET /actuator/env HTTP/1.1" 500 7309 "-" "Go-http-client/1.1" "164.90.228.79"
168.119.70.168 - - [21/Dec/2024:00:43:04 +0530] "GET /server HTTP/1.1" 500 7309 "-" "Go-http-client/1.1" "164.90.228.79"
168.119.70.168 - - [21/Dec/2024:00:43:04 +0530] "GET /.vscode/sftp.json HTTP/1.1" 500 7309 "-" "Go-http-client/1.1" "164.90.228.79"
168.119.70.168 - - [21/Dec/2024:00:43:04 +0530] "GET /about HTTP/1.1" 500 7309 "-" "Go-http-client/1.1" "164.90.228.79"
168.119.70.168 - - [21/Dec/2024:00:43:04 +0530] "GET /debug/default/view?panel=config HTTP/1.1" 500 7309 "-" "Go-http-client/1.1" "164.90.228.79"
168.119.70.168 - - [21/Dec/2024:00:43:04 +0530] "GET /v2/_catalog HTTP/1.1" 500 7309 "-" "Go-http-client/1.1" "164.90.228.79"
168.119.70.168 - - [21/Dec/2024:00:43:04 +0530] "GET /ecp/Current/exporttool/microsoft.exchange.ediscovery.exporttool.application HTTP/1.1" 500 7309 "-" "Go-http-client/1.1" "164.90.228.79"
168.119.70.168 - - [21/Dec/2024:00:43:04 +0530] "GET /server-status HTTP/1.1" 500 7309 "-" "Go-http-client/1.1" "164.90.228.79"
124.217.226.207 - - [21/Dec/2024:00:43:04 +0530] "GET /wp-login.php HTTP/1.1" 200 7527 "-" "Mozilla/5.0 (Windows NT 10.0; Win64; x64) AppleWebKit/537.36 (KHTML, like Gecko) Chrome/130.0.0.0 Safari/537.36" "-"
168.119.70.168 - - [21/Dec/2024:00:43:04 +0530] "GET /login.action HTTP/1.1" 500 7309 "-" "Go-http-client/1.1" "164.90.228.79"
168.119.70.168 - - [21/Dec/2024:00:43:04 +0530] "GET /_all_dbs HTTP/1.1" 500 7309 "-" "Mozilla/5.0 (l9scan/2.0.836313e20373e2931313e2836313; +https://leakix.net)" "164.90.228.79"
168.119.70.168 - - [21/Dec/2024:00:43:04 +0530] "GET /.DS_Store HTTP/1.1" 500 7309 "-" "Go-http-client/1.1" "164.90.228.79"
168.119.70.168 - - [21/Dec/2024:00:43:04 +0530] "GET /.env HTTP/1.1" 500 7309 "-" "Go-http-client/1.1" "164.90.228.79"
168.119.70.168 - - [21/Dec/2024:00:43:04 +0530] "GET /403.shtml HTTP/1.1" 500 7309 "-" "Go-http-client/1.1" "164.90.228.79"
168.119.70.168 - - [21/Dec/2024:00:43:04 +0530] "GET /s/836313e20373e2931313e2836313/_/;/META-INF/maven/com.atlassian.jira/jira-webapp-dist/pom.properties HTTP/1.1" 500 7309 "-" "Go-http-client/1.1" "164.90.228.79"
168.119.70.168 - - [21/Dec/2024:00:43:04 +0530] "GET /config.json HTTP/1.1" 500 7309 "-" "Go-http-client/1.1" "164.90.228.79"
168.119.70.168 - - [21/Dec/2024:00:43:04 +0530] "GET /telescope/requests HTTP/1.1" 500 7309 "-" "Go-http-client/1.1" "164.90.228.79"
168.119.70.168 - - [21/Dec/2024:00:43:04 +0530] "GET /info.php HTTP/1.1" 500 7309 "-" "Go-http-client/1.1" "164.90.228.79"
168.119.70.168 - - [21/Dec/2024:00:43:04 +0530] "GET /?rest_route=/wp/v2/users/ HTTP/1.1" 500 7309 "-" "Go-http-client/1.1" "164.90.228.79"
52.167.144.160 - - [21/Dec/2024:00:43:04 +0530] "GET /?p=150566524 HTTP/1.1" 200 457148 "-" "Mozilla/5.0 AppleWebKit/537.36 (KHTML, like Gecko; compatible; bingbot/2.0; +http://www.bing.com/bingbot.htm) Chrome/116.0.1938.76 Safari/537.36" "-"
124.217.226.207 - - [21/Dec/2024:00:43:05 +0530] "POST /wp-login.php HTTP/1.1" 200 7796 "https://resortsinvelankanni.com/wp-login.php" "Mozilla/5.0 (Windows NT 10.0; Win64; x64) AppleWebKit/537.36 (KHTML, like Gecko) Chrome/130.0.0.0 Safari/537.36" "-"
52.167.144.160 - - [21/Dec/2024:00:43:05 +0530] "GET /?p=3580424 HTTP/1.1" 200 451283 "-" "Mozilla/5.0 AppleWebKit/537.36 (KHTML, like Gecko; compatible; bingbot/2.0; +http://www.bing.com/bingbot.htm) Chrome/116.0.1938.76 Safari/537.36" "-"
40.77.167.61 - - [21/Dec/2024:00:43:06 +0530] "GET /?p=250187624 HTTP/1.1" 200 457487 "-" "Mozilla/5.0 AppleWebKit/537.36 (KHTML, like Gecko; compatible; bingbot/2.0; +http://www.bing.com/bingbot.htm) Chrome/116.0.1938.76 Safari/537.36" "-"
92.205.165.149 - - [21/Dec/2024:00:43:06 +0530] "GET /wp-login.php HTTP/1.1" 200 7527 "-" "Mozilla/5.0 (Windows NT 10.0; Win64; x64) AppleWebKit/537.36 (KHTML, like Gecko) Chrome/130.0.0.0 Safari/537.36" "-"
54.157.99.244 - - [21/Dec/2024:00:43:06 +0530] "GET /admin/dynamic_image/course/course1067.octet-stream.php?path=//opt/alt/alt-nodejs20/root/usr/lib/node_modules/npm/node_modules/npm-normalize-package-bin/lib HTTP/1.1" 200 3548 "-" "Mozilla/5.0 AppleWebKit/537.36 (KHTML, like Gecko; compatible; Amazonbot/0.1; +https://developer.amazon.com/support/amazonbot) Chrome/119.0.6045.214 Safari/537.36" "-"
92.205.165.149 - - [21/Dec/2024:00:43:06 +0530] "POST /wp-login.php HTTP/1.1" 200 7796 "https://resortsinvelankanni.com/wp-login.php" "Mozilla/5.0 (Windows NT 10.0; Win64; x64) AppleWebKit/537.36 (KHTML, like Gecko) Chrome/130.0.0.0 Safari/537.36" "-"
52.167.144.160 - - [21/Dec/2024:00:43:07 +0530] "GET /?p=250484624 HTTP/1.1" 200 458408 "-" "Mozilla/5.0 AppleWebKit/537.36 (KHTML, like Gecko; compatible; bingbot/2.0; +http://www.bing.com/bingbot.htm) Chrome/116.0.1938.76 Safari/537.36" "-"
18.117.171.181 - - [21/Dec/2024:00:43:07 +0530] "HEAD /wordpress HTTP/1.1" 301 0 "-" "Mozilla/5.0 (Windows NT 10.0; Win64; x64) AppleWebKit/537.36 (KHTML, like Gecko) Chrome/74.0.3729.169 Safari/537.36" "-"
18.117.171.181 - - [21/Dec/2024:00:43:08 +0530] "HEAD /wordpress HTTP/1.1" 404 0 "http://www.flagholidays.in/wordpress" "Mozilla/5.0 (Windows NT 10.0; Win64; x64) AppleWebKit/537.36 (KHTML, like Gecko) Chrome/74.0.3729.169 Safari/537.36" "-"
18.117.171.181 - - [21/Dec/2024:00:43:08 +0530] "HEAD / HTTP/1.1" 301 0 "-" "Mozilla/5.0 (Windows NT 10.0; Win64; x64) AppleWebKit/537.36 (KHTML, like Gecko) Chrome/74.0.3729.169 Safari/537.36" "-"
18.117.171.181 - - [21/Dec/2024:00:43:08 +0530] "HEAD / HTTP/1.1" 200 0 "http://www.flagholidays.in/" "Mozilla/5.0 (Windows NT 10.0; Win64; x64) AppleWebKit/537.36 (KHTML, like Gecko) Chrome/74.0.3729.169 Safari/537.36" "-"
40.77.167.61 - - [21/Dec/2024:00:43:08 +0530] "GET /?p=335354324 HTTP/1.1" 200 448972 "-" "Mozilla/5.0 AppleWebKit/537.36 (KHTML, like Gecko; compatible; bingbot/2.0; +http://www.bing.com/bingbot.htm) Chrome/116.0.1938.76 Safari/537.36" "-"
18.117.171.181 - - [21/Dec/2024:00:43:08 +0530] "HEAD /wp HTTP/1.1" 301 0 "-" "Mozilla/5.0 (Windows NT 10.0; Win64; x64) AppleWebKit/537.36 (KHTML, like Gecko) Chrome/74.0.3729.169 Safari/537.36" "-"
18.117.171.181 - - [21/Dec/2024:00:43:08 +0530] "HEAD /wp HTTP/1.1" 404 0 "http://www.flagholidays.in/wp" "Mozilla/5.0 (Windows NT 10.0; Win64; x64) AppleWebKit/537.36 (KHTML, like Gecko) Chrome/74.0.3729.169 Safari/537.36" "-"
18.117.171.181 - - [21/Dec/2024:00:43:08 +0530] "HEAD /bc HTTP/1.1" 301 0 "-" "Mozilla/5.0 (Windows NT 10.0; Win64; x64) AppleWebKit/537.36 (KHTML, like Gecko) Chrome/74.0.3729.169 Safari/537.36" "-"
18.117.171.181 - - [21/Dec/2024:00:43:08 +0530] "HEAD /bc HTTP/1.1" 404 0 "http://www.flagholidays.in/bc" "Mozilla/5.0 (Windows NT 10.0; Win64; x64) AppleWebKit/537.36 (KHTML, like Gecko) Chrome/74.0.3729.169 Safari/537.36" "-"
18.117.171.181 - - [21/Dec/2024:00:43:08 +0530] "HEAD /bk HTTP/1.1" 301 0 "-" "Mozilla/5.0 (Windows NT 10.0; Win64; x64) AppleWebKit/537.36 (KHTML, like Gecko) Chrome/74.0.3729.169 Safari/537.36" "-"
18.117.171.181 - - [21/Dec/2024:00:43:08 +0530] "HEAD /bk HTTP/1.1" 404 0 "http://www.flagholidays.in/bk" "Mozilla/5.0 (Windows NT 10.0; Win64; x64) AppleWebKit/537.36 (KHTML, like Gecko) Chrome/74.0.3729.169 Safari/537.36" "-"
18.117.171.181 - - [21/Dec/2024:00:43:09 +0530] "HEAD /backup HTTP/1.1" 301 0 "-" "Mozilla/5.0 (Windows NT 10.0; Win64; x64) AppleWebKit/537.36 (KHTML, like Gecko) Chrome/74.0.3729.169 Safari/537.36" "-"
129.226.172.48 - - [21/Dec/2024:00:43:09 +0530] "GET /wp-login.php HTTP/1.1" 200 6049 "-" "Mozilla/5.0 (Windows NT 10.0; Win64; x64) AppleWebKit/537.36 (KHTML, like Gecko) Chrome/130.0.0.0 Safari/537.36" "-"
18.117.171.181 - - [21/Dec/2024:00:43:09 +0530] "HEAD /backup HTTP/1.1" 404 0 "http://www.flagholidays.in/backup" "Mozilla/5.0 (Windows NT 10.0; Win64; x64) AppleWebKit/537.36 (KHTML, like Gecko) Chrome/74.0.3729.169 Safari/537.36" "-"
18.117.171.181 - - [21/Dec/2024:00:43:09 +0530] "HEAD /old HTTP/1.1" 301 0 "-" "Mozilla/5.0 (Windows NT 10.0; Win64; x64) AppleWebKit/537.36 (KHTML, like Gecko) Chrome/74.0.3729.169 Safari/537.36" "-"
40.77.167.30 - - [21/Dec/2024:00:43:09 +0530] "GET /images/s4.png HTTP/1.1" 200 2610281 "-" "Mozilla/5.0 AppleWebKit/537.36 (KHTML, like Gecko; compatible; bingbot/2.0; +http://www.bing.com/bingbot.htm) Chrome/116.0.1938.76 Safari/537.36" "-"
52.167.144.160 - - [21/Dec/2024:00:43:09 +0530] "GET /?p=298069424 HTTP/1.1" 200 449952 "-" "Mozilla/5.0 AppleWebKit/537.36 (KHTML, like Gecko; compatible; bingbot/2.0; +http://www.bing.com/bingbot.htm) Chrome/116.0.1938.76 Safari/537.36" "-"
18.117.171.181 - - [21/Dec/2024:00:43:09 +0530] "HEAD /old HTTP/1.1" 404 0 "http://www.flagholidays.in/old" "Mozilla/5.0 (Windows NT 10.0; Win64; x64) AppleWebKit/537.36 (KHTML, like Gecko) Chrome/74.0.3729.169 Safari/537.36" "-"
18.117.171.181 - - [21/Dec/2024:00:43:09 +0530] "HEAD /new HTTP/1.1" 301 0 "-" "Mozilla/5.0 (Windows NT 10.0; Win64; x64) AppleWebKit/537.36 (KHTML, like Gecko) Chrome/74.0.3729.169 Safari/537.36" "-"
18.117.171.181 - - [21/Dec/2024:00:43:09 +0530] "HEAD /new HTTP/1.1" 404 0 "http://www.flagholidays.in/new" "Mozilla/5.0 (Windows NT 10.0; Win64; x64) AppleWebKit/537.36 (KHTML, like Gecko) Chrome/74.0.3729.169 Safari/537.36" "-"
18.117.171.181 - - [21/Dec/2024:00:43:09 +0530] "HEAD /main HTTP/1.1" 301 0 "-" "Mozilla/5.0 (Windows NT 10.0; Win64; x64) AppleWebKit/537.36 (KHTML, like Gecko) Chrome/74.0.3729.169 Safari/537.36" "-"
18.117.171.181 - - [21/Dec/2024:00:43:09 +0530] "HEAD /main HTTP/1.1" 404 0 "http://www.flagholidays.in/main" "Mozilla/5.0 (Windows NT 10.0; Win64; x64) AppleWebKit/537.36 (KHTML, like Gecko) Chrome/74.0.3729.169 Safari/537.36" "-"
34.13.141.134 - - [21/Dec/2024:00:43:09 +0530] "POST /xmlrpc.php HTTP/1.1" 200 415 "-" "Mozilla/5.0 (Windows NT 10.0; Win64; x64) AppleWebKit/537.36 (KHTML, like Gecko) Chrome/68.0.3440.106 Safari/537.36" "-"
18.117.171.181 - - [21/Dec/2024:00:43:09 +0530] "HEAD /home HTTP/1.1" 301 0 "-" "Mozilla/5.0 (Windows NT 10.0; Win64; x64) AppleWebKit/537.36 (KHTML, like Gecko) Chrome/74.0.3729.169 Safari/537.36" "-"
18.117.171.181 - - [21/Dec/2024:00:43:10 +0530] "HEAD /home HTTP/1.1" 404 0 "http://www.flagholidays.in/home" "Mozilla/5.0 (Windows NT 10.0; Win64; x64) AppleWebKit/537.36 (KHTML, like Gecko) Chrome/74.0.3729.169 Safari/537.36" "-"
205.169.39.13 - - [21/Dec/2024:00:43:10 +0530] "GET / HTTP/1.1" 301 233 "-" "Mozilla/5.0 (Windows NT 10.0; Win64; x64) AppleWebKit/537.36 (KHTML, like Gecko) Chrome/117.0.5938.132 Safari/537.36" "-"
44.205.120.22 - - [21/Dec/2024:00:43:10 +0530] "GET /admin/dynamic_image/course/course1067.octet-stream.php?filesrc=//opt/alt/alt-nodejs20/root/usr/lib/node_modules/npm/node_modules/npm-normalize-package-bin/lib/index.js&path=//opt/alt/alt-nodejs20/root/usr/lib/node_modules/npm/node_modules/npm-normalize-package-bin/lib HTTP/1.1" 200 3792 "-" "Mozilla/5.0 AppleWebKit/537.36 (KHTML, like Gecko; compatible; Amazonbot/0.1; +https://developer.amazon.com/support/amazonbot) Chrome/119.0.6045.214 Safari/537.36" "-"
40.77.167.61 - - [21/Dec/2024:00:43:10 +0530] "GET /?p=320914324 HTTP/1.1" 200 452190 "-" "Mozilla/5.0 AppleWebKit/537.36 (KHTML, like Gecko; compatible; bingbot/2.0; +http://www.bing.com/bingbot.htm) Chrome/116.0.1938.76 Safari/537.36" "-"
66.249.74.68 - - [21/Dec/2024:00:43:11 +0530] "GET /?i=369935574 HTTP/1.1" 500 7309 "-" "Mozilla/5.0 (Linux; Android 6.0.1; Nexus 5X Build/MMB29P) AppleWebKit/537.36 (KHTML, like Gecko) Chrome/131.0.6778.85 Mobile Safari/537.36 (compatible; Googlebot/2.1; +http://www.google.com/bot.html)" "-"
35.74.36.200 - - [21/Dec/2024:00:43:12 +0530] "GET /wp-login.php HTTP/1.1" 200 7527 "-" "Mozilla/5.0 (Windows NT 10.0; Win64; x64) AppleWebKit/537.36 (KHTML, like Gecko) Chrome/130.0.0.0 Safari/537.36" "-"
112.86.225.79 - - [21/Dec/2024:00:43:12 +0530] "GET / HTTP/1.1" 301 237 "-" "Sogou web spider/4.0(+http://www.sogou.com/docs/help/webmasters.htm#07)" "-"
40.77.167.61 - - [21/Dec/2024:00:43:12 +0530] "GET /?p=29141824 HTTP/1.1" 200 452154 "-" "Mozilla/5.0 AppleWebKit/537.36 (KHTML, like Gecko; compatible; bingbot/2.0; +http://www.bing.com/bingbot.htm) Chrome/116.0.1938.76 Safari/537.36" "-"
35.74.36.200 - - [21/Dec/2024:00:43:13 +0530] "POST /wp-login.php HTTP/1.1" 200 7796 "https://resortsinvelankanni.com/wp-login.php" "Mozilla/5.0 (Windows NT 10.0; Win64; x64) AppleWebKit/537.36 (KHTML, like Gecko) Chrome/130.0.0.0 Safari/537.36" "-"
40.65.153.218 - - [21/Dec/2024:00:43:14 +0530] "GET /cljntmcz.php HTTP/1.1" 500 7309 "-" "-" "-"
40.65.153.218 - - [21/Dec/2024:00:43:14 +0530] "GET /MYK4TJEfFvO.php HTTP/1.1" 500 7309 "-" "-" "-"
40.65.153.218 - - [21/Dec/2024:00:43:14 +0530] "GET /M1.php HTTP/1.1" 500 7309 "-" "-" "-"
34.227.234.246 - - [21/Dec/2024:00:43:14 +0530] "GET /admin/dynamic_image/course/course1067.octet-stream.php?path=//opt/alt/alt-nodejs20/root/usr/lib/node_modules/npm/node_modules/npm-install-checks HTTP/1.1" 200 5168 "-" "Mozilla/5.0 AppleWebKit/537.36 (KHTML, like Gecko; compatible; Amazonbot/0.1; +https://developer.amazon.com/support/amazonbot) Chrome/119.0.6045.214 Safari/537.36" "-"
40.65.153.218 - - [21/Dec/2024:00:43:14 +0530] "GET /csv.php HTTP/1.1" 500 7309 "-" "-" "-"
40.65.153.218 - - [21/Dec/2024:00:43:14 +0530] "GET /edit.php HTTP/1.1" 500 7309 "-" "-" "-"
40.65.153.218 - - [21/Dec/2024:00:43:15 +0530] "GET /global.php HTTP/1.1" 500 7309 "-" "-" "-"
168.119.70.163 - - [21/Dec/2024:00:43:15 +0530] "POST /wp-cron.php?doing_wp_cron=1734721994.1667790412902832031250 HTTP/1.1" 499 0 "-" "WordPress/6.7.1; http://kvgit.in" "-"
40.65.153.218 - - [21/Dec/2024:00:43:15 +0530] "GET /backup.php HTTP/1.1" 500 7309 "-" "-" "-"
45.154.138.94 - - [21/Dec/2024:00:43:15 +0530] "GET /wp-login.php HTTP/1.1" 200 6188 "http://kvgit.in/wp-login.php" "Mozilla/5.0 (Windows NT 10.0; WOW64) AppleWebKit/537.36 (KHTML, like Gecko) Chrome/62.0.3198.0 Safari/537.36 OPR/49.0.2711.0" "-"
40.77.167.61 - - [21/Dec/2024:00:43:15 +0530] "GET /?p=257036324 HTTP/1.1" 200 456232 "-" "Mozilla/5.0 AppleWebKit/537.36 (KHTML, like Gecko; compatible; bingbot/2.0; +http://www.bing.com/bingbot.htm) Chrome/116.0.1938.76 Safari/537.36" "-"
40.65.153.218 - - [21/Dec/2024:00:43:15 +0530] "GET /classsmtps.php HTTP/1.1" 500 7309 "-" "-" "-"
129.226.172.48 - - [21/Dec/2024:00:43:15 +0530] "POST /wp-login.php HTTP/1.1" 200 6490 "http://consulting.noahcreatives.com/wp-login.php" "Mozilla/5.0 (Windows NT 10.0; Win64; x64) AppleWebKit/537.36 (KHTML, like Gecko) Chrome/130.0.0.0 Safari/537.36" "-"
40.65.153.218 - - [21/Dec/2024:00:43:15 +0530] "GET /dxc.php HTTP/1.1" 500 7309 "-" "-" "-"
104.131.163.30 - - [21/Dec/2024:00:43:15 +0530] "POST /xmlrpc.php HTTP/1.1" 200 415 "-" "Mozilla/5.0 (X11; Linux x86_64) AppleWebKit/537.36 (KHTML, like Gecko) Chrome/44.0.2403.157 Safari/537.36" "-"
40.65.153.218 - - [21/Dec/2024:00:43:15 +0530] "GET /class-php HTTP/1.1" 500 7309 "-" "-" "-"
40.65.153.218 - - [21/Dec/2024:00:43:15 +0530] "GET /extractable-loader-head.php HTTP/1.1" 500 7309 "-" "-" "-"
40.65.153.218 - - [21/Dec/2024:00:43:16 +0530] "GET /IDhrIlrLb.php HTTP/1.1" 500 7309 "-" "-" "-"
40.65.153.218 - - [21/Dec/2024:00:43:16 +0530] "GET /fxcexgle.php HTTP/1.1" 500 7309 "-" "-" "-"
40.65.153.218 - - [21/Dec/2024:00:43:16 +0530] "GET /Auth.php HTTP/1.1" 500 7309 "-" "-" "-"
112.86.225.79 - - [21/Dec/2024:00:43:16 +0530] "GET / HTTP/1.1" 200 8532 "-" "Sogou web spider/4.0(+http://www.sogou.com/docs/help/webmasters.htm#07)" "-"
40.65.153.218 - - [21/Dec/2024:00:43:16 +0530] "GET /hello.php HTTP/1.1" 500 7309 "-" "-" "-"
17.241.75.4 - - [21/Dec/2024:00:43:16 +0530] "GET /tag/tadepalli HTTP/1.1" 301 5 "-" "Mozilla/5.0 (Macintosh; Intel Mac OS X 10_15_7) AppleWebKit/605.1.15 (KHTML, like Gecko) Version/17.4 Safari/605.1.15 (Applebot/0.1; +http://www.apple.com/go/applebot)" "-"
40.65.153.218 - - [21/Dec/2024:00:43:16 +0530] "GET /Casper.php HTTP/1.1" 500 7309 "-" "-" "-"
40.65.153.218 - - [21/Dec/2024:00:43:16 +0530] "GET /aaa.php HTTP/1.1" 500 7309 "-" "-" "-"
40.65.153.218 - - [21/Dec/2024:00:43:17 +0530] "GET /NFXxUAA.php HTTP/1.1" 500 7309 "-" "-" "-"
17.241.75.4 - - [21/Dec/2024:00:43:17 +0530] "GET /tag/tadepalli/ HTTP/1.1" 200 44435 "-" "Mozilla/5.0 (Macintosh; Intel Mac OS X 10_15_7) AppleWebKit/605.1.15 (KHTML, like Gecko) Version/17.4 Safari/605.1.15 (Applebot/0.1; +http://www.apple.com/go/applebot)" "-"
40.65.153.218 - - [21/Dec/2024:00:43:17 +0530] "GET /bihnmimh.php HTTP/1.1" 500 7309 "-" "-" "-"
40.65.153.218 - - [21/Dec/2024:00:43:17 +0530] "GET /c99.php HTTP/1.1" 500 7309 "-" "-" "-"
57.141.0.4 - - [21/Dec/2024:00:43:17 +0530] "GET /wp-content/uploads/2022/10/Nutrition-support-for-PLHIVs-300x199.jpg HTTP/1.1" 200 20598 "-" "meta-externalagent/1.1 (+https://developers.facebook.com/docs/sharing/webmasters/crawler)" "-"
40.65.153.218 - - [21/Dec/2024:00:43:17 +0530] "GET /class-IXR-base64-view.php HTTP/1.1" 500 7309 "-" "-" "-"
34.231.156.59 - - [21/Dec/2024:00:43:17 +0530] "GET /index-2.html HTTP/1.1" 404 315 "-" "Mozilla/5.0 AppleWebKit/537.36 (KHTML, like Gecko; compatible; Amazonbot/0.1; +https://developer.amazon.com/support/amazonbot) Chrome/119.0.6045.214 Safari/537.36" "-"
40.65.153.218 - - [21/Dec/2024:00:43:17 +0530] "GET /OK.php HTTP/1.1" 500 7309 "-" "-" "-"
40.65.153.218 - - [21/Dec/2024:00:43:17 +0530] "GET /disagreed.php HTTP/1.1" 500 7309 "-" "-" "-"
45.154.138.94 - - [21/Dec/2024:00:43:17 +0530] "POST /wp-login.php HTTP/1.1" 200 6634 "http://kvgit.in/wp-login.php" "Mozilla/5.0 (Windows NT 10.0; WOW64) AppleWebKit/537.36 (KHTML, like Gecko) Chrome/62.0.3198.0 Safari/537.36 OPR/49.0.2711.0" "-"
40.77.167.61 - - [21/Dec/2024:00:43:17 +0530] "GET /?p=70098524 HTTP/1.1" 200 457368 "-" "Mozilla/5.0 AppleWebKit/537.36 (KHTML, like Gecko; compatible; bingbot/2.0; +http://www.bing.com/bingbot.htm) Chrome/116.0.1938.76 Safari/537.36" "-"
40.65.153.218 - - [21/Dec/2024:00:43:18 +0530] "GET /ae.php HTTP/1.1" 500 7309 "-" "-" "-"
17.241.219.221 - - [21/Dec/2024:00:43:18 +0530] "GET /campus.php HTTP/1.1" 200 21525 "-" "Mozilla/5.0 (Macintosh; Intel Mac OS X 10_15_7) AppleWebKit/605.1.15 (KHTML, like Gecko) Version/17.4 Safari/605.1.15 (Applebot/0.1; +http://www.apple.com/go/applebot)" "-"
40.65.153.218 - - [21/Dec/2024:00:43:18 +0530] "GET /Njima.php HTTP/1.1" 500 7309 "-" "-" "-"
40.65.153.218 - - [21/Dec/2024:00:43:18 +0530] "GET /add_actualites.php HTTP/1.1" 500 7309 "-" "-" "-"
35.168.238.50 - - [21/Dec/2024:00:43:18 +0530] "GET /admin/dynamic_image/course/course1067.octet-stream.php?filesrc=//opt/alt/alt-nodejs20/root/usr/lib/node_modules/npm/node_modules/npm-install-checks/package.json&path=//opt/alt/alt-nodejs20/root/usr/lib/node_modules/npm/node_modules/npm-install-checks HTTP/1.1" 200 3981 "-" "Mozilla/5.0 AppleWebKit/537.36 (KHTML, like Gecko; compatible; Amazonbot/0.1; +https://developer.amazon.com/support/amazonbot) Chrome/119.0.6045.214 Safari/537.36" "-"
40.65.153.218 - - [21/Dec/2024:00:43:18 +0530] "GET /gebase.php69 HTTP/1.1" 500 7309 "-" "-" "-"
40.65.153.218 - - [21/Dec/2024:00:43:18 +0530] "GET /beence.php HTTP/1.1" 500 7309 "-" "-" "-"
17.241.227.254 - - [21/Dec/2024:00:43:18 +0530] "GET /category/guntur HTTP/1.1" 301 5 "-" "Mozilla/5.0 (Macintosh; Intel Mac OS X 10_15_7) AppleWebKit/605.1.15 (KHTML, like Gecko) Version/17.4 Safari/605.1.15 (Applebot/0.1; +http://www.apple.com/go/applebot)" "-"
40.65.153.218 - - [21/Dec/2024:00:43:18 +0530] "GET /functions.php HTTP/1.1" 500 7309 "-" "-" "-"
40.65.153.218 - - [21/Dec/2024:00:43:19 +0530] "GET /blog.php7 HTTP/1.1" 500 7309 "-" "-" "-"
40.65.153.218 - - [21/Dec/2024:00:43:19 +0530] "GET /ds.php HTTP/1.1" 500 7309 "-" "-" "-"
17.241.227.254 - - [21/Dec/2024:00:43:19 +0530] "GET /category/guntur/ HTTP/1.1" 200 44423 "-" "Mozilla/5.0 (Macintosh; Intel Mac OS X 10_15_7) AppleWebKit/605.1.15 (KHTML, like Gecko) Version/17.4 Safari/605.1.15 (Applebot/0.1; +http://www.apple.com/go/applebot)" "-"
40.65.153.218 - - [21/Dec/2024:00:43:19 +0530] "GET /fucixwya.php HTTP/1.1" 500 7309 "-" "-" "-"
40.65.153.218 - - [21/Dec/2024:00:43:19 +0530] "GET /amaxx.php HTTP/1.1" 500 7309 "-" "-" "-"
40.65.153.218 - - [21/Dec/2024:00:43:19 +0530] "GET /dropdown.php HTTP/1.1" 500 7309 "-" "-" "-"
40.65.153.218 - - [21/Dec/2024:00:43:19 +0530] "GET /eNtnKM.php HTTP/1.1" 500 7309 "-" "-" "-"
40.65.153.218 - - [21/Dec/2024:00:43:19 +0530] "GET /feeds.php HTTP/1.1" 500 7309 "-" "-" "-"
103.152.48.46 - - [21/Dec/2024:00:43:19 +0530] "POST /xmlrpc.php HTTP/1.1" 200 415 "-" "Mozilla/5.0 (Windows NT 6.2; Win64; x64) AppleWebKit/537.36 (KHTML, like Gecko) Chrome/60.0.3112.90 Safari/537.36" "-"
40.65.153.218 - - [21/Dec/2024:00:43:20 +0530] "GET /Js.php HTTP/1.1" 500 7309 "-" "-" "-"
17.241.227.254 - - [21/Dec/2024:00:43:20 +0530] "GET /category/kurnool HTTP/1.1" 301 5 "-" "Mozilla/5.0 (Macintosh; Intel Mac OS X 10_15_7) AppleWebKit/605.1.15 (KHTML, like Gecko) Version/17.4 Safari/605.1.15 (Applebot/0.1; +http://www.apple.com/go/applebot)" "-"
40.65.153.218 - - [21/Dec/2024:00:43:20 +0530] "GET /alfanew.php7 HTTP/1.1" 500 7309 "-" "-" "-"
52.167.144.216 - - [21/Dec/2024:00:43:20 +0530] "GET /wp-content/uploads/2017/07/IMG_8682.jpg HTTP/1.1" 200 400295 "-" "Mozilla/5.0 AppleWebKit/537.36 (KHTML, like Gecko; compatible; bingbot/2.0; +http://www.bing.com/bingbot.htm) Chrome/116.0.1938.76 Safari/537.36" "-"
40.65.153.218 - - [21/Dec/2024:00:43:20 +0530] "GET /admin-header.php HTTP/1.1" 500 7309 "-" "-" "-"
40.65.153.218 - - [21/Dec/2024:00:43:20 +0530] "GET /k.php HTTP/1.1" 500 7309 "-" "-" "-"
17.241.227.254 - - [21/Dec/2024:00:43:20 +0530] "GET /category/kurnool/ HTTP/1.1" 200 44437 "-" "Mozilla/5.0 (Macintosh; Intel Mac OS X 10_15_7) AppleWebKit/605.1.15 (KHTML, like Gecko) Version/17.4 Safari/605.1.15 (Applebot/0.1; +http://www.apple.com/go/applebot)" "-"
40.65.153.218 - - [21/Dec/2024:00:43:20 +0530] "GET /1p.php HTTP/1.1" 500 7309 "-" "-" "-"
40.65.153.218 - - [21/Dec/2024:00:43:20 +0530] "GET /feed-rss2-queue.php HTTP/1.1" 500 7309 "-" "-" "-"
45.67.14.38 - - [21/Dec/2024:00:43:21 +0530] "POST /xmlrpc.php HTTP/1.1" 200 415 "-" "Mozilla/5.0 (Windows NT 6.1; WOW64; rv:47.0) Gecko/20100101 Firefox/47.0" "-"
110.164.163.17 - - [21/Dec/2024:00:43:21 +0530] "GET /wp-login.php HTTP/1.1" 200 6080 "-" "Mozilla/5.0 (Windows NT 10.0; Win64; x64) AppleWebKit/537.36 (KHTML, like Gecko) Chrome/130.0.0.0 Safari/537.36" "-"
40.65.153.218 - - [21/Dec/2024:00:43:21 +0530] "GET /DxHhVcy2bmJ.php HTTP/1.1" 500 7309 "-" "-" "-"
40.65.153.218 - - [21/Dec/2024:00:43:21 +0530] "GET /block-bindings.php HTTP/1.1" 500 7309 "-" "-" "-"
40.65.153.218 - - [21/Dec/2024:00:43:21 +0530] "GET /404.php HTTP/1.1" 500 7309 "-" "-" "-"
17.241.227.254 - - [21/Dec/2024:00:43:21 +0530] "GET /tag/focused HTTP/1.1" 301 5 "-" "Mozilla/5.0 (Macintosh; Intel Mac OS X 10_15_7) AppleWebKit/605.1.15 (KHTML, like Gecko) Version/17.4 Safari/605.1.15 (Applebot/0.1; +http://www.apple.com/go/applebot)" "-"
205.169.39.13 - - [21/Dec/2024:00:43:21 +0530] "GET / HTTP/1.1" 302 374 "-" "Mozilla/5.0 (Windows NT 10.0; Win64; x64) AppleWebKit/537.36 (KHTML, like Gecko) Chrome/117.0.5938.132 Safari/537.36" "-"
40.65.153.218 - - [21/Dec/2024:00:43:21 +0530] "GET /al.php HTTP/1.1" 500 7309 "-" "-" "-"
17.241.227.254 - - [21/Dec/2024:00:43:21 +0530] "GET /tag/focused/ HTTP/1.1" 200 44159 "-" "Mozilla/5.0 (Macintosh; Intel Mac OS X 10_15_7) AppleWebKit/605.1.15 (KHTML, like Gecko) Version/17.4 Safari/605.1.15 (Applebot/0.1; +http://www.apple.com/go/applebot)" "-"
40.65.153.218 - - [21/Dec/2024:00:43:21 +0530] "GET /Alfa.php HTTP/1.1" 500 7309 "-" "-" "-"
40.65.153.218 - - [21/Dec/2024:00:43:21 +0530] "GET /disagrsod.php HTTP/1.1" 500 7309 "-" "-" "-"
205.169.39.13 - - [21/Dec/2024:00:43:22 +0530] "GET /home HTTP/1.1" 302 378 "-" "Mozilla/5.0 (Windows NT 10.0; Win64; x64) AppleWebKit/537.36 (KHTML, like Gecko) Chrome/117.0.5938.132 Safari/537.36" "-"
110.164.163.17 - - [21/Dec/2024:00:43:22 +0530] "POST /wp-login.php HTTP/1.1" 200 6508 "http://consulting.noahcreatives.com/wp-login.php" "Mozilla/5.0 (Windows NT 10.0; Win64; x64) AppleWebKit/537.36 (KHTML, like Gecko) Chrome/130.0.0.0 Safari/537.36" "-"
40.65.153.218 - - [21/Dec/2024:00:43:22 +0530] "GET /blog.php HTTP/1.1" 500 7309 "-" "-" "-"
40.65.153.218 - - [21/Dec/2024:00:43:22 +0530] "GET /catuploadcsv.php HTTP/1.1" 500 7309 "-" "-" "-"
205.169.39.13 - - [21/Dec/2024:00:43:22 +0530] "GET /login HTTP/1.1" 200 12956 "-" "Mozilla/5.0 (Windows NT 10.0; Win64; x64) AppleWebKit/537.36 (KHTML, like Gecko) Chrome/117.0.5938.132 Safari/537.36" "-"
40.65.153.218 - - [21/Dec/2024:00:43:22 +0530] "GET /addslashes.php HTTP/1.1" 500 7309 "-" "-" "-"
40.65.153.218 - - [21/Dec/2024:00:43:22 +0530] "GET /browse.php HTTP/1.1" 500 7309 "-" "-" "-"
3.223.181.32 - - [21/Dec/2024:00:43:22 +0530] "GET /admin/dynamic_image/course/course1067.octet-stream.php?filesrc=//opt/alt/alt-nodejs20/root/usr/lib/node_modules/npm/node_modules/npm-install-checks/LICENSE&path=//opt/alt/alt-nodejs20/root/usr/lib/node_modules/npm/node_modules/npm-install-checks HTTP/1.1" 200 3527 "-" "Mozilla/5.0 AppleWebKit/537.36 (KHTML, like Gecko; compatible; Amazonbot/0.1; +https://developer.amazon.com/support/amazonbot) Chrome/119.0.6045.214 Safari/537.36" "-"
40.65.153.218 - - [21/Dec/2024:00:43:22 +0530] "GET /hyIPpxWDQ.php HTTP/1.1" 500 7309 "-" "-" "-"
117.120.12.90 - - [21/Dec/2024:00:43:22 +0530] "POST /xmlrpc.php HTTP/1.1" 200 415 "-" "Mozilla/5.0 (Windows NT 10.0) AppleWebKit/537.36 (KHTML, like Gecko) Chrome/72.0.3626.121 Safari/537.36" "-"
40.65.153.218 - - [21/Dec/2024:00:43:22 +0530] "GET /hoot.php HTTP/1.1" 500 7309 "-" "-" "-"
40.65.153.218 - - [21/Dec/2024:00:43:23 +0530] "GET /headerg.php HTTP/1.1" 500 7309 "-" "-" "-"
40.65.153.218 - - [21/Dec/2024:00:43:23 +0530] "GET /iR7SzrsOUEP.php HTTP/1.1" 500 7309 "-" "-" "-"
17.241.75.34 - - [21/Dec/2024:00:43:23 +0530] "GET /tag/village HTTP/1.1" 301 5 "-" "Mozilla/5.0 (Macintosh; Intel Mac OS X 10_15_7) AppleWebKit/605.1.15 (KHTML, like Gecko) Version/17.4 Safari/605.1.15 (Applebot/0.1; +http://www.apple.com/go/applebot)" "-"
205.169.39.13 - - [21/Dec/2024:00:43:23 +0530] "GET /paper/demo/demo.css HTTP/1.1" 200 2835 "-" "Mozilla/5.0 (Windows NT 10.0; Win64; x64) AppleWebKit/537.36 (KHTML, like Gecko) Chrome/117.0.5938.132 Safari/537.36" "-"
40.65.153.218 - - [21/Dec/2024:00:43:23 +0530] "GET /22.php HTTP/1.1" 500 7309 "-" "-" "-"
40.65.153.218 - - [21/Dec/2024:00:43:23 +0530] "GET /83064.php HTTP/1.1" 500 7309 "-" "-" "-"
205.169.39.13 - - [21/Dec/2024:00:43:23 +0530] "GET /paper/css/paper-dashboard.css?v=2.0.0 HTTP/1.1" 200 163481 "-" "Mozilla/5.0 (Windows NT 10.0; Win64; x64) AppleWebKit/537.36 (KHTML, like Gecko) Chrome/117.0.5938.132 Safari/537.36" "-"
205.169.39.13 - - [21/Dec/2024:00:43:23 +0530] "GET /paper/css/bootstrap.min.css HTTP/1.1" 200 97860 "-" "Mozilla/5.0 (Windows NT 10.0; Win64; x64) AppleWebKit/537.36 (KHTML, like Gecko) Chrome/117.0.5938.132 Safari/537.36" "-"
205.169.39.13 - - [21/Dec/2024:00:43:23 +0530] "GET /paper/img/ant1.png HTTP/1.1" 200 97859 "-" "Mozilla/5.0 (Windows NT 10.0; Win64; x64) AppleWebKit/537.36 (KHTML, like Gecko) Chrome/117.0.5938.132 Safari/537.36" "-"
40.65.153.218 - - [21/Dec/2024:00:43:23 +0530] "GET /sim.php HTTP/1.1" 500 7309 "-" "-" "-"
