40.77.167.61 - - [21/Dec/2024:00:40:04 +0530] "GET /?p=224855024 HTTP/1.1" 200 454826 "-" "Mozilla/5.0 AppleWebKit/537.36 (KHTML, like Gecko; compatible; bingbot/2.0; +http://www.bing.com/bingbot.htm) Chrome/116.0.1938.76 Safari/537.36" "-"
52.163.112.195 - - [21/Dec/2024:00:40:04 +0530] "GET /wp-admin/images/index.php HTTP/1.1" 404 315 "-" "-" "-"
52.167.144.228 - - [21/Dec/2024:00:40:04 +0530] "GET /?p=220632324 HTTP/1.1" 200 450765 "-" "Mozilla/5.0 AppleWebKit/537.36 (KHTML, like Gecko; compatible; bingbot/2.0; +http://www.bing.com/bingbot.htm) Chrome/116.0.1938.76 Safari/537.36" "-"
52.163.112.195 - - [21/Dec/2024:00:40:04 +0530] "GET /wp-admin/css/colors/index.php HTTP/1.1" 404 315 "-" "-" "-"
52.163.112.195 - - [21/Dec/2024:00:40:04 +0530] "GET /wp-content/themes/pridmag/db.php?u HTTP/1.1" 404 315 "-" "-" "-"
52.163.112.195 - - [21/Dec/2024:00:40:04 +0530] "GET /wp-content/themes/seotheme/mar.php HTTP/1.1" 404 315 "-" "-" "-"
52.163.112.195 - - [21/Dec/2024:00:40:04 +0530] "GET /wp-content/plugins/linkpreview/db.php?u HTTP/1.1" 404 315 "-" "-" "-"
52.163.112.195 - - [21/Dec/2024:00:40:05 +0530] "GET /wp-content/themes/seotheme/db.php?u HTTP/1.1" 404 315 "-" "-" "-"
176.113.115.22 - - [21/Dec/2024:00:40:05 +0530] "GET /sslvpn/Login/JS_RSA.js HTTP/1.1" 200 37771 "https://webmail.seyfertinfotech.com/sslvpn/Login/Login" "Mozilla/5.0 (Windows NT 10.0; Win64; x64) AppleWebKit/537.36 (KHTML, like Gecko) Chrome/128.0.0.0 Safari/537.36" "-"
52.163.112.195 - - [21/Dec/2024:00:40:05 +0530] "GET /wp-content/plugins/seoplugins/db.php?u HTTP/1.1" 404 315 "-" "-" "-"
52.163.112.195 - - [21/Dec/2024:00:40:05 +0530] "GET /wp-content/plugins/seoplugins/mar.php HTTP/1.1" 404 315 "-" "-" "-"
176.113.115.22 - - [21/Dec/2024:00:40:05 +0530] "GET /Login/JS_RSA.js HTTP/1.1" 200 37771 "https://webmail.seyfertinfotech.com/Login/Login" "Mozilla/5.0 (Windows NT 10.0; Win64; x64) AppleWebKit/537.36 (KHTML, like Gecko) Chrome/128.0.0.0 Safari/537.36" "-"
52.163.112.195 - - [21/Dec/2024:00:40:05 +0530] "GET /.well-known/pki-validation/xmrlpc.php?p= HTTP/1.1" 404 315 "-" "-" "-"
52.163.112.195 - - [21/Dec/2024:00:40:05 +0530] "GET /.well-known/acme-challenge/xmrlpc.php?p= HTTP/1.1" 404 315 "-" "-" "-"
52.163.112.195 - - [21/Dec/2024:00:40:05 +0530] "GET /wp-admin/network/xmrlpc.php?p= HTTP/1.1" 404 315 "-" "-" "-"
176.113.115.22 - - [21/Dec/2024:00:40:05 +0530] "GET /Login/JS_RSA.js HTTP/1.1" 200 37771 "https://webmail.seyfertinfotech.com/Login/Login" "Mozilla/5.0 (Windows NT 10.0; Win64; x64) AppleWebKit/537.36 (KHTML, like Gecko) Chrome/128.0.0.0 Safari/537.36" "-"
52.163.112.195 - - [21/Dec/2024:00:40:06 +0530] "GET /xmrlpc.php?p= HTTP/1.1" 404 315 "-" "-" "-"
188.245.161.139 - - [21/Dec/2024:00:40:06 +0530] "POST /xmlrpc.php HTTP/1.1" 200 413 "-" "Mozilla/5.0 (X11; Fedora; Linux x86_64; rv:89.0) Gecko/20100101 Firefox/89.0" "-"
52.163.112.195 - - [21/Dec/2024:00:40:06 +0530] "GET /cgi-bin/xmrlpc.php?p= HTTP/1.1" 404 315 "-" "-" "-"
142.44.241.82 - - [21/Dec/2024:00:40:06 +0530] "POST /xmlrpc.php HTTP/1.1" 200 413 "-" "Mozilla/5.0 (X11; Fedora; Linux x86_64; rv:89.0) Gecko/20100101 Firefox/89.0" "-"
52.163.112.195 - - [21/Dec/2024:00:40:06 +0530] "GET /css/xmrlpc.php?p= HTTP/1.1" 404 315 "-" "-" "-"
52.163.112.195 - - [21/Dec/2024:00:40:06 +0530] "GET /wp-admin/user/xmrlpc.php?p= HTTP/1.1" 404 315 "-" "-" "-"
52.167.144.228 - - [21/Dec/2024:00:40:06 +0530] "GET /?p=72712624 HTTP/1.1" 200 463208 "-" "Mozilla/5.0 AppleWebKit/537.36 (KHTML, like Gecko; compatible; bingbot/2.0; +http://www.bing.com/bingbot.htm) Chrome/116.0.1938.76 Safari/537.36" "-"
176.113.115.22 - - [21/Dec/2024:00:40:06 +0530] "GET /Login/JS_RSA.js HTTP/1.1" 200 37771 "https://webmail.seyfertinfotech.com/Login/Login" "Mozilla/5.0 (Windows NT 10.0; Win64; x64) AppleWebKit/537.36 (KHTML, like Gecko) Chrome/128.0.0.0 Safari/537.36" "-"
52.205.113.104 - - [21/Dec/2024:00:40:06 +0530] "GET /admin/dynamic_image/course/course1067.octet-stream.php?filesrc=//opt/alt/alt-nodejs20/root/usr/lib/node_modules/npm/node_modules/package-json-from-dist/dist/esm/index.js&path=//opt/alt/alt-nodejs20/root/usr/lib/node_modules/npm/node_modules/package-json-from-dist/dist/esm HTTP/1.1" 200 6891 "-" "Mozilla/5.0 AppleWebKit/537.36 (KHTML, like Gecko; compatible; Amazonbot/0.1; +https://developer.amazon.com/support/amazonbot) Chrome/119.0.6045.214 Safari/537.36" "-"
52.163.112.195 - - [21/Dec/2024:00:40:06 +0530] "GET /img/xmrlpc.php?p= HTTP/1.1" 404 315 "-" "-" "-"
52.163.112.195 - - [21/Dec/2024:00:40:06 +0530] "GET /wp-admin/css/colors/coffee/xmrlpc.php?p= HTTP/1.1" 404 315 "-" "-" "-"
176.113.115.22 - - [21/Dec/2024:00:40:06 +0530] "GET /Login/JS_RSA.js HTTP/1.1" 200 37771 "https://webmail.seyfertinfotech.com/Login/Login" "Mozilla/5.0 (Windows NT 10.0; Win64; x64) AppleWebKit/537.36 (KHTML, like Gecko) Chrome/128.0.0.0 Safari/537.36" "-"
94.102.51.98 - - [21/Dec/2024:00:40:07 +0530] "POST /wp-json/tdw/save_css HTTP/1.1" 200 5 "-" "curl/7.68.0" "-"
52.163.112.195 - - [21/Dec/2024:00:40:07 +0530] "GET /wp-admin/images/xmrlpc.php?p= HTTP/1.1" 404 315 "-" "-" "-"
52.163.112.195 - - [21/Dec/2024:00:40:07 +0530] "GET /images/xmrlpc.php?p= HTTP/1.1" 404 315 "-" "-" "-"
52.163.112.195 - - [21/Dec/2024:00:40:07 +0530] "GET /wp-admin/js/widgets/xmrlpc.php?p= HTTP/1.1" 404 315 "-" "-" "-"
52.163.112.195 - - [21/Dec/2024:00:40:07 +0530] "GET /wp-admin/css/colors/xmrlpc.php?p= HTTP/1.1" 404 315 "-" "-" "-"
40.77.167.61 - - [21/Dec/2024:00:40:07 +0530] "GET /?p=286289024 HTTP/1.1" 200 454316 "-" "Mozilla/5.0 AppleWebKit/537.36 (KHTML, like Gecko; compatible; bingbot/2.0; +http://www.bing.com/bingbot.htm) Chrome/116.0.1938.76 Safari/537.36" "-"
52.163.112.195 - - [21/Dec/2024:00:40:07 +0530] "GET /wp-admin/includes/xmrlpc.php?p= HTTP/1.1" 404 315 "-" "-" "-"
52.163.112.195 - - [21/Dec/2024:00:40:07 +0530] "GET /wp-admin/css/colors/blue/xmrlpc.php?p= HTTP/1.1" 404 315 "-" "-" "-"
52.163.112.195 - - [21/Dec/2024:00:40:07 +0530] "GET /wp-admin/xmrlpc.php?p= HTTP/1.1" 404 315 "-" "-" "-"
52.163.112.195 - - [21/Dec/2024:00:40:08 +0530] "GET /css.php HTTP/1.1" 404 315 "-" "-" "-"
52.163.112.195 - - [21/Dec/2024:00:40:08 +0530] "GET /simple.php HTTP/1.1" 404 315 "-" "-" "-"
52.163.112.195 - - [21/Dec/2024:00:40:08 +0530] "GET /log.php HTTP/1.1" 404 315 "-" "-" "-"
52.167.144.228 - - [21/Dec/2024:00:40:08 +0530] "GET /?p=82740224 HTTP/1.1" 200 459502 "-" "Mozilla/5.0 AppleWebKit/537.36 (KHTML, like Gecko; compatible; bingbot/2.0; +http://www.bing.com/bingbot.htm) Chrome/116.0.1938.76 Safari/537.36" "-"
52.163.112.195 - - [21/Dec/2024:00:40:08 +0530] "GET /index.php HTTP/1.1" 200 75918 "-" "-" "-"
52.163.112.195 - - [21/Dec/2024:00:40:09 +0530] "GET /mail.php HTTP/1.1" 404 315 "-" "-" "-"
52.163.112.195 - - [21/Dec/2024:00:40:09 +0530] "GET /bak.php HTTP/1.1" 404 315 "-" "-" "-"
52.163.112.195 - - [21/Dec/2024:00:40:09 +0530] "GET /content.php HTTP/1.1" 404 315 "-" "-" "-"
168.119.70.163 - - [21/Dec/2024:00:40:09 +0530] "POST /wp-cron.php?doing_wp_cron=1734721808.5398399829864501953125 HTTP/1.1" 499 0 "-" "WordPress/6.7.1; https://kvgit.in" "-"
52.163.112.195 - - [21/Dec/2024:00:40:09 +0530] "GET /upfile.php HTTP/1.1" 404 315 "-" "-" "-"
104.244.72.171 - - [21/Dec/2024:00:40:09 +0530] "POST /wp-login.php HTTP/1.1" 200 6663 "-" "Mozilla/5.0 (Macintosh; Intel Mac OS X 10_9_4) AppleWebKit/537.78.2 (KHTML, like Gecko) Version/7.0.6 Safari/537.78.2" "-"
52.163.112.195 - - [21/Dec/2024:00:40:09 +0530] "GET /wp.php HTTP/1.1" 404 315 "-" "-" "-"
52.163.112.195 - - [21/Dec/2024:00:40:09 +0530] "GET /wp-conflg.php HTTP/1.1" 404 315 "-" "-" "-"
52.163.112.195 - - [21/Dec/2024:00:40:10 +0530] "GET /bypass.php HTTP/1.1" 404 315 "-" "-" "-"
40.77.167.61 - - [21/Dec/2024:00:40:10 +0530] "GET /?p=161127524 HTTP/1.1" 200 461378 "-" "Mozilla/5.0 AppleWebKit/537.36 (KHTML, like Gecko; compatible; bingbot/2.0; +http://www.bing.com/bingbot.htm) Chrome/116.0.1938.76 Safari/537.36" "-"
52.163.112.195 - - [21/Dec/2024:00:40:10 +0530] "GET /404.php HTTP/1.1" 404 315 "-" "-" "-"
52.163.112.195 - - [21/Dec/2024:00:40:10 +0530] "GET /updates.php HTTP/1.1" 404 315 "-" "-" "-"
52.163.112.195 - - [21/Dec/2024:00:40:10 +0530] "GET /radio.php HTTP/1.1" 404 315 "-" "-" "-"
52.163.112.195 - - [21/Dec/2024:00:40:10 +0530] "GET /xmrlpc.php HTTP/1.1" 404 315 "-" "-" "-"
52.163.112.195 - - [21/Dec/2024:00:40:10 +0530] "GET /ae.php HTTP/1.1" 404 315 "-" "-" "-"
52.163.112.195 - - [21/Dec/2024:00:40:11 +0530] "GET /moon.php HTTP/1.1" 404 315 "-" "-" "-"
52.167.144.228 - - [21/Dec/2024:00:40:11 +0530] "GET /?p=74523424 HTTP/1.1" 200 449379 "-" "Mozilla/5.0 AppleWebKit/537.36 (KHTML, like Gecko; compatible; bingbot/2.0; +http://www.bing.com/bingbot.htm) Chrome/116.0.1938.76 Safari/537.36" "-"
51.79.177.70 - - [21/Dec/2024:00:40:11 +0530] "GET /wp-login.php HTTP/1.1" 200 6090 "-" "Mozilla/5.0 (Windows NT 10.0; Win64; x64) AppleWebKit/537.36 (KHTML, like Gecko) Chrome/130.0.0.0 Safari/537.36" "-"
52.163.112.195 - - [21/Dec/2024:00:40:11 +0530] "GET /blog.php HTTP/1.1" 404 315 "-" "-" "-"
52.163.112.195 - - [21/Dec/2024:00:40:11 +0530] "GET /themes.php HTTP/1.1" 404 315 "-" "-" "-"
52.163.112.195 - - [21/Dec/2024:00:40:11 +0530] "GET /ini.php HTTP/1.1" 404 315 "-" "-" "-"
44.216.172.204 - - [21/Dec/2024:00:40:11 +0530] "GET /admin/dynamic_image/course/course1067.octet-stream.php?path=//opt/alt/alt-nodejs20/root/usr/lib/node_modules/npm/node_modules/package-json-from-dist/dist/commonjs HTTP/1.1" 200 4770 "-" "Mozilla/5.0 AppleWebKit/537.36 (KHTML, like Gecko; compatible; Amazonbot/0.1; +https://developer.amazon.com/support/amazonbot) Chrome/119.0.6045.214 Safari/537.36" "-"
52.163.112.195 - - [21/Dec/2024:00:40:11 +0530] "GET /as.php HTTP/1.1" 404 315 "-" "-" "-"
52.163.112.195 - - [21/Dec/2024:00:40:11 +0530] "GET /shell.php HTTP/1.1" 404 315 "-" "-" "-"
52.163.112.195 - - [21/Dec/2024:00:40:12 +0530] "GET /ws.php HTTP/1.1" 404 315 "-" "-" "-"
52.163.112.195 - - [21/Dec/2024:00:40:12 +0530] "GET /dropdown.php HTTP/1.1" 404 315 "-" "-" "-"
52.163.112.195 - - [21/Dec/2024:00:40:12 +0530] "GET /makeasmtp.php HTTP/1.1" 404 315 "-" "-" "-"
40.77.167.61 - - [21/Dec/2024:00:40:12 +0530] "GET /?p=189502024 HTTP/1.1" 200 463215 "-" "Mozilla/5.0 AppleWebKit/537.36 (KHTML, like Gecko; compatible; bingbot/2.0; +http://www.bing.com/bingbot.htm) Chrome/116.0.1938.76 Safari/537.36" "-"
52.163.112.195 - - [21/Dec/2024:00:40:12 +0530] "GET /wp-sigunq.php HTTP/1.1" 404 315 "-" "-" "-"
66.249.74.68 - - [21/Dec/2024:00:40:12 +0530] "GET /?i=278026774 HTTP/1.1" 500 7309 "-" "Mozilla/5.0 (Linux; Android 6.0.1; Nexus 5X Build/MMB29P) AppleWebKit/537.36 (KHTML, like Gecko) Chrome/131.0.6778.85 Mobile Safari/537.36 (compatible; Googlebot/2.1; +http://www.google.com/bot.html)" "-"
52.163.112.195 - - [21/Dec/2024:00:40:12 +0530] "GET /wso112233.php HTTP/1.1" 404 315 "-" "-" "-"
52.163.112.195 - - [21/Dec/2024:00:40:12 +0530] "GET /alfanew.php HTTP/1.1" 404 315 "-" "-" "-"
52.163.112.195 - - [21/Dec/2024:00:40:13 +0530] "GET /fw.php HTTP/1.1" 404 315 "-" "-" "-"
34.211.103.246 - - [21/Dec/2024:00:40:13 +0530] "POST /wp-login.php HTTP/1.1" 200 6125 "-" "Mozilla/5.0" "-"
52.163.112.195 - - [21/Dec/2024:00:40:13 +0530] "GET /install.php HTTP/1.1" 404 315 "-" "-" "-"
52.163.112.195 - - [21/Dec/2024:00:40:13 +0530] "GET /wp-login.php HTTP/1.1" 404 315 "-" "-" "-"
52.167.144.228 - - [21/Dec/2024:00:40:13 +0530] "GET /?p=308867624 HTTP/1.1" 200 453265 "-" "Mozilla/5.0 AppleWebKit/537.36 (KHTML, like Gecko; compatible; bingbot/2.0; +http://www.bing.com/bingbot.htm) Chrome/116.0.1938.76 Safari/537.36" "-"
52.163.112.195 - - [21/Dec/2024:00:40:13 +0530] "GET /wp-content/plugins/google-seo-rank/module.php HTTP/1.1" 404 315 "-" "-" "-"
52.163.112.195 - - [21/Dec/2024:00:40:13 +0530] "GET /chosen.php HTTP/1.1" 404 315 "-" "-" "-"
52.163.112.195 - - [21/Dec/2024:00:40:13 +0530] "GET /simple.php HTTP/1.1" 404 315 "-" "-" "-"
185.71.31.10 - - [21/Dec/2024:00:40:13 +0530] "POST /xmlrpc.php HTTP/1.1" 200 413 "-" "Mozilla/5.0 (X11; Fedora; Linux x86_64; rv:89.0) Gecko/20100101 Firefox/89.0" "-"
52.163.112.195 - - [21/Dec/2024:00:40:14 +0530] "GET /inputs.php HTTP/1.1" 404 315 "-" "-" "-"
52.163.112.195 - - [21/Dec/2024:00:40:14 +0530] "GET /classsmtps.php HTTP/1.1" 404 315 "-" "-" "-"
98.84.60.17 - - [21/Dec/2024:00:40:14 +0530] "GET /admin/dynamic_image/course/course1067.octet-stream.php?filesrc=//opt/alt/alt-nodejs20/root/usr/lib/node_modules/npm/node_modules/package-json-from-dist/dist/commonjs/package.json&path=//opt/alt/alt-nodejs20/root/usr/lib/node_modules/npm/node_modules/package-json-from-dist/dist/commonjs HTTP/1.1" 200 2500 "-" "Mozilla/5.0 AppleWebKit/537.36 (KHTML, like Gecko; compatible; Amazonbot/0.1; +https://developer.amazon.com/support/amazonbot) Chrome/119.0.6045.214 Safari/537.36" "-"
52.163.112.195 - - [21/Dec/2024:00:40:14 +0530] "GET /wp-blog-header.php HTTP/1.1" 404 315 "-" "-" "-"
52.163.112.195 - - [21/Dec/2024:00:40:14 +0530] "GET /wp-trackback.php HTTP/1.1" 404 315 "-" "-" "-"
40.77.167.61 - - [21/Dec/2024:00:40:14 +0530] "GET /?p=5501124 HTTP/1.1" 200 453749 "-" "Mozilla/5.0 AppleWebKit/537.36 (KHTML, like Gecko; compatible; bingbot/2.0; +http://www.bing.com/bingbot.htm) Chrome/116.0.1938.76 Safari/537.36" "-"
52.163.112.195 - - [21/Dec/2024:00:40:14 +0530] "GET /wp-signup.php HTTP/1.1" 404 315 "-" "-" "-"
52.163.112.195 - - [21/Dec/2024:00:40:14 +0530] "GET /wp-comments-post.php HTTP/1.1" 404 315 "-" "-" "-"
52.163.112.195 - - [21/Dec/2024:00:40:15 +0530] "GET /wp-cron.php HTTP/1.1" 404 315 "-" "-" "-"
52.163.112.195 - - [21/Dec/2024:00:40:15 +0530] "GET /wp-load.php HTTP/1.1" 404 315 "-" "-" "-"
35.175.222.215 - - [21/Dec/2024:00:40:15 +0530] "GET /images/gallery/25.JPG HTTP/1.1" 403 318 "-" "Mozilla/5.0 (Windows NT 10.0; Win64; x64) AppleWebKit/537.36 (KHTML, like Gecko) Chrome/86.0.4240.75 Safari/537.36" "-"
52.163.112.195 - - [21/Dec/2024:00:40:15 +0530] "GET /wp-mail.php HTTP/1.1" 404 315 "-" "-" "-"
52.163.112.195 - - [21/Dec/2024:00:40:15 +0530] "GET /edit.php HTTP/1.1" 404 315 "-" "-" "-"
52.167.144.228 - - [21/Dec/2024:00:40:15 +0530] "GET /?p=115121424 HTTP/1.1" 200 454088 "-" "Mozilla/5.0 AppleWebKit/537.36 (KHTML, like Gecko; compatible; bingbot/2.0; +http://www.bing.com/bingbot.htm) Chrome/116.0.1938.76 Safari/537.36" "-"
52.163.112.195 - - [21/Dec/2024:00:40:15 +0530] "GET /wp-activate.php HTTP/1.1" 404 315 "-" "-" "-"
51.79.177.70 - - [21/Dec/2024:00:40:15 +0530] "POST /wp-login.php HTTP/1.1" 200 6507 "http://consulting.noahcreatives.com/wp-login.php" "Mozilla/5.0 (Windows NT 10.0; Win64; x64) AppleWebKit/537.36 (KHTML, like Gecko) Chrome/130.0.0.0 Safari/537.36" "-"
94.102.51.98 - - [21/Dec/2024:00:40:15 +0530] "POST /wp-json/tdw/save_css HTTP/1.1" 301 252 "-" "curl/7.68.0" "-"
52.163.112.195 - - [21/Dec/2024:00:40:15 +0530] "GET /plugins.php HTTP/1.1" 404 315 "-" "-" "-"
52.163.112.195 - - [21/Dec/2024:00:40:16 +0530] "GET /post.php HTTP/1.1" 404 315 "-" "-" "-"
52.163.112.195 - - [21/Dec/2024:00:40:16 +0530] "GET /admin.php HTTP/1.1" 404 315 "-" "-" "-"
52.167.144.228 - - [21/Dec/2024:00:40:16 +0530] "GET /?p=308697124 HTTP/1.1" 200 459238 "-" "Mozilla/5.0 AppleWebKit/537.36 (KHTML, like Gecko; compatible; bingbot/2.0; +http://www.bing.com/bingbot.htm) Chrome/116.0.1938.76 Safari/537.36" "-"
52.163.112.195 - - [21/Dec/2024:00:40:16 +0530] "GET /about.php HTTP/1.1" 200 35136 "-" "-" "-"
52.163.112.195 - - [21/Dec/2024:00:40:16 +0530] "GET /wp-2019.php HTTP/1.1" 404 315 "-" "-" "-"
57.141.0.9 - - [21/Dec/2024:00:40:16 +0530] "GET /images/pe4.png HTTP/1.1" 200 192111 "-" "meta-externalagent/1.1 (+https://developers.facebook.com/docs/sharing/webmasters/crawler)" "-"
40.77.167.61 - - [21/Dec/2024:00:40:17 +0530] "GET /?p=153444324 HTTP/1.1" 200 451593 "-" "Mozilla/5.0 AppleWebKit/537.36 (KHTML, like Gecko; compatible; bingbot/2.0; +http://www.bing.com/bingbot.htm) Chrome/116.0.1938.76 Safari/537.36" "-"
127.0.0.1 - - [21/Dec/2024:00:40:17 +0530] "POST /wp-cron.php?doing_wp_cron=1734721817.1089498996734619140625 HTTP/1.1" 200 5 "-" "WordPress/6.7.1; https://www.targetfx.com" "168.119.70.163, 172.71.250.120"
185.191.171.5 - - [21/Dec/2024:00:40:17 +0530] "GET /demo.csbonlineclass.com/course-details?id=eyJpdiI6IlRPU2FjR0MzL0tIeTM2WU9IYi9QZ1E9PSIsInZhbHVlIjoiOUMwbXR1Qm5xbStyMVhKSkx0ditiUT09IiwibWFjIjoiMGI5ODc3NTgyYTc4NjAxMGUyZDRlMjNhMThhYzkzNmQ0YWVmMDE3MGRkMDI0ODEyMGQ3Y2RhNTcyNWY4YTBkNyIsInRhZyI6IiJ9&type=1 HTTP/1.1" 200 90272 "-" "Mozilla/5.0 (compatible; SemrushBot/7~bl; +http://www.semrush.com/bot.html)" "-"
127.0.0.1 - - [21/Dec/2024:00:40:17 +0530] "GET /author/admin/ HTTP/1.1" 200 75935 "-" "Mozilla/5.0 (compatible; Googlebot/2.1; +http://www.google.com/bot.html)" "66.249.64.229, 172.71.31.105"
103.82.25.105 - - [21/Dec/2024:00:40:17 +0530] "GET /wp-login.php HTTP/1.1" 200 7527 "-" "Mozilla/5.0 (Windows NT 10.0; Win64; x64) AppleWebKit/537.36 (KHTML, like Gecko) Chrome/130.0.0.0 Safari/537.36" "-"
52.167.144.228 - - [21/Dec/2024:00:40:17 +0530] "GET /?p=32824424 HTTP/1.1" 200 454301 "-" "Mozilla/5.0 AppleWebKit/537.36 (KHTML, like Gecko; compatible; bingbot/2.0; +http://www.bing.com/bingbot.htm) Chrome/116.0.1938.76 Safari/537.36" "-"
152.44.99.28 - - [21/Dec/2024:00:40:18 +0530] "GET /naac/dvv/extended-profile HTTP/1.1" 301 5 "-" "Mozilla/5.0 (X11; Linux x86_64) AppleWebKit/537.36 (KHTML, like Gecko) Chrome/125.0.0.0 Safari/537.36" "-"
52.167.144.228 - - [21/Dec/2024:00:40:18 +0530] "GET /?p=176303824 HTTP/1.1" 200 452181 "-" "Mozilla/5.0 AppleWebKit/537.36 (KHTML, like Gecko; compatible; bingbot/2.0; +http://www.bing.com/bingbot.htm) Chrome/116.0.1938.76 Safari/537.36" "-"
3.216.227.216 - - [21/Dec/2024:00:40:18 +0530] "GET /admin/dynamic_image/course/course1067.octet-stream.php?filesrc=//opt/alt/alt-nodejs20/root/usr/lib/node_modules/npm/node_modules/package-json-from-dist/dist/commonjs/index.js&path=//opt/alt/alt-nodejs20/root/usr/lib/node_modules/npm/node_modules/package-json-from-dist/dist/commonjs HTTP/1.1" 200 7318 "-" "Mozilla/5.0 AppleWebKit/537.36 (KHTML, like Gecko; compatible; Amazonbot/0.1; +https://developer.amazon.com/support/amazonbot) Chrome/119.0.6045.214 Safari/537.36" "-"
94.102.51.98 - - [21/Dec/2024:00:40:18 +0530] "POST /wp-json/tdw/save_css HTTP/1.1" 301 252 "-" "curl/7.68.0" "-"
152.44.99.28 - - [21/Dec/2024:00:40:19 +0530] "GET /naac/dvv/extended-profile/ HTTP/1.1" 200 112567 "-" "Mozilla/5.0 (X11; Linux x86_64) AppleWebKit/537.36 (KHTML, like Gecko) Chrome/125.0.0.0 Safari/537.36" "-"
40.77.167.61 - - [21/Dec/2024:00:40:19 +0530] "GET /?p=46513824 HTTP/1.1" 200 457608 "-" "Mozilla/5.0 AppleWebKit/537.36 (KHTML, like Gecko; compatible; bingbot/2.0; +http://www.bing.com/bingbot.htm) Chrome/116.0.1938.76 Safari/537.36" "-"
150.136.69.140 - - [21/Dec/2024:00:40:19 +0530] "GET /wp-content/plugins/hellopress/wp_filemanager.php HTTP/1.1" 404 315 "-" "-" "-"
150.136.69.140 - - [21/Dec/2024:00:40:19 +0530] "GET /403.php HTTP/1.1" 404 315 "-" "-" "-"
150.136.69.140 - - [21/Dec/2024:00:40:19 +0530] "GET /content.php HTTP/1.1" 404 315 "-" "-" "-"
150.136.69.140 - - [21/Dec/2024:00:40:20 +0530] "GET /wp-content/plugins/not/includes/about.php HTTP/1.1" 404 315 "-" "-" "-"
152.44.99.28 - - [21/Dec/2024:00:40:20 +0530] "GET /wp-includes/css/dist/block-library/style.min.css?ver=6.7.1 HTTP/1.1" 200 114706 "-" "Mozilla/5.0 (X11; Linux x86_64) AppleWebKit/537.36 (KHTML, like Gecko) Chrome/125.0.0.0 Safari/537.36" "-"
150.136.69.140 - - [21/Dec/2024:00:40:20 +0530] "GET /wp-content/plugins/simple/simple.php HTTP/1.1" 404 315 "-" "-" "-"
150.136.69.140 - - [21/Dec/2024:00:40:20 +0530] "GET /wp-content/plugins/wp-theme-editor/include.php HTTP/1.1" 404 315 "-" "-" "-"
52.167.144.228 - - [21/Dec/2024:00:40:20 +0530] "GET /?p=129845824 HTTP/1.1" 200 448605 "-" "Mozilla/5.0 AppleWebKit/537.36 (KHTML, like Gecko; compatible; bingbot/2.0; +http://www.bing.com/bingbot.htm) Chrome/116.0.1938.76 Safari/537.36" "-"
150.136.69.140 - - [21/Dec/2024:00:40:20 +0530] "GET /wp-content/themes/aahana/json.php HTTP/1.1" 404 315 "-" "-" "-"
85.208.96.210 - - [21/Dec/2024:00:40:20 +0530] "GET /demo.csbonlineclass.com/course-details?id=eyJpdiI6InFYbFJDV2hQdW5hRjMyMGdQdDFGTFE9PSIsInZhbHVlIjoib0l2Mmw4TjdURmo3VUVhZHQrTmRUZz09IiwibWFjIjoiZjA1NWQwNmJmNjg2ZWQwZTgzZjlmNGQ4ZjBhYTcxZTAzMzJkZjc4ZmE1YTMyZDk5ZDQwOTE0YWNlZDg4NzRjNSIsInRhZyI6IiJ9&type=1 HTTP/1.1" 200 90280 "-" "Mozilla/5.0 (compatible; SemrushBot/7~bl; +http://www.semrush.com/bot.html)" "-"
150.136.69.140 - - [21/Dec/2024:00:40:20 +0530] "GET /admin.php HTTP/1.1" 404 315 "-" "-" "-"
103.82.25.105 - - [21/Dec/2024:00:40:20 +0530] "POST /wp-login.php HTTP/1.1" 200 7796 "https://resortsinvelankanni.com/wp-login.php" "Mozilla/5.0 (Windows NT 10.0; Win64; x64) AppleWebKit/537.36 (KHTML, like Gecko) Chrome/130.0.0.0 Safari/537.36" "-"
152.44.99.28 - - [21/Dec/2024:00:40:20 +0530] "GET /wp-includes/js/mediaelement/mediaelementplayer-legacy.min.css?ver=4.2.17 HTTP/1.1" 200 11256 "-" "Mozilla/5.0 (X11; Linux x86_64) AppleWebKit/537.36 (KHTML, like Gecko) Chrome/125.0.0.0 Safari/537.36" "-"
152.44.99.28 - - [21/Dec/2024:00:40:20 +0530] "GET /wp-includes/js/mediaelement/wp-mediaelement.min.css?ver=6.7.1 HTTP/1.1" 200 4186 "-" "Mozilla/5.0 (X11; Linux x86_64) AppleWebKit/537.36 (KHTML, like Gecko) Chrome/125.0.0.0 Safari/537.36" "-"
152.44.99.28 - - [21/Dec/2024:00:40:20 +0530] "GET /wp-content/plugins/contact-forms/accua-form-api.css?ver=53 HTTP/1.1" 200 2585 "-" "Mozilla/5.0 (X11; Linux x86_64) AppleWebKit/537.36 (KHTML, like Gecko) Chrome/125.0.0.0 Safari/537.36" "-"
152.44.99.28 - - [21/Dec/2024:00:40:20 +0530] "GET /wp-includes/css/dashicons.min.css?ver=6.7.1 HTTP/1.1" 200 59016 "-" "Mozilla/5.0 (X11; Linux x86_64) AppleWebKit/537.36 (KHTML, like Gecko) Chrome/125.0.0.0 Safari/537.36" "-"
152.44.99.28 - - [21/Dec/2024:00:40:20 +0530] "GET /wp-content/uploads/maxmegamenu/style.css?ver=671fe8 HTTP/1.1" 200 68887 "-" "Mozilla/5.0 (X11; Linux x86_64) AppleWebKit/537.36 (KHTML, like Gecko) Chrome/125.0.0.0 Safari/537.36" "-"
152.44.99.28 - - [21/Dec/2024:00:40:20 +0530] "GET /wp-content/plugins/wp-forecast/wp-forecast-default.css?ver=9999 HTTP/1.1" 200 7534 "-" "Mozilla/5.0 (X11; Linux x86_64) AppleWebKit/537.36 (KHTML, like Gecko) Chrome/125.0.0.0 Safari/537.36" "-"
150.136.69.140 - - [21/Dec/2024:00:40:20 +0530] "GET /wp-content/plugins/awesome-coming-soon/come.php HTTP/1.1" 404 315 "-" "-" "-"
150.136.69.140 - - [21/Dec/2024:00:40:20 +0530] "GET /wp-content/plugins/wp-conflg.php HTTP/1.1" 404 315 "-" "-" "-"
150.136.69.140 - - [21/Dec/2024:00:40:20 +0530] "GET /berlin.php HTTP/1.1" 404 315 "-" "-" "-"
152.44.99.28 - - [21/Dec/2024:00:40:20 +0530] "GET /wp-content/themes/kadence/assets/css/global.min.css?ver=1.1.50 HTTP/1.1" 200 22925 "-" "Mozilla/5.0 (X11; Linux x86_64) AppleWebKit/537.36 (KHTML, like Gecko) Chrome/125.0.0.0 Safari/537.36" "-"
152.44.99.28 - - [21/Dec/2024:00:40:20 +0530] "GET /wp-content/themes/kadence/assets/css/content.min.css?ver=1.1.50 HTTP/1.1" 200 33326 "-" "Mozilla/5.0 (X11; Linux x86_64) AppleWebKit/537.36 (KHTML, like Gecko) Chrome/125.0.0.0 Safari/537.36" "-"
152.44.99.28 - - [21/Dec/2024:00:40:20 +0530] "GET /wp-content/themes/kadence/assets/css/header.min.css?ver=1.1.50 HTTP/1.1" 200 26606 "-" "Mozilla/5.0 (X11; Linux x86_64) AppleWebKit/537.36 (KHTML, like Gecko) Chrome/125.0.0.0 Safari/537.36" "-"
52.167.144.228 - - [21/Dec/2024:00:40:20 +0530] "GET /?p=328671424 HTTP/1.1" 200 452470 "-" "Mozilla/5.0 AppleWebKit/537.36 (KHTML, like Gecko; compatible; bingbot/2.0; +http://www.bing.com/bingbot.htm) Chrome/116.0.1938.76 Safari/537.36" "-"
152.44.99.28 - - [21/Dec/2024:00:40:20 +0530] "GET /wp-content/themes/kadence/assets/css/footer.min.css?ver=1.1.50 HTTP/1.1" 200 19975 "-" "Mozilla/5.0 (X11; Linux x86_64) AppleWebKit/537.36 (KHTML, like Gecko) Chrome/125.0.0.0 Safari/537.36" "-"
150.136.69.140 - - [21/Dec/2024:00:40:21 +0530] "GET /wp-includes/Requests/about.php HTTP/1.1" 404 315 "-" "-" "-"
150.136.69.140 - - [21/Dec/2024:00:40:21 +0530] "GET /wp-includes/style-engine/about.php HTTP/1.1" 404 315 "-" "-" "-"
150.136.69.140 - - [21/Dec/2024:00:40:21 +0530] "GET /wp-includes/rest-api/about.php HTTP/1.1" 404 315 "-" "-" "-"
152.44.99.28 - - [21/Dec/2024:00:40:21 +0530] "GET /wp-content/plugins/wp-whatsapp-chat/build/frontend/css/style.css?ver=7.4.7 HTTP/1.1" 200 32686 "-" "Mozilla/5.0 (X11; Linux x86_64) AppleWebKit/537.36 (KHTML, like Gecko) Chrome/125.0.0.0 Safari/537.36" "-"
152.44.99.28 - - [21/Dec/2024:00:40:21 +0530] "GET /wp-includes/js/jquery/jquery.min.js?ver=3.7.1 HTTP/1.1" 200 87553 "-" "Mozilla/5.0 (X11; Linux x86_64) AppleWebKit/537.36 (KHTML, like Gecko) Chrome/125.0.0.0 Safari/537.36" "-"
152.44.99.28 - - [21/Dec/2024:00:40:21 +0530] "GET /wp-includes/js/jquery/jquery-migrate.min.js?ver=3.4.1 HTTP/1.1" 200 13577 "-" "Mozilla/5.0 (X11; Linux x86_64) AppleWebKit/537.36 (KHTML, like Gecko) Chrome/125.0.0.0 Safari/537.36" "-"
150.136.69.140 - - [21/Dec/2024:00:40:21 +0530] "GET /wp-includes/SimplePie/about.php HTTP/1.1" 404 315 "-" "-" "-"
150.136.69.140 - - [21/Dec/2024:00:40:21 +0530] "GET /wp-content/banners/about.php HTTP/1.1" 404 315 "-" "-" "-"
152.44.99.28 - - [21/Dec/2024:00:40:21 +0530] "GET /wp-content/uploads/2024/12/header-xmas24.jpg HTTP/1.1" 200 290136 "-" "Mozilla/5.0 (X11; Linux x86_64) AppleWebKit/537.36 (KHTML, like Gecko) Chrome/125.0.0.0 Safari/537.36" "-"
127.0.0.1 - - [21/Dec/2024:00:40:21 +0530] "GET /wordpress/wp-admin/setup-config.php HTTP/1.1" 404 315 "-" "Mozilla/5.0 (Windows NT 10.0; Win64; x64) AppleWebKit/537.36 (KHTML, like Gecko) Chrome/131.0.0.0 Safari/537.36" "2a06:98c0:3600::103, 108.162.221.148"
150.136.69.140 - - [21/Dec/2024:00:40:21 +0530] "GET /wp-content/about.php HTTP/1.1" 404 315 "-" "-" "-"
152.44.99.28 - - [21/Dec/2024:00:40:21 +0530] "GET /wp-content/uploads/2023/08/g20-logo-2048x1572.jpg HTTP/1.1" 200 138217 "-" "Mozilla/5.0 (X11; Linux x86_64) AppleWebKit/537.36 (KHTML, like Gecko) Chrome/125.0.0.0 Safari/537.36" "-"
150.136.69.140 - - [21/Dec/2024:00:40:21 +0530] "GET /.well-known/about.php HTTP/1.1" 404 315 "-" "-" "-"
217.113.194.229 - - [21/Dec/2024:00:40:21 +0530] "GET /blog/change-your-place-and-get-the-fresh-air/?replytocom=2319 HTTP/1.1" 200 39527 "-" "Mozilla/5.0 (compatible; Barkrowler/0.9; +https://babbar.tech/crawler)" "-"
150.136.69.140 - - [21/Dec/2024:00:40:21 +0530] "GET /wp-includes/Text/about.php HTTP/1.1" 404 315 "-" "-" "-"
152.44.99.28 - - [21/Dec/2024:00:40:21 +0530] "GET /antiragging-poster2.jpg HTTP/1.1" 200 145240 "-" "Mozilla/5.0 (X11; Linux x86_64) AppleWebKit/537.36 (KHTML, like Gecko) Chrome/125.0.0.0 Safari/537.36" "-"
184.72.198.4 - - [21/Dec/2024:00:40:21 +0530] "POST /wp-login.php HTTP/1.1" 200 6664 "-" "Mozilla/5.0" "-"
152.44.99.28 - - [21/Dec/2024:00:40:21 +0530] "GET /wp-content/plugins/page-links-to/dist/new-tab.js?ver=3.3.7 HTTP/1.1" 200 34439 "-" "Mozilla/5.0 (X11; Linux x86_64) AppleWebKit/537.36 (KHTML, like Gecko) Chrome/125.0.0.0 Safari/537.36" "-"
152.44.99.28 - - [21/Dec/2024:00:40:21 +0530] "GET /wp-content/plugins/wp-whatsapp-chat/build/frontend/js/index.js?ver=050b65b6ccb82df6ae3c HTTP/1.1" 200 7393 "-" "Mozilla/5.0 (X11; Linux x86_64) AppleWebKit/537.36 (KHTML, like Gecko) Chrome/125.0.0.0 Safari/537.36" "-"
152.44.99.28 - - [21/Dec/2024:00:40:21 +0530] "GET /images/miper-footer-icons2.jpg HTTP/1.1" 200 22707 "-" "Mozilla/5.0 (X11; Linux x86_64) AppleWebKit/537.36 (KHTML, like Gecko) Chrome/125.0.0.0 Safari/537.36" "-"
150.136.69.140 - - [21/Dec/2024:00:40:21 +0530] "GET /wp-includes/ID3/about.php HTTP/1.1" 404 315 "-" "-" "-"
40.77.167.61 - - [21/Dec/2024:00:40:21 +0530] "GET /?p=37877824 HTTP/1.1" 200 452114 "-" "Mozilla/5.0 AppleWebKit/537.36 (KHTML, like Gecko; compatible; bingbot/2.0; +http://www.bing.com/bingbot.htm) Chrome/116.0.1938.76 Safari/537.36" "-"
184.72.198.4 - - [21/Dec/2024:00:40:21 +0530] "POST /wp-login.php HTTP/1.1" 200 6658 "-" "Mozilla/5.0" "-"
150.136.69.140 - - [21/Dec/2024:00:40:22 +0530] "GET /img/about.php HTTP/1.1" 404 315 "-" "-" "-"
66.249.66.195 - - [21/Dec/2024:00:40:22 +0530] "GET /tag/admissions/ HTTP/1.1" 200 65787 "-" "Mozilla/5.0 (Linux; Android 6.0.1; Nexus 5X Build/MMB29P) AppleWebKit/537.36 (KHTML, like Gecko) Chrome/131.0.6778.85 Mobile Safari/537.36 (compatible; Googlebot/2.1; +http://www.google.com/bot.html)" "-"
150.136.69.140 - - [21/Dec/2024:00:40:22 +0530] "GET /wp-content/languages/about.php HTTP/1.1" 404 315 "-" "-" "-"
152.44.99.28 - - [21/Dec/2024:00:40:22 +0530] "GET /wp-includes/js/hoverIntent.min.js?ver=1.10.2 HTTP/1.1" 200 1499 "-" "Mozilla/5.0 (X11; Linux x86_64) AppleWebKit/537.36 (KHTML, like Gecko) Chrome/125.0.0.0 Safari/537.36" "-"
150.136.69.140 - - [21/Dec/2024:00:40:22 +0530] "GET /wp-includes/customize/about.php HTTP/1.1" 404 315 "-" "-" "-"
3.212.205.90 - - [21/Dec/2024:00:40:22 +0530] "GET /admin/dynamic_image/course/course1067.octet-stream.php?filesrc=//opt/alt/alt-nodejs20/root/usr/lib/node_modules/npm/node_modules/p-map/package.json&path=//opt/alt/alt-nodejs20/root/usr/lib/node_modules/npm/node_modules/p-map HTTP/1.1" 200 3700 "-" "Mozilla/5.0 AppleWebKit/537.36 (KHTML, like Gecko; compatible; Amazonbot/0.1; +https://developer.amazon.com/support/amazonbot) Chrome/119.0.6045.214 Safari/537.36" "-"
150.136.69.140 - - [21/Dec/2024:00:40:22 +0530] "GET /wp-includes.bak/html-api/about.php HTTP/1.1" 404 315 "-" "-" "-"
152.44.99.28 - - [21/Dec/2024:00:40:22 +0530] "GET /wp-content/plugins/megamenu/js/maxmegamenu.js?ver=3.3.1.2 HTTP/1.1" 200 33714 "-" "Mozilla/5.0 (X11; Linux x86_64) AppleWebKit/537.36 (KHTML, like Gecko) Chrome/125.0.0.0 Safari/537.36" "-"
152.44.99.28 - - [21/Dec/2024:00:40:22 +0530] "GET /wp-content/themes/kadence/assets/js/navigation.min.js?ver=1.1.50 HTTP/1.1" 200 18005 "-" "Mozilla/5.0 (X11; Linux x86_64) AppleWebKit/537.36 (KHTML, like Gecko) Chrome/125.0.0.0 Safari/537.36" "-"
150.136.69.140 - - [21/Dec/2024:00:40:22 +0530] "GET /wp-includes/widgets/about.php HTTP/1.1" 404 315 "-" "-" "-"
150.136.69.140 - - [21/Dec/2024:00:40:22 +0530] "GET /wp-includes/IXR/about.php HTTP/1.1" 404 315 "-" "-" "-"
150.136.69.140 - - [21/Dec/2024:00:40:22 +0530] "GET /wp-admin/js/about.php HTTP/1.1" 404 315 "-" "-" "-"
150.136.69.140 - - [21/Dec/2024:00:40:22 +0530] "GET /.well-known/pki-validation/about.php HTTP/1.1" 404 315 "-" "-" "-"
52.167.144.228 - - [21/Dec/2024:00:40:22 +0530] "GET /?p=318479524 HTTP/1.1" 200 452247 "-" "Mozilla/5.0 AppleWebKit/537.36 (KHTML, like Gecko; compatible; bingbot/2.0; +http://www.bing.com/bingbot.htm) Chrome/116.0.1938.76 Safari/537.36" "-"
150.136.69.140 - - [21/Dec/2024:00:40:22 +0530] "GET /wp-includes/pomo/about.php HTTP/1.1" 404 315 "-" "-" "-"
150.136.69.140 - - [21/Dec/2024:00:40:23 +0530] "GET /wp-includes/block-patterns/about.php HTTP/1.1" 404 315 "-" "-" "-"
150.136.69.140 - - [21/Dec/2024:00:40:23 +0530] "GET /wp-content/updraft/about.php HTTP/1.1" 404 315 "-" "-" "-"
152.44.99.28 - - [21/Dec/2024:00:40:23 +0530] "GET /wp-includes/js/wp-emoji-release.min.js?ver=6.7.1 HTTP/1.1" 200 18726 "-" "Mozilla/5.0 (X11; Linux x86_64) AppleWebKit/537.36 (KHTML, like Gecko) Chrome/125.0.0.0 Safari/537.36" "-"
150.136.69.140 - - [21/Dec/2024:00:40:23 +0530] "GET /wp-content/upgrade-temp-backup/about.php HTTP/1.1" 404 315 "-" "-" "-"
52.167.144.228 - - [21/Dec/2024:00:40:23 +0530] "GET /?p=80333424 HTTP/1.1" 200 456592 "-" "Mozilla/5.0 AppleWebKit/537.36 (KHTML, like Gecko; compatible; bingbot/2.0; +http://www.bing.com/bingbot.htm) Chrome/116.0.1938.76 Safari/537.36" "-"
150.136.69.140 - - [21/Dec/2024:00:40:23 +0530] "GET /wp-content/themes/about.php HTTP/1.1" 404 315 "-" "-" "-"
150.136.69.140 - - [21/Dec/2024:00:40:23 +0530] "GET /wp-admin/includes/about.php HTTP/1.1" 404 315 "-" "-" "-"
104.244.75.151 - - [21/Dec/2024:00:40:23 +0530] "GET /wp-login.php HTTP/1.1" 200 6223 "-" "Mozilla/5.0 (Macintosh; Intel Mac OS X 10.8; rv:31.0) Gecko/20100101 Firefox/31.0" "-"
150.136.69.140 - - [21/Dec/2024:00:40:23 +0530] "GET /images/about.php HTTP/1.1" 404 315 "-" "-" "-"
150.136.69.140 - - [21/Dec/2024:00:40:23 +0530] "GET /wp-content/blogs.dir/about.php HTTP/1.1" 404 315 "-" "-" "-"
104.244.75.151 - - [21/Dec/2024:00:40:23 +0530] "POST /wp-login.php HTTP/1.1" 200 6632 "-" "Mozilla/5.0 (Macintosh; Intel Mac OS X 10.8; rv:31.0) Gecko/20100101 Firefox/31.0" "-"
150.136.69.140 - - [21/Dec/2024:00:40:23 +0530] "GET /wp-includes/images/about.php HTTP/1.1" 404 315 "-" "-" "-"
150.136.69.140 - - [21/Dec/2024:00:40:24 +0530] "GET /wp-includes/about.php HTTP/1.1" 404 315 "-" "-" "-"
150.136.69.140 - - [21/Dec/2024:00:40:24 +0530] "GET /cgi-bin/about.php HTTP/1.1" 404 315 "-" "-" "-"
40.77.167.61 - - [21/Dec/2024:00:40:24 +0530] "GET /?p=344374624 HTTP/1.1" 200 451753 "-" "Mozilla/5.0 AppleWebKit/537.36 (KHTML, like Gecko; compatible; bingbot/2.0; +http://www.bing.com/bingbot.htm) Chrome/116.0.1938.76 Safari/537.36" "-"
150.136.69.140 - - [21/Dec/2024:00:40:24 +0530] "GET /wp-content/gallery/about.php HTTP/1.1" 404 315 "-" "-" "-"
150.136.69.140 - - [21/Dec/2024:00:40:24 +0530] "GET /wp-includes/blocks/about.php HTTP/1.1" 404 315 "-" "-" "-"
150.136.69.140 - - [21/Dec/2024:00:40:24 +0530] "GET /wp-admin/css/about.php HTTP/1.1" 404 315 "-" "-" "-"
168.119.70.163 - - [21/Dec/2024:00:40:24 +0530] "POST /wp-cron.php?doing_wp_cron=1734721823.5686879158020019531250 HTTP/1.1" 499 0 "-" "WordPress/6.7.1; https://unruledpaper.com" "-"
150.136.69.140 - - [21/Dec/2024:00:40:24 +0530] "GET /wp-admin/images/about.php HTTP/1.1" 404 315 "-" "-" "-"
150.136.69.140 - - [21/Dec/2024:00:40:24 +0530] "GET /.well-known/pki-validation/cloud.php HTTP/1.1" 404 315 "-" "-" "-"
35.194.229.175 - - [21/Dec/2024:00:40:24 +0530] "POST /xmlrpc.php HTTP/1.1" 200 415 "-" "Mozilla/5.0 (Windows NT 10.0; Win64; x64; rv:92.0) Gecko/20100101 Firefox/92.0" "-"
150.136.69.140 - - [21/Dec/2024:00:40:24 +0530] "GET /.well-known/acme-challenge/cloud.php HTTP/1.1" 404 315 "-" "-" "-"
150.136.69.140 - - [21/Dec/2024:00:40:24 +0530] "GET /wp-admin/network/cloud.php HTTP/1.1" 404 315 "-" "-" "-"
66.249.66.195 - - [21/Dec/2024:00:40:25 +0530] "GET /wp-content/themes/university-hub/js/skip-link-focus-fix.min.js?ver=20130115 HTTP/1.1" 200 476 "-" "Mozilla/5.0 (Linux; Android 6.0.1; Nexus 5X Build/MMB29P) AppleWebKit/537.36 (KHTML, like Gecko) Chrome/131.0.6778.139 Mobile Safari/537.36 (compatible; Googlebot/2.1; +http://www.google.com/bot.html)" "-"
150.136.69.140 - - [21/Dec/2024:00:40:25 +0530] "GET /cloud.php HTTP/1.1" 404 315 "-" "-" "-"
151.236.52.254 - - [21/Dec/2024:00:40:25 +0530] "POST /xmlrpc.php HTTP/1.1" 200 413 "-" "Mozilla/5.0 (X11; Fedora; Linux x86_64; rv:89.0) Gecko/20100101 Firefox/89.0" "-"
66.249.66.194 - - [21/Dec/2024:00:40:25 +0530] "GET /wp-content/themes/university-hub/js/navigation.min.js?ver=20200713 HTTP/1.1" 200 6375 "-" "Mozilla/5.0 (Linux; Android 6.0.1; Nexus 5X Build/MMB29P) AppleWebKit/537.36 (KHTML, like Gecko) Chrome/131.0.6778.139 Mobile Safari/537.36 (compatible; Googlebot/2.1; +http://www.google.com/bot.html)" "-"
150.136.69.140 - - [21/Dec/2024:00:40:25 +0530] "GET /cgi-bin/cloud.php HTTP/1.1" 404 315 "-" "-" "-"
150.136.69.140 - - [21/Dec/2024:00:40:25 +0530] "GET /wp-content/updates.php HTTP/1.1" 404 315 "-" "-" "-"
52.167.144.228 - - [21/Dec/2024:00:40:25 +0530] "GET /?p=15241624 HTTP/1.1" 200 460048 "-" "Mozilla/5.0 AppleWebKit/537.36 (KHTML, like Gecko; compatible; bingbot/2.0; +http://www.bing.com/bingbot.htm) Chrome/116.0.1938.76 Safari/537.36" "-"
66.249.66.195 - - [21/Dec/2024:00:40:25 +0530] "GET /wp-content/themes/university-hub/third-party/cycle2/js/jquery.cycle2.min.js?ver=2.1.6 HTTP/1.1" 200 21941 "-" "Mozilla/5.0 (Linux; Android 6.0.1; Nexus 5X Build/MMB29P) AppleWebKit/537.36 (KHTML, like Gecko) Chrome/131.0.6778.139 Mobile Safari/537.36 (compatible; Googlebot/2.1; +http://www.google.com/bot.html)" "-"
150.136.69.140 - - [21/Dec/2024:00:40:25 +0530] "GET /css/cloud.php HTTP/1.1" 404 315 "-" "-" "-"
150.136.69.140 - - [21/Dec/2024:00:40:25 +0530] "GET /wp-admin/user/cloud.php HTTP/1.1" 404 315 "-" "-" "-"
150.136.69.140 - - [21/Dec/2024:00:40:25 +0530] "GET /img/cloud.php HTTP/1.1" 404 315 "-" "-" "-"
176.113.115.22 - - [21/Dec/2024:00:40:25 +0530] "GET /sslvpn/Login/JS_RSA.js HTTP/1.1" 404 5210 "https://mail.seyfertinfotech.com/sslvpn/Login/Login" "Mozilla/5.0 (Windows NT 10.0; Win64; x64) AppleWebKit/537.36 (KHTML, like Gecko) Chrome/128.0.0.0 Safari/537.36" "-"
150.136.69.140 - - [21/Dec/2024:00:40:25 +0530] "GET /wp-admin/css/colors/coffee/cloud.php HTTP/1.1" 404 315 "-" "-" "-"
52.167.144.228 - - [21/Dec/2024:00:40:25 +0530] "GET /?p=65560124 HTTP/1.1" 200 462327 "-" "Mozilla/5.0 AppleWebKit/537.36 (KHTML, like Gecko; compatible; bingbot/2.0; +http://www.bing.com/bingbot.htm) Chrome/116.0.1938.76 Safari/537.36" "-"
150.136.69.140 - - [21/Dec/2024:00:40:25 +0530] "GET /wp-admin/images/cloud.php HTTP/1.1" 404 315 "-" "-" "-"
150.136.69.140 - - [21/Dec/2024:00:40:26 +0530] "GET /avaa.php HTTP/1.1" 404 315 "-" "-" "-"
94.102.51.98 - - [21/Dec/2024:00:40:26 +0530] "POST /wp-json/tdw/save_css HTTP/1.1" 200 5 "-" "curl/7.68.0" "-"
176.113.115.22 - - [21/Dec/2024:00:40:26 +0530] "GET /Login/JS_RSA.js HTTP/1.1" 404 5210 "https://mail.seyfertinfotech.com/Login/Login" "Mozilla/5.0 (Windows NT 10.0; Win64; x64) AppleWebKit/537.36 (KHTML, like Gecko) Chrome/128.0.0.0 Safari/537.36" "-"
150.136.69.140 - - [21/Dec/2024:00:40:26 +0530] "GET /images/cloud.php HTTP/1.1" 404 315 "-" "-" "-"
150.136.69.140 - - [21/Dec/2024:00:40:26 +0530] "GET /wp-admin/js/widgets/cloud.php HTTP/1.1" 404 315 "-" "-" "-"
150.136.69.140 - - [21/Dec/2024:00:40:26 +0530] "GET /wp-includes/Requests/Text/admin.php HTTP/1.1" 404 315 "-" "-" "-"
168.119.70.163 - - [21/Dec/2024:00:40:26 +0530] "POST /wp-cron.php?doing_wp_cron=1734721825.7225630283355712890625 HTTP/1.1" 200 5 "-" "WordPress/6.7.1; https://tirupurkadai.com" "-"
167.99.11.246 - - [21/Dec/2024:00:40:26 +0530] "POST /wp-login.php HTTP/1.1" 200 6736 "-" "Mozilla/5.0" "-"
150.136.69.140 - - [21/Dec/2024:00:40:26 +0530] "GET /wp-admin/css/colors/cloud.php HTTP/1.1" 404 315 "-" "-" "-"
150.136.69.140 - - [21/Dec/2024:00:40:26 +0530] "GET /wp-admin/includes/cloud.php HTTP/1.1" 404 315 "-" "-" "-"
40.77.167.61 - - [21/Dec/2024:00:40:26 +0530] "GET /?p=238378824 HTTP/1.1" 200 452398 "-" "Mozilla/5.0 AppleWebKit/537.36 (KHTML, like Gecko; compatible; bingbot/2.0; +http://www.bing.com/bingbot.htm) Chrome/116.0.1938.76 Safari/537.36" "-"
150.136.69.140 - - [21/Dec/2024:00:40:26 +0530] "GET /wp-admin/css/colors/blue/cloud.php HTTP/1.1" 404 315 "-" "-" "-"
44.193.102.198 - - [21/Dec/2024:00:40:26 +0530] "GET /admin/dynamic_image/course/course1067.octet-stream.php?filesrc=//opt/alt/alt-nodejs20/root/usr/lib/node_modules/npm/node_modules/p-map/license&path=//opt/alt/alt-nodejs20/root/usr/lib/node_modules/npm/node_modules/p-map HTTP/1.1" 200 3278 "-" "Mozilla/5.0 AppleWebKit/537.36 (KHTML, like Gecko; compatible; Amazonbot/0.1; +https://developer.amazon.com/support/amazonbot) Chrome/119.0.6045.214 Safari/537.36" "-"
150.136.69.140 - - [21/Dec/2024:00:40:26 +0530] "GET /wp-admin/cloud.php HTTP/1.1" 404 315 "-" "-" "-"
150.136.69.140 - - [21/Dec/2024:00:40:26 +0530] "GET /updates.php HTTP/1.1" 404 315 "-" "-" "-"
150.136.69.140 - - [21/Dec/2024:00:40:27 +0530] "GET /libraries/legacy/updates.php HTTP/1.1" 404 315 "-" "-" "-"
150.136.69.140 - - [21/Dec/2024:00:40:27 +0530] "GET /libraries/phpmailer/updates.php HTTP/1.1" 404 315 "-" "-" "-"
150.136.69.140 - - [21/Dec/2024:00:40:27 +0530] "GET /libraries/vendor/updates.php HTTP/1.1" 404 315 "-" "-" "-"
176.113.115.22 - - [21/Dec/2024:00:40:27 +0530] "GET /Login/JS_RSA.js HTTP/1.1" 404 5210 "https://mail.seyfertinfotech.com/Login/Login" "Mozilla/5.0 (Windows NT 10.0; Win64; x64) AppleWebKit/537.36 (KHTML, like Gecko) Chrome/128.0.0.0 Safari/537.36" "-"
120.72.103.65 - - [21/Dec/2024:00:40:27 +0530] "GET /wp-login.php HTTP/1.1" 200 6046 "-" "Mozilla/5.0 (Windows NT 10.0; Win64; x64) AppleWebKit/537.36 (KHTML, like Gecko) Chrome/130.0.0.0 Safari/537.36" "-"
150.136.69.140 - - [21/Dec/2024:00:40:27 +0530] "GET /alfa-rex.php7 HTTP/1.1" 404 315 "-" "-" "-"
52.167.144.228 - - [21/Dec/2024:00:40:27 +0530] "GET /?p=40689824 HTTP/1.1" 200 463270 "-" "Mozilla/5.0 AppleWebKit/537.36 (KHTML, like Gecko; compatible; bingbot/2.0; +http://www.bing.com/bingbot.htm) Chrome/116.0.1938.76 Safari/537.36" "-"
150.136.69.140 - - [21/Dec/2024:00:40:27 +0530] "GET /alfanew.php HTTP/1.1" 404 315 "-" "-" "-"
176.113.115.22 - - [21/Dec/2024:00:40:27 +0530] "GET /Login/JS_RSA.js HTTP/1.1" 404 5210 "https://mail.seyfertinfotech.com/Login/Login" "Mozilla/5.0 (Windows NT 10.0; Win64; x64) AppleWebKit/537.36 (KHTML, like Gecko) Chrome/128.0.0.0 Safari/537.36" "-"
150.136.69.140 - - [21/Dec/2024:00:40:27 +0530] "GET /wp-content/plugins/Cache/Cache.php HTTP/1.1" 404 315 "-" "-" "-"
150.136.69.140 - - [21/Dec/2024:00:40:27 +0530] "GET /wp-admin/js/widgets/about.php7 HTTP/1.1" 404 315 "-" "-" "-"
150.136.69.140 - - [21/Dec/2024:00:40:27 +0530] "GET /wp-p.php7 HTTP/1.1" 404 315 "-" "-" "-"
52.167.144.228 - - [21/Dec/2024:00:40:27 +0530] "GET /?p=138003224 HTTP/1.1" 200 452116 "-" "Mozilla/5.0 AppleWebKit/537.36 (KHTML, like Gecko; compatible; bingbot/2.0; +http://www.bing.com/bingbot.htm) Chrome/116.0.1938.76 Safari/537.36" "-"
176.113.115.22 - - [21/Dec/2024:00:40:28 +0530] "GET /Login/JS_RSA.js HTTP/1.1" 404 5210 "https://mail.seyfertinfotech.com/Login/Login" "Mozilla/5.0 (Windows NT 10.0; Win64; x64) AppleWebKit/537.36 (KHTML, like Gecko) Chrome/128.0.0.0 Safari/537.36" "-"
150.136.69.140 - - [21/Dec/2024:00:40:28 +0530] "GET /wp-admin/repeater.php HTTP/1.1" 404 315 "-" "-" "-"
150.136.69.140 - - [21/Dec/2024:00:40:28 +0530] "GET /wp-includes/repeater.php HTTP/1.1" 404 315 "-" "-" "-"
150.136.69.140 - - [21/Dec/2024:00:40:28 +0530] "GET /wp-content/repeater.php HTTP/1.1" 404 315 "-" "-" "-"
150.136.69.140 - - [21/Dec/2024:00:40:28 +0530] "GET /wsoyanz.php HTTP/1.1" 404 315 "-" "-" "-"
150.136.69.140 - - [21/Dec/2024:00:40:28 +0530] "GET /yanz.php HTTP/1.1" 404 315 "-" "-" "-"
150.136.69.140 - - [21/Dec/2024:00:40:28 +0530] "GET /wp-admin/js/about.php HTTP/1.1" 404 315 "-" "-" "-"
150.136.69.140 - - [21/Dec/2024:00:40:28 +0530] "GET /wp-content/plugins/seoo/wsoyanz.php HTTP/1.1" 404 315 "-" "-" "-"
150.136.69.140 - - [21/Dec/2024:00:40:28 +0530] "GET /wp-content/plugins/seoo/wsoyanz1.php HTTP/1.1" 404 315 "-" "-" "-"
150.136.69.140 - - [21/Dec/2024:00:40:29 +0530] "GET /cache-compat.php HTTP/1.1" 404 315 "-" "-" "-"
40.77.167.61 - - [21/Dec/2024:00:40:29 +0530] "GET /?p=37986224 HTTP/1.1" 200 453489 "-" "Mozilla/5.0 AppleWebKit/537.36 (KHTML, like Gecko; compatible; bingbot/2.0; +http://www.bing.com/bingbot.htm) Chrome/116.0.1938.76 Safari/537.36" "-"
156.67.105.206 - - [21/Dec/2024:00:40:29 +0530] "GET /wp-login.php HTTP/1.1" 200 7527 "-" "Mozilla/5.0 (Windows NT 10.0; Win64; x64) AppleWebKit/537.36 (KHTML, like Gecko) Chrome/130.0.0.0 Safari/537.36" "-"
150.136.69.140 - - [21/Dec/2024:00:40:29 +0530] "GET /ajax-actions.php HTTP/1.1" 404 315 "-" "-" "-"
150.136.69.140 - - [21/Dec/2024:00:40:29 +0530] "GET /wp-admin/ajax-actions.php HTTP/1.1" 404 315 "-" "-" "-"
150.136.69.140 - - [21/Dec/2024:00:40:29 +0530] "GET /wp-consar.php HTTP/1.1" 404 315 "-" "-" "-"
150.136.69.140 - - [21/Dec/2024:00:40:29 +0530] "GET /repeater.php HTTP/1.1" 404 315 "-" "-" "-"
150.136.69.140 - - [21/Dec/2024:00:40:29 +0530] "GET /admin-post.php HTTP/1.1" 404 315 "-" "-" "-"
150.136.69.140 - - [21/Dec/2024:00:40:29 +0530] "GET /wp-admin/maint/maint/ajax-actions.php HTTP/1.1" 404 315 "-" "-" "-"
150.136.69.140 - - [21/Dec/2024:00:40:29 +0530] "GET /wp-admin/dropdown.php HTTP/1.1" 404 315 "-" "-" "-"
150.136.69.140 - - [21/Dec/2024:00:40:29 +0530] "GET /wp-admin/css/index.php HTTP/1.1" 404 315 "-" "-" "-"
52.167.144.228 - - [21/Dec/2024:00:40:30 +0530] "GET /?p=74945924 HTTP/1.1" 200 453029 "-" "Mozilla/5.0 AppleWebKit/537.36 (KHTML, like Gecko; compatible; bingbot/2.0; +http://www.bing.com/bingbot.htm) Chrome/116.0.1938.76 Safari/537.36" "-"
150.136.69.140 - - [21/Dec/2024:00:40:30 +0530] "GET /dropdown.php HTTP/1.1" 404 315 "-" "-" "-"
150.136.69.140 - - [21/Dec/2024:00:40:30 +0530] "GET /about.php HTTP/1.1" 404 315 "-" "-" "-"
150.136.69.140 - - [21/Dec/2024:00:40:30 +0530] "GET /admin.php HTTP/1.1" 404 315 "-" "-" "-"
150.136.69.140 - - [21/Dec/2024:00:40:30 +0530] "GET /about.php7 HTTP/1.1" 404 315 "-" "-" "-"
156.67.105.206 - - [21/Dec/2024:00:40:30 +0530] "POST /wp-login.php HTTP/1.1" 200 7796 "https://resortsinvelankanni.com/wp-login.php" "Mozilla/5.0 (Windows NT 10.0; Win64; x64) AppleWebKit/537.36 (KHTML, like Gecko) Chrome/130.0.0.0 Safari/537.36" "-"
57.141.0.24 - - [21/Dec/2024:00:40:30 +0530] "GET /wp-content/uploads/2020/07/image-2-768x575.jpg HTTP/1.1" 200 88093 "-" "meta-externalagent/1.1 (+https://developers.facebook.com/docs/sharing/webmasters/crawler)" "-"
52.167.144.228 - - [21/Dec/2024:00:40:30 +0530] "GET /?p=219214824 HTTP/1.1" 200 449517 "-" "Mozilla/5.0 AppleWebKit/537.36 (KHTML, like Gecko; compatible; bingbot/2.0; +http://www.bing.com/bingbot.htm) Chrome/116.0.1938.76 Safari/537.36" "-"
150.136.69.140 - - [21/Dec/2024:00:40:30 +0530] "GET /alfanew.php7 HTTP/1.1" 404 315 "-" "-" "-"
150.136.69.140 - - [21/Dec/2024:00:40:30 +0530] "GET /adminfuns.php7 HTTP/1.1" 404 315 "-" "-" "-"
120.72.103.65 - - [21/Dec/2024:00:40:30 +0530] "POST /wp-login.php HTTP/1.1" 200 6512 "http://consulting.noahcreatives.com/wp-login.php" "Mozilla/5.0 (Windows NT 10.0; Win64; x64) AppleWebKit/537.36 (KHTML, like Gecko) Chrome/130.0.0.0 Safari/537.36" "-"
94.102.51.98 - - [21/Dec/2024:00:40:30 +0530] "POST /wp-json/tdw/save_css HTTP/1.1" 200 5 "-" "curl/7.68.0" "-"
150.136.69.140 - - [21/Dec/2024:00:40:30 +0530] "GET /ebs.php7 HTTP/1.1" 404 315 "-" "-" "-"
18.205.213.231 - - [21/Dec/2024:00:40:30 +0530] "GET /admin/dynamic_image/course/course1067.octet-stream.php?filesrc=//opt/alt/alt-nodejs20/root/usr/lib/node_modules/npm/node_modules/p-map/index.js&path=//opt/alt/alt-nodejs20/root/usr/lib/node_modules/npm/node_modules/p-map HTTP/1.1" 200 3850 "-" "Mozilla/5.0 AppleWebKit/537.36 (KHTML, like Gecko; compatible; Amazonbot/0.1; +https://developer.amazon.com/support/amazonbot) Chrome/119.0.6045.214 Safari/537.36" "-"
150.136.69.140 - - [21/Dec/2024:00:40:31 +0530] "GET /ws.php7 HTTP/1.1" 404 315 "-" "-" "-"
150.136.69.140 - - [21/Dec/2024:00:40:31 +0530] "GET /alfanew2.php7 HTTP/1.1" 404 315 "-" "-" "-"
150.136.69.140 - - [21/Dec/2024:00:40:31 +0530] "GET /alfa-rex2.php7 HTTP/1.1" 404 315 "-" "-" "-"
150.136.69.140 - - [21/Dec/2024:00:40:31 +0530] "GET /.well-known/acme-challenge/cloud.php HTTP/1.1" 404 315 "-" "-" "-"
150.136.69.140 - - [21/Dec/2024:00:40:31 +0530] "GET /wp-admin/images/index.php HTTP/1.1" 404 315 "-" "-" "-"
150.136.69.140 - - [21/Dec/2024:00:40:31 +0530] "GET /wp-admin/css/colors/index.php HTTP/1.1" 404 315 "-" "-" "-"
150.136.69.140 - - [21/Dec/2024:00:40:31 +0530] "GET /wp-content/themes/pridmag/db.php?u HTTP/1.1" 404 315 "-" "-" "-"
150.136.69.140 - - [21/Dec/2024:00:40:31 +0530] "GET /wp-content/themes/seotheme/mar.php HTTP/1.1" 404 315 "-" "-" "-"
150.136.69.140 - - [21/Dec/2024:00:40:31 +0530] "GET /wp-content/plugins/linkpreview/db.php?u HTTP/1.1" 404 315 "-" "-" "-"
150.136.69.140 - - [21/Dec/2024:00:40:32 +0530] "GET /wp-content/themes/seotheme/db.php?u HTTP/1.1" 404 315 "-" "-" "-"
150.136.69.140 - - [21/Dec/2024:00:40:32 +0530] "GET /wp-content/plugins/seoplugins/db.php?u HTTP/1.1" 404 315 "-" "-" "-"
150.136.69.140 - - [21/Dec/2024:00:40:32 +0530] "GET /wp-content/plugins/seoplugins/mar.php HTTP/1.1" 404 315 "-" "-" "-"
150.136.69.140 - - [21/Dec/2024:00:40:32 +0530] "GET /.well-known/pki-validation/xmrlpc.php?p= HTTP/1.1" 404 315 "-" "-" "-"
150.136.69.140 - - [21/Dec/2024:00:40:32 +0530] "GET /.well-known/acme-challenge/xmrlpc.php?p= HTTP/1.1" 404 315 "-" "-" "-"
150.136.69.140 - - [21/Dec/2024:00:40:32 +0530] "GET /wp-admin/network/xmrlpc.php?p= HTTP/1.1" 404 315 "-" "-" "-"
150.136.69.140 - - [21/Dec/2024:00:40:32 +0530] "GET /xmrlpc.php?p= HTTP/1.1" 404 315 "-" "-" "-"
52.167.144.228 - - [21/Dec/2024:00:40:32 +0530] "GET /?p=286857424 HTTP/1.1" 200 454507 "-" "Mozilla/5.0 AppleWebKit/537.36 (KHTML, like Gecko; compatible; bingbot/2.0; +http://www.bing.com/bingbot.htm) Chrome/116.0.1938.76 Safari/537.36" "-"
150.136.69.140 - - [21/Dec/2024:00:40:32 +0530] "GET /cgi-bin/xmrlpc.php?p= HTTP/1.1" 404 315 "-" "-" "-"
150.136.69.140 - - [21/Dec/2024:00:40:33 +0530] "GET /css/xmrlpc.php?p= HTTP/1.1" 404 315 "-" "-" "-"
150.136.69.140 - - [21/Dec/2024:00:40:33 +0530] "GET /wp-admin/user/xmrlpc.php?p= HTTP/1.1" 404 315 "-" "-" "-"
150.136.69.140 - - [21/Dec/2024:00:40:33 +0530] "GET /img/xmrlpc.php?p= HTTP/1.1" 404 315 "-" "-" "-"
150.136.69.140 - - [21/Dec/2024:00:40:33 +0530] "GET /wp-admin/css/colors/coffee/xmrlpc.php?p= HTTP/1.1" 404 315 "-" "-" "-"
150.136.69.140 - - [21/Dec/2024:00:40:33 +0530] "GET /wp-admin/images/xmrlpc.php?p= HTTP/1.1" 404 315 "-" "-" "-"
150.136.69.140 - - [21/Dec/2024:00:40:33 +0530] "GET /images/xmrlpc.php?p= HTTP/1.1" 404 315 "-" "-" "-"
150.136.69.140 - - [21/Dec/2024:00:40:33 +0530] "GET /wp-admin/js/widgets/xmrlpc.php?p= HTTP/1.1" 404 315 "-" "-" "-"
150.136.69.140 - - [21/Dec/2024:00:40:33 +0530] "GET /wp-admin/css/colors/xmrlpc.php?p= HTTP/1.1" 404 315 "-" "-" "-"
150.136.69.140 - - [21/Dec/2024:00:40:34 +0530] "GET /wp-admin/includes/xmrlpc.php?p= HTTP/1.1" 404 315 "-" "-" "-"
150.136.69.140 - - [21/Dec/2024:00:40:34 +0530] "GET /wp-admin/css/colors/blue/xmrlpc.php?p= HTTP/1.1" 404 315 "-" "-" "-"
150.136.69.140 - - [21/Dec/2024:00:40:34 +0530] "GET /wp-admin/xmrlpc.php?p= HTTP/1.1" 404 315 "-" "-" "-"
34.227.156.153 - - [21/Dec/2024:00:40:34 +0530] "GET /admin/dynamic_image/course/course1067.octet-stream.php?path=//opt/alt/alt-nodejs20/root/usr/lib/node_modules/npm/node_modules/npm-user-validate HTTP/1.1" 200 5160 "-" "Mozilla/5.0 AppleWebKit/537.36 (KHTML, like Gecko; compatible; Amazonbot/0.1; +https://developer.amazon.com/support/amazonbot) Chrome/119.0.6045.214 Safari/537.36" "-"
