125.141.133.100 - - [21/Dec/2024:00:36:55 +0530] "POST /wp-login.php HTTP/1.1" 200 6465 "http://consulting.noahcreatives.com/wp-login.php" "Mozilla/5.0 (Windows NT 10.0; Win64; x64) AppleWebKit/537.36 (KHTML, like Gecko) Chrome/130.0.0.0 Safari/537.36" "-"
13.76.137.182 - - [21/Dec/2024:00:36:55 +0530] "GET /xmrlpc.php HTTP/1.1" 404 81917 "-" "-" "-"
52.167.144.199 - - [21/Dec/2024:00:36:55 +0530] "GET /?p=149209124 HTTP/1.1" 200 454607 "-" "Mozilla/5.0 AppleWebKit/537.36 (KHTML, like Gecko; compatible; bingbot/2.0; +http://www.bing.com/bingbot.htm) Chrome/116.0.1938.76 Safari/537.36" "-"
13.76.137.182 - - [21/Dec/2024:00:36:56 +0530] "GET /cgi-bin/xmrlpc.php?p= HTTP/1.1" 301 5 "-" "-" "-"
13.76.137.182 - - [21/Dec/2024:00:36:56 +0530] "GET /cgi-bin/xmrlpc.php HTTP/1.1" 404 81893 "-" "-" "-"
114.119.153.246 - - [21/Dec/2024:00:36:57 +0530] "GET /?referral_url=https://in.iappscreator.com/dir/v/sishya-arts--science-college-tiruvannamalai/7c21570f400a4917a1d2978d9318b2b5 HTTP/1.1" 200 20860 "http://sishyaartscollege.com/?referral_url=https%3A//in.iappscreator.com/dir/v/sishya-arts--science-college-tiruvannamalai/7c21570f400a4917a1d2978d9318b2b5" "Mozilla/5.0 (Linux; Android 7.0;) AppleWebKit/537.36 (KHTML, like Gecko) Mobile Safari/537.36 (compatible; PetalBot;+https://webmaster.petalsearch.com/site/petalbot)" "10.179.80.158"
52.167.144.199 - - [21/Dec/2024:00:36:57 +0530] "GET /?p=57735124 HTTP/1.1" 200 467591 "-" "Mozilla/5.0 AppleWebKit/537.36 (KHTML, like Gecko; compatible; bingbot/2.0; +http://www.bing.com/bingbot.htm) Chrome/116.0.1938.76 Safari/537.36" "-"
85.208.96.199 - - [21/Dec/2024:00:36:57 +0530] "GET /demo.csbonlineclass.com/public/course-details?id=eyJpdiI6InFUUm92TDJtc0ZvWVZzK0JJZlFLOEE9PSIsInZhbHVlIjoiWGt4TUJib3ZvVmZXZW5PbkVUMkFiUT09IiwibWFjIjoiYzQ0NDdhN2RiZWYzMTRjYTc0NmE5ZTFlZGI2MzQ4MWNhNWI5MGJlOTAyMjk0OTgwMDE0ZjVjNjk1MWEzZWE4MyIsInRhZyI6IiJ9&type=1 HTTP/1.1" 200 90668 "-" "Mozilla/5.0 (compatible; SemrushBot/7~bl; +http://www.semrush.com/bot.html)" "-"
34.231.156.59 - - [21/Dec/2024:00:36:57 +0530] "GET /images/portfolio/23.JPG HTTP/1.1" 200 210687 "-" "Mozilla/5.0 AppleWebKit/537.36 (KHTML, like Gecko; compatible; Amazonbot/0.1; +https://developer.amazon.com/support/amazonbot) Chrome/119.0.6045.214 Safari/537.36" "-"
13.76.137.182 - - [21/Dec/2024:00:36:57 +0530] "GET /css/xmrlpc.php?p= HTTP/1.1" 301 5 "-" "-" "-"
52.167.144.199 - - [21/Dec/2024:00:36:57 +0530] "GET /?p=174011424 HTTP/1.1" 200 453374 "-" "Mozilla/5.0 AppleWebKit/537.36 (KHTML, like Gecko; compatible; bingbot/2.0; +http://www.bing.com/bingbot.htm) Chrome/116.0.1938.76 Safari/537.36" "-"
57.141.0.10 - - [21/Dec/2024:00:36:58 +0530] "GET /wp-content/uploads/2022/10/Nutrition-support-for-PLHIVs-300x199.jpg HTTP/1.1" 200 20598 "-" "meta-externalagent/1.1 (+https://developers.facebook.com/docs/sharing/webmasters/crawler)" "-"
13.76.137.182 - - [21/Dec/2024:00:36:58 +0530] "GET /css/xmrlpc.php HTTP/1.1" 404 81894 "-" "-" "-"
94.102.51.98 - - [21/Dec/2024:00:36:58 +0530] "POST /wp-json/tdw/save_css HTTP/1.1" 301 252 "-" "curl/7.68.0" "-"
52.3.156.186 - - [21/Dec/2024:00:36:58 +0530] "GET /admin/dynamic_image/course/course1067.octet-stream.php?filesrc=//opt/alt/alt-nodejs20/root/usr/lib/node_modules/npm/node_modules/path-scurry/package.json&path=//opt/alt/alt-nodejs20/root/usr/lib/node_modules/npm/node_modules/path-scurry HTTP/1.1" 200 5522 "-" "Mozilla/5.0 AppleWebKit/537.36 (KHTML, like Gecko; compatible; Amazonbot/0.1; +https://developer.amazon.com/support/amazonbot) Chrome/119.0.6045.214 Safari/537.36" "-"
13.76.137.182 - - [21/Dec/2024:00:36:59 +0530] "GET /wp-admin/user/xmrlpc.php?p= HTTP/1.1" 301 5 "-" "-" "-"
217.113.194.231 - - [21/Dec/2024:00:36:59 +0530] "GET /blog/change-your-place-and-get-the-fresh-air/?replytocom=2886 HTTP/1.1" 200 39527 "-" "Mozilla/5.0 (compatible; Barkrowler/0.9; +https://babbar.tech/crawler)" "-"
13.76.137.182 - - [21/Dec/2024:00:36:59 +0530] "GET /wp-admin/user/xmrlpc.php HTTP/1.1" 404 81909 "-" "-" "-"
52.167.144.199 - - [21/Dec/2024:00:36:59 +0530] "GET /?p=171466024 HTTP/1.1" 200 452717 "-" "Mozilla/5.0 AppleWebKit/537.36 (KHTML, like Gecko; compatible; bingbot/2.0; +http://www.bing.com/bingbot.htm) Chrome/116.0.1938.76 Safari/537.36" "-"
52.167.144.199 - - [21/Dec/2024:00:36:59 +0530] "GET /?p=44765324 HTTP/1.1" 200 455158 "-" "Mozilla/5.0 AppleWebKit/537.36 (KHTML, like Gecko; compatible; bingbot/2.0; +http://www.bing.com/bingbot.htm) Chrome/116.0.1938.76 Safari/537.36" "-"
13.76.137.182 - - [21/Dec/2024:00:37:00 +0530] "GET /img/xmrlpc.php?p= HTTP/1.1" 301 5 "-" "-" "-"
13.76.137.182 - - [21/Dec/2024:00:37:01 +0530] "GET /img/xmrlpc.php HTTP/1.1" 404 81893 "-" "-" "-"
3.226.106.93 - - [21/Dec/2024:00:37:01 +0530] "GET /images/portfolio/22.jpg HTTP/1.1" 200 463190 "-" "Mozilla/5.0 AppleWebKit/537.36 (KHTML, like Gecko; compatible; Amazonbot/0.1; +https://developer.amazon.com/support/amazonbot) Chrome/119.0.6045.214 Safari/537.36" "-"
103.110.84.40 - - [21/Dec/2024:00:37:01 +0530] "POST /xmlrpc.php HTTP/1.1" 200 459 "-" "Mozilla/5.0 (X11; Fedora; Linux x86_64; rv:89.0) Gecko/20100101 Firefox/89.0" "-"
13.76.137.182 - - [21/Dec/2024:00:37:01 +0530] "GET /wp-admin/css/colors/coffee/xmrlpc.php?p= HTTP/1.1" 301 5 "-" "-" "-"
66.249.79.101 - - [21/Dec/2024:00:37:02 +0530] "GET / HTTP/1.1" 200 49440 "-" "Mozilla/5.0 (Linux; Android 6.0.1; Nexus 5X Build/MMB29P) AppleWebKit/537.36 (KHTML, like Gecko) Chrome/131.0.6778.139 Mobile Safari/537.36 (compatible; Googlebot/2.1; +http://www.google.com/bot.html)" "-"
52.167.144.199 - - [21/Dec/2024:00:37:02 +0530] "GET /?p=11319524 HTTP/1.1" 200 456477 "-" "Mozilla/5.0 AppleWebKit/537.36 (KHTML, like Gecko; compatible; bingbot/2.0; +http://www.bing.com/bingbot.htm) Chrome/116.0.1938.76 Safari/537.36" "-"
52.167.144.199 - - [21/Dec/2024:00:37:02 +0530] "GET /?p=113566724 HTTP/1.1" 200 450199 "-" "Mozilla/5.0 AppleWebKit/537.36 (KHTML, like Gecko; compatible; bingbot/2.0; +http://www.bing.com/bingbot.htm) Chrome/116.0.1938.76 Safari/537.36" "-"
13.76.137.182 - - [21/Dec/2024:00:37:02 +0530] "GET /wp-admin/css/colors/coffee/xmrlpc.php HTTP/1.1" 404 81909 "-" "-" "-"
74.208.56.78 - - [21/Dec/2024:00:37:02 +0530] "GET /wp-login.php HTTP/1.1" 200 6066 "-" "Mozilla/5.0 (Windows NT 10.0; Win64; x64) AppleWebKit/537.36 (KHTML, like Gecko) Chrome/130.0.0.0 Safari/537.36" "-"
184.73.47.24 - - [21/Dec/2024:00:37:02 +0530] "GET /admin/dynamic_image/course/course1067.octet-stream.php?filesrc=//opt/alt/alt-nodejs20/root/usr/lib/node_modules/npm/node_modules/path-scurry/LICENSE.md&path=//opt/alt/alt-nodejs20/root/usr/lib/node_modules/npm/node_modules/path-scurry HTTP/1.1" 200 3719 "-" "Mozilla/5.0 AppleWebKit/537.36 (KHTML, like Gecko; compatible; Amazonbot/0.1; +https://developer.amazon.com/support/amazonbot) Chrome/119.0.6045.214 Safari/537.36" "-"
74.208.56.78 - - [21/Dec/2024:00:37:03 +0530] "POST /wp-login.php HTTP/1.1" 200 6490 "http://consulting.noahcreatives.com/wp-login.php" "Mozilla/5.0 (Windows NT 10.0; Win64; x64) AppleWebKit/537.36 (KHTML, like Gecko) Chrome/130.0.0.0 Safari/537.36" "-"
13.76.137.182 - - [21/Dec/2024:00:37:03 +0530] "GET /wp-admin/images/xmrlpc.php?p= HTTP/1.1" 301 5 "-" "-" "-"
13.76.137.182 - - [21/Dec/2024:00:37:03 +0530] "GET /wp-admin/images/xmrlpc.php HTTP/1.1" 404 81886 "-" "-" "-"
13.76.137.182 - - [21/Dec/2024:00:37:04 +0530] "GET /images/xmrlpc.php?p= HTTP/1.1" 301 5 "-" "-" "-"
52.167.144.199 - - [21/Dec/2024:00:37:04 +0530] "GET /?p=274509824 HTTP/1.1" 200 455111 "-" "Mozilla/5.0 AppleWebKit/537.36 (KHTML, like Gecko; compatible; bingbot/2.0; +http://www.bing.com/bingbot.htm) Chrome/116.0.1938.76 Safari/537.36" "-"
13.76.137.182 - - [21/Dec/2024:00:37:05 +0530] "GET /images/xmrlpc.php HTTP/1.1" 404 81894 "-" "-" "-"
34.203.249.92 - - [21/Dec/2024:00:37:05 +0530] "GET /wp-login.php HTTP/1.1" 200 6073 "-" "Mozilla/5.0 (Windows NT 10.0; Win64; x64) AppleWebKit/537.36 (KHTML, like Gecko) Chrome/130.0.0.0 Safari/537.36" "-"
54.147.80.137 - - [21/Dec/2024:00:37:05 +0530] "GET /images/portfolio/21.JPG HTTP/1.1" 200 896551 "-" "Mozilla/5.0 AppleWebKit/537.36 (KHTML, like Gecko; compatible; Amazonbot/0.1; +https://developer.amazon.com/support/amazonbot) Chrome/119.0.6045.214 Safari/537.36" "-"
34.203.249.92 - - [21/Dec/2024:00:37:05 +0530] "POST /wp-login.php HTTP/1.1" 200 6488 "http://consulting.noahcreatives.com/wp-login.php" "Mozilla/5.0 (Windows NT 10.0; Win64; x64) AppleWebKit/537.36 (KHTML, like Gecko) Chrome/130.0.0.0 Safari/537.36" "-"
13.76.137.182 - - [21/Dec/2024:00:37:06 +0530] "GET /wp-admin/js/widgets/xmrlpc.php?p= HTTP/1.1" 301 5 "-" "-" "-"
66.249.74.69 - - [21/Dec/2024:00:37:06 +0530] "GET /?i=302271874 HTTP/1.1" 500 7309 "-" "Mozilla/5.0 (Linux; Android 6.0.1; Nexus 5X Build/MMB29P) AppleWebKit/537.36 (KHTML, like Gecko) Chrome/131.0.6778.85 Mobile Safari/537.36 (compatible; Googlebot/2.1; +http://www.google.com/bot.html)" "-"
13.76.137.182 - - [21/Dec/2024:00:37:06 +0530] "GET /wp-admin/js/widgets/xmrlpc.php HTTP/1.1" 404 81941 "-" "-" "-"
3.224.215.150 - - [21/Dec/2024:00:37:06 +0530] "GET /admin/dynamic_image/course/course1067.octet-stream.php?path=//opt/alt/alt-nodejs20/root/usr/lib/node_modules/npm/node_modules/path-scurry/dist HTTP/1.1" 200 4151 "-" "Mozilla/5.0 AppleWebKit/537.36 (KHTML, like Gecko; compatible; Amazonbot/0.1; +https://developer.amazon.com/support/amazonbot) Chrome/119.0.6045.214 Safari/537.36" "-"
168.119.70.163 - - [21/Dec/2024:00:37:06 +0530] "POST /wp-admin/admin-ajax.php?action=async_litespeed&nonce=8da5c882bf&litespeed_type=imgoptm HTTP/1.1" 200 11 "https://www.artdeskstudio.com/wp-admin/admin-ajax.php?action=async_litespeed&nonce=8da5c882bf&litespeed_type=imgoptm" "WordPress/6.1.7; https://www.artdeskstudio.com" "-"
52.167.144.199 - - [21/Dec/2024:00:37:07 +0530] "GET /?p=207345924 HTTP/1.1" 200 451280 "-" "Mozilla/5.0 AppleWebKit/537.36 (KHTML, like Gecko; compatible; bingbot/2.0; +http://www.bing.com/bingbot.htm) Chrome/116.0.1938.76 Safari/537.36" "-"
13.76.137.182 - - [21/Dec/2024:00:37:07 +0530] "GET /wp-admin/css/colors/xmrlpc.php?p= HTTP/1.1" 301 5 "-" "-" "-"
13.76.137.182 - - [21/Dec/2024:00:37:08 +0530] "GET /wp-admin/css/colors/xmrlpc.php HTTP/1.1" 404 81917 "-" "-" "-"
208.109.34.85 - - [21/Dec/2024:00:37:08 +0530] "GET /wp-login.php HTTP/1.1" 200 6005 "-" "Mozilla/5.0 (Windows NT 10.0; Win64; x64) AppleWebKit/537.36 (KHTML, like Gecko) Chrome/130.0.0.0 Safari/537.36" "-"
94.102.51.98 - - [21/Dec/2024:00:37:08 +0530] "POST /wp-json/tdw/save_css HTTP/1.1" 301 252 "-" "curl/7.68.0" "-"
13.76.137.182 - - [21/Dec/2024:00:37:08 +0530] "GET /wp-admin/includes/xmrlpc.php?p= HTTP/1.1" 301 5 "-" "-" "-"
44.215.210.112 - - [21/Dec/2024:00:37:09 +0530] "GET /images/portfolio/20.JPG HTTP/1.1" 200 386866 "-" "Mozilla/5.0 AppleWebKit/537.36 (KHTML, like Gecko; compatible; Amazonbot/0.1; +https://developer.amazon.com/support/amazonbot) Chrome/119.0.6045.214 Safari/537.36" "-"
52.167.144.199 - - [21/Dec/2024:00:37:09 +0530] "GET /?p=47521624 HTTP/1.1" 200 450140 "-" "Mozilla/5.0 AppleWebKit/537.36 (KHTML, like Gecko; compatible; bingbot/2.0; +http://www.bing.com/bingbot.htm) Chrome/116.0.1938.76 Safari/537.36" "-"
208.109.34.85 - - [21/Dec/2024:00:37:09 +0530] "POST /wp-login.php HTTP/1.1" 200 6507 "http://consulting.noahcreatives.com/wp-login.php" "Mozilla/5.0 (Windows NT 10.0; Win64; x64) AppleWebKit/537.36 (KHTML, like Gecko) Chrome/130.0.0.0 Safari/537.36" "-"
13.76.137.182 - - [21/Dec/2024:00:37:09 +0530] "GET /wp-admin/includes/xmrlpc.php HTTP/1.1" 404 81917 "-" "-" "-"
85.208.96.196 - - [21/Dec/2024:00:37:09 +0530] "GET /herbal_details.php?id=MTk%3D HTTP/1.1" 200 21143 "-" "Mozilla/5.0 (compatible; SemrushBot/7~bl; +http://www.semrush.com/bot.html)" "-"
52.167.144.199 - - [21/Dec/2024:00:37:09 +0530] "GET /?p=294130624 HTTP/1.1" 200 457754 "-" "Mozilla/5.0 AppleWebKit/537.36 (KHTML, like Gecko; compatible; bingbot/2.0; +http://www.bing.com/bingbot.htm) Chrome/116.0.1938.76 Safari/537.36" "-"
13.76.137.182 - - [21/Dec/2024:00:37:10 +0530] "GET /wp-admin/css/colors/blue/xmrlpc.php?p= HTTP/1.1" 301 5 "-" "-" "-"
13.76.137.182 - - [21/Dec/2024:00:37:10 +0530] "GET /wp-admin/css/colors/blue/xmrlpc.php HTTP/1.1" 404 81941 "-" "-" "-"
52.71.203.206 - - [21/Dec/2024:00:37:11 +0530] "GET /admin/dynamic_image/course/course1067.octet-stream.php?path=//opt/alt/alt-nodejs20/root/usr/lib/node_modules/npm/node_modules/path-scurry/dist/esm HTTP/1.1" 200 4588 "-" "Mozilla/5.0 AppleWebKit/537.36 (KHTML, like Gecko; compatible; Amazonbot/0.1; +https://developer.amazon.com/support/amazonbot) Chrome/119.0.6045.214 Safari/537.36" "-"
52.167.144.199 - - [21/Dec/2024:00:37:11 +0530] "GET /?p=3573724 HTTP/1.1" 200 453186 "-" "Mozilla/5.0 AppleWebKit/537.36 (KHTML, like Gecko; compatible; bingbot/2.0; +http://www.bing.com/bingbot.htm) Chrome/116.0.1938.76 Safari/537.36" "-"
13.76.137.182 - - [21/Dec/2024:00:37:11 +0530] "GET /wp-admin/xmrlpc.php?p= HTTP/1.1" 301 5 "-" "-" "-"
52.167.144.199 - - [21/Dec/2024:00:37:11 +0530] "GET /?p=69809224 HTTP/1.1" 200 451616 "-" "Mozilla/5.0 AppleWebKit/537.36 (KHTML, like Gecko; compatible; bingbot/2.0; +http://www.bing.com/bingbot.htm) Chrome/116.0.1938.76 Safari/537.36" "-"
13.76.137.182 - - [21/Dec/2024:00:37:12 +0530] "GET /wp-admin/xmrlpc.php HTTP/1.1" 404 81894 "-" "-" "-"
94.228.162.228 - - [21/Dec/2024:00:37:12 +0530] "GET /?rest_route=/ HTTP/1.1" 301 254 "-" "Mozilla/5.0 (X11; Ubuntu; Linux i686 on x86_64) AppleWebKit/537.36 (KHTML, like Gecko) Chrome/56.0.2925.39 Safari/537.36" "-"
94.102.51.98 - - [21/Dec/2024:00:37:12 +0530] "POST /wp-json/tdw/save_css HTTP/1.1" 401 109 "-" "curl/7.68.0" "-"
13.76.137.182 - - [21/Dec/2024:00:37:13 +0530] "GET /403.php HTTP/1.1" 301 5 "-" "-" "-"
13.76.137.182 - - [21/Dec/2024:00:37:13 +0530] "GET /403.php HTTP/1.1" 404 81887 "-" "-" "-"
52.167.144.199 - - [21/Dec/2024:00:37:14 +0530] "GET /?p=334755324 HTTP/1.1" 200 458635 "-" "Mozilla/5.0 AppleWebKit/537.36 (KHTML, like Gecko; compatible; bingbot/2.0; +http://www.bing.com/bingbot.htm) Chrome/116.0.1938.76 Safari/537.36" "-"
44.206.65.8 - - [21/Dec/2024:00:37:14 +0530] "GET /images/portfolio/18.JPG HTTP/1.1" 200 639205 "-" "Mozilla/5.0 AppleWebKit/537.36 (KHTML, like Gecko; compatible; Amazonbot/0.1; +https://developer.amazon.com/support/amazonbot) Chrome/119.0.6045.214 Safari/537.36" "-"
52.167.144.199 - - [21/Dec/2024:00:37:14 +0530] "GET /?p=221001224 HTTP/1.1" 200 458673 "-" "Mozilla/5.0 AppleWebKit/537.36 (KHTML, like Gecko; compatible; bingbot/2.0; +http://www.bing.com/bingbot.htm) Chrome/116.0.1938.76 Safari/537.36" "-"
13.76.137.182 - - [21/Dec/2024:00:37:14 +0530] "GET /css.php HTTP/1.1" 301 5 "-" "-" "-"
98.83.177.42 - - [21/Dec/2024:00:37:14 +0530] "GET /admin/dynamic_image/course/course1067.octet-stream.php?filesrc=//opt/alt/alt-nodejs20/root/usr/lib/node_modules/npm/node_modules/path-scurry/dist/esm/package.json&path=//opt/alt/alt-nodejs20/root/usr/lib/node_modules/npm/node_modules/path-scurry/dist/esm HTTP/1.1" 200 2428 "-" "Mozilla/5.0 AppleWebKit/537.36 (KHTML, like Gecko; compatible; Amazonbot/0.1; +https://developer.amazon.com/support/amazonbot) Chrome/119.0.6045.214 Safari/537.36" "-"
168.119.70.163 - - [21/Dec/2024:00:37:14 +0530] "POST /wp-cron.php?doing_wp_cron=1734721634.5071649551391601562500 HTTP/1.1" 200 5 "-" "WordPress/6.7.1; https://noahco.in" "-"
13.76.137.182 - - [21/Dec/2024:00:37:15 +0530] "GET /css.php HTTP/1.1" 404 81894 "-" "-" "-"
168.119.70.163 - - [21/Dec/2024:00:37:15 +0530] "POST /wp-cron.php?doing_wp_cron=1734721634.9753580093383789062500 HTTP/1.1" 200 5 "-" "WordPress/6.7.1; https://noahco.in" "-"
200.98.169.72 - - [21/Dec/2024:00:37:15 +0530] "GET /wp-login.php HTTP/1.1" 200 6128 "-" "Mozilla/5.0 (Windows NT 10.0; Win64; x64) AppleWebKit/537.36 (KHTML, like Gecko) Chrome/130.0.0.0 Safari/537.36" "-"
13.76.137.182 - - [21/Dec/2024:00:37:16 +0530] "GET /simple.php HTTP/1.1" 301 5 "-" "-" "-"
52.167.144.199 - - [21/Dec/2024:00:37:16 +0530] "GET /?p=237083424 HTTP/1.1" 200 464057 "-" "Mozilla/5.0 AppleWebKit/537.36 (KHTML, like Gecko; compatible; bingbot/2.0; +http://www.bing.com/bingbot.htm) Chrome/116.0.1938.76 Safari/537.36" "-"
52.167.144.199 - - [21/Dec/2024:00:37:16 +0530] "GET /?p=110546224 HTTP/1.1" 200 457078 "-" "Mozilla/5.0 AppleWebKit/537.36 (KHTML, like Gecko; compatible; bingbot/2.0; +http://www.bing.com/bingbot.htm) Chrome/116.0.1938.76 Safari/537.36" "-"
13.76.137.182 - - [21/Dec/2024:00:37:16 +0530] "GET /simple.php HTTP/1.1" 404 81918 "-" "-" "-"
3.213.46.222 - - [21/Dec/2024:00:37:17 +0530] "GET /images/portfolio/17.JPG HTTP/1.1" 200 368117 "-" "Mozilla/5.0 AppleWebKit/537.36 (KHTML, like Gecko; compatible; Amazonbot/0.1; +https://developer.amazon.com/support/amazonbot) Chrome/119.0.6045.214 Safari/537.36" "-"
66.249.74.68 - - [21/Dec/2024:00:37:17 +0530] "GET /?i=4426374 HTTP/1.1" 500 7309 "-" "Mozilla/5.0 (Linux; Android 6.0.1; Nexus 5X Build/MMB29P) AppleWebKit/537.36 (KHTML, like Gecko) Chrome/131.0.6778.85 Mobile Safari/537.36 (compatible; Googlebot/2.1; +http://www.google.com/bot.html)" "-"
13.76.137.182 - - [21/Dec/2024:00:37:17 +0530] "GET /log.php HTTP/1.1" 301 5 "-" "-" "-"
52.167.144.228 - - [21/Dec/2024:00:37:17 +0530] "GET /?p=225046924 HTTP/1.1" 200 458650 "-" "Mozilla/5.0 AppleWebKit/537.36 (KHTML, like Gecko; compatible; bingbot/2.0; +http://www.bing.com/bingbot.htm) Chrome/116.0.1938.76 Safari/537.36" "-"
200.98.169.72 - - [21/Dec/2024:00:37:17 +0530] "POST /wp-login.php HTTP/1.1" 200 6484 "http://consulting.noahcreatives.com/wp-login.php" "Mozilla/5.0 (Windows NT 10.0; Win64; x64) AppleWebKit/537.36 (KHTML, like Gecko) Chrome/130.0.0.0 Safari/537.36" "-"
13.76.137.182 - - [21/Dec/2024:00:37:18 +0530] "GET /log.php HTTP/1.1" 404 81886 "-" "-" "-"
66.249.66.194 - - [21/Dec/2024:00:37:18 +0530] "GET /index.html HTTP/1.1" 404 105878 "-" "Mozilla/5.0 (Linux; Android 6.0.1; Nexus 5X Build/MMB29P) AppleWebKit/537.36 (KHTML, like Gecko) Chrome/131.0.6778.85 Mobile Safari/537.36 (compatible; Googlebot/2.1; +http://www.google.com/bot.html)" "-"
52.167.144.230 - - [21/Dec/2024:00:37:18 +0530] "GET /?d=141601663 HTTP/1.1" 200 456667 "-" "Mozilla/5.0 AppleWebKit/537.36 (KHTML, like Gecko; compatible; bingbot/2.0; +http://www.bing.com/bingbot.htm) Chrome/116.0.1938.76 Safari/537.36" "-"
54.86.59.155 - - [21/Dec/2024:00:37:18 +0530] "GET /admin/dynamic_image/course/course1067.octet-stream.php?filesrc=//opt/alt/alt-nodejs20/root/usr/lib/node_modules/npm/node_modules/path-scurry/dist/esm/index.js&path=//opt/alt/alt-nodejs20/root/usr/lib/node_modules/npm/node_modules/path-scurry/dist/esm HTTP/1.1" 200 68447 "-" "Mozilla/5.0 AppleWebKit/537.36 (KHTML, like Gecko; compatible; Amazonbot/0.1; +https://developer.amazon.com/support/amazonbot) Chrome/119.0.6045.214 Safari/537.36" "-"
52.167.144.199 - - [21/Dec/2024:00:37:18 +0530] "GET /?p=322475624 HTTP/1.1" 200 456950 "-" "Mozilla/5.0 AppleWebKit/537.36 (KHTML, like Gecko; compatible; bingbot/2.0; +http://www.bing.com/bingbot.htm) Chrome/116.0.1938.76 Safari/537.36" "-"
52.167.144.199 - - [21/Dec/2024:00:37:18 +0530] "GET /?p=250833824 HTTP/1.1" 200 453873 "-" "Mozilla/5.0 AppleWebKit/537.36 (KHTML, like Gecko; compatible; bingbot/2.0; +http://www.bing.com/bingbot.htm) Chrome/116.0.1938.76 Safari/537.36" "-"
13.76.137.182 - - [21/Dec/2024:00:37:18 +0530] "GET /index.php HTTP/1.1" 301 5 "-" "-" "-"
13.76.137.182 - - [21/Dec/2024:00:37:20 +0530] "GET / HTTP/1.1" 200 109874 "-" "-" "-"
3.213.46.222 - - [21/Dec/2024:00:37:20 +0530] "GET /images/portfolio/16.JPG HTTP/1.1" 200 454978 "-" "Mozilla/5.0 AppleWebKit/537.36 (KHTML, like Gecko; compatible; Amazonbot/0.1; +https://developer.amazon.com/support/amazonbot) Chrome/119.0.6045.214 Safari/537.36" "-"
52.167.144.199 - - [21/Dec/2024:00:37:20 +0530] "GET /?p=312482724 HTTP/1.1" 200 453272 "-" "Mozilla/5.0 AppleWebKit/537.36 (KHTML, like Gecko; compatible; bingbot/2.0; +http://www.bing.com/bingbot.htm) Chrome/116.0.1938.76 Safari/537.36" "-"
52.167.144.199 - - [21/Dec/2024:00:37:21 +0530] "GET /?p=300597724 HTTP/1.1" 200 452479 "-" "Mozilla/5.0 AppleWebKit/537.36 (KHTML, like Gecko; compatible; bingbot/2.0; +http://www.bing.com/bingbot.htm) Chrome/116.0.1938.76 Safari/537.36" "-"
152.228.180.137 - - [21/Dec/2024:00:37:21 +0530] "GET /wp-login.php HTTP/1.1" 200 6073 "-" "Mozilla/5.0 (Windows NT 10.0; Win64; x64) AppleWebKit/537.36 (KHTML, like Gecko) Chrome/130.0.0.0 Safari/537.36" "-"
13.76.137.182 - - [21/Dec/2024:00:37:21 +0530] "GET /mail.php HTTP/1.1" 301 5 "-" "-" "-"
152.228.180.137 - - [21/Dec/2024:00:37:21 +0530] "POST /wp-login.php HTTP/1.1" 200 6519 "http://consulting.noahcreatives.com/wp-login.php" "Mozilla/5.0 (Windows NT 10.0; Win64; x64) AppleWebKit/537.36 (KHTML, like Gecko) Chrome/130.0.0.0 Safari/537.36" "-"
13.76.137.182 - - [21/Dec/2024:00:37:22 +0530] "GET /mail.php HTTP/1.1" 404 81894 "-" "-" "-"
94.102.51.98 - - [21/Dec/2024:00:37:22 +0530] "POST /wp-json/tdw/save_css HTTP/1.1" 301 252 "-" "curl/7.68.0" "-"
13.76.137.182 - - [21/Dec/2024:00:37:22 +0530] "GET /bak.php HTTP/1.1" 301 5 "-" "-" "-"
18.213.102.186 - - [21/Dec/2024:00:37:22 +0530] "GET /admin/dynamic_image/course/course1067.octet-stream.php?path=//opt/alt/alt-nodejs20/root/usr/lib/node_modules/npm/node_modules/path-scurry/dist/commonjs HTTP/1.1" 200 4633 "-" "Mozilla/5.0 AppleWebKit/537.36 (KHTML, like Gecko; compatible; Amazonbot/0.1; +https://developer.amazon.com/support/amazonbot) Chrome/119.0.6045.214 Safari/537.36" "-"
127.0.0.1 - - [21/Dec/2024:00:37:22 +0530] "GET /wordpress/wp-admin/setup-config.php HTTP/1.1" 404 315 "-" "Mozilla/5.0 (Windows NT 10.0; Win64; x64) AppleWebKit/537.36 (KHTML, like Gecko) Chrome/131.0.0.0 Safari/537.36" "2a06:98c0:3600::103, 172.71.131.96"
13.76.137.182 - - [21/Dec/2024:00:37:23 +0530] "GET /bak.php HTTP/1.1" 404 81933 "-" "-" "-"
52.167.144.199 - - [21/Dec/2024:00:37:23 +0530] "GET /?p=220093124 HTTP/1.1" 200 451230 "-" "Mozilla/5.0 AppleWebKit/537.36 (KHTML, like Gecko; compatible; bingbot/2.0; +http://www.bing.com/bingbot.htm) Chrome/116.0.1938.76 Safari/537.36" "-"
52.167.144.199 - - [21/Dec/2024:00:37:23 +0530] "GET /?p=300723724 HTTP/1.1" 200 462574 "-" "Mozilla/5.0 AppleWebKit/537.36 (KHTML, like Gecko; compatible; bingbot/2.0; +http://www.bing.com/bingbot.htm) Chrome/116.0.1938.76 Safari/537.36" "-"
31.186.172.143 - - [21/Dec/2024:00:37:23 +0530] "POST /xmlrpc.php HTTP/1.1" 200 413 "-" "Mozilla/5.0 (X11; Fedora; Linux x86_64; rv:89.0) Gecko/20100101 Firefox/89.0" "-"
13.76.137.182 - - [21/Dec/2024:00:37:24 +0530] "GET /upfile.php HTTP/1.1" 301 5 "-" "-" "-"
94.102.51.98 - - [21/Dec/2024:00:37:24 +0530] "POST /wp-json/tdw/save_css HTTP/1.1" 200 5 "-" "curl/7.68.0" "-"
13.76.137.182 - - [21/Dec/2024:00:37:25 +0530] "GET /upfile.php HTTP/1.1" 404 81887 "-" "-" "-"
35.153.86.200 - - [21/Dec/2024:00:37:25 +0530] "GET /images/portfolio/15.JPG HTTP/1.1" 200 478562 "-" "Mozilla/5.0 AppleWebKit/537.36 (KHTML, like Gecko; compatible; Amazonbot/0.1; +https://developer.amazon.com/support/amazonbot) Chrome/119.0.6045.214 Safari/537.36" "-"
127.0.0.1 - - [21/Dec/2024:00:37:25 +0530] "POST /wp-cron.php?doing_wp_cron=1734721644.6855800151824951171875 HTTP/1.1" 200 5 "-" "WordPress/6.7.1; https://www.targetfx.com" "168.119.70.163, 172.71.172.122"
127.0.0.1 - - [21/Dec/2024:00:37:25 +0530] "GET /who-we-are/ HTTP/1.1" 200 100634 "-" "Mozilla/5.0 (Windows NT 10.0; Win64; x64) AppleWebKit/537.36 (KHTML, like Gecko) Chrome/131.0.0.0 Safari/537.36 Edg/131.0.0.0" "2405:201:601b:b8d7:851:32d9:5623:dee9, 172.68.242.123"
52.167.144.199 - - [21/Dec/2024:00:37:25 +0530] "GET /?p=79254624 HTTP/1.1" 200 453945 "-" "Mozilla/5.0 AppleWebKit/537.36 (KHTML, like Gecko; compatible; bingbot/2.0; +http://www.bing.com/bingbot.htm) Chrome/116.0.1938.76 Safari/537.36" "-"
13.76.137.182 - - [21/Dec/2024:00:37:25 +0530] "GET /wp-conflg.php HTTP/1.1" 301 5 "-" "-" "-"
52.167.144.199 - - [21/Dec/2024:00:37:26 +0530] "GET /?p=35896724 HTTP/1.1" 200 449356 "-" "Mozilla/5.0 AppleWebKit/537.36 (KHTML, like Gecko; compatible; bingbot/2.0; +http://www.bing.com/bingbot.htm) Chrome/116.0.1938.76 Safari/537.36" "-"
127.0.0.1 - - [21/Dec/2024:00:37:26 +0530] "GET /wp-content/uploads/elementor/css/post-471.css?ver=1726664465 HTTP/1.1" 304 0 "-" "Mozilla/5.0 (Windows NT 10.0; Win64; x64) AppleWebKit/537.36 (KHTML, like Gecko) Chrome/131.0.0.0 Safari/537.36 Edg/131.0.0.0" "2405:201:601b:b8d7:851:32d9:5623:dee9, 172.71.144.36"
127.0.0.1 - - [21/Dec/2024:00:37:26 +0530] "GET /wp-content/uploads/2024/05/Who-we-are-1.png HTTP/1.1" 304 0 "-" "Mozilla/5.0 (Windows NT 10.0; Win64; x64) AppleWebKit/537.36 (KHTML, like Gecko) Chrome/131.0.0.0 Safari/537.36 Edg/131.0.0.0" "2405:201:601b:b8d7:851:32d9:5623:dee9, 172.71.164.140"
208.109.235.146 - - [21/Dec/2024:00:37:26 +0530] "GET /wp-login.php HTTP/1.1" 200 6129 "-" "Mozilla/5.0 (Windows NT 10.0; Win64; x64) AppleWebKit/537.36 (KHTML, like Gecko) Chrome/130.0.0.0 Safari/537.36" "-"
127.0.0.1 - - [21/Dec/2024:00:37:26 +0530] "GET /wp-content/uploads/2024/04/CTA_girl_image.png HTTP/1.1" 304 0 "-" "Mozilla/5.0 (Windows NT 10.0; Win64; x64) AppleWebKit/537.36 (KHTML, like Gecko) Chrome/131.0.0.0 Safari/537.36 Edg/131.0.0.0" "2405:201:601b:b8d7:851:32d9:5623:dee9, 172.71.164.46"
13.76.137.182 - - [21/Dec/2024:00:37:26 +0530] "GET /wp-conflg.php HTTP/1.1" 404 81879 "-" "-" "-"
168.119.70.163 - - [21/Dec/2024:00:37:26 +0530] "POST /wp-cron.php?doing_wp_cron=1734721645.7492570877075195312500 HTTP/1.1" 499 0 "-" "WordPress/6.3.5; https://www.yesyouarethewinner.com" "-"
208.109.235.146 - - [21/Dec/2024:00:37:27 +0530] "POST /wp-login.php HTTP/1.1" 200 6458 "http://consulting.noahcreatives.com/wp-login.php" "Mozilla/5.0 (Windows NT 10.0; Win64; x64) AppleWebKit/537.36 (KHTML, like Gecko) Chrome/130.0.0.0 Safari/537.36" "-"
35.169.240.53 - - [21/Dec/2024:00:37:27 +0530] "GET /admin/dynamic_image/course/course1067.octet-stream.php?filesrc=//opt/alt/alt-nodejs20/root/usr/lib/node_modules/npm/node_modules/path-scurry/dist/commonjs/package.json&path=//opt/alt/alt-nodejs20/root/usr/lib/node_modules/npm/node_modules/path-scurry/dist/commonjs HTTP/1.1" 200 2445 "-" "Mozilla/5.0 AppleWebKit/537.36 (KHTML, like Gecko; compatible; Amazonbot/0.1; +https://developer.amazon.com/support/amazonbot) Chrome/119.0.6045.214 Safari/537.36" "-"
13.76.137.182 - - [21/Dec/2024:00:37:27 +0530] "GET /bypass.php HTTP/1.1" 301 5 "-" "-" "-"
52.167.144.22 - - [21/Dec/2024:00:37:27 +0530] "GET /?p=25078424 HTTP/1.1" 200 472448 "-" "Mozilla/5.0 AppleWebKit/537.36 (KHTML, like Gecko; compatible; bingbot/2.0; +http://www.bing.com/bingbot.htm) Chrome/116.0.1938.76 Safari/537.36" "-"
13.76.137.182 - - [21/Dec/2024:00:37:28 +0530] "GET /bypass.php HTTP/1.1" 404 81887 "-" "-" "-"
52.167.144.199 - - [21/Dec/2024:00:37:28 +0530] "GET /?p=172151124 HTTP/1.1" 200 449856 "-" "Mozilla/5.0 AppleWebKit/537.36 (KHTML, like Gecko; compatible; bingbot/2.0; +http://www.bing.com/bingbot.htm) Chrome/116.0.1938.76 Safari/537.36" "-"
52.167.144.199 - - [21/Dec/2024:00:37:28 +0530] "GET /?p=22112024 HTTP/1.1" 200 458549 "-" "Mozilla/5.0 AppleWebKit/537.36 (KHTML, like Gecko; compatible; bingbot/2.0; +http://www.bing.com/bingbot.htm) Chrome/116.0.1938.76 Safari/537.36" "-"
104.244.75.151 - - [21/Dec/2024:00:37:28 +0530] "GET /wp-login.php HTTP/1.1" 200 0 "-" "Mozilla/5.0 (Windows NT 6.3; WOW64) AppleWebKit/537.36 (KHTML, like Gecko) Chrome/35.0.1916.153 Safari/537.36" "-"
66.249.74.68 - - [21/Dec/2024:00:37:28 +0530] "GET /?i=145157474 HTTP/1.1" 500 7309 "-" "Mozilla/5.0 (Linux; Android 6.0.1; Nexus 5X Build/MMB29P) AppleWebKit/537.36 (KHTML, like Gecko) Chrome/131.0.6778.85 Mobile Safari/537.36 (compatible; Googlebot/2.1; +http://www.google.com/bot.html)" "-"
13.76.137.182 - - [21/Dec/2024:00:37:28 +0530] "GET /404.php HTTP/1.1" 301 5 "-" "-" "-"
127.0.0.1 - - [21/Dec/2024:00:37:28 +0530] "GET /wp-content/uploads/2024/04/main-tab-bg.png HTTP/1.1" 304 0 "https://www.targetfx.com/who-we-are/" "Mozilla/5.0 (Windows NT 10.0; Win64; x64) AppleWebKit/537.36 (KHTML, like Gecko) Chrome/131.0.0.0 Safari/537.36 Edg/131.0.0.0" "2405:201:601b:b8d7:851:32d9:5623:dee9, 172.71.164.184"
176.65.243.162 - - [21/Dec/2024:00:37:29 +0530] "GET /wp-login.php HTTP/1.1" 200 6074 "-" "Mozilla/5.0 (Windows NT 10.0; Win64; x64) AppleWebKit/537.36 (KHTML, like Gecko) Chrome/130.0.0.0 Safari/537.36" "-"
23.21.250.48 - - [21/Dec/2024:00:37:29 +0530] "GET /images/portfolio/14.JPG HTTP/1.1" 200 327107 "-" "Mozilla/5.0 AppleWebKit/537.36 (KHTML, like Gecko; compatible; Amazonbot/0.1; +https://developer.amazon.com/support/amazonbot) Chrome/119.0.6045.214 Safari/537.36" "-"
13.76.137.182 - - [21/Dec/2024:00:37:29 +0530] "GET /404.php HTTP/1.1" 404 81894 "-" "-" "-"
198.235.24.152 - - [21/Dec/2024:00:37:29 +0530] "GET /cgi-sys/defaultwebpage.cgi HTTP/1.1" 301 162 "-" "Expanse, a Palo Alto Networks company, searches across the global IPv4 space multiple times per day to identify customers' presences on the Internet. If you would like to be excluded from our scans, please send IP addresses/domains to: scaninfo@paloaltonetworks.com" "-"
176.65.243.162 - - [21/Dec/2024:00:37:29 +0530] "POST /wp-login.php HTTP/1.1" 200 6471 "http://consulting.noahcreatives.com/wp-login.php" "Mozilla/5.0 (Windows NT 10.0; Win64; x64) AppleWebKit/537.36 (KHTML, like Gecko) Chrome/130.0.0.0 Safari/537.36" "-"
52.167.144.22 - - [21/Dec/2024:00:37:29 +0530] "GET /?p=227671624 HTTP/1.1" 200 449820 "-" "Mozilla/5.0 AppleWebKit/537.36 (KHTML, like Gecko; compatible; bingbot/2.0; +http://www.bing.com/bingbot.htm) Chrome/116.0.1938.76 Safari/537.36" "-"
198.235.24.152 - - [21/Dec/2024:00:37:30 +0530] "GET /cgi-sys/defaultwebpage.cgi HTTP/1.1" 200 7019 "http://168.119.70.163:80/cgi-sys/defaultwebpage.cgi" "Expanse, a Palo Alto Networks company, searches across the global IPv4 space multiple times per day to identify customers' presences on the Internet. If you would like to be excluded from our scans, please send IP addresses/domains to: scaninfo@paloaltonetworks.com" "-"
13.76.137.182 - - [21/Dec/2024:00:37:30 +0530] "GET /radio.php HTTP/1.1" 301 5 "-" "-" "-"
18.205.127.11 - - [21/Dec/2024:00:37:30 +0530] "GET /admin/dynamic_image/course/course1067.octet-stream.php?filesrc=//opt/alt/alt-nodejs20/root/usr/lib/node_modules/npm/node_modules/path-scurry/dist/commonjs/index.js&path=//opt/alt/alt-nodejs20/root/usr/lib/node_modules/npm/node_modules/path-scurry/dist/commonjs HTTP/1.1" 200 70422 "-" "Mozilla/5.0 AppleWebKit/537.36 (KHTML, like Gecko; compatible; Amazonbot/0.1; +https://developer.amazon.com/support/amazonbot) Chrome/119.0.6045.214 Safari/537.36" "-"
52.167.144.199 - - [21/Dec/2024:00:37:30 +0530] "GET /?p=341415924 HTTP/1.1" 200 455569 "-" "Mozilla/5.0 AppleWebKit/537.36 (KHTML, like Gecko; compatible; bingbot/2.0; +http://www.bing.com/bingbot.htm) Chrome/116.0.1938.76 Safari/537.36" "-"
217.113.194.222 - - [21/Dec/2024:00:37:30 +0530] "GET /blog/change-your-place-and-get-the-fresh-air/?replytocom=2267 HTTP/1.1" 200 39527 "-" "Mozilla/5.0 (compatible; Barkrowler/0.9; +https://babbar.tech/crawler)" "-"
127.0.0.1 - - [21/Dec/2024:00:37:30 +0530] "POST /wp-admin/admin-ajax.php HTTP/1.1" 200 11 "-" "Mozilla/5.0 (Windows NT 10.0; Win64; x64) AppleWebKit/537.36 (KHTML, like Gecko) Chrome/131.0.0.0 Safari/537.36 Edg/131.0.0.0" "2405:201:601b:b8d7:851:32d9:5623:dee9, 172.68.242.123"
13.76.137.182 - - [21/Dec/2024:00:37:31 +0530] "GET /radio.php HTTP/1.1" 404 81909 "-" "-" "-"
52.167.144.199 - - [21/Dec/2024:00:37:31 +0530] "GET /?p=178436424 HTTP/1.1" 200 456209 "-" "Mozilla/5.0 AppleWebKit/537.36 (KHTML, like Gecko; compatible; bingbot/2.0; +http://www.bing.com/bingbot.htm) Chrome/116.0.1938.76 Safari/537.36" "-"
13.76.137.182 - - [21/Dec/2024:00:37:31 +0530] "GET /xmrlpc.php HTTP/1.1" 301 5 "-" "-" "-"
80.74.146.65 - - [21/Dec/2024:00:37:31 +0530] "POST /xmlrpc.php HTTP/1.1" 200 458 "-" "Mozilla/5.0 (X11; Fedora; Linux x86_64; rv:89.0) Gecko/20100101 Firefox/89.0" "-"
52.167.144.22 - - [21/Dec/2024:00:37:32 +0530] "GET /?p=87220324 HTTP/1.1" 200 463121 "-" "Mozilla/5.0 AppleWebKit/537.36 (KHTML, like Gecko; compatible; bingbot/2.0; +http://www.bing.com/bingbot.htm) Chrome/116.0.1938.76 Safari/537.36" "-"
188.245.87.15 - - [21/Dec/2024:00:37:32 +0530] "GET / HTTP/1.1" 200 49285 "-" "Mozilla/5.0 (compatible; MatchorySearch/1.3; +https://www.matchory.com)" "-"
13.76.137.182 - - [21/Dec/2024:00:37:32 +0530] "GET /xmrlpc.php HTTP/1.1" 404 81917 "-" "-" "-"
52.167.144.199 - - [21/Dec/2024:00:37:32 +0530] "GET /?p=51364024 HTTP/1.1" 200 452541 "-" "Mozilla/5.0 AppleWebKit/537.36 (KHTML, like Gecko; compatible; bingbot/2.0; +http://www.bing.com/bingbot.htm) Chrome/116.0.1938.76 Safari/537.36" "-"
52.167.144.199 - - [21/Dec/2024:00:37:33 +0530] "GET /?p=68954324 HTTP/1.1" 200 456530 "-" "Mozilla/5.0 AppleWebKit/537.36 (KHTML, like Gecko; compatible; bingbot/2.0; +http://www.bing.com/bingbot.htm) Chrome/116.0.1938.76 Safari/537.36" "-"
52.202.233.37 - - [21/Dec/2024:00:37:33 +0530] "GET /images/14.jpg HTTP/1.1" 200 330871 "-" "Mozilla/5.0 AppleWebKit/537.36 (KHTML, like Gecko; compatible; Amazonbot/0.1; +https://developer.amazon.com/support/amazonbot) Chrome/119.0.6045.214 Safari/537.36" "-"
188.245.87.15 - - [21/Dec/2024:00:37:33 +0530] "GET /quality.php HTTP/1.1" 200 16813 "-" "Mozilla/5.0 (compatible; MatchorySearch/1.3; +https://www.matchory.com)" "-"
127.0.0.1 - - [21/Dec/2024:00:37:33 +0530] "GET /wp-content/themes/targetfx/assets/images/banner-text-bg.png HTTP/1.1" 304 0 "-" "Mozilla/5.0 (Windows NT 10.0; Win64; x64) AppleWebKit/537.36 (KHTML, like Gecko) Chrome/131.0.0.0 Safari/537.36 Edg/131.0.0.0" "2405:201:601b:b8d7:851:32d9:5623:dee9, 172.70.247.108"
13.76.137.182 - - [21/Dec/2024:00:37:33 +0530] "GET /ae.php HTTP/1.1" 301 5 "-" "-" "-"
13.76.137.182 - - [21/Dec/2024:00:37:33 +0530] "GET /ae.php HTTP/1.1" 404 81917 "-" "-" "-"
188.245.87.15 - - [21/Dec/2024:00:37:34 +0530] "GET /index.php HTTP/1.1" 200 49293 "-" "Mozilla/5.0 (compatible; MatchorySearch/1.3; +https://www.matchory.com)" "-"
185.62.87.185 - - [21/Dec/2024:00:37:34 +0530] "GET /wp-login.php HTTP/1.1" 200 6060 "-" "Mozilla/5.0 (Windows NT 10.0; Win64; x64) AppleWebKit/537.36 (KHTML, like Gecko) Chrome/130.0.0.0 Safari/537.36" "-"
52.167.144.22 - - [21/Dec/2024:00:37:34 +0530] "GET /?p=4428424 HTTP/1.1" 200 461233 "-" "Mozilla/5.0 AppleWebKit/537.36 (KHTML, like Gecko; compatible; bingbot/2.0; +http://www.bing.com/bingbot.htm) Chrome/116.0.1938.76 Safari/537.36" "-"
13.76.137.182 - - [21/Dec/2024:00:37:34 +0530] "GET /moon.php HTTP/1.1" 301 5 "-" "-" "-"
52.167.144.199 - - [21/Dec/2024:00:37:34 +0530] "GET /?p=56889624 HTTP/1.1" 200 454245 "-" "Mozilla/5.0 AppleWebKit/537.36 (KHTML, like Gecko; compatible; bingbot/2.0; +http://www.bing.com/bingbot.htm) Chrome/116.0.1938.76 Safari/537.36" "-"
18.208.11.93 - - [21/Dec/2024:00:37:34 +0530] "GET /admin/dynamic_image/course/course1067.octet-stream.php?path=//opt/alt/alt-nodejs20/root/usr/lib/node_modules/npm/node_modules/path-key HTTP/1.1" 200 5189 "-" "Mozilla/5.0 AppleWebKit/537.36 (KHTML, like Gecko; compatible; Amazonbot/0.1; +https://developer.amazon.com/support/amazonbot) Chrome/119.0.6045.214 Safari/537.36" "-"
188.245.87.15 - - [21/Dec/2024:00:37:35 +0530] "GET /gallery.php HTTP/1.1" 200 77665 "-" "Mozilla/5.0 (compatible; MatchorySearch/1.3; +https://www.matchory.com)" "-"
13.76.137.182 - - [21/Dec/2024:00:37:35 +0530] "GET /moon.php HTTP/1.1" 404 81925 "-" "-" "-"
188.245.87.15 - - [21/Dec/2024:00:37:36 +0530] "GET /contact.php HTTP/1.1" 200 21460 "-" "Mozilla/5.0 (compatible; MatchorySearch/1.3; +https://www.matchory.com)" "-"
185.62.87.185 - - [21/Dec/2024:00:37:36 +0530] "POST /wp-login.php HTTP/1.1" 200 6530 "http://consulting.noahcreatives.com/wp-login.php" "Mozilla/5.0 (Windows NT 10.0; Win64; x64) AppleWebKit/537.36 (KHTML, like Gecko) Chrome/130.0.0.0 Safari/537.36" "-"
13.76.137.182 - - [21/Dec/2024:00:37:36 +0530] "GET /blog.php HTTP/1.1" 301 5 "-" "-" "-"
94.102.51.98 - - [21/Dec/2024:00:37:36 +0530] "POST /wp-json/tdw/save_css HTTP/1.1" 401 109 "-" "curl/7.68.0" "-"
13.76.137.182 - - [21/Dec/2024:00:37:36 +0530] "GET /blog.php HTTP/1.1" 404 81887 "-" "-" "-"
188.245.87.15 - - [21/Dec/2024:00:37:37 +0530] "GET /infracture.php HTTP/1.1" 200 23481 "-" "Mozilla/5.0 (compatible; MatchorySearch/1.3; +https://www.matchory.com)" "-"
52.167.144.199 - - [21/Dec/2024:00:37:37 +0530] "GET /?p=336039624 HTTP/1.1" 200 451866 "-" "Mozilla/5.0 AppleWebKit/537.36 (KHTML, like Gecko; compatible; bingbot/2.0; +http://www.bing.com/bingbot.htm) Chrome/116.0.1938.76 Safari/537.36" "-"
18.205.213.231 - - [21/Dec/2024:00:37:37 +0530] "GET /images/l2.jpg HTTP/1.1" 200 372343 "-" "Mozilla/5.0 AppleWebKit/537.36 (KHTML, like Gecko; compatible; Amazonbot/0.1; +https://developer.amazon.com/support/amazonbot) Chrome/119.0.6045.214 Safari/537.36" "-"
13.76.137.182 - - [21/Dec/2024:00:37:37 +0530] "GET /themes.php HTTP/1.1" 301 5 "-" "-" "-"
188.245.87.15 - - [21/Dec/2024:00:37:38 +0530] "GET /1121-creamy-sella-basmati-rice.php HTTP/1.1" 200 18012 "-" "Mozilla/5.0 (compatible; MatchorySearch/1.3; +https://www.matchory.com)" "-"
13.76.137.182 - - [21/Dec/2024:00:37:38 +0530] "GET /themes.php HTTP/1.1" 404 81894 "-" "-" "-"
100.29.34.97 - - [21/Dec/2024:00:37:38 +0530] "GET /admin/dynamic_image/course/course1067.octet-stream.php?filesrc=//opt/alt/alt-nodejs20/root/usr/lib/node_modules/npm/node_modules/path-key/package.json&path=//opt/alt/alt-nodejs20/root/usr/lib/node_modules/npm/node_modules/path-key HTTP/1.1" 200 3268 "-" "Mozilla/5.0 AppleWebKit/537.36 (KHTML, like Gecko; compatible; Amazonbot/0.1; +https://developer.amazon.com/support/amazonbot) Chrome/119.0.6045.214 Safari/537.36" "-"
52.167.144.228 - - [21/Dec/2024:00:37:38 +0530] "GET /?p=80504024 HTTP/1.1" 200 459305 "-" "Mozilla/5.0 AppleWebKit/537.36 (KHTML, like Gecko; compatible; bingbot/2.0; +http://www.bing.com/bingbot.htm) Chrome/116.0.1938.76 Safari/537.36" "-"
13.76.137.182 - - [21/Dec/2024:00:37:38 +0530] "GET /ini.php HTTP/1.1" 301 5 "-" "-" "-"
188.245.87.15 - - [21/Dec/2024:00:37:39 +0530] "GET /golden-sella-basmati-rice.php HTTP/1.1" 200 18014 "-" "Mozilla/5.0 (compatible; MatchorySearch/1.3; +https://www.matchory.com)" "-"
52.167.144.199 - - [21/Dec/2024:00:37:39 +0530] "GET /?p=174809224 HTTP/1.1" 200 454910 "-" "Mozilla/5.0 AppleWebKit/537.36 (KHTML, like Gecko; compatible; bingbot/2.0; +http://www.bing.com/bingbot.htm) Chrome/116.0.1938.76 Safari/537.36" "-"
66.249.74.68 - - [21/Dec/2024:00:37:39 +0530] "GET /?i=334522974 HTTP/1.1" 500 7309 "-" "Mozilla/5.0 (Linux; Android 6.0.1; Nexus 5X Build/MMB29P) AppleWebKit/537.36 (KHTML, like Gecko) Chrome/131.0.6778.85 Mobile Safari/537.36 (compatible; Googlebot/2.1; +http://www.google.com/bot.html)" "-"
13.76.137.182 - - [21/Dec/2024:00:37:39 +0530] "GET /ini.php HTTP/1.1" 404 81909 "-" "-" "-"
173.236.202.240 - - [21/Dec/2024:00:37:39 +0530] "GET /wp-login.php HTTP/1.1" 200 6067 "-" "Mozilla/5.0 (Windows NT 10.0; Win64; x64) AppleWebKit/537.36 (KHTML, like Gecko) Chrome/130.0.0.0 Safari/537.36" "-"
13.76.137.182 - - [21/Dec/2024:00:37:40 +0530] "GET /as.php HTTP/1.1" 301 5 "-" "-" "-"
188.245.87.15 - - [21/Dec/2024:00:37:40 +0530] "GET /steam-basmati-rice.php HTTP/1.1" 200 17602 "-" "Mozilla/5.0 (compatible; MatchorySearch/1.3; +https://www.matchory.com)" "-"
57.141.0.23 - - [21/Dec/2024:00:37:40 +0530] "GET /mustard-oil.php HTTP/1.1" 200 18127 "-" "meta-externalagent/1.1 (+https://developers.facebook.com/docs/sharing/webmasters/crawler)" "-"
114.119.156.122 - - [21/Dec/2024:00:37:40 +0530] "GET /membership HTTP/1.1" 200 11153 "http://www.gurukirti.com/about-us" "Mozilla/5.0 (Linux; Android 7.0;) AppleWebKit/537.36 (KHTML, like Gecko) Mobile Safari/537.36 (compatible; PetalBot;+https://webmaster.petalsearch.com/site/petalbot)" "10.179.80.105"
13.76.137.182 - - [21/Dec/2024:00:37:40 +0530] "GET /as.php HTTP/1.1" 404 81909 "-" "-" "-"
173.236.202.240 - - [21/Dec/2024:00:37:41 +0530] "POST /wp-login.php HTTP/1.1" 200 6502 "http://consulting.noahcreatives.com/wp-login.php" "Mozilla/5.0 (Windows NT 10.0; Win64; x64) AppleWebKit/537.36 (KHTML, like Gecko) Chrome/130.0.0.0 Safari/537.36" "-"
3.230.224.6 - - [21/Dec/2024:00:37:41 +0530] "GET /images/l3.jpg HTTP/1.1" 200 449962 "-" "Mozilla/5.0 AppleWebKit/537.36 (KHTML, like Gecko; compatible; Amazonbot/0.1; +https://developer.amazon.com/support/amazonbot) Chrome/119.0.6045.214 Safari/537.36" "-"
188.245.87.15 - - [21/Dec/2024:00:37:41 +0530] "GET /pusa-creamy-sella-basmati-rice.php HTTP/1.1" 200 18015 "-" "Mozilla/5.0 (compatible; MatchorySearch/1.3; +https://www.matchory.com)" "-"
66.249.74.68 - - [21/Dec/2024:00:37:41 +0530] "GET /?i=209882674 HTTP/1.1" 500 7309 "-" "Mozilla/5.0 (Linux; Android 6.0.1; Nexus 5X Build/MMB29P) AppleWebKit/537.36 (KHTML, like Gecko) Chrome/131.0.6778.85 Mobile Safari/537.36 (compatible; Googlebot/2.1; +http://www.google.com/bot.html)" "-"
185.191.171.18 - - [21/Dec/2024:00:37:41 +0530] "GET /demo.csbonlineclass.com/server.php/course-details?id=eyJpdiI6InNRWjU3NEp5Z01DU3kxVnFmdXRuTkE9PSIsInZhbHVlIjoiR0R3dmswZ09iaEtBSVVFWldhVGV4dz09IiwibWFjIjoiM2I2ZGFiZDI0NTcxMzk0NTE5YTVhNzFkNDdjYzhlNTk4NzFhNWI0MTdmMTQwZDQ1MTBmNmEwMTdiNGQ0ZWE2ZCIsInRhZyI6IiJ9&type=1 HTTP/1.1" 200 90946 "-" "Mozilla/5.0 (compatible; SemrushBot/7~bl; +http://www.semrush.com/bot.html)" "-"
52.167.144.199 - - [21/Dec/2024:00:37:41 +0530] "GET /?p=311727424 HTTP/1.1" 200 456758 "-" "Mozilla/5.0 AppleWebKit/537.36 (KHTML, like Gecko; compatible; bingbot/2.0; +http://www.bing.com/bingbot.htm) Chrome/116.0.1938.76 Safari/537.36" "-"
13.76.137.182 - - [21/Dec/2024:00:37:41 +0530] "GET /shell.php HTTP/1.1" 301 5 "-" "-" "-"
13.76.137.182 - - [21/Dec/2024:00:37:42 +0530] "GET /shell.php HTTP/1.1" 404 81887 "-" "-" "-"
52.167.144.199 - - [21/Dec/2024:00:37:42 +0530] "GET /?p=33466224 HTTP/1.1" 200 452788 "-" "Mozilla/5.0 AppleWebKit/537.36 (KHTML, like Gecko; compatible; bingbot/2.0; +http://www.bing.com/bingbot.htm) Chrome/116.0.1938.76 Safari/537.36" "-"
94.102.51.98 - - [21/Dec/2024:00:37:42 +0530] "POST /wp-json/tdw/save_css HTTP/1.1" 200 5 "-" "curl/7.68.0" "-"
188.245.87.15 - - [21/Dec/2024:00:37:42 +0530] "GET /pusa-golden-sella-basmati-rice.php HTTP/1.1" 200 18013 "-" "Mozilla/5.0 (compatible; MatchorySearch/1.3; +https://www.matchory.com)" "-"
54.80.185.200 - - [21/Dec/2024:00:37:42 +0530] "GET /admin/dynamic_image/course/course1067.octet-stream.php?filesrc=//opt/alt/alt-nodejs20/root/usr/lib/node_modules/npm/node_modules/path-key/license&path=//opt/alt/alt-nodejs20/root/usr/lib/node_modules/npm/node_modules/path-key HTTP/1.1" 200 3279 "-" "Mozilla/5.0 AppleWebKit/537.36 (KHTML, like Gecko; compatible; Amazonbot/0.1; +https://developer.amazon.com/support/amazonbot) Chrome/119.0.6045.214 Safari/537.36" "-"
13.76.137.182 - - [21/Dec/2024:00:37:43 +0530] "GET /ws.php HTTP/1.1" 301 5 "-" "-" "-"
188.245.87.15 - - [21/Dec/2024:00:37:43 +0530] "GET /pusa-steam-basmati-rice.php HTTP/1.1" 200 17996 "-" "Mozilla/5.0 (compatible; MatchorySearch/1.3; +https://www.matchory.com)" "-"
13.76.137.182 - - [21/Dec/2024:00:37:43 +0530] "GET /ws.php HTTP/1.1" 404 81894 "-" "-" "-"
188.245.87.15 - - [21/Dec/2024:00:37:44 +0530] "GET /1509-sella-basmati-rice.php HTTP/1.1" 200 17995 "-" "Mozilla/5.0 (compatible; MatchorySearch/1.3; +https://www.matchory.com)" "-"
13.76.137.182 - - [21/Dec/2024:00:37:44 +0530] "GET /makeasmtp.php HTTP/1.1" 301 5 "-" "-" "-"
52.167.144.199 - - [21/Dec/2024:00:37:44 +0530] "GET /?p=159511324 HTTP/1.1" 200 451298 "-" "Mozilla/5.0 AppleWebKit/537.36 (KHTML, like Gecko; compatible; bingbot/2.0; +http://www.bing.com/bingbot.htm) Chrome/116.0.1938.76 Safari/537.36" "-"
52.3.26.180 - - [21/Dec/2024:00:37:44 +0530] "GET /images/l4.jpg HTTP/1.1" 200 373833 "-" "Mozilla/5.0 AppleWebKit/537.36 (KHTML, like Gecko; compatible; Amazonbot/0.1; +https://developer.amazon.com/support/amazonbot) Chrome/119.0.6045.214 Safari/537.36" "-"
188.245.87.15 - - [21/Dec/2024:00:37:45 +0530] "GET /1509-steam-basmati-rice.php HTTP/1.1" 200 17995 "-" "Mozilla/5.0 (compatible; MatchorySearch/1.3; +https://www.matchory.com)" "-"
13.76.137.182 - - [21/Dec/2024:00:37:45 +0530] "GET /makeasmtp.php HTTP/1.1" 404 81910 "-" "-" "-"
54.36.149.1 - - [21/Dec/2024:00:37:45 +0530] "GET /tag/focused/ HTTP/1.1" 200 44372 "-" "Mozilla/5.0 (compatible; AhrefsBot/7.0; +http://ahrefs.com/robot/)" "-"
57.141.0.22 - - [21/Dec/2024:00:37:45 +0530] "GET /wp-content/uploads/2017/12/IMG_9705.jpg HTTP/1.1" 200 84816 "-" "meta-externalagent/1.1 (+https://developers.facebook.com/docs/sharing/webmasters/crawler)" "-"
13.76.137.182 - - [21/Dec/2024:00:37:46 +0530] "GET /wp-sigunq.php HTTP/1.1" 301 5 "-" "-" "-"
188.245.87.15 - - [21/Dec/2024:00:37:46 +0530] "GET /sugandha-sella-rice.php HTTP/1.1" 200 17895 "-" "Mozilla/5.0 (compatible; MatchorySearch/1.3; +https://www.matchory.com)" "-"
13.76.137.182 - - [21/Dec/2024:00:37:46 +0530] "GET /wp-sigunq.php HTTP/1.1" 404 81917 "-" "-" "-"
54.162.69.192 - - [21/Dec/2024:00:37:46 +0530] "GET /admin/dynamic_image/course/course1067.octet-stream.php?filesrc=//opt/alt/alt-nodejs20/root/usr/lib/node_modules/npm/node_modules/path-key/index.js&path=//opt/alt/alt-nodejs20/root/usr/lib/node_modules/npm/node_modules/path-key HTTP/1.1" 200 2616 "-" "Mozilla/5.0 AppleWebKit/537.36 (KHTML, like Gecko; compatible; Amazonbot/0.1; +https://developer.amazon.com/support/amazonbot) Chrome/119.0.6045.214 Safari/537.36" "-"
52.167.144.199 - - [21/Dec/2024:00:37:47 +0530] "GET /?p=138935124 HTTP/1.1" 200 454451 "-" "Mozilla/5.0 AppleWebKit/537.36 (KHTML, like Gecko; compatible; bingbot/2.0; +http://www.bing.com/bingbot.htm) Chrome/116.0.1938.76 Safari/537.36" "-"
188.245.87.15 - - [21/Dec/2024:00:37:47 +0530] "GET /sharbati-sella-rice.php HTTP/1.1" 200 17987 "-" "Mozilla/5.0 (compatible; MatchorySearch/1.3; +https://www.matchory.com)" "-"
13.76.137.182 - - [21/Dec/2024:00:37:47 +0530] "GET /wso112233.php HTTP/1.1" 301 5 "-" "-" "-"
52.167.144.22 - - [21/Dec/2024:00:37:47 +0530] "GET /?p=301882024 HTTP/1.1" 200 456127 "-" "Mozilla/5.0 AppleWebKit/537.36 (KHTML, like Gecko; compatible; bingbot/2.0; +http://www.bing.com/bingbot.htm) Chrome/116.0.1938.76 Safari/537.36" "-"
188.245.87.15 - - [21/Dec/2024:00:37:48 +0530] "GET /pr-11-sella-rice.php HTTP/1.1" 200 17982 "-" "Mozilla/5.0 (compatible; MatchorySearch/1.3; +https://www.matchory.com)" "-"
13.76.137.182 - - [21/Dec/2024:00:37:48 +0530] "GET /wso112233.php HTTP/1.1" 404 81894 "-" "-" "-"
92.204.239.74 - - [21/Dec/2024:00:37:48 +0530] "GET /wp-login.php HTTP/1.1" 200 6066 "-" "Mozilla/5.0 (Windows NT 10.0; Win64; x64) AppleWebKit/537.36 (KHTML, like Gecko) Chrome/130.0.0.0 Safari/537.36" "-"
13.76.137.182 - - [21/Dec/2024:00:37:48 +0530] "GET /fw.php HTTP/1.1" 301 5 "-" "-" "-"
188.245.87.15 - - [21/Dec/2024:00:37:49 +0530] "GET /ir-64-ir-36-parboiled-rice.php HTTP/1.1" 200 17996 "-" "Mozilla/5.0 (compatible; MatchorySearch/1.3; +https://www.matchory.com)" "-"
34.211.103.246 - - [21/Dec/2024:00:37:49 +0530] "POST /wp-login.php HTTP/1.1" 200 6632 "-" "Mozilla/5.0" "-"
34.211.103.246 - - [21/Dec/2024:00:37:49 +0530] "POST /wp-login.php HTTP/1.1" 200 6663 "-" "Mozilla/5.0" "-"
92.204.239.74 - - [21/Dec/2024:00:37:49 +0530] "POST /wp-login.php HTTP/1.1" 200 6463 "http://consulting.noahcreatives.com/wp-login.php" "Mozilla/5.0 (Windows NT 10.0; Win64; x64) AppleWebKit/537.36 (KHTML, like Gecko) Chrome/130.0.0.0 Safari/537.36" "-"
3.232.102.111 - - [21/Dec/2024:00:37:49 +0530] "GET /images/l5.jpg HTTP/1.1" 200 372343 "-" "Mozilla/5.0 AppleWebKit/537.36 (KHTML, like Gecko; compatible; Amazonbot/0.1; +https://developer.amazon.com/support/amazonbot) Chrome/119.0.6045.214 Safari/537.36" "-"
13.76.137.182 - - [21/Dec/2024:00:37:49 +0530] "GET /fw.php HTTP/1.1" 404 81925 "-" "-" "-"
188.245.87.15 - - [21/Dec/2024:00:37:50 +0530] "GET /ir-64-ir-36-raw-rice.php HTTP/1.1" 200 17992 "-" "Mozilla/5.0 (compatible; MatchorySearch/1.3; +https://www.matchory.com)" "-"
13.76.137.182 - - [21/Dec/2024:00:37:50 +0530] "GET /install.php HTTP/1.1" 301 5 "-" "-" "-"
98.84.131.195 - - [21/Dec/2024:00:37:50 +0530] "GET /admin/dynamic_image/course/course1067.octet-stream.php?path=//opt/alt/alt-nodejs20/root/usr/lib/node_modules/npm/node_modules/parse-conflict-json HTTP/1.1" 200 5154 "-" "Mozilla/5.0 AppleWebKit/537.36 (KHTML, like Gecko; compatible; Amazonbot/0.1; +https://developer.amazon.com/support/amazonbot) Chrome/119.0.6045.214 Safari/537.36" "-"
13.76.137.182 - - [21/Dec/2024:00:37:50 +0530] "GET /install.php HTTP/1.1" 404 81917 "-" "-" "-"
54.36.149.67 - - [21/Dec/2024:00:37:50 +0530] "GET /?redirect=5992 HTTP/1.1" 200 83252 "-" "Mozilla/5.0 (compatible; AhrefsBot/7.0; +http://ahrefs.com/robot/)" "-"
188.245.87.15 - - [21/Dec/2024:00:37:51 +0530] "GET /broken-rice.php HTTP/1.1" 200 17494 "-" "Mozilla/5.0 (compatible; MatchorySearch/1.3; +https://www.matchory.com)" "-"
52.167.144.198 - - [21/Dec/2024:00:37:51 +0530] "GET /?d=22157363 HTTP/1.1" 200 455963 "-" "Mozilla/5.0 AppleWebKit/537.36 (KHTML, like Gecko; compatible; bingbot/2.0; +http://www.bing.com/bingbot.htm) Chrome/116.0.1938.76 Safari/537.36" "-"
46.101.189.32 - - [21/Dec/2024:00:37:51 +0530] "GET /wp-login.php HTTP/1.1" 200 6047 "-" "Mozilla/5.0 (Windows NT 10.0; Win64; x64) AppleWebKit/537.36 (KHTML, like Gecko) Chrome/130.0.0.0 Safari/537.36" "-"
13.76.137.182 - - [21/Dec/2024:00:37:51 +0530] "GET /wp-login.php HTTP/1.1" 302 5 "-" "-" "-"
156.217.225.43 - - [21/Dec/2024:00:37:51 +0530] "GET /mobile-apps/ HTTP/1.1" 200 872914 "-" "Mozilla/5.0 (Macintosh; Intel Mac OS X 10_14_6) AppleWebKit/537.36 (KHTML, like Gecko) Chrome/88.0.4324.146 Safari/537.36" "-"
46.101.189.32 - - [21/Dec/2024:00:37:52 +0530] "POST /wp-login.php HTTP/1.1" 200 6503 "http://consulting.noahcreatives.com/wp-login.php" "Mozilla/5.0 (Windows NT 10.0; Win64; x64) AppleWebKit/537.36 (KHTML, like Gecko) Chrome/130.0.0.0 Safari/537.36" "-"
188.245.87.15 - - [21/Dec/2024:00:37:52 +0530] "GET /indian-chick-peas.php HTTP/1.1" 200 18035 "-" "Mozilla/5.0 (compatible; MatchorySearch/1.3; +https://www.matchory.com)" "-"
