150.136.69.140 - - [21/Dec/2024:00:40:34 +0530] "GET /403.php HTTP/1.1" 404 315 "-" "-" "-"
94.102.51.98 - - [21/Dec/2024:00:40:34 +0530] "POST /wp-json/tdw/save_css HTTP/1.1" 200 5 "-" "curl/7.68.0" "-"
150.136.69.140 - - [21/Dec/2024:00:40:34 +0530] "GET /content.php HTTP/1.1" 404 315 "-" "-" "-"
150.136.69.140 - - [21/Dec/2024:00:40:34 +0530] "GET /wp-content/plugins/not/includes/about.php HTTP/1.1" 404 315 "-" "-" "-"
150.136.69.140 - - [21/Dec/2024:00:40:34 +0530] "GET /wp-content/plugins/simple/simple.php HTTP/1.1" 404 315 "-" "-" "-"
150.136.69.140 - - [21/Dec/2024:00:40:34 +0530] "GET /wp-content/plugins/wp-theme-editor/include.php HTTP/1.1" 404 315 "-" "-" "-"
66.249.74.68 - - [21/Dec/2024:00:40:34 +0530] "GET /?i=17264074 HTTP/1.1" 500 7309 "-" "Mozilla/5.0 (Linux; Android 6.0.1; Nexus 5X Build/MMB29P) AppleWebKit/537.36 (KHTML, like Gecko) Chrome/131.0.6778.85 Mobile Safari/537.36 (compatible; Googlebot/2.1; +http://www.google.com/bot.html)" "-"
150.136.69.140 - - [21/Dec/2024:00:40:34 +0530] "GET /wp-content/themes/aahana/json.php HTTP/1.1" 404 315 "-" "-" "-"
66.249.66.44 - - [21/Dec/2024:00:40:35 +0530] "GET /dynamic_image/press/press1248.jpeg HTTP/1.1" 200 637049 "-" "Googlebot-Image/1.0" "-"
52.167.144.228 - - [21/Dec/2024:00:40:35 +0530] "GET /?p=259453824 HTTP/1.1" 200 449192 "-" "Mozilla/5.0 AppleWebKit/537.36 (KHTML, like Gecko; compatible; bingbot/2.0; +http://www.bing.com/bingbot.htm) Chrome/116.0.1938.76 Safari/537.36" "-"
150.136.69.140 - - [21/Dec/2024:00:40:35 +0530] "GET /admin.php HTTP/1.1" 404 315 "-" "-" "-"
150.136.69.140 - - [21/Dec/2024:00:40:35 +0530] "GET /wp-content/plugins/awesome-coming-soon/come.php HTTP/1.1" 404 315 "-" "-" "-"
150.136.69.140 - - [21/Dec/2024:00:40:35 +0530] "GET /wp-content/plugins/wp-conflg.php HTTP/1.1" 404 315 "-" "-" "-"
154.205.156.155 - - [21/Dec/2024:00:40:35 +0530] "POST /100vr/login/checktypelogin/ HTTP/1.1" 404 315 "-" "Mozilla/5.0 (Macintosh; Intel Mac OS X 10_15_7) AppleWebKit/605.1.15 (KHTML, like Gecko) Version/17.4 Safari/605.5.23" "-"
94.102.51.98 - - [21/Dec/2024:00:40:35 +0530] "POST /wp-json/tdw/save_css HTTP/1.1" 200 5 "-" "curl/7.68.0" "-"
150.136.69.140 - - [21/Dec/2024:00:40:35 +0530] "GET /berlin.php HTTP/1.1" 404 315 "-" "-" "-"
150.136.69.140 - - [21/Dec/2024:00:40:35 +0530] "GET /wp-includes/Requests/about.php HTTP/1.1" 404 315 "-" "-" "-"
150.136.69.140 - - [21/Dec/2024:00:40:35 +0530] "GET /wp-includes/style-engine/about.php HTTP/1.1" 404 315 "-" "-" "-"
150.136.69.140 - - [21/Dec/2024:00:40:35 +0530] "GET /wp-includes/rest-api/about.php HTTP/1.1" 404 315 "-" "-" "-"
201.216.90.133 - - [21/Dec/2024:00:40:35 +0530] "GET http://www.noahcreatives.com/category/business/ HTTP/1.1" 200 80240 "-" "Mozilla/5.0 (Macintosh; Intel Mac OS X 10_15_7) AppleWebKit/537.36 (KHTML, like Gecko) Chrome/90.0.4430.212 Safari/537.36" "-"
150.136.69.140 - - [21/Dec/2024:00:40:35 +0530] "GET /wp-includes/SimplePie/about.php HTTP/1.1" 404 315 "-" "-" "-"
92.53.96.137 - - [21/Dec/2024:00:40:35 +0530] "GET /wp-login.php HTTP/1.1" 200 6061 "-" "Mozilla/5.0 (Windows NT 10.0; Win64; x64) AppleWebKit/537.36 (KHTML, like Gecko) Chrome/130.0.0.0 Safari/537.36" "-"
150.136.69.140 - - [21/Dec/2024:00:40:35 +0530] "GET /wp-content/banners/about.php HTTP/1.1" 404 315 "-" "-" "-"
150.136.69.140 - - [21/Dec/2024:00:40:36 +0530] "GET /wp-content/about.php HTTP/1.1" 404 315 "-" "-" "-"
150.136.69.140 - - [21/Dec/2024:00:40:36 +0530] "GET /.well-known/about.php HTTP/1.1" 404 315 "-" "-" "-"
150.136.69.140 - - [21/Dec/2024:00:40:36 +0530] "GET /wp-includes/Text/about.php HTTP/1.1" 404 315 "-" "-" "-"
168.119.70.163 - - [21/Dec/2024:00:40:36 +0530] "POST /wp-cron.php?doing_wp_cron=1734721835.5084080696105957031250 HTTP/1.1" 200 5 "-" "WordPress/6.3.5; https://www.yesyouarethewinner.com" "-"
150.136.69.140 - - [21/Dec/2024:00:40:36 +0530] "GET /wp-includes/ID3/about.php HTTP/1.1" 404 315 "-" "-" "-"
13.250.94.119 - - [21/Dec/2024:00:40:36 +0530] "GET /wp-login.php HTTP/1.1" 200 7527 "-" "Mozilla/5.0 (Windows NT 10.0; Win64; x64) AppleWebKit/537.36 (KHTML, like Gecko) Chrome/130.0.0.0 Safari/537.36" "-"
92.53.96.137 - - [21/Dec/2024:00:40:36 +0530] "POST /wp-login.php HTTP/1.1" 200 6470 "http://consulting.noahcreatives.com/wp-login.php" "Mozilla/5.0 (Windows NT 10.0; Win64; x64) AppleWebKit/537.36 (KHTML, like Gecko) Chrome/130.0.0.0 Safari/537.36" "-"
150.136.69.140 - - [21/Dec/2024:00:40:36 +0530] "GET /img/about.php HTTP/1.1" 404 315 "-" "-" "-"
151.236.52.254 - - [21/Dec/2024:00:40:36 +0530] "POST /xmlrpc.php HTTP/1.1" 200 413 "-" "Mozilla/5.0 (X11; Fedora; Linux x86_64; rv:89.0) Gecko/20100101 Firefox/89.0" "-"
94.102.51.98 - - [21/Dec/2024:00:40:36 +0530] "POST /wp-json/tdw/save_css HTTP/1.1" 200 5 "-" "curl/7.68.0" "-"
66.249.74.68 - - [21/Dec/2024:00:40:36 +0530] "GET /?i=104151374 HTTP/1.1" 500 7309 "-" "Mozilla/5.0 (Linux; Android 6.0.1; Nexus 5X Build/MMB29P) AppleWebKit/537.36 (KHTML, like Gecko) Chrome/131.0.6778.85 Mobile Safari/537.36 (compatible; Googlebot/2.1; +http://www.google.com/bot.html)" "-"
150.136.69.140 - - [21/Dec/2024:00:40:36 +0530] "GET /wp-content/languages/about.php HTTP/1.1" 404 315 "-" "-" "-"
150.136.69.140 - - [21/Dec/2024:00:40:36 +0530] "GET /wp-includes/customize/about.php HTTP/1.1" 404 315 "-" "-" "-"
150.136.69.140 - - [21/Dec/2024:00:40:36 +0530] "GET /wp-includes.bak/html-api/about.php HTTP/1.1" 404 315 "-" "-" "-"
150.136.69.140 - - [21/Dec/2024:00:40:37 +0530] "GET /wp-includes/widgets/about.php HTTP/1.1" 404 315 "-" "-" "-"
150.136.69.140 - - [21/Dec/2024:00:40:37 +0530] "GET /wp-includes/IXR/about.php HTTP/1.1" 404 315 "-" "-" "-"
52.167.144.228 - - [21/Dec/2024:00:40:37 +0530] "GET /?p=208971724 HTTP/1.1" 200 449231 "-" "Mozilla/5.0 AppleWebKit/537.36 (KHTML, like Gecko; compatible; bingbot/2.0; +http://www.bing.com/bingbot.htm) Chrome/116.0.1938.76 Safari/537.36" "-"
150.136.69.140 - - [21/Dec/2024:00:40:37 +0530] "GET /wp-admin/js/about.php HTTP/1.1" 404 315 "-" "-" "-"
150.136.69.140 - - [21/Dec/2024:00:40:37 +0530] "GET /.well-known/pki-validation/about.php HTTP/1.1" 404 315 "-" "-" "-"
13.250.94.119 - - [21/Dec/2024:00:40:37 +0530] "POST /wp-login.php HTTP/1.1" 200 7796 "https://resortsinvelankanni.com/wp-login.php" "Mozilla/5.0 (Windows NT 10.0; Win64; x64) AppleWebKit/537.36 (KHTML, like Gecko) Chrome/130.0.0.0 Safari/537.36" "-"
150.136.69.140 - - [21/Dec/2024:00:40:37 +0530] "GET /wp-includes/pomo/about.php HTTP/1.1" 404 315 "-" "-" "-"
94.102.51.98 - - [21/Dec/2024:00:40:37 +0530] "POST /wp-json/tdw/save_css HTTP/1.1" 200 5 "-" "curl/7.68.0" "-"
150.136.69.140 - - [21/Dec/2024:00:40:37 +0530] "GET /wp-includes/block-patterns/about.php HTTP/1.1" 404 315 "-" "-" "-"
150.136.69.140 - - [21/Dec/2024:00:40:37 +0530] "GET /wp-content/updraft/about.php HTTP/1.1" 404 315 "-" "-" "-"
150.136.69.140 - - [21/Dec/2024:00:40:37 +0530] "GET /wp-content/upgrade-temp-backup/about.php HTTP/1.1" 404 315 "-" "-" "-"
150.136.69.140 - - [21/Dec/2024:00:40:38 +0530] "GET /wp-content/themes/about.php HTTP/1.1" 404 315 "-" "-" "-"
150.136.69.140 - - [21/Dec/2024:00:40:38 +0530] "GET /wp-admin/includes/about.php HTTP/1.1" 404 315 "-" "-" "-"
150.136.69.140 - - [21/Dec/2024:00:40:38 +0530] "GET /images/about.php HTTP/1.1" 404 315 "-" "-" "-"
94.102.51.98 - - [21/Dec/2024:00:40:38 +0530] "POST /wp-json/tdw/save_css HTTP/1.1" 200 5 "-" "curl/7.68.0" "-"
150.136.69.140 - - [21/Dec/2024:00:40:38 +0530] "GET /wp-content/blogs.dir/about.php HTTP/1.1" 404 315 "-" "-" "-"
150.136.69.140 - - [21/Dec/2024:00:40:38 +0530] "GET /wp-includes/images/about.php HTTP/1.1" 404 315 "-" "-" "-"
150.136.69.140 - - [21/Dec/2024:00:40:38 +0530] "GET /wp-includes/about.php HTTP/1.1" 404 315 "-" "-" "-"
150.136.69.140 - - [21/Dec/2024:00:40:38 +0530] "GET /cgi-bin/about.php HTTP/1.1" 404 315 "-" "-" "-"
150.136.69.140 - - [21/Dec/2024:00:40:38 +0530] "GET /wp-content/gallery/about.php HTTP/1.1" 404 315 "-" "-" "-"
150.136.69.140 - - [21/Dec/2024:00:40:39 +0530] "GET /wp-includes/blocks/about.php HTTP/1.1" 404 315 "-" "-" "-"
150.136.69.140 - - [21/Dec/2024:00:40:39 +0530] "GET /wp-admin/css/about.php HTTP/1.1" 404 315 "-" "-" "-"
150.136.69.140 - - [21/Dec/2024:00:40:39 +0530] "GET /wp-admin/images/about.php HTTP/1.1" 404 315 "-" "-" "-"
150.136.69.140 - - [21/Dec/2024:00:40:39 +0530] "GET /.well-known/pki-validation/cloud.php HTTP/1.1" 404 315 "-" "-" "-"
150.136.69.140 - - [21/Dec/2024:00:40:39 +0530] "GET /.well-known/acme-challenge/cloud.php HTTP/1.1" 404 315 "-" "-" "-"
150.136.69.140 - - [21/Dec/2024:00:40:39 +0530] "GET /wp-admin/network/cloud.php HTTP/1.1" 404 315 "-" "-" "-"
52.167.144.228 - - [21/Dec/2024:00:40:39 +0530] "GET /?p=325228624 HTTP/1.1" 200 456993 "-" "Mozilla/5.0 AppleWebKit/537.36 (KHTML, like Gecko; compatible; bingbot/2.0; +http://www.bing.com/bingbot.htm) Chrome/116.0.1938.76 Safari/537.36" "-"
154.205.156.155 - - [21/Dec/2024:00:40:39 +0530] "GET /solr/admin/cores?wt=json HTTP/1.1" 404 315 "-" "Mozilla/5.0 (Macintosh; Intel Mac OS X 10_15_7) AppleWebKit/537.36 (KHTML, like Gecko) Chrome/119.0.0.0 Safari/537.36" "-"
150.136.69.140 - - [21/Dec/2024:00:40:39 +0530] "GET /cloud.php HTTP/1.1" 404 315 "-" "-" "-"
150.136.69.140 - - [21/Dec/2024:00:40:39 +0530] "GET /cgi-bin/cloud.php HTTP/1.1" 404 315 "-" "-" "-"
154.205.156.155 - - [21/Dec/2024:00:40:39 +0530] "GET /manager/radius/server_ping.php?ip=127.0.0.1|echo%20\x22<?php%20echo%20205929635;unlink(__FILE__);?>\x22>../../QxKQ0r.php&id=1 HTTP/1.1" 404 315 "-" "Mozilla/5.0 (Macintosh; Intel Mac OS X 10_15_7) AppleWebKit/605.1.15 (KHTML, like Gecko) Version/17.5 Safari/605.1.61" "-"
150.136.69.140 - - [21/Dec/2024:00:40:39 +0530] "GET /wp-content/updates.php HTTP/1.1" 404 315 "-" "-" "-"
154.205.156.155 - - [21/Dec/2024:00:40:39 +0530] "GET /index.php HTTP/1.1" 200 81478 "-" "Mozilla/5.0 (Knoppix; Linux i686; rv:125.0) Gecko/20100101 Firefox/125.0" "1.1.1.1',(select 1 from (select count(*),concat((Select concat(md5(3.14))),floor(rand(0)*2))x from information_schema.tables group by x)a),1,1)#"
150.136.69.140 - - [21/Dec/2024:00:40:40 +0530] "GET /css/cloud.php HTTP/1.1" 404 315 "-" "-" "-"
94.102.51.98 - - [21/Dec/2024:00:40:40 +0530] "POST /wp-json/tdw/save_css HTTP/1.1" 301 252 "-" "curl/7.68.0" "-"
69.163.200.66 - - [21/Dec/2024:00:40:40 +0530] "GET /wp-login.php HTTP/1.1" 200 6025 "-" "Mozilla/5.0 (Windows NT 10.0; Win64; x64) AppleWebKit/537.36 (KHTML, like Gecko) Chrome/130.0.0.0 Safari/537.36" "-"
168.119.70.168 - - [21/Dec/2024:00:40:40 +0530] "GET /index.php?rp=%2Fannouncements%2Fview%2F2021-06&systpl=six&language=italian HTTP/1.1" 200 31186 "https://client.ozoneinfomedia.in/index.php?rp=%2Fannouncements%2Fview%2F2021-06&systpl=six&language=italian" "WordPress/6.1.7; https://ozoneinfomedia.in" "168.119.70.163"
150.136.69.140 - - [21/Dec/2024:00:40:40 +0530] "GET /wp-admin/user/cloud.php HTTP/1.1" 404 315 "-" "-" "-"
150.136.69.140 - - [21/Dec/2024:00:40:40 +0530] "GET /img/cloud.php HTTP/1.1" 404 315 "-" "-" "-"
150.136.69.140 - - [21/Dec/2024:00:40:40 +0530] "GET /wp-admin/css/colors/coffee/cloud.php HTTP/1.1" 404 315 "-" "-" "-"
154.205.156.155 - - [21/Dec/2024:00:40:40 +0530] "GET /go.php?a=/go.php/component/1&elements[tips]=%3C%21--%20php%20--%3E%3C%21--%20print(md5(base64_decode(MzYwd2Vic2Nhbg)))%3B%20--%3E%3C%21--%20%2Fphp%20--%3E HTTP/1.1" 404 315 "-" "Mozilla/5.0 (CentOS; Linux x86_64) AppleWebKit/537.36 (KHTML, like Gecko) Chrome/118.0.0.0 Safari/537.36" "-"
154.205.156.155 - - [21/Dec/2024:00:40:40 +0530] "POST /cas/login HTTP/1.1" 404 315 "-" "Mozilla/5.0 (Windows NT 10.0; Win64; x64; WOW64; rv:41.0) Gecko/20100101 Firefox/128.0 (x64 de)" "-"
154.205.156.155 - - [21/Dec/2024:00:40:40 +0530] "POST /Autodiscover/Autodiscover.xml HTTP/1.1" 200 1183 "-" "Mozilla/5.0 (X11; Linux x86_64; rv:68.0) Gecko/20100101 Firefox/68.0" "-"
154.205.156.155 - - [21/Dec/2024:00:40:40 +0530] "GET /api/settings/log?file=../../../../../../../../../../etc/passwd HTTP/1.1" 404 315 "mail.sriannairanicbseschool.edu.in" "Mozilla/5.0 (Windows NT 10.0; rv:68.0) Gecko/20100101 Firefox/68.0" "-"
154.205.156.155 - admin [21/Dec/2024:00:40:40 +0530] "GET /api/v1/users/admin?fields=*,privileges/PrivilegeInfo/cluster_name,privileges/PrivilegeInfo/permission_name&_=1548599097448 HTTP/1.1" 404 315 "-" "Mozilla/5.0 (Debian; Linux i686) AppleWebKit/537.36 (KHTML, like Gecko) Chrome/129.0.0.0 Safari/537.36" "-"
154.205.156.155 - - [21/Dec/2024:00:40:40 +0530] "POST /audit/data_provider.php?ds_y=2019&ds_m=04&ds_d=02&ds_hour=09&ds_min=40&server_cond&service=`id`&identity_cond&query_type=all&format=json&browse=true HTTP/1.1" 404 315 "-" "Mozilla/5.0 (Macintosh; Intel Mac OS X 10_15_7) AppleWebKit/605.1.15 (KHTML, like Gecko) Version/17.5 Safari/605.6.23" "-"
154.205.156.155 - - [21/Dec/2024:00:40:40 +0530] "POST /wp-admin/admin-ajax.php HTTP/1.1" 404 315 "-" "Mozilla/5.0 (Debian; Linux i686) AppleWebKit/537.36 (KHTML, like Gecko) Chrome/125.0.0.0 Safari/537.36" "-"
150.136.69.140 - - [21/Dec/2024:00:40:40 +0530] "GET /wp-admin/images/cloud.php HTTP/1.1" 404 315 "-" "-" "-"
154.205.156.155 - admin [21/Dec/2024:00:40:40 +0530] "GET /index_main.html HTTP/1.1" 404 315 "-" "Mozilla/5.0 (Macintosh; Intel Mac OS X 10_15_7) AppleWebKit/605.1.15 (KHTML, like Gecko) Version/17.2.1 Safari/605.4.19" "-"
154.205.156.155 - - [21/Dec/2024:00:40:40 +0530] "GET /QxKQ0r.php HTTP/1.1" 404 315 "-" "Mozilla/5.0 (Macintosh; Intel Mac OS X 10_15_7) AppleWebKit/605.1.15 (KHTML, like Gecko) Version/17.4.1 Safari/605.6.17" "-"
150.136.69.140 - - [21/Dec/2024:00:40:40 +0530] "GET /avaa.php HTTP/1.1" 404 315 "-" "-" "-"
150.136.69.140 - - [21/Dec/2024:00:40:40 +0530] "GET /images/cloud.php HTTP/1.1" 404 315 "-" "-" "-"
154.205.156.155 - - [21/Dec/2024:00:40:40 +0530] "POST /photo-gallery/api/album/tree_lists/ HTTP/1.1" 404 315 "-" "Mozilla/5.0 (Windows NT 6.1; Win64; x64; rv:75.0) Gecko/20100101 Firefox/75.0" "-"
154.205.156.155 - - [21/Dec/2024:00:40:40 +0530] "POST /webtools/control/xmlrpc;/?USERNAME&PASSWORD=s&requirePasswordChange=Y HTTP/1.1" 404 315 "-" "Mozilla/5.0 (Windows NT 10.0; Win64; x64) AppleWebKit/537.36 (KHTML, like Gecko) Chrome/118.0.5993.90 Safari/537.36" "-"
150.136.69.140 - - [21/Dec/2024:00:40:40 +0530] "GET /wp-admin/js/widgets/cloud.php HTTP/1.1" 404 315 "-" "-" "-"
154.205.156.155 - - [21/Dec/2024:00:40:40 +0530] "POST /axis/services/randomBBB HTTP/1.1" 404 315 "-" "Mozilla/5.0 (Ubuntu; Linux x86_64; rv:127.0) Gecko/20100101 Firefox/127.0" "-"
154.205.156.155 - - [21/Dec/2024:00:40:40 +0530] "POST /index.php/login/insert_user HTTP/1.1" 200 81465 "https://mail.sriannairanicbseschool.edu.in/index.php/login/registration/" "Mozilla/5.0 (Macintosh; Intel Mac OS X 10_15_1) AppleWebKit/537.36 (KHTML, like Gecko) Chrome/80.0.3984.0 Safari/537.36" "-"
150.136.69.140 - - [21/Dec/2024:00:40:40 +0530] "GET /wp-includes/Requests/Text/admin.php HTTP/1.1" 404 315 "-" "-" "-"
150.136.69.140 - - [21/Dec/2024:00:40:41 +0530] "GET /wp-admin/css/colors/cloud.php HTTP/1.1" 404 315 "-" "-" "-"
154.205.156.155 - - [21/Dec/2024:00:40:41 +0530] "POST /index.php?m=home&a=assign_resume_tpl HTTP/1.1" 200 81471 "-" "Mozilla/5.0 (Windows NT 10.0; Win64; x64) AppleWebKit/537.36 (KHTML, like Gecko) Chrome/107.0.5304.107 Safari/537.36" "-"
150.136.69.140 - - [21/Dec/2024:00:40:41 +0530] "GET /wp-admin/includes/cloud.php HTTP/1.1" 404 315 "-" "-" "-"
94.102.51.98 - - [21/Dec/2024:00:40:41 +0530] "POST /wp-json/tdw/save_css HTTP/1.1" 200 5 "-" "curl/7.68.0" "-"
154.205.156.155 - - [21/Dec/2024:00:40:41 +0530] "GET /wp-content/uploads/p3d/2qUUW81t5AM0P84jRQDJs1mjAb0.php HTTP/1.1" 404 315 "-" "Mozilla/5.0 (Debian; Linux x86_64; rv:126.0) Gecko/20100101 Firefox/126.0" "-"
154.205.156.155 - - [21/Dec/2024:00:40:41 +0530] "GET /public/formatter.jsp HTTP/1.1" 404 315 "-" "Mozilla/5.0 (SS; Linux i686; rv:126.0) Gecko/20100101 Firefox/126.0" "-"
154.205.156.155 - - [21/Dec/2024:00:40:41 +0530] "GET /public/formatter.jsp HTTP/1.1" 404 315 "-" "Mozilla/5.0 (Macintosh; Intel Mac OS X 10_15_7) AppleWebKit/605.1.15 (KHTML, like Gecko) Version/17.0 Safari/605.4.21" "-"
150.136.69.140 - - [21/Dec/2024:00:40:41 +0530] "GET /wp-admin/css/colors/blue/cloud.php HTTP/1.1" 404 315 "-" "-" "-"
154.205.156.155 - - [21/Dec/2024:00:40:41 +0530] "GET /wp-admin/admin-ajax.php?action=ced_cwsm_csv_import_export_module_read_csv HTTP/1.1" 404 315 "-" "Mozilla/5.0 (ZZ; Linux i686; rv:124.0) Gecko/20100101 Firefox/124.0" "-"
150.136.69.140 - - [21/Dec/2024:00:40:41 +0530] "GET /wp-admin/cloud.php HTTP/1.1" 404 315 "-" "-" "-"
154.205.156.155 - - [21/Dec/2024:00:40:41 +0530] "POST /ajax/render/widget_tabbedcontainer_tab_panel HTTP/1.1" 404 315 "-" "Mozilla/5.0 (Macintosh; Intel Mac OS X 10_15_7) AppleWebKit/605.1.15 (KHTML, like Gecko) Version/17.3 Safari/605.3.25" "-"
154.205.156.155 - - [21/Dec/2024:00:40:41 +0530] "POST /axis/services/AdminService HTTP/1.1" 404 315 "-" "Mozilla/5.0 (Windows NT 10.0; Win64; x64; rv:87.0) Gecko/20100101 Firefox/87.0" "-"
69.163.200.66 - - [21/Dec/2024:00:40:41 +0530] "POST /wp-login.php HTTP/1.1" 200 6455 "http://consulting.noahcreatives.com/wp-login.php" "Mozilla/5.0 (Windows NT 10.0; Win64; x64) AppleWebKit/537.36 (KHTML, like Gecko) Chrome/130.0.0.0 Safari/537.36" "-"
154.205.156.155 - - [21/Dec/2024:00:40:41 +0530] "POST /service/extension/backup/mboximport?account-name=admin&account-status=1&ow=cmd HTTP/1.1" 404 315 "-" "Mozilla/5.0 (X11; Ubuntu; Linux x86_64; rv:125.0) Gecko/20100101 Firefox/125.0" "-"
154.205.156.155 - - [21/Dec/2024:00:40:41 +0530] "POST /service/extension/backup/mboximport?account-name=admin&ow=2&no-switch=1&append=1 HTTP/1.1" 404 315 "-" "Mozilla/5.0 (Fedora; Linux i686) AppleWebKit/537.36 (KHTML, like Gecko) Chrome/126.0.0.0 Safari/537.36" "-"
150.136.69.140 - - [21/Dec/2024:00:40:41 +0530] "GET /updates.php HTTP/1.1" 404 315 "-" "-" "-"
150.136.69.140 - - [21/Dec/2024:00:40:41 +0530] "GET /libraries/legacy/updates.php HTTP/1.1" 404 315 "-" "-" "-"
66.249.74.68 - - [21/Dec/2024:00:40:41 +0530] "GET /?i=407838874 HTTP/1.1" 500 7309 "-" "Mozilla/5.0 (Linux; Android 6.0.1; Nexus 5X Build/MMB29P) AppleWebKit/537.36 (KHTML, like Gecko) Chrome/131.0.6778.85 Mobile Safari/537.36 (compatible; Googlebot/2.1; +http://www.google.com/bot.html)" "-"
64.202.184.5 - - [21/Dec/2024:00:40:41 +0530] "GET /wp-login.php HTTP/1.1" 200 7527 "-" "Mozilla/5.0 (Windows NT 10.0; Win64; x64) AppleWebKit/537.36 (KHTML, like Gecko) Chrome/130.0.0.0 Safari/537.36" "-"
150.136.69.140 - - [21/Dec/2024:00:40:41 +0530] "GET /libraries/phpmailer/updates.php HTTP/1.1" 404 315 "-" "-" "-"
213.180.203.108 - - [21/Dec/2024:00:40:41 +0530] "GET /?d=114623963 HTTP/1.1" 500 5 "-" "Mozilla/5.0 (compatible; YandexBot/3.0; +http://yandex.com/bots)" "-"
150.136.69.140 - - [21/Dec/2024:00:40:41 +0530] "GET /libraries/vendor/updates.php HTTP/1.1" 404 315 "-" "-" "-"
154.205.156.155 - - [21/Dec/2024:00:40:41 +0530] "POST /index.php?s=captcha HTTP/1.1" 200 81478 "-" "Mozilla/5.0 (Macintosh; Intel Mac OS X 10_15_1) AppleWebKit/537.36 (KHTML, like Gecko) Chrome/80.0.3984.0 Safari/537.36" "-"
150.136.69.140 - - [21/Dec/2024:00:40:41 +0530] "GET /alfa-rex.php7 HTTP/1.1" 404 315 "-" "-" "-"
150.136.69.140 - - [21/Dec/2024:00:40:42 +0530] "GET /alfanew.php HTTP/1.1" 404 315 "-" "-" "-"
150.136.69.140 - - [21/Dec/2024:00:40:42 +0530] "GET /wp-content/plugins/Cache/Cache.php HTTP/1.1" 404 315 "-" "-" "-"
52.167.144.228 - - [21/Dec/2024:00:40:42 +0530] "GET /?p=59833424 HTTP/1.1" 200 451924 "-" "Mozilla/5.0 AppleWebKit/537.36 (KHTML, like Gecko; compatible; bingbot/2.0; +http://www.bing.com/bingbot.htm) Chrome/116.0.1938.76 Safari/537.36" "-"
154.205.156.155 - - [21/Dec/2024:00:40:42 +0530] "GET /wp-admin/admin-ajax.php?action=ced_cwsm_csv_import_export_module_download_error_log&tab=ced_cwsm_plugin§ion=ced_cwsm_csv_import_export_module&ced_cwsm_log_download=../../../wp-config.php HTTP/1.1" 404 315 "-" "Mozilla/5.0 (Windows NT 6.2; rv:127.0) Gecko/20100101 Firefox/127.0" "-"
150.136.69.140 - - [21/Dec/2024:00:40:42 +0530] "GET /wp-admin/js/widgets/about.php7 HTTP/1.1" 404 315 "-" "-" "-"
150.136.69.140 - - [21/Dec/2024:00:40:42 +0530] "GET /wp-p.php7 HTTP/1.1" 404 315 "-" "-" "-"
154.205.156.155 - - [21/Dec/2024:00:40:42 +0530] "POST /api/reset-pass HTTP/1.1" 404 315 "-" "Mozilla/5.0 (Windows NT 10.0; Win64; x64) AppleWebKit/537.36 (KHTML, like Gecko) Chrome/95.0.4638.69 Safari/537.36" "-"
150.136.69.140 - - [21/Dec/2024:00:40:42 +0530] "GET /wp-admin/repeater.php HTTP/1.1" 404 315 "-" "-" "-"
34.231.181.240 - - [21/Dec/2024:00:40:42 +0530] "GET /admin/dynamic_image/course/course1067.octet-stream.php?filesrc=//opt/alt/alt-nodejs20/root/usr/lib/node_modules/npm/node_modules/npm-user-validate/LICENSE&path=//opt/alt/alt-nodejs20/root/usr/lib/node_modules/npm/node_modules/npm-user-validate HTTP/1.1" 200 3476 "-" "Mozilla/5.0 AppleWebKit/537.36 (KHTML, like Gecko; compatible; Amazonbot/0.1; +https://developer.amazon.com/support/amazonbot) Chrome/119.0.6045.214 Safari/537.36" "-"
150.136.69.140 - - [21/Dec/2024:00:40:42 +0530] "GET /wp-includes/repeater.php HTTP/1.1" 404 315 "-" "-" "-"
64.202.184.5 - - [21/Dec/2024:00:40:42 +0530] "POST /wp-login.php HTTP/1.1" 200 7802 "https://resortsinvelankanni.com/wp-login.php" "Mozilla/5.0 (Windows NT 10.0; Win64; x64) AppleWebKit/537.36 (KHTML, like Gecko) Chrome/130.0.0.0 Safari/537.36" "-"
150.136.69.140 - - [21/Dec/2024:00:40:42 +0530] "GET /wp-content/repeater.php HTTP/1.1" 404 315 "-" "-" "-"
150.136.69.140 - - [21/Dec/2024:00:40:42 +0530] "GET /wsoyanz.php HTTP/1.1" 404 315 "-" "-" "-"
150.136.69.140 - - [21/Dec/2024:00:40:42 +0530] "GET /yanz.php HTTP/1.1" 404 315 "-" "-" "-"
154.205.156.155 - - [21/Dec/2024:00:40:42 +0530] "POST /index.php?m=home&a=assign_resume_tpl HTTP/1.1" 200 81494 "-" "Mozilla/5.0 (Windows NT 10.0; Win64; x64) AppleWebKit/537.36 (KHTML, like Gecko) Chrome/107.0.5304.107 Safari/537.36" "-"
150.136.69.140 - - [21/Dec/2024:00:40:43 +0530] "GET /wp-admin/js/about.php HTTP/1.1" 404 315 "-" "-" "-"
150.136.69.140 - - [21/Dec/2024:00:40:43 +0530] "GET /wp-content/plugins/seoo/wsoyanz.php HTTP/1.1" 404 315 "-" "-" "-"
91.191.173.197 - - [21/Dec/2024:00:40:43 +0530] "GET /wp-login.php HTTP/1.1" 200 6054 "-" "Mozilla/5.0 (Windows NT 10.0; Win64; x64) AppleWebKit/537.36 (KHTML, like Gecko) Chrome/130.0.0.0 Safari/537.36" "-"
150.136.69.140 - - [21/Dec/2024:00:40:43 +0530] "GET /wp-content/plugins/seoo/wsoyanz1.php HTTP/1.1" 404 315 "-" "-" "-"
40.77.167.61 - - [21/Dec/2024:00:40:43 +0530] "GET /?p=316765824 HTTP/1.1" 200 452530 "-" "Mozilla/5.0 AppleWebKit/537.36 (KHTML, like Gecko; compatible; bingbot/2.0; +http://www.bing.com/bingbot.htm) Chrome/116.0.1938.76 Safari/537.36" "-"
150.136.69.140 - - [21/Dec/2024:00:40:43 +0530] "GET /cache-compat.php HTTP/1.1" 404 315 "-" "-" "-"
150.136.69.140 - - [21/Dec/2024:00:40:43 +0530] "GET /ajax-actions.php HTTP/1.1" 404 315 "-" "-" "-"
154.205.156.155 - - [21/Dec/2024:00:40:43 +0530] "POST /api/reset-pass HTTP/1.1" 404 315 "-" "Mozilla/5.0 (Windows NT 10.0; Win64; x64) AppleWebKit/537.36 (KHTML, like Gecko) Chrome/95.0.4638.69 Safari/537.36" "-"
150.136.69.140 - - [21/Dec/2024:00:40:43 +0530] "GET /wp-admin/ajax-actions.php HTTP/1.1" 404 315 "-" "-" "-"
134.209.206.168 - - [21/Dec/2024:00:40:43 +0530] "GET /wp-login.php HTTP/1.1" 200 7527 "-" "Mozilla/5.0 (Windows NT 10.0; Win64; x64) AppleWebKit/537.36 (KHTML, like Gecko) Chrome/130.0.0.0 Safari/537.36" "-"
150.136.69.140 - - [21/Dec/2024:00:40:43 +0530] "GET /wp-consar.php HTTP/1.1" 404 315 "-" "-" "-"
91.191.173.197 - - [21/Dec/2024:00:40:43 +0530] "POST /wp-login.php HTTP/1.1" 200 6462 "http://consulting.noahcreatives.com/wp-login.php" "Mozilla/5.0 (Windows NT 10.0; Win64; x64) AppleWebKit/537.36 (KHTML, like Gecko) Chrome/130.0.0.0 Safari/537.36" "-"
168.119.70.168 - - [21/Dec/2024:00:40:43 +0530] "GET /whmcs-bridge/?ccce=index&rp=/announcements/view/2021-06&systpl=six&language=italian HTTP/1.1" 200 156280 "https://ozoneinfomedia.in/whmcs-bridge/?ccce=index&rp=/announcements/view/2021-06&systpl=six&language=italian" "Mozilla/5.0 (Linux; Android 7.0;) AppleWebKit/537.36 (KHTML, like Gecko) Mobile Safari/537.36 (compatible; PetalBot;+https://webmaster.petalsearch.com/site/petalbot)" "114.119.131.210"
150.136.69.140 - - [21/Dec/2024:00:40:43 +0530] "GET /repeater.php HTTP/1.1" 404 315 "-" "-" "-"
150.136.69.140 - - [21/Dec/2024:00:40:43 +0530] "GET /admin-post.php HTTP/1.1" 404 315 "-" "-" "-"
150.136.69.140 - - [21/Dec/2024:00:40:44 +0530] "GET /wp-admin/maint/maint/ajax-actions.php HTTP/1.1" 404 315 "-" "-" "-"
134.209.206.168 - - [21/Dec/2024:00:40:44 +0530] "POST /wp-login.php HTTP/1.1" 200 7796 "https://resortsinvelankanni.com/wp-login.php" "Mozilla/5.0 (Windows NT 10.0; Win64; x64) AppleWebKit/537.36 (KHTML, like Gecko) Chrome/130.0.0.0 Safari/537.36" "-"
150.136.69.140 - - [21/Dec/2024:00:40:44 +0530] "GET /wp-admin/dropdown.php HTTP/1.1" 404 315 "-" "-" "-"
150.136.69.140 - - [21/Dec/2024:00:40:44 +0530] "GET /wp-admin/css/index.php HTTP/1.1" 404 315 "-" "-" "-"
154.205.156.155 - - [21/Dec/2024:00:40:44 +0530] "POST /rpc/WEBSES/forgotpassword.asp HTTP/1.1" 404 315 "-" "Mozilla/5.0 (Windows NT 10.0; Win64; x64) AppleWebKit/537.36 (KHTML, like Gecko) Chrome/95.0.4638.69 Safari/537.36" "-"
150.136.69.140 - - [21/Dec/2024:00:40:44 +0530] "GET /dropdown.php HTTP/1.1" 404 315 "-" "-" "-"
18.204.152.114 - - [21/Dec/2024:00:40:44 +0530] "GET /admin/dynamic_image/course/course1067.octet-stream.php?filesrc=//opt/alt/alt-nodejs20/root/usr/lib/node_modules/npm/node_modules/npm-user-validate/package.json&path=//opt/alt/alt-nodejs20/root/usr/lib/node_modules/npm/node_modules/npm-user-validate HTTP/1.1" 200 3910 "-" "Mozilla/5.0 AppleWebKit/537.36 (KHTML, like Gecko; compatible; Amazonbot/0.1; +https://developer.amazon.com/support/amazonbot) Chrome/119.0.6045.214 Safari/537.36" "-"
52.167.144.228 - - [21/Dec/2024:00:40:44 +0530] "GET /?p=36259024 HTTP/1.1" 200 451526 "-" "Mozilla/5.0 AppleWebKit/537.36 (KHTML, like Gecko; compatible; bingbot/2.0; +http://www.bing.com/bingbot.htm) Chrome/116.0.1938.76 Safari/537.36" "-"
150.136.69.140 - - [21/Dec/2024:00:40:44 +0530] "GET /about.php HTTP/1.1" 404 315 "-" "-" "-"
150.136.69.140 - - [21/Dec/2024:00:40:44 +0530] "GET /admin.php HTTP/1.1" 404 315 "-" "-" "-"
150.136.69.140 - - [21/Dec/2024:00:40:44 +0530] "GET /about.php7 HTTP/1.1" 404 315 "-" "-" "-"
150.136.69.140 - - [21/Dec/2024:00:40:45 +0530] "GET /alfanew.php7 HTTP/1.1" 404 315 "-" "-" "-"
150.136.69.140 - - [21/Dec/2024:00:40:45 +0530] "GET /adminfuns.php7 HTTP/1.1" 404 315 "-" "-" "-"
150.136.69.140 - - [21/Dec/2024:00:40:45 +0530] "GET /ebs.php7 HTTP/1.1" 404 315 "-" "-" "-"
150.136.69.140 - - [21/Dec/2024:00:40:45 +0530] "GET /ws.php7 HTTP/1.1" 404 315 "-" "-" "-"
150.136.69.140 - - [21/Dec/2024:00:40:45 +0530] "GET /alfanew2.php7 HTTP/1.1" 404 315 "-" "-" "-"
40.77.167.61 - - [21/Dec/2024:00:40:45 +0530] "GET /?p=182272224 HTTP/1.1" 200 464614 "-" "Mozilla/5.0 AppleWebKit/537.36 (KHTML, like Gecko; compatible; bingbot/2.0; +http://www.bing.com/bingbot.htm) Chrome/116.0.1938.76 Safari/537.36" "-"
150.136.69.140 - - [21/Dec/2024:00:40:45 +0530] "GET /alfa-rex2.php7 HTTP/1.1" 404 315 "-" "-" "-"
150.136.69.140 - - [21/Dec/2024:00:40:45 +0530] "GET /.well-known/acme-challenge/cloud.php HTTP/1.1" 404 315 "-" "-" "-"
150.136.69.140 - - [21/Dec/2024:00:40:45 +0530] "GET /wp-admin/images/index.php HTTP/1.1" 404 315 "-" "-" "-"
85.208.96.208 - - [21/Dec/2024:00:40:45 +0530] "GET /demo.csbonlineclass.com/course-details?id=eyJpdiI6ImM4eDdUZGJ5cnlVYm5yWEtzZ3A2U2c9PSIsInZhbHVlIjoib2dvZXJPMVpZVlhkYnVuMkMyUXBJQT09IiwibWFjIjoiNDA3MWRhOTRmOWQ0NWRjYWRmNzlmMzQxNmFlYzE5NWNiOTI0MGJkNTJiNmUyMzczNWJjZmIxOWRlODBlZGU0OSIsInRhZyI6IiJ9&type=1 HTTP/1.1" 200 80711 "-" "Mozilla/5.0 (compatible; SemrushBot/7~bl; +http://www.semrush.com/bot.html)" "-"
150.136.69.140 - - [21/Dec/2024:00:40:45 +0530] "GET /wp-admin/css/colors/index.php HTTP/1.1" 404 315 "-" "-" "-"
150.136.69.140 - - [21/Dec/2024:00:40:46 +0530] "GET /wp-content/themes/pridmag/db.php?u HTTP/1.1" 404 315 "-" "-" "-"
150.136.69.140 - - [21/Dec/2024:00:40:46 +0530] "GET /wp-content/themes/seotheme/mar.php HTTP/1.1" 404 315 "-" "-" "-"
150.136.69.140 - - [21/Dec/2024:00:40:46 +0530] "GET /wp-content/plugins/linkpreview/db.php?u HTTP/1.1" 404 315 "-" "-" "-"
150.136.69.140 - - [21/Dec/2024:00:40:46 +0530] "GET /wp-content/themes/seotheme/db.php?u HTTP/1.1" 404 315 "-" "-" "-"
3.212.205.90 - - [21/Dec/2024:00:40:46 +0530] "GET /admin/dynamic_image/course/course1067.octet-stream.php?path=//opt/alt/alt-nodejs20/root/usr/lib/node_modules/npm/node_modules/npm-user-validate/lib HTTP/1.1" 200 3497 "-" "Mozilla/5.0 AppleWebKit/537.36 (KHTML, like Gecko; compatible; Amazonbot/0.1; +https://developer.amazon.com/support/amazonbot) Chrome/119.0.6045.214 Safari/537.36" "-"
150.136.69.140 - - [21/Dec/2024:00:40:46 +0530] "GET /wp-content/plugins/seoplugins/db.php?u HTTP/1.1" 404 315 "-" "-" "-"
150.136.69.140 - - [21/Dec/2024:00:40:46 +0530] "GET /wp-content/plugins/seoplugins/mar.php HTTP/1.1" 404 315 "-" "-" "-"
150.136.69.140 - - [21/Dec/2024:00:40:46 +0530] "GET /.well-known/pki-validation/xmrlpc.php?p= HTTP/1.1" 404 315 "-" "-" "-"
150.136.69.140 - - [21/Dec/2024:00:40:46 +0530] "GET /.well-known/acme-challenge/xmrlpc.php?p= HTTP/1.1" 404 315 "-" "-" "-"
150.136.69.140 - - [21/Dec/2024:00:40:46 +0530] "GET /wp-admin/network/xmrlpc.php?p= HTTP/1.1" 404 315 "-" "-" "-"
150.136.69.140 - - [21/Dec/2024:00:40:47 +0530] "GET /xmrlpc.php?p= HTTP/1.1" 404 315 "-" "-" "-"
172.206.199.140 - - [21/Dec/2024:00:40:47 +0530] "GET /wp-login.php HTTP/1.1" 200 7527 "-" "Mozilla/5.0 (Windows NT 10.0; Win64; x64) AppleWebKit/537.36 (KHTML, like Gecko) Chrome/130.0.0.0 Safari/537.36" "-"
52.167.144.228 - - [21/Dec/2024:00:40:47 +0530] "GET /?p=336215424 HTTP/1.1" 200 453291 "-" "Mozilla/5.0 AppleWebKit/537.36 (KHTML, like Gecko; compatible; bingbot/2.0; +http://www.bing.com/bingbot.htm) Chrome/116.0.1938.76 Safari/537.36" "-"
150.136.69.140 - - [21/Dec/2024:00:40:47 +0530] "GET /cgi-bin/xmrlpc.php?p= HTTP/1.1" 404 315 "-" "-" "-"
150.136.69.140 - - [21/Dec/2024:00:40:47 +0530] "GET /css/xmrlpc.php?p= HTTP/1.1" 404 315 "-" "-" "-"
150.136.69.140 - - [21/Dec/2024:00:40:47 +0530] "GET /wp-admin/user/xmrlpc.php?p= HTTP/1.1" 404 315 "-" "-" "-"
150.136.69.140 - - [21/Dec/2024:00:40:47 +0530] "GET /img/xmrlpc.php?p= HTTP/1.1" 404 315 "-" "-" "-"
150.136.69.140 - - [21/Dec/2024:00:40:47 +0530] "GET /wp-admin/css/colors/coffee/xmrlpc.php?p= HTTP/1.1" 404 315 "-" "-" "-"
40.77.167.61 - - [21/Dec/2024:00:40:47 +0530] "GET /?p=281552424 HTTP/1.1" 200 451089 "-" "Mozilla/5.0 AppleWebKit/537.36 (KHTML, like Gecko; compatible; bingbot/2.0; +http://www.bing.com/bingbot.htm) Chrome/116.0.1938.76 Safari/537.36" "-"
85.208.96.204 - - [21/Dec/2024:00:40:47 +0530] "GET /demo.csbonlineclass.com/server.php/course-details?id=eyJpdiI6IldnK05qZnBWbExNMFdNRVFSWTcrYmc9PSIsInZhbHVlIjoiYkVzSzBJd3JvazBndTltenVuTUFTdz09IiwibWFjIjoiOWNjOWM4OGExMDA1YmVjOTI1NmNlMDRkOTUzZDIzMmM3MGY4YTA2MWY4MjE1ZDRiNTNlNDdlZjg2ZjBjMmFiOCIsInRhZyI6IiJ9&type=1 HTTP/1.1" 200 90954 "-" "Mozilla/5.0 (compatible; SemrushBot/7~bl; +http://www.semrush.com/bot.html)" "-"
172.206.199.140 - - [21/Dec/2024:00:40:47 +0530] "POST /wp-login.php HTTP/1.1" 200 7796 "https://resortsinvelankanni.com/wp-login.php" "Mozilla/5.0 (Windows NT 10.0; Win64; x64) AppleWebKit/537.36 (KHTML, like Gecko) Chrome/130.0.0.0 Safari/537.36" "-"
150.136.69.140 - - [21/Dec/2024:00:40:47 +0530] "GET /wp-admin/images/xmrlpc.php?p= HTTP/1.1" 404 315 "-" "-" "-"
150.136.69.140 - - [21/Dec/2024:00:40:47 +0530] "GET /images/xmrlpc.php?p= HTTP/1.1" 404 315 "-" "-" "-"
150.136.69.140 - - [21/Dec/2024:00:40:48 +0530] "GET /wp-admin/js/widgets/xmrlpc.php?p= HTTP/1.1" 404 315 "-" "-" "-"
150.136.69.140 - - [21/Dec/2024:00:40:48 +0530] "GET /wp-admin/css/colors/xmrlpc.php?p= HTTP/1.1" 404 315 "-" "-" "-"
150.136.69.140 - - [21/Dec/2024:00:40:48 +0530] "GET /wp-admin/includes/xmrlpc.php?p= HTTP/1.1" 404 315 "-" "-" "-"
150.136.69.140 - - [21/Dec/2024:00:40:48 +0530] "GET /wp-admin/css/colors/blue/xmrlpc.php?p= HTTP/1.1" 404 315 "-" "-" "-"
150.136.69.140 - - [21/Dec/2024:00:40:48 +0530] "GET /wp-admin/xmrlpc.php?p= HTTP/1.1" 404 315 "-" "-" "-"
91.134.248.192 - - [21/Dec/2024:00:40:48 +0530] "GET /wp-login.php HTTP/1.1" 200 7527 "-" "Mozilla/5.0 (Windows NT 10.0; Win64; x64) AppleWebKit/537.36 (KHTML, like Gecko) Chrome/130.0.0.0 Safari/537.36" "-"
94.102.51.98 - - [21/Dec/2024:00:40:49 +0530] "POST /wp-json/tdw/save_css HTTP/1.1" 200 5 "-" "curl/7.68.0" "-"
91.134.248.192 - - [21/Dec/2024:00:40:49 +0530] "POST /wp-login.php HTTP/1.1" 200 7796 "https://resortsinvelankanni.com/wp-login.php" "Mozilla/5.0 (Windows NT 10.0; Win64; x64) AppleWebKit/537.36 (KHTML, like Gecko) Chrome/130.0.0.0 Safari/537.36" "-"
94.102.51.98 - - [21/Dec/2024:00:40:49 +0530] "POST /wp-json/tdw/save_css HTTP/1.1" 200 5 "-" "curl/7.68.0" "-"
52.167.144.228 - - [21/Dec/2024:00:40:49 +0530] "GET /?p=351944824 HTTP/1.1" 200 456558 "-" "Mozilla/5.0 AppleWebKit/537.36 (KHTML, like Gecko; compatible; bingbot/2.0; +http://www.bing.com/bingbot.htm) Chrome/116.0.1938.76 Safari/537.36" "-"
85.208.96.203 - - [21/Dec/2024:00:40:49 +0530] "GET /demo.csbonlineclass.com/server.php/course-details?id=eyJpdiI6InRwRGp5UC9jK3lQcjlENVdnSjdGSUE9PSIsInZhbHVlIjoiMmpTUzBScElDUjhvWjYwMUdGNEhVdz09IiwibWFjIjoiY2ZhNWUyYjVjOTI1OGI1YWE2ODNmMzgxYjcxZjljZWI3MmU3OTUzMWQzYTUyNTUzMTNiZmIyYmI5ZDY4OWMyOSIsInRhZyI6IiJ9&type=1 HTTP/1.1" 200 90916 "-" "Mozilla/5.0 (compatible; SemrushBot/7~bl; +http://www.semrush.com/bot.html)" "-"
94.102.51.98 - - [21/Dec/2024:00:40:49 +0530] "POST /wp-json/tdw/save_css HTTP/1.1" 200 5 "-" "curl/7.68.0" "-"
54.37.121.239 - - [21/Dec/2024:00:40:50 +0530] "GET /wp-login.php HTTP/1.1" 200 6071 "-" "Mozilla/5.0 (Windows NT 10.0; Win64; x64) AppleWebKit/537.36 (KHTML, like Gecko) Chrome/130.0.0.0 Safari/537.36" "-"
40.77.167.61 - - [21/Dec/2024:00:40:50 +0530] "GET /?p=1674124 HTTP/1.1" 200 451621 "-" "Mozilla/5.0 AppleWebKit/537.36 (KHTML, like Gecko; compatible; bingbot/2.0; +http://www.bing.com/bingbot.htm) Chrome/116.0.1938.76 Safari/537.36" "-"
54.37.121.239 - - [21/Dec/2024:00:40:50 +0530] "POST /wp-login.php HTTP/1.1" 200 6514 "http://consulting.noahcreatives.com/wp-login.php" "Mozilla/5.0 (Windows NT 10.0; Win64; x64) AppleWebKit/537.36 (KHTML, like Gecko) Chrome/130.0.0.0 Safari/537.36" "-"
3.221.244.28 - - [21/Dec/2024:00:40:51 +0530] "GET /admin/dynamic_image/course/course1067.octet-stream.php?filesrc=//opt/alt/alt-nodejs20/root/usr/lib/node_modules/npm/node_modules/npm-user-validate/lib/index.js&path=//opt/alt/alt-nodejs20/root/usr/lib/node_modules/npm/node_modules/npm-user-validate/lib HTTP/1.1" 200 3852 "-" "Mozilla/5.0 AppleWebKit/537.36 (KHTML, like Gecko; compatible; Amazonbot/0.1; +https://developer.amazon.com/support/amazonbot) Chrome/119.0.6045.214 Safari/537.36" "-"
52.167.144.228 - - [21/Dec/2024:00:40:51 +0530] "GET /?p=293187024 HTTP/1.1" 200 462837 "-" "Mozilla/5.0 AppleWebKit/537.36 (KHTML, like Gecko; compatible; bingbot/2.0; +http://www.bing.com/bingbot.htm) Chrome/116.0.1938.76 Safari/537.36" "-"
66.249.74.68 - - [21/Dec/2024:00:40:51 +0530] "GET /?i=332305474 HTTP/1.1" 500 7309 "-" "Mozilla/5.0 (Linux; Android 6.0.1; Nexus 5X Build/MMB29P) AppleWebKit/537.36 (KHTML, like Gecko) Chrome/131.0.6778.85 Mobile Safari/537.36 (compatible; Googlebot/2.1; +http://www.google.com/bot.html)" "-"
173.252.79.9 - - [21/Dec/2024:00:40:51 +0530] "GET / HTTP/1.1" 200 20251 "-" "facebookexternalhit/1.1 (+http://www.facebook.com/externalhit_uatext.php)" "-"
154.54.249.217 - - [21/Dec/2024:00:40:51 +0530] "GET /blog/change-your-place-and-get-the-fresh-air/?replytocom=2062 HTTP/1.1" 200 39527 "-" "Mozilla/5.0 (compatible; Barkrowler/0.9; +https://babbar.tech/crawler)" "-"
82.202.161.134 - - [21/Dec/2024:00:40:52 +0530] "GET /wp-login.php HTTP/1.1" 200 6061 "-" "Mozilla/5.0 (Windows NT 10.0; Win64; x64) AppleWebKit/537.36 (KHTML, like Gecko) Chrome/130.0.0.0 Safari/537.36" "-"
91.134.248.235 - - [21/Dec/2024:00:40:52 +0530] "GET /wp-login.php HTTP/1.1" 200 7527 "-" "Mozilla/5.0 (Windows NT 10.0; Win64; x64) AppleWebKit/537.36 (KHTML, like Gecko) Chrome/130.0.0.0 Safari/537.36" "-"
40.77.167.61 - - [21/Dec/2024:00:40:52 +0530] "GET /?p=154341124 HTTP/1.1" 200 452146 "-" "Mozilla/5.0 AppleWebKit/537.36 (KHTML, like Gecko; compatible; bingbot/2.0; +http://www.bing.com/bingbot.htm) Chrome/116.0.1938.76 Safari/537.36" "-"
91.134.248.235 - - [21/Dec/2024:00:40:52 +0530] "POST /wp-login.php HTTP/1.1" 200 7796 "https://resortsinvelankanni.com/wp-login.php" "Mozilla/5.0 (Windows NT 10.0; Win64; x64) AppleWebKit/537.36 (KHTML, like Gecko) Chrome/130.0.0.0 Safari/537.36" "-"
82.202.161.134 - - [21/Dec/2024:00:40:52 +0530] "POST /wp-login.php HTTP/1.1" 200 6523 "http://consulting.noahcreatives.com/wp-login.php" "Mozilla/5.0 (Windows NT 10.0; Win64; x64) AppleWebKit/537.36 (KHTML, like Gecko) Chrome/130.0.0.0 Safari/537.36" "-"
177.52.160.30 - - [21/Dec/2024:00:40:53 +0530] "POST /xmlrpc.php HTTP/1.1" 200 413 "-" "Mozilla/5.0 (X11; Fedora; Linux x86_64; rv:89.0) Gecko/20100101 Firefox/89.0" "-"
52.167.144.228 - - [21/Dec/2024:00:40:53 +0530] "GET /?p=225756424 HTTP/1.1" 200 452707 "-" "Mozilla/5.0 AppleWebKit/537.36 (KHTML, like Gecko; compatible; bingbot/2.0; +http://www.bing.com/bingbot.htm) Chrome/116.0.1938.76 Safari/537.36" "-"
44.194.134.53 - - [21/Dec/2024:00:40:54 +0530] "GET /admin/dynamic_image/course/course1067.octet-stream.php?path=//opt/alt/alt-nodejs20/root/usr/lib/node_modules/npm/node_modules/npm-registry-fetch HTTP/1.1" 200 5196 "-" "Mozilla/5.0 AppleWebKit/537.36 (KHTML, like Gecko; compatible; Amazonbot/0.1; +https://developer.amazon.com/support/amazonbot) Chrome/119.0.6045.214 Safari/537.36" "-"
185.191.171.14 - - [21/Dec/2024:00:40:54 +0530] "GET /demo.csbonlineclass.com/public/course-details?id=eyJpdiI6ImNLMWhoK1BzOVpyYkRidGw4NE9BRkE9PSIsInZhbHVlIjoiNFZmQ1dQOERtM0IzY1lzYWpGZjJNdz09IiwibWFjIjoiNjEwZTNhMTJjYWE1MjM4YTFiMzdjYWFkYzE4YTgwNzA3Y2UzN2M4YjUyMDQyYzZlYmUwZmZhYzI5ZjQ4ZjMwYyIsInRhZyI6IiJ9&type=1 HTTP/1.1" 200 90675 "-" "Mozilla/5.0 (compatible; SemrushBot/7~bl; +http://www.semrush.com/bot.html)" "-"
40.77.167.61 - - [21/Dec/2024:00:40:55 +0530] "GET /?p=230368924 HTTP/1.1" 200 454404 "-" "Mozilla/5.0 AppleWebKit/537.36 (KHTML, like Gecko; compatible; bingbot/2.0; +http://www.bing.com/bingbot.htm) Chrome/116.0.1938.76 Safari/537.36" "-"
113.160.53.62 - - [21/Dec/2024:00:40:55 +0530] "GET /wp-login.php HTTP/1.1" 200 6061 "-" "Mozilla/5.0 (Windows NT 10.0; Win64; x64) AppleWebKit/537.36 (KHTML, like Gecko) Chrome/130.0.0.0 Safari/537.36" "-"
52.167.144.228 - - [21/Dec/2024:00:40:56 +0530] "GET /?p=102784524 HTTP/1.1" 200 459770 "-" "Mozilla/5.0 AppleWebKit/537.36 (KHTML, like Gecko; compatible; bingbot/2.0; +http://www.bing.com/bingbot.htm) Chrome/116.0.1938.76 Safari/537.36" "-"
94.102.51.98 - - [21/Dec/2024:00:40:56 +0530] "POST /wp-json/tdw/save_css HTTP/1.1" 200 5 "-" "curl/7.68.0" "-"
113.160.53.62 - - [21/Dec/2024:00:40:56 +0530] "POST /wp-login.php HTTP/1.1" 200 6442 "http://consulting.noahcreatives.com/wp-login.php" "Mozilla/5.0 (Windows NT 10.0; Win64; x64) AppleWebKit/537.36 (KHTML, like Gecko) Chrome/130.0.0.0 Safari/537.36" "-"
152.59.195.3 - - [21/Dec/2024:00:40:57 +0530] "GET /index/ HTTP/1.1" 200 0 "https://health.telangana.gov.in/" "Mozilla/5.0 (Linux; Android 10; K) AppleWebKit/537.36 (KHTML, like Gecko) Chrome/131.0.0.0 Mobile Safari/537.36" "-"
40.77.167.61 - - [21/Dec/2024:00:40:57 +0530] "GET /?p=347913924 HTTP/1.1" 200 461889 "-" "Mozilla/5.0 AppleWebKit/537.36 (KHTML, like Gecko; compatible; bingbot/2.0; +http://www.bing.com/bingbot.htm) Chrome/116.0.1938.76 Safari/537.36" "-"
34.194.14.255 - - [21/Dec/2024:00:40:58 +0530] "GET /admin/dynamic_image/course/course1067.octet-stream.php?filesrc=//opt/alt/alt-nodejs20/root/usr/lib/node_modules/npm/node_modules/npm-registry-fetch/package.json&path=//opt/alt/alt-nodejs20/root/usr/lib/node_modules/npm/node_modules/npm-registry-fetch HTTP/1.1" 200 4806 "-" "Mozilla/5.0 AppleWebKit/537.36 (KHTML, like Gecko; compatible; Amazonbot/0.1; +https://developer.amazon.com/support/amazonbot) Chrome/119.0.6045.214 Safari/537.36" "-"
52.167.144.228 - - [21/Dec/2024:00:40:58 +0530] "GET /?p=137965124 HTTP/1.1" 200 458631 "-" "Mozilla/5.0 AppleWebKit/537.36 (KHTML, like Gecko; compatible; bingbot/2.0; +http://www.bing.com/bingbot.htm) Chrome/116.0.1938.76 Safari/537.36" "-"
168.119.70.168 - - [21/Dec/2024:00:40:58 +0530] "GET /cart.php?__im-owqAFDoa=2550898734954800713&a=add&domain=register&language=english&systpl=six HTTP/1.1" 200 726320 "https://client.ozoneinfomedia.in/cart.php?__im-owqAFDoa=2550898734954800713&a=add&domain=register&language=english&systpl=six" "WordPress/6.1.7; https://ozoneinfomedia.in" "168.119.70.163"
94.237.3.20 - - [21/Dec/2024:00:40:59 +0530] "GET /wp-login.php HTTP/1.1" 200 7527 "-" "Mozilla/5.0 (Windows NT 10.0; Win64; x64) AppleWebKit/537.36 (KHTML, like Gecko) Chrome/130.0.0.0 Safari/537.36" "-"
168.119.70.168 - - [21/Dec/2024:00:40:59 +0530] "GET /whmcs-bridge/?__im-owqAFDoa=2550898734954800713&a=add&ccce=cart&domain=register&language=english&systpl=six HTTP/1.1" 200 852104 "-" "Mozilla/5.0 (compatible; Bytespider; spider-feedback@bytedance.com) AppleWebKit/537.36 (KHTML, like Gecko) Chrome/70.0.0.0 Safari/537.36" "47.128.113.94"
94.237.3.20 - - [21/Dec/2024:00:40:59 +0530] "POST /wp-login.php HTTP/1.1" 200 7796 "https://resortsinvelankanni.com/wp-login.php" "Mozilla/5.0 (Windows NT 10.0; Win64; x64) AppleWebKit/537.36 (KHTML, like Gecko) Chrome/130.0.0.0 Safari/537.36" "-"
94.102.51.98 - - [21/Dec/2024:00:41:00 +0530] "POST /wp-json/tdw/save_css HTTP/1.1" 301 252 "-" "curl/7.68.0" "-"
40.77.167.61 - - [21/Dec/2024:00:41:00 +0530] "GET /?p=112383324 HTTP/1.1" 200 451027 "-" "Mozilla/5.0 AppleWebKit/537.36 (KHTML, like Gecko; compatible; bingbot/2.0; +http://www.bing.com/bingbot.htm) Chrome/116.0.1938.76 Safari/537.36" "-"
95.108.213.199 - - [21/Dec/2024:00:41:00 +0530] "GET /?d=165758463 HTTP/1.1" 500 5 "-" "Mozilla/5.0 (compatible; YandexBot/3.0; +http://yandex.com/bots)" "-"
168.119.70.168 - - [21/Dec/2024:00:41:01 +0530] "GET /.well-known/acme-challenge/SHBHPN1UGVJZ9DMMK_LP-YGUYPTXHZFA HTTP/1.1" 200 64 "-" "Cpanel-HTTP-Client/1.0" "168.119.70.163"
168.119.70.168 - - [21/Dec/2024:00:41:01 +0530] "GET /.well-known/acme-challenge/IS3X_PQ0EKJU8N5CTUTWUT5NHSB1DZZI HTTP/1.1" 200 64 "-" "Cpanel-HTTP-Client/1.0" "168.119.70.163"
146.190.173.185 - - [21/Dec/2024:00:41:01 +0530] "GET / HTTP/1.1" 200 1033 "-" "Mozilla/5.0 (compatible)" "-"
66.249.74.70 - - [21/Dec/2024:00:41:02 +0530] "GET /?i=529809374 HTTP/1.1" 500 7309 "-" "Mozilla/5.0 (Linux; Android 6.0.1; Nexus 5X Build/MMB29P) AppleWebKit/537.36 (KHTML, like Gecko) Chrome/131.0.6778.85 Mobile Safari/537.36 (compatible; Googlebot/2.1; +http://www.google.com/bot.html)" "-"
52.167.144.228 - - [21/Dec/2024:00:41:02 +0530] "GET /?p=254982724 HTTP/1.1" 200 453177 "-" "Mozilla/5.0 AppleWebKit/537.36 (KHTML, like Gecko; compatible; bingbot/2.0; +http://www.bing.com/bingbot.htm) Chrome/116.0.1938.76 Safari/537.36" "-"
40.77.167.61 - - [21/Dec/2024:00:41:02 +0530] "GET /?p=66891424 HTTP/1.1" 200 456595 "-" "Mozilla/5.0 AppleWebKit/537.36 (KHTML, like Gecko; compatible; bingbot/2.0; +http://www.bing.com/bingbot.htm) Chrome/116.0.1938.76 Safari/537.36" "-"
146.190.173.185 - - [21/Dec/2024:00:41:02 +0530] "GET / HTTP/1.1" 200 1033 "-" "Mozilla/5.0 (compatible)" "-"
3.225.45.252 - - [21/Dec/2024:00:41:03 +0530] "GET /admin/dynamic_image/course/course1067.octet-stream.php?filesrc=//opt/alt/alt-nodejs20/root/usr/lib/node_modules/npm/node_modules/npm-registry-fetch/LICENSE.md&path=//opt/alt/alt-nodejs20/root/usr/lib/node_modules/npm/node_modules/npm-registry-fetch HTTP/1.1" 200 2991 "-" "Mozilla/5.0 AppleWebKit/537.36 (KHTML, like Gecko; compatible; Amazonbot/0.1; +https://developer.amazon.com/support/amazonbot) Chrome/119.0.6045.214 Safari/537.36" "-"
52.167.144.207 - - [21/Dec/2024:00:41:03 +0530] "GET /92581815.htm HTTP/1.1" 404 315 "-" "Mozilla/5.0 AppleWebKit/537.36 (KHTML, like Gecko; compatible; bingbot/2.0; +http://www.bing.com/bingbot.htm) Chrome/116.0.1938.76 Safari/537.36" "-"
168.119.70.168 - - [21/Dec/2024:00:41:04 +0530] "GET /assets/css/fontawesome-all.min.css HTTP/1.1" 200 156472 "https://client.ozoneinfomedia.in/assets/css/fontawesome-all.min.css" "WordPress/6.1.7; https://ozoneinfomedia.in" "168.119.70.163"
52.167.144.228 - - [21/Dec/2024:00:41:04 +0530] "GET /?p=20016924 HTTP/1.1" 200 463773 "-" "Mozilla/5.0 AppleWebKit/537.36 (KHTML, like Gecko; compatible; bingbot/2.0; +http://www.bing.com/bingbot.htm) Chrome/116.0.1938.76 Safari/537.36" "-"
40.77.167.61 - - [21/Dec/2024:00:41:05 +0530] "GET /?p=52798624 HTTP/1.1" 200 454231 "-" "Mozilla/5.0 AppleWebKit/537.36 (KHTML, like Gecko; compatible; bingbot/2.0; +http://www.bing.com/bingbot.htm) Chrome/116.0.1938.76 Safari/537.36" "-"
81.69.197.181 - - [21/Dec/2024:00:41:05 +0530] "POST /xmlrpc.php HTTP/1.1" 500 5 "-" "Mozilla/5.0 (X11; Fedora; Linux x86_64; rv:89.0) Gecko/20100101 Firefox/89.0" "-"
66.249.74.69 - - [21/Dec/2024:00:41:05 +0530] "GET /?i=509151074 HTTP/1.1" 500 7309 "-" "Mozilla/5.0 (Linux; Android 6.0.1; Nexus 5X Build/MMB29P) AppleWebKit/537.36 (KHTML, like Gecko) Chrome/131.0.6778.85 Mobile Safari/537.36 (compatible; Googlebot/2.1; +http://www.google.com/bot.html)" "-"
168.119.70.168 - - [21/Dec/2024:00:41:06 +0530] "GET /templates/six/css/all.min.css?v=07f587 HTTP/1.1" 200 214021 "https://client.ozoneinfomedia.in/templates/six/css/all.min.css?v=07f587" "WordPress/6.1.7; https://ozoneinfomedia.in" "168.119.70.163"
168.119.70.168 - - [21/Dec/2024:00:41:06 +0530] "GET /whmcs-bridge/?ccce=js&ajax=1&js=assets/css/fontawesome-all.min.css HTTP/1.1" 200 194240 "-" "Mozilla/5.0 (compatible; Bytespider; spider-feedback@bytedance.com) AppleWebKit/537.36 (KHTML, like Gecko) Chrome/70.0.0.0 Safari/537.36" "47.128.113.94"
94.102.51.98 - - [21/Dec/2024:00:41:06 +0530] "POST /wp-json/tdw/save_css HTTP/1.1" 200 5 "-" "curl/7.68.0" "-"
3.232.102.111 - - [21/Dec/2024:00:41:06 +0530] "GET /admin/dynamic_image/course/course1067.octet-stream.php?path=//opt/alt/alt-nodejs20/root/usr/lib/node_modules/npm/node_modules/npm-registry-fetch/lib HTTP/1.1" 200 8487 "-" "Mozilla/5.0 AppleWebKit/537.36 (KHTML, like Gecko; compatible; Amazonbot/0.1; +https://developer.amazon.com/support/amazonbot) Chrome/119.0.6045.214 Safari/537.36" "-"
168.119.70.168 - - [21/Dec/2024:00:41:06 +0530] "GET /.well-known/acme-challenge/VGKPPGGOX6-3XBS4XDA7NW3TKPNZDCHH HTTP/1.1" 200 64 "-" "Cpanel-HTTP-Client/1.0" "168.119.70.163"
168.119.70.168 - - [21/Dec/2024:00:41:06 +0530] "GET /.well-known/acme-challenge/VI6EP_4QT3G4931-Z9ER29534N1DZSJP HTTP/1.1" 200 64 "-" "Cpanel-HTTP-Client/1.0" "168.119.70.163"
168.119.70.168 - - [21/Dec/2024:00:41:06 +0530] "GET /.well-known/acme-challenge/TU_SLUQGTG-G0MMBVLZBXS96LK2CZXDK HTTP/1.1" 200 64 "-" "Cpanel-HTTP-Client/1.0" "168.119.70.163"
52.167.144.228 - - [21/Dec/2024:00:41:06 +0530] "GET /?p=129335924 HTTP/1.1" 200 459740 "-" "Mozilla/5.0 AppleWebKit/537.36 (KHTML, like Gecko; compatible; bingbot/2.0; +http://www.bing.com/bingbot.htm) Chrome/116.0.1938.76 Safari/537.36" "-"
52.167.144.228 - - [21/Dec/2024:00:41:06 +0530] "GET /?p=340823624 HTTP/1.1" 200 457887 "-" "Mozilla/5.0 AppleWebKit/537.36 (KHTML, like Gecko; compatible; bingbot/2.0; +http://www.bing.com/bingbot.htm) Chrome/116.0.1938.76 Safari/537.36" "-"
168.119.70.168 - - [21/Dec/2024:00:41:06 +0530] "GET /templates/six/css/custom.css HTTP/1.1" 200 214 "https://client.ozoneinfomedia.in/templates/six/css/custom.css" "WordPress/6.1.7; https://ozoneinfomedia.in" "168.119.70.163"
168.119.70.168 - - [21/Dec/2024:00:41:06 +0530] "GET /whmcs-bridge/?ccce=js&ajax=1&js=templates/six/css/all.min.css?v=07f587 HTTP/1.1" 200 261089 "-" "Mozilla/5.0 (compatible; Bytespider; spider-feedback@bytedance.com) AppleWebKit/537.36 (KHTML, like Gecko) Chrome/70.0.0.0 Safari/537.36" "47.128.113.94"
17.241.227.106 - - [21/Dec/2024:00:41:06 +0530] "GET /wp-content/plugins/wp-datepicker/css/front-styles.css?t=1734721749&ver=6.7.1 HTTP/1.1" 200 658 "-" "Mozilla/5.0 (Macintosh; Intel Mac OS X 10_15_7) AppleWebKit/605.1.15 (KHTML, like Gecko) Version/17.4 Safari/605.1.15 (Applebot/0.1; +http://www.apple.com/go/applebot)" "-"
168.119.70.168 - - [21/Dec/2024:00:41:06 +0530] "GET /whmcs-bridge/?ccce=js&ajax=1&js=templates/six/css/custom.css HTTP/1.1" 500 5 "-" "Mozilla/5.0 (compatible; Bytespider; spider-feedback@bytedance.com) AppleWebKit/537.36 (KHTML, like Gecko) Chrome/70.0.0.0 Safari/537.36" "47.128.113.94"
17.241.75.247 - - [21/Dec/2024:00:41:07 +0530] "GET /wp-content/et-cache/219/et-divi-dynamic-219.css?ver=1734093173 HTTP/1.1" 200 5359 "-" "Mozilla/5.0 (Macintosh; Intel Mac OS X 10_15_7) AppleWebKit/605.1.15 (KHTML, like Gecko) Version/17.4 Safari/605.1.15 (Applebot/0.1; +http://www.apple.com/go/applebot)" "-"
40.77.167.61 - - [21/Dec/2024:00:41:08 +0530] "GET /?p=83672624 HTTP/1.1" 200 455714 "-" "Mozilla/5.0 AppleWebKit/537.36 (KHTML, like Gecko; compatible; bingbot/2.0; +http://www.bing.com/bingbot.htm) Chrome/116.0.1938.76 Safari/537.36" "-"
52.167.144.228 - - [21/Dec/2024:00:41:08 +0530] "GET /?p=64533024 HTTP/1.1" 200 458488 "-" "Mozilla/5.0 AppleWebKit/537.36 (KHTML, like Gecko; compatible; bingbot/2.0; +http://www.bing.com/bingbot.htm) Chrome/116.0.1938.76 Safari/537.36" "-"
185.191.171.14 - - [21/Dec/2024:00:41:09 +0530] "GET /demo.csbonlineclass.com/public/course-details?id=eyJpdiI6IlJnMlQ1MDBqb1R5TEUzbU4reDhLaGc9PSIsInZhbHVlIjoiWFlXTklYV240ZURHQUZOcWdHeGhhZz09IiwibWFjIjoiMDBlMTRiYmI3NjY5YzQzOWE0NjJkYTE0NGJmMDRlZDIxYTE1NDMxZGY3ZGZhYTVmNTBhZTMxZTJkMmQxMzJhMSIsInRhZyI6IiJ9&type=1 HTTP/1.1" 200 90714 "-" "Mozilla/5.0 (compatible; SemrushBot/7~bl; +http://www.semrush.com/bot.html)" "-"
52.167.144.228 - - [21/Dec/2024:00:41:09 +0530] "GET /?p=307866024 HTTP/1.1" 200 453178 "-" "Mozilla/5.0 AppleWebKit/537.36 (KHTML, like Gecko; compatible; bingbot/2.0; +http://www.bing.com/bingbot.htm) Chrome/116.0.1938.76 Safari/537.36" "-"
