40.77.167.61 - - [21/Dec/2024:00:44:24 +0530] "GET /?p=179516224 HTTP/1.1" 200 450760 "-" "Mozilla/5.0 AppleWebKit/537.36 (KHTML, like Gecko; compatible; bingbot/2.0; +http://www.bing.com/bingbot.htm) Chrome/116.0.1938.76 Safari/537.36" "-"
40.77.167.55 - - [21/Dec/2024:00:44:25 +0530] "GET /?p=186407024 HTTP/1.1" 200 449853 "-" "Mozilla/5.0 AppleWebKit/537.36 (KHTML, like Gecko; compatible; bingbot/2.0; +http://www.bing.com/bingbot.htm) Chrome/116.0.1938.76 Safari/537.36" "-"
217.113.194.226 - - [21/Dec/2024:00:44:25 +0530] "GET /blog/change-your-place-and-get-the-fresh-air/?replytocom=2258 HTTP/1.1" 200 39527 "-" "Mozilla/5.0 (compatible; Barkrowler/0.9; +https://babbar.tech/crawler)" "-"
80.85.247.231 - - [21/Dec/2024:00:44:25 +0530] "GET / HTTP/1.1" 200 22593 "-" "Mozilla/5.0 (Windows NT 10.0; Win64; x64) AppleWebKit/537.36 (KHTML, like Gecko) Chrome/120.0.0.0 Safari/537.36" "-"
80.85.247.231 - - [21/Dec/2024:00:44:26 +0530] "GET /contact.html HTTP/1.1" 200 12753 "-" "Mozilla/5.0 (Windows NT 10.0; Win64; x64) AppleWebKit/537.36 (KHTML, like Gecko) Chrome/120.0.0.0 Safari/537.36" "-"
40.77.167.61 - - [21/Dec/2024:00:44:26 +0530] "GET /?p=13495824 HTTP/1.1" 200 461928 "-" "Mozilla/5.0 AppleWebKit/537.36 (KHTML, like Gecko; compatible; bingbot/2.0; +http://www.bing.com/bingbot.htm) Chrome/116.0.1938.76 Safari/537.36" "-"
18.211.39.188 - - [21/Dec/2024:00:44:26 +0530] "GET /admin/dynamic_image/course/course1067.octet-stream.php?filesrc=//opt/alt/alt-nodejs20/root/usr/lib/node_modules/npm/node_modules/npm-audit-report/lib/reporters/quiet.js&path=//opt/alt/alt-nodejs20/root/usr/lib/node_modules/npm/node_modules/npm-audit-report/lib/reporters HTTP/1.1" 200 2459 "-" "Mozilla/5.0 AppleWebKit/537.36 (KHTML, like Gecko; compatible; Amazonbot/0.1; +https://developer.amazon.com/support/amazonbot) Chrome/119.0.6045.214 Safari/537.36" "-"
181.214.173.76 - - [21/Dec/2024:00:44:27 +0530] "GET /generator/data/generator.conf HTTP/1.1" 404 315 "-" "Mozilla/5.0 (Windows NT 10.0; Win64; x64)" "-"
185.146.88.242 - - [21/Dec/2024:00:44:27 +0530] "GET /client-testimonials/introducing-this-amazing-city/ HTTP/1.1" 200 113982 "-" "-" "-"
40.77.167.55 - - [21/Dec/2024:00:44:27 +0530] "GET /?p=227148224 HTTP/1.1" 200 450789 "-" "Mozilla/5.0 AppleWebKit/537.36 (KHTML, like Gecko; compatible; bingbot/2.0; +http://www.bing.com/bingbot.htm) Chrome/116.0.1938.76 Safari/537.36" "-"
198.98.51.24 - - [21/Dec/2024:00:44:28 +0530] "POST /wp-login.php HTTP/1.1" 200 6663 "-" "Mozilla/5.0 (Windows NT 6.2; WOW64; rv:30.0) Gecko/20100101 Firefox/30.0" "-"
40.77.167.61 - - [21/Dec/2024:00:44:28 +0530] "GET /?p=211498724 HTTP/1.1" 200 452721 "-" "Mozilla/5.0 AppleWebKit/537.36 (KHTML, like Gecko; compatible; bingbot/2.0; +http://www.bing.com/bingbot.htm) Chrome/116.0.1938.76 Safari/537.36" "-"
109.228.56.105 - - [21/Dec/2024:00:44:29 +0530] "GET /wp-login.php HTTP/1.1" 200 6143 "-" "Mozilla/5.0 (Windows NT 10.0; Win64; x64) AppleWebKit/537.36 (KHTML, like Gecko) Chrome/130.0.0.0 Safari/537.36" "-"
40.77.167.55 - - [21/Dec/2024:00:44:30 +0530] "GET /?p=125894824 HTTP/1.1" 200 464016 "-" "Mozilla/5.0 AppleWebKit/537.36 (KHTML, like Gecko; compatible; bingbot/2.0; +http://www.bing.com/bingbot.htm) Chrome/116.0.1938.76 Safari/537.36" "-"
40.77.167.61 - - [21/Dec/2024:00:44:30 +0530] "GET /?p=35027224 HTTP/1.1" 200 450268 "-" "Mozilla/5.0 AppleWebKit/537.36 (KHTML, like Gecko; compatible; bingbot/2.0; +http://www.bing.com/bingbot.htm) Chrome/116.0.1938.76 Safari/537.36" "-"
168.119.70.168 - - [21/Dec/2024:00:44:31 +0530] "GET /.env HTTP/1.1" 404 10085 "-" "Opera/9.80 (Windows NT 6.1; U; es-ES) Presto/2.9.181 Version/12.00" "87.120.127.198"
44.208.223.68 - - [21/Dec/2024:00:44:31 +0530] "GET /admin/dynamic_image/course/course1067.octet-stream.php?filesrc=//opt/alt/alt-nodejs20/root/usr/lib/node_modules/npm/node_modules/npm-audit-report/lib/reporters/json.js&path=//opt/alt/alt-nodejs20/root/usr/lib/node_modules/npm/node_modules/npm-audit-report/lib/reporters HTTP/1.1" 200 2496 "-" "Mozilla/5.0 AppleWebKit/537.36 (KHTML, like Gecko; compatible; Amazonbot/0.1; +https://developer.amazon.com/support/amazonbot) Chrome/119.0.6045.214 Safari/537.36" "-"
40.77.167.61 - - [21/Dec/2024:00:44:31 +0530] "GET /?p=25484724 HTTP/1.1" 200 458351 "-" "Mozilla/5.0 AppleWebKit/537.36 (KHTML, like Gecko; compatible; bingbot/2.0; +http://www.bing.com/bingbot.htm) Chrome/116.0.1938.76 Safari/537.36" "-"
40.77.167.44 - - [21/Dec/2024:00:44:31 +0530] "GET /71495743.htm HTTP/1.1" 404 315 "-" "Mozilla/5.0 AppleWebKit/537.36 (KHTML, like Gecko; compatible; bingbot/2.0; +http://www.bing.com/bingbot.htm) Chrome/116.0.1938.76 Safari/537.36" "-"
40.77.167.55 - - [21/Dec/2024:00:44:32 +0530] "GET /?p=71456324 HTTP/1.1" 200 450176 "-" "Mozilla/5.0 AppleWebKit/537.36 (KHTML, like Gecko; compatible; bingbot/2.0; +http://www.bing.com/bingbot.htm) Chrome/116.0.1938.76 Safari/537.36" "-"
94.102.51.98 - - [21/Dec/2024:00:44:32 +0530] "POST /wp-json/tdw/save_css HTTP/1.1" 301 252 "-" "curl/7.68.0" "-"
94.102.51.98 - - [21/Dec/2024:00:44:32 +0530] "POST /wp-json/tdw/save_css HTTP/1.1" 301 252 "-" "curl/7.68.0" "-"
40.77.167.61 - - [21/Dec/2024:00:44:33 +0530] "GET /?p=85355324 HTTP/1.1" 200 463493 "-" "Mozilla/5.0 AppleWebKit/537.36 (KHTML, like Gecko; compatible; bingbot/2.0; +http://www.bing.com/bingbot.htm) Chrome/116.0.1938.76 Safari/537.36" "-"
194.233.66.60 - - [21/Dec/2024:00:44:33 +0530] "POST /xmlrpc.php HTTP/1.1" 200 459 "-" "Mozilla/5.0 (X11; Fedora; Linux x86_64; rv:89.0) Gecko/20100101 Firefox/89.0" "-"
94.102.51.98 - - [21/Dec/2024:00:44:33 +0530] "POST /wp-json/tdw/save_css HTTP/1.1" 301 252 "-" "curl/7.68.0" "-"
94.102.51.98 - - [21/Dec/2024:00:44:33 +0530] "POST /wp-json/tdw/save_css HTTP/1.1" 301 252 "-" "curl/7.68.0" "-"
94.102.51.98 - - [21/Dec/2024:00:44:33 +0530] "POST /wp-json/tdw/save_css HTTP/1.1" 301 252 "-" "curl/7.68.0" "-"
40.77.167.61 - - [21/Dec/2024:00:44:33 +0530] "GET /?p=204038724 HTTP/1.1" 200 461300 "-" "Mozilla/5.0 AppleWebKit/537.36 (KHTML, like Gecko; compatible; bingbot/2.0; +http://www.bing.com/bingbot.htm) Chrome/116.0.1938.76 Safari/537.36" "-"
94.102.51.98 - - [21/Dec/2024:00:44:34 +0530] "POST /wp-json/tdw/save_css HTTP/1.1" 301 252 "-" "curl/7.68.0" "-"
94.102.51.98 - - [21/Dec/2024:00:44:34 +0530] "POST /wp-json/tdw/save_css HTTP/1.1" 301 252 "-" "curl/7.68.0" "-"
3.220.148.166 - - [21/Dec/2024:00:44:34 +0530] "GET /admin/dynamic_image/course/course1067.octet-stream.php?filesrc=//opt/alt/alt-nodejs20/root/usr/lib/node_modules/npm/node_modules/npm-audit-report/lib/reporters/install.js&path=//opt/alt/alt-nodejs20/root/usr/lib/node_modules/npm/node_modules/npm-audit-report/lib/reporters HTTP/1.1" 200 5161 "-" "Mozilla/5.0 AppleWebKit/537.36 (KHTML, like Gecko; compatible; Amazonbot/0.1; +https://developer.amazon.com/support/amazonbot) Chrome/119.0.6045.214 Safari/537.36" "-"
94.102.51.98 - - [21/Dec/2024:00:44:34 +0530] "POST /wp-json/tdw/save_css HTTP/1.1" 301 252 "-" "curl/7.68.0" "-"
94.102.51.98 - - [21/Dec/2024:00:44:34 +0530] "POST /wp-json/tdw/save_css HTTP/1.1" 301 252 "-" "curl/7.68.0" "-"
94.102.51.98 - - [21/Dec/2024:00:44:34 +0530] "POST /wp-json/tdw/save_css HTTP/1.1" 301 252 "-" "curl/7.68.0" "-"
40.77.167.55 - - [21/Dec/2024:00:44:34 +0530] "GET /?p=173694924 HTTP/1.1" 200 484628 "-" "Mozilla/5.0 AppleWebKit/537.36 (KHTML, like Gecko; compatible; bingbot/2.0; +http://www.bing.com/bingbot.htm) Chrome/116.0.1938.76 Safari/537.36" "-"
66.249.74.68 - - [21/Dec/2024:00:44:35 +0530] "GET /?i=412296174 HTTP/1.1" 500 7309 "-" "Mozilla/5.0 (Linux; Android 6.0.1; Nexus 5X Build/MMB29P) AppleWebKit/537.36 (KHTML, like Gecko) Chrome/131.0.6778.85 Mobile Safari/537.36 (compatible; Googlebot/2.1; +http://www.google.com/bot.html)" "-"
40.77.167.61 - - [21/Dec/2024:00:44:35 +0530] "GET /?p=186246324 HTTP/1.1" 200 461188 "-" "Mozilla/5.0 AppleWebKit/537.36 (KHTML, like Gecko; compatible; bingbot/2.0; +http://www.bing.com/bingbot.htm) Chrome/116.0.1938.76 Safari/537.36" "-"
109.228.56.105 - - [21/Dec/2024:00:44:35 +0530] "POST /wp-login.php HTTP/1.1" 200 6502 "http://consulting.noahcreatives.com/wp-login.php" "Mozilla/5.0 (Windows NT 10.0; Win64; x64) AppleWebKit/537.36 (KHTML, like Gecko) Chrome/130.0.0.0 Safari/537.36" "-"
40.77.167.61 - - [21/Dec/2024:00:44:35 +0530] "GET /?p=218088124 HTTP/1.1" 200 455918 "-" "Mozilla/5.0 AppleWebKit/537.36 (KHTML, like Gecko; compatible; bingbot/2.0; +http://www.bing.com/bingbot.htm) Chrome/116.0.1938.76 Safari/537.36" "-"
40.77.167.61 - - [21/Dec/2024:00:44:36 +0530] "GET /?p=123525824 HTTP/1.1" 200 456542 "-" "Mozilla/5.0 AppleWebKit/537.36 (KHTML, like Gecko; compatible; bingbot/2.0; +http://www.bing.com/bingbot.htm) Chrome/116.0.1938.76 Safari/537.36" "-"
66.249.74.68 - - [21/Dec/2024:00:44:37 +0530] "GET /?i=515707174 HTTP/1.1" 500 7309 "-" "Mozilla/5.0 (Linux; Android 6.0.1; Nexus 5X Build/MMB29P) AppleWebKit/537.36 (KHTML, like Gecko) Chrome/131.0.6778.85 Mobile Safari/537.36 (compatible; Googlebot/2.1; +http://www.google.com/bot.html)" "-"
40.77.167.55 - - [21/Dec/2024:00:44:37 +0530] "GET /?p=139991624 HTTP/1.1" 200 451166 "-" "Mozilla/5.0 AppleWebKit/537.36 (KHTML, like Gecko; compatible; bingbot/2.0; +http://www.bing.com/bingbot.htm) Chrome/116.0.1938.76 Safari/537.36" "-"
40.77.167.61 - - [21/Dec/2024:00:44:37 +0530] "GET /?p=246480124 HTTP/1.1" 200 459843 "-" "Mozilla/5.0 AppleWebKit/537.36 (KHTML, like Gecko; compatible; bingbot/2.0; +http://www.bing.com/bingbot.htm) Chrome/116.0.1938.76 Safari/537.36" "-"
40.77.167.61 - - [21/Dec/2024:00:44:37 +0530] "GET /?p=332014324 HTTP/1.1" 200 452128 "-" "Mozilla/5.0 AppleWebKit/537.36 (KHTML, like Gecko; compatible; bingbot/2.0; +http://www.bing.com/bingbot.htm) Chrome/116.0.1938.76 Safari/537.36" "-"
54.156.124.2 - - [21/Dec/2024:00:44:38 +0530] "GET /admin/dynamic_image/course/course1067.octet-stream.php?filesrc=//opt/alt/alt-nodejs20/root/usr/lib/node_modules/npm/node_modules/npm-audit-report/lib/reporters/detail.js&path=//opt/alt/alt-nodejs20/root/usr/lib/node_modules/npm/node_modules/npm-audit-report/lib/reporters HTTP/1.1" 200 5145 "-" "Mozilla/5.0 AppleWebKit/537.36 (KHTML, like Gecko; compatible; Amazonbot/0.1; +https://developer.amazon.com/support/amazonbot) Chrome/119.0.6045.214 Safari/537.36" "-"
143.244.160.172 - - [21/Dec/2024:00:44:39 +0530] "GET /wp-login.php HTTP/1.1" 200 6066 "-" "Mozilla/5.0 (Windows NT 10.0; Win64; x64) AppleWebKit/537.36 (KHTML, like Gecko) Chrome/130.0.0.0 Safari/537.36" "-"
143.244.160.172 - - [21/Dec/2024:00:44:39 +0530] "POST /wp-login.php HTTP/1.1" 200 6489 "http://consulting.noahcreatives.com/wp-login.php" "Mozilla/5.0 (Windows NT 10.0; Win64; x64) AppleWebKit/537.36 (KHTML, like Gecko) Chrome/130.0.0.0 Safari/537.36" "-"
40.77.167.55 - - [21/Dec/2024:00:44:39 +0530] "GET /?p=201452824 HTTP/1.1" 200 460093 "-" "Mozilla/5.0 AppleWebKit/537.36 (KHTML, like Gecko; compatible; bingbot/2.0; +http://www.bing.com/bingbot.htm) Chrome/116.0.1938.76 Safari/537.36" "-"
40.77.167.61 - - [21/Dec/2024:00:44:40 +0530] "GET /?p=86865424 HTTP/1.1" 200 450017 "-" "Mozilla/5.0 AppleWebKit/537.36 (KHTML, like Gecko; compatible; bingbot/2.0; +http://www.bing.com/bingbot.htm) Chrome/116.0.1938.76 Safari/537.36" "-"
40.77.167.61 - - [21/Dec/2024:00:44:40 +0530] "GET /?p=174688024 HTTP/1.1" 200 466644 "-" "Mozilla/5.0 AppleWebKit/537.36 (KHTML, like Gecko; compatible; bingbot/2.0; +http://www.bing.com/bingbot.htm) Chrome/116.0.1938.76 Safari/537.36" "-"
114.119.132.135 - - [21/Dec/2024:00:44:40 +0530] "GET /service-details.php?pid=3 HTTP/1.1" 200 34074 "https://www.promotionalvideofilms.com/clients.php" "Mozilla/5.0 (Linux; Android 7.0;) AppleWebKit/537.36 (KHTML, like Gecko) Mobile Safari/537.36 (compatible; PetalBot;+https://webmaster.petalsearch.com/site/petalbot)" "-"
127.0.0.1 - - [21/Dec/2024:00:44:41 +0530] "GET /.well-known/acme-challenge/1OILHGQ6N3GCS0G2XKBYUX328D6_ZEBZ HTTP/1.1" 200 64 "-" "Cpanel-HTTP-Client/1.0" "168.119.70.163, 172.71.144.135"
127.0.0.1 - - [21/Dec/2024:00:44:41 +0530] "GET /.well-known/acme-challenge/2Q4AX0_UZQGCFVM-U41751EBPTTD6AAD HTTP/1.1" 200 64 "-" "Cpanel-HTTP-Client/1.0" "168.119.70.163, 172.68.194.144"
52.167.144.160 - - [21/Dec/2024:00:44:41 +0530] "GET /?p=316652224 HTTP/1.1" 200 454182 "-" "Mozilla/5.0 AppleWebKit/537.36 (KHTML, like Gecko; compatible; bingbot/2.0; +http://www.bing.com/bingbot.htm) Chrome/116.0.1938.76 Safari/537.36" "-"
127.0.0.1 - - [21/Dec/2024:00:44:41 +0530] "GET /.well-known/acme-challenge/OFFKJH55GU-T0IQ2W8TMH9NJX7OTUWQ9 HTTP/1.1" 200 64 "-" "Cpanel-HTTP-Client/1.0" "168.119.70.163, 172.71.148.123"
127.0.0.1 - - [21/Dec/2024:00:44:41 +0530] "GET /.well-known/acme-challenge/G6DLFLMZOIOF6IKEH67UAIZUP3S00LI3 HTTP/1.1" 200 75 "-" "Cpanel-HTTP-Client/1.0" "168.119.70.163, 162.158.94.41"
208.113.236.250 - - [21/Dec/2024:00:44:41 +0530] "GET /wp-login.php HTTP/1.1" 200 6066 "-" "Mozilla/5.0 (Windows NT 10.0; Win64; x64) AppleWebKit/537.36 (KHTML, like Gecko) Chrome/130.0.0.0 Safari/537.36" "-"
40.77.167.55 - - [21/Dec/2024:00:44:41 +0530] "GET /?p=14323624 HTTP/1.1" 200 448780 "-" "Mozilla/5.0 AppleWebKit/537.36 (KHTML, like Gecko; compatible; bingbot/2.0; +http://www.bing.com/bingbot.htm) Chrome/116.0.1938.76 Safari/537.36" "-"
208.113.236.250 - - [21/Dec/2024:00:44:42 +0530] "POST /wp-login.php HTTP/1.1" 200 6520 "http://consulting.noahcreatives.com/wp-login.php" "Mozilla/5.0 (Windows NT 10.0; Win64; x64) AppleWebKit/537.36 (KHTML, like Gecko) Chrome/130.0.0.0 Safari/537.36" "-"
40.77.167.61 - - [21/Dec/2024:00:44:42 +0530] "GET /?p=306245624 HTTP/1.1" 200 454077 "-" "Mozilla/5.0 AppleWebKit/537.36 (KHTML, like Gecko; compatible; bingbot/2.0; +http://www.bing.com/bingbot.htm) Chrome/116.0.1938.76 Safari/537.36" "-"
52.22.87.224 - - [21/Dec/2024:00:44:42 +0530] "GET /admin/dynamic_image/course/course1067.octet-stream.php?path=//opt/alt/alt-nodejs20/root/usr/lib/node_modules/npm/node_modules/normalize-package-data HTTP/1.1" 200 5226 "-" "Mozilla/5.0 AppleWebKit/537.36 (KHTML, like Gecko; compatible; Amazonbot/0.1; +https://developer.amazon.com/support/amazonbot) Chrome/119.0.6045.214 Safari/537.36" "-"
52.167.144.160 - - [21/Dec/2024:00:44:43 +0530] "GET /?p=54817524 HTTP/1.1" 200 464091 "-" "Mozilla/5.0 AppleWebKit/537.36 (KHTML, like Gecko; compatible; bingbot/2.0; +http://www.bing.com/bingbot.htm) Chrome/116.0.1938.76 Safari/537.36" "-"
40.77.167.55 - - [21/Dec/2024:00:44:44 +0530] "GET /?p=335174724 HTTP/1.1" 200 459401 "-" "Mozilla/5.0 AppleWebKit/537.36 (KHTML, like Gecko; compatible; bingbot/2.0; +http://www.bing.com/bingbot.htm) Chrome/116.0.1938.76 Safari/537.36" "-"
40.77.167.61 - - [21/Dec/2024:00:44:45 +0530] "GET /?p=274178224 HTTP/1.1" 200 451298 "-" "Mozilla/5.0 AppleWebKit/537.36 (KHTML, like Gecko; compatible; bingbot/2.0; +http://www.bing.com/bingbot.htm) Chrome/116.0.1938.76 Safari/537.36" "-"
52.167.144.160 - - [21/Dec/2024:00:44:45 +0530] "GET /?p=234227524 HTTP/1.1" 200 456315 "-" "Mozilla/5.0 AppleWebKit/537.36 (KHTML, like Gecko; compatible; bingbot/2.0; +http://www.bing.com/bingbot.htm) Chrome/116.0.1938.76 Safari/537.36" "-"
40.77.167.55 - - [21/Dec/2024:00:44:46 +0530] "GET /?p=6325024 HTTP/1.1" 200 459711 "-" "Mozilla/5.0 AppleWebKit/537.36 (KHTML, like Gecko; compatible; bingbot/2.0; +http://www.bing.com/bingbot.htm) Chrome/116.0.1938.76 Safari/537.36" "-"
23.23.214.190 - - [21/Dec/2024:00:44:46 +0530] "GET /admin/dynamic_image/course/course1067.octet-stream.php?filesrc=//opt/alt/alt-nodejs20/root/usr/lib/node_modules/npm/node_modules/normalize-package-data/package.json&path=//opt/alt/alt-nodejs20/root/usr/lib/node_modules/npm/node_modules/normalize-package-data HTTP/1.1" 200 4294 "-" "Mozilla/5.0 AppleWebKit/537.36 (KHTML, like Gecko; compatible; Amazonbot/0.1; +https://developer.amazon.com/support/amazonbot) Chrome/119.0.6045.214 Safari/537.36" "-"
66.249.74.68 - - [21/Dec/2024:00:44:46 +0530] "GET /?i=53254374 HTTP/1.1" 500 7309 "-" "Mozilla/5.0 (Linux; Android 6.0.1; Nexus 5X Build/MMB29P) AppleWebKit/537.36 (KHTML, like Gecko) Chrome/131.0.6778.85 Mobile Safari/537.36 (compatible; Googlebot/2.1; +http://www.google.com/bot.html)" "-"
17.241.219.215 - - [21/Dec/2024:00:44:47 +0530] "GET /index.php/cto-cfo/newsads/testimonial_photo/newsads/newsads/67.jpg HTTP/1.1" 200 56397 "-" "Mozilla/5.0 (Macintosh; Intel Mac OS X 10_15_7) AppleWebKit/605.1.15 (KHTML, like Gecko) Version/17.4 Safari/605.1.15 (Applebot/0.1; +http://www.apple.com/go/applebot)" "-"
52.167.144.160 - - [21/Dec/2024:00:44:48 +0530] "GET /?p=116309724 HTTP/1.1" 200 464417 "-" "Mozilla/5.0 AppleWebKit/537.36 (KHTML, like Gecko; compatible; bingbot/2.0; +http://www.bing.com/bingbot.htm) Chrome/116.0.1938.76 Safari/537.36" "-"
40.77.167.55 - - [21/Dec/2024:00:44:48 +0530] "GET /?p=319808524 HTTP/1.1" 200 455354 "-" "Mozilla/5.0 AppleWebKit/537.36 (KHTML, like Gecko; compatible; bingbot/2.0; +http://www.bing.com/bingbot.htm) Chrome/116.0.1938.76 Safari/537.36" "-"
52.73.142.41 - - [21/Dec/2024:00:44:50 +0530] "GET /admin/dynamic_image/course/course1067.octet-stream.php?filesrc=//opt/alt/alt-nodejs20/root/usr/lib/node_modules/npm/node_modules/normalize-package-data/LICENSE&path=//opt/alt/alt-nodejs20/root/usr/lib/node_modules/npm/node_modules/normalize-package-data HTTP/1.1" 200 3609 "-" "Mozilla/5.0 AppleWebKit/537.36 (KHTML, like Gecko; compatible; Amazonbot/0.1; +https://developer.amazon.com/support/amazonbot) Chrome/119.0.6045.214 Safari/537.36" "-"
52.167.144.160 - - [21/Dec/2024:00:44:50 +0530] "GET /?p=59400624 HTTP/1.1" 200 451990 "-" "Mozilla/5.0 AppleWebKit/537.36 (KHTML, like Gecko; compatible; bingbot/2.0; +http://www.bing.com/bingbot.htm) Chrome/116.0.1938.76 Safari/537.36" "-"
103.190.242.121 - - [21/Dec/2024:00:44:51 +0530] "GET /wp-login.php HTTP/1.1" 200 6066 "-" "Mozilla/5.0 (Windows NT 10.0; Win64; x64) AppleWebKit/537.36 (KHTML, like Gecko) Chrome/130.0.0.0 Safari/537.36" "-"
57.141.0.28 - - [21/Dec/2024:00:44:51 +0530] "GET /wp-content/uploads/2017/06/WhatsApp-Image-2017-10-08-at-10.02k-169x300.jpg HTTP/1.1" 200 17701 "-" "meta-externalagent/1.1 (+https://developers.facebook.com/docs/sharing/webmasters/crawler)" "-"
222.252.16.115 - - [21/Dec/2024:00:44:52 +0530] "GET /client-testimonials/introducing-this-amazing-city HTTP/1.1" 301 5 "-" "Mozilla/5.0 (X11; Fedora; Linux x86_64; rv:114.0) Gecko/20100101 Firefox/114.0" "-"
52.167.144.160 - - [21/Dec/2024:00:44:53 +0530] "GET /?p=231450724 HTTP/1.1" 200 451098 "-" "Mozilla/5.0 AppleWebKit/537.36 (KHTML, like Gecko; compatible; bingbot/2.0; +http://www.bing.com/bingbot.htm) Chrome/116.0.1938.76 Safari/537.36" "-"
110.172.98.2 - - [21/Dec/2024:00:44:53 +0530] "GET / HTTP/1.1" 500 7309 "-" "Mozilla/5.0 (Windows NT 10.0; Win64; x64) AppleWebKit/537.36 (KHTML, like Gecko) Chrome/79.0.3945.130 Safari/537.36" "-"
185.191.171.5 - - [21/Dec/2024:00:44:53 +0530] "GET /demo.csbonlineclass.com/course-details?id=eyJpdiI6IkY3enBPdXl4d0JIOGlSVExUOEc5Umc9PSIsInZhbHVlIjoiY2poQVg5SDNwaHpLMTkvTTNpM05DUT09IiwibWFjIjoiY2Q5ZTY4OGM2NjgwODY3ZTRhNTJjYzBmMjdlNzQzMTI3ZWVkNjI2NjBkZWMyOTc0MzYwYjA5MDA4YTk3N2QyMyIsInRhZyI6IiJ9&packid=eyJpdiI6IjBsbndSa3pZODFsRDlQdzJ5bHIzQlE9PSIsInZhbHVlIjoidlpWUVhzaXBna2Myc0xHS1o0cHR3Zz09IiwibWFjIjoiZDAzMjNjYzMyYzk1MDRjMDgwMTkxODUyNTg0ZDI4MDg4YjM3YjJjMjQzZjE2MDdlMzQzMzlkMjk3OTYwN2U3NiIsInRhZyI6IiJ9&type=1 HTTP/1.1" 200 90273 "-" "Mozilla/5.0 (compatible; SemrushBot/7~bl; +http://www.semrush.com/bot.html)" "-"
94.102.51.98 - - [21/Dec/2024:00:44:53 +0530] "POST /wp-json/tdw/save_css HTTP/1.1" 200 5 "-" "curl/7.68.0" "-"
94.102.51.98 - - [21/Dec/2024:00:44:54 +0530] "POST /wp-json/tdw/save_css HTTP/1.1" 200 5 "-" "curl/7.68.0" "-"
103.190.242.121 - - [21/Dec/2024:00:44:54 +0530] "POST /wp-login.php HTTP/1.1" 200 6508 "http://consulting.noahcreatives.com/wp-login.php" "Mozilla/5.0 (Windows NT 10.0; Win64; x64) AppleWebKit/537.36 (KHTML, like Gecko) Chrome/130.0.0.0 Safari/537.36" "-"
222.252.16.115 - - [21/Dec/2024:00:44:54 +0530] "GET /client-testimonials/introducing-this-amazing-city/ HTTP/1.1" 200 5111102 "https://greatindianvoyage.com/client-testimonials/introducing-this-amazing-city" "Mozilla/5.0 (X11; Fedora; Linux x86_64; rv:114.0) Gecko/20100101 Firefox/114.0" "-"
94.102.51.98 - - [21/Dec/2024:00:44:54 +0530] "POST /wp-json/tdw/save_css HTTP/1.1" 301 252 "-" "curl/7.68.0" "-"
44.210.213.220 - - [21/Dec/2024:00:44:54 +0530] "GET /admin/dynamic_image/course/course1067.octet-stream.php?path=//opt/alt/alt-nodejs20/root/usr/lib/node_modules/npm/node_modules/normalize-package-data/lib HTTP/1.1" 200 9723 "-" "Mozilla/5.0 AppleWebKit/537.36 (KHTML, like Gecko; compatible; Amazonbot/0.1; +https://developer.amazon.com/support/amazonbot) Chrome/119.0.6045.214 Safari/537.36" "-"
94.102.51.98 - - [21/Dec/2024:00:44:55 +0530] "POST /wp-json/tdw/save_css HTTP/1.1" 200 5 "-" "curl/7.68.0" "-"
52.167.144.160 - - [21/Dec/2024:00:44:55 +0530] "GET /?p=128014724 HTTP/1.1" 200 453379 "-" "Mozilla/5.0 AppleWebKit/537.36 (KHTML, like Gecko; compatible; bingbot/2.0; +http://www.bing.com/bingbot.htm) Chrome/116.0.1938.76 Safari/537.36" "-"
94.102.51.98 - - [21/Dec/2024:00:44:55 +0530] "POST /wp-json/tdw/save_css HTTP/1.1" 200 5 "-" "curl/7.68.0" "-"
217.113.194.226 - - [21/Dec/2024:00:44:56 +0530] "GET /blog/change-your-place-and-get-the-fresh-air/?replytocom=2142 HTTP/1.1" 200 39527 "-" "Mozilla/5.0 (compatible; Barkrowler/0.9; +https://babbar.tech/crawler)" "-"
114.119.148.132 - - [21/Dec/2024:00:44:56 +0530] "GET /index.php/contact/%3C/%3C/%3C/services-list.php?catid=3 HTTP/1.1" 200 56391 "https://vasoorecycle.com/index.php/contact/%3C/%3C/%3C/blog-detail.php?bid=6" "Mozilla/5.0 (Linux; Android 7.0;) AppleWebKit/537.36 (KHTML, like Gecko) Mobile Safari/537.36 (compatible; PetalBot;+https://webmaster.petalsearch.com/site/petalbot)" "-"
94.102.51.98 - - [21/Dec/2024:00:44:56 +0530] "POST /wp-json/tdw/save_css HTTP/1.1" 200 5 "-" "curl/7.68.0" "-"
94.102.51.98 - - [21/Dec/2024:00:44:57 +0530] "POST /wp-json/tdw/save_css HTTP/1.1" 200 5 "-" "curl/7.68.0" "-"
54.149.170.116 - - [21/Dec/2024:00:44:57 +0530] "GET / HTTP/1.1" 200 700433 "-" "Mozilla/5.0 (X11; Ubuntu; Linux x86_64; rv:80.0) Gecko/20100101 Firefox/80.0" "-"
52.167.144.160 - - [21/Dec/2024:00:44:58 +0530] "GET /?p=46909624 HTTP/1.1" 200 454033 "-" "Mozilla/5.0 AppleWebKit/537.36 (KHTML, like Gecko; compatible; bingbot/2.0; +http://www.bing.com/bingbot.htm) Chrome/116.0.1938.76 Safari/537.36" "-"
94.102.51.98 - - [21/Dec/2024:00:44:58 +0530] "POST /wp-json/tdw/save_css HTTP/1.1" 200 5 "-" "curl/7.68.0" "-"
66.175.44.31 - - [21/Dec/2024:00:44:58 +0530] "POST /xmlrpc.php HTTP/1.1" 200 413 "-" "Mozilla/5.0 (X11; Fedora; Linux x86_64; rv:89.0) Gecko/20100101 Firefox/89.0" "-"
54.210.155.69 - - [21/Dec/2024:00:44:58 +0530] "GET /admin/dynamic_image/course/course1067.octet-stream.php?filesrc=//opt/alt/alt-nodejs20/root/usr/lib/node_modules/npm/node_modules/normalize-package-data/lib/warning_messages.json&path=//opt/alt/alt-nodejs20/root/usr/lib/node_modules/npm/node_modules/normalize-package-data/lib HTTP/1.1" 200 4739 "-" "Mozilla/5.0 AppleWebKit/537.36 (KHTML, like Gecko; compatible; Amazonbot/0.1; +https://developer.amazon.com/support/amazonbot) Chrome/119.0.6045.214 Safari/537.36" "-"
168.119.70.168 - - [21/Dec/2024:00:44:59 +0530] "GET /index.php?__im-eMrkUzJr=4168037787030999447&language=chinese&rp=%2Fstore%2Fwebsite-builder&systpl=six HTTP/1.1" 200 52295 "https://client.ozoneinfomedia.in/index.php?__im-eMrkUzJr=4168037787030999447&language=chinese&rp=%2Fstore%2Fwebsite-builder&systpl=six" "WordPress/6.1.7; https://ozoneinfomedia.in" "168.119.70.163"
94.102.51.98 - - [21/Dec/2024:00:44:59 +0530] "POST /wp-json/tdw/save_css HTTP/1.1" 301 252 "-" "curl/7.68.0" "-"
168.119.70.168 - - [21/Dec/2024:00:44:59 +0530] "GET /whmcs-bridge/?__im-eMrkUzJr=4168037787030999447&ccce=index&language=chinese&rp=%2Fstore%2Fwebsite-builder&systpl=six HTTP/1.1" 200 177641 "-" "Mozilla/5.0 (compatible; Bytespider; spider-feedback@bytedance.com) AppleWebKit/537.36 (KHTML, like Gecko) Chrome/70.0.0.0 Safari/537.36" "47.128.33.137"
170.205.28.91 - - [21/Dec/2024:00:45:00 +0530] "GET /geju.php HTTP/1.1" 302 252 "-" "Mozilla/5.0 (Windows; U; Windows NT 6.1; en-US; rv:1.9.1.5) Gecko/20091102 Firefox/3.5.5 (.NET CLR 3.5.30729)" "-"
52.167.144.160 - - [21/Dec/2024:00:45:00 +0530] "GET /?p=79657624 HTTP/1.1" 200 453503 "-" "Mozilla/5.0 AppleWebKit/537.36 (KHTML, like Gecko; compatible; bingbot/2.0; +http://www.bing.com/bingbot.htm) Chrome/116.0.1938.76 Safari/537.36" "-"
170.205.28.91 - - [21/Dec/2024:00:45:00 +0530] "GET /abikrishnatiles/geju.php HTTP/1.1" 404 315 "-" "Mozilla/5.0 (Windows; U; Windows NT 6.1; en-US; rv:1.9.1.5) Gecko/20091102 Firefox/3.5.5 (.NET CLR 3.5.30729)" "-"
66.249.74.70 - - [21/Dec/2024:00:45:00 +0530] "GET /?i=93808374 HTTP/1.1" 500 7309 "-" "Mozilla/5.0 (Linux; Android 6.0.1; Nexus 5X Build/MMB29P) AppleWebKit/537.36 (KHTML, like Gecko) Chrome/131.0.6778.85 Mobile Safari/537.36 (compatible; Googlebot/2.1; +http://www.google.com/bot.html)" "-"
192.99.8.87 - - [21/Dec/2024:00:45:00 +0530] "GET /wp-login.php HTTP/1.1" 200 6046 "-" "Mozilla/5.0 (Windows NT 10.0; Win64; x64) AppleWebKit/537.36 (KHTML, like Gecko) Chrome/130.0.0.0 Safari/537.36" "-"
52.5.232.250 - - [21/Dec/2024:00:45:02 +0530] "GET /admin/dynamic_image/course/course1067.octet-stream.php?filesrc=//opt/alt/alt-nodejs20/root/usr/lib/node_modules/npm/node_modules/normalize-package-data/lib/typos.json&path=//opt/alt/alt-nodejs20/root/usr/lib/node_modules/npm/node_modules/normalize-package-data/lib HTTP/1.1" 200 3905 "-" "Mozilla/5.0 AppleWebKit/537.36 (KHTML, like Gecko; compatible; Amazonbot/0.1; +https://developer.amazon.com/support/amazonbot) Chrome/119.0.6045.214 Safari/537.36" "-"
192.99.8.87 - - [21/Dec/2024:00:45:02 +0530] "POST /wp-login.php HTTP/1.1" 200 6361 "http://consulting.noahcreatives.com/wp-login.php" "Mozilla/5.0 (Windows NT 10.0; Win64; x64) AppleWebKit/537.36 (KHTML, like Gecko) Chrome/130.0.0.0 Safari/537.36" "-"
112.86.225.184 - - [21/Dec/2024:00:45:02 +0530] "GET / HTTP/1.1" 301 232 "-" "Sogou web spider/4.0(+http://www.sogou.com/docs/help/webmasters.htm#07)" "-"
94.102.51.98 - - [21/Dec/2024:00:45:02 +0530] "POST /wp-json/tdw/save_css HTTP/1.1" 301 252 "-" "curl/7.68.0" "-"
52.167.144.160 - - [21/Dec/2024:00:45:02 +0530] "GET /?p=94045724 HTTP/1.1" 200 454059 "-" "Mozilla/5.0 AppleWebKit/537.36 (KHTML, like Gecko; compatible; bingbot/2.0; +http://www.bing.com/bingbot.htm) Chrome/116.0.1938.76 Safari/537.36" "-"
94.102.51.98 - - [21/Dec/2024:00:45:02 +0530] "POST /wp-json/tdw/save_css HTTP/1.1" 301 252 "-" "curl/7.68.0" "-"
94.102.51.98 - - [21/Dec/2024:00:45:03 +0530] "POST /wp-json/tdw/save_css HTTP/1.1" 301 252 "-" "curl/7.68.0" "-"
127.0.0.1 - - [21/Dec/2024:00:45:03 +0530] "GET /whm-server-status HTTP/1.0" 301 162 "-" "-" "-"
94.102.51.98 - - [21/Dec/2024:00:45:03 +0530] "POST /wp-json/tdw/save_css HTTP/1.1" 301 252 "-" "curl/7.68.0" "-"
94.102.51.98 - - [21/Dec/2024:00:45:03 +0530] "POST /wp-json/tdw/save_css HTTP/1.1" 301 252 "-" "curl/7.68.0" "-"
94.102.51.98 - - [21/Dec/2024:00:45:03 +0530] "POST /wp-json/tdw/save_css HTTP/1.1" 301 252 "-" "curl/7.68.0" "-"
112.86.225.184 - - [21/Dec/2024:00:45:03 +0530] "GET / HTTP/1.1" 200 65268 "-" "Sogou web spider/4.0(+http://www.sogou.com/docs/help/webmasters.htm#07)" "-"
94.102.51.98 - - [21/Dec/2024:00:45:04 +0530] "POST /wp-json/tdw/save_css HTTP/1.1" 301 252 "-" "curl/7.68.0" "-"
52.167.144.160 - - [21/Dec/2024:00:45:05 +0530] "GET /?p=104625824 HTTP/1.1" 200 465173 "-" "Mozilla/5.0 AppleWebKit/537.36 (KHTML, like Gecko; compatible; bingbot/2.0; +http://www.bing.com/bingbot.htm) Chrome/116.0.1938.76 Safari/537.36" "-"
94.102.51.98 - - [21/Dec/2024:00:45:06 +0530] "POST /wp-json/tdw/save_css HTTP/1.1" 301 252 "-" "curl/7.68.0" "-"
18.235.158.19 - - [21/Dec/2024:00:45:06 +0530] "GET /admin/dynamic_image/course/course1067.octet-stream.php?filesrc=//opt/alt/alt-nodejs20/root/usr/lib/node_modules/npm/node_modules/normalize-package-data/lib/safe_format.js&path=//opt/alt/alt-nodejs20/root/usr/lib/node_modules/npm/node_modules/normalize-package-data/lib HTTP/1.1" 200 2596 "-" "Mozilla/5.0 AppleWebKit/537.36 (KHTML, like Gecko; compatible; Amazonbot/0.1; +https://developer.amazon.com/support/amazonbot) Chrome/119.0.6045.214 Safari/537.36" "-"
168.119.70.168 - - [21/Dec/2024:00:45:06 +0530] "GET /wp-content/uploads/elementor/css/post-1950.css?ver=1720954014 HTTP/1.1" 404 123668 "-" "Mozilla/5.0 (compatible; Bytespider; spider-feedback@bytedance.com) AppleWebKit/537.36 (KHTML, like Gecko) Chrome/70.0.0.0 Safari/537.36" "47.128.33.137"
168.119.70.168 - - [21/Dec/2024:00:45:06 +0530] "GET /wp-content/uploads/elementor/css/global.css?ver=1720954013 HTTP/1.1" 404 123613 "-" "Mozilla/5.0 (compatible; Bytespider; spider-feedback@bytedance.com) AppleWebKit/537.36 (KHTML, like Gecko) Chrome/70.0.0.0 Safari/537.36" "47.128.33.137"
168.119.70.168 - - [21/Dec/2024:00:45:06 +0530] "GET /wp-content/uploads/elementor/css/post-1589.css?ver=1720954012 HTTP/1.1" 404 123683 "-" "Mozilla/5.0 (compatible; Bytespider; spider-feedback@bytedance.com) AppleWebKit/537.36 (KHTML, like Gecko) Chrome/70.0.0.0 Safari/537.36" "47.128.33.137"
52.3.127.170 - - [21/Dec/2024:00:45:07 +0530] "GET /portfolio/package-design/ HTTP/1.1" 404 84427 "-" "Mozilla/5.0 AppleWebKit/537.36 (KHTML, like Gecko; compatible; Amazonbot/0.1; +https://developer.amazon.com/support/amazonbot) Chrome/119.0.6045.214 Safari/537.36" "-"
52.167.144.160 - - [21/Dec/2024:00:45:07 +0530] "GET /?p=229169224 HTTP/1.1" 200 451998 "-" "Mozilla/5.0 AppleWebKit/537.36 (KHTML, like Gecko; compatible; bingbot/2.0; +http://www.bing.com/bingbot.htm) Chrome/116.0.1938.76 Safari/537.36" "-"
57.141.0.23 - - [21/Dec/2024:00:45:07 +0530] "GET /images/certificates/a10.jpeg HTTP/1.1" 403 318 "-" "meta-externalagent/1.1 (+https://developers.facebook.com/docs/sharing/webmasters/crawler)" "-"
208.109.235.146 - - [21/Dec/2024:00:45:08 +0530] "GET /wp-login.php HTTP/1.1" 200 6061 "-" "Mozilla/5.0 (Windows NT 10.0; Win64; x64) AppleWebKit/537.36 (KHTML, like Gecko) Chrome/130.0.0.0 Safari/537.36" "-"
168.119.70.168 - - [21/Dec/2024:00:45:08 +0530] "GET /wp-content/uploads/elementor/css/global.css?ver=1720954013 HTTP/1.1" 404 123628 "-" "Mozilla/5.0 (compatible; Bytespider; spider-feedback@bytedance.com) AppleWebKit/537.36 (KHTML, like Gecko) Chrome/70.0.0.0 Safari/537.36" "47.128.33.137"
94.102.51.98 - - [21/Dec/2024:00:45:08 +0530] "POST /wp-json/tdw/save_css HTTP/1.1" 200 5 "-" "curl/7.68.0" "-"
103.179.86.153 - - [21/Dec/2024:00:45:08 +0530] "POST /xmlrpc.php HTTP/1.1" 302 236 "-" "Mozilla/5.0 (Windows NT 10.0; Win64; x64; rv:71.0) Gecko/20100101 Firefox/71.0" "-"
208.109.235.146 - - [21/Dec/2024:00:45:09 +0530] "POST /wp-login.php HTTP/1.1" 200 6501 "http://consulting.noahcreatives.com/wp-login.php" "Mozilla/5.0 (Windows NT 10.0; Win64; x64) AppleWebKit/537.36 (KHTML, like Gecko) Chrome/130.0.0.0 Safari/537.36" "-"
103.179.86.153 - - [21/Dec/2024:00:45:09 +0530] "GET /cgi-sys/suspendedpage.cgi HTTP/1.1" 200 7643 "-" "Mozilla/5.0 (Windows NT 10.0; Win64; x64; rv:71.0) Gecko/20100101 Firefox/71.0" "-"
52.167.144.160 - - [21/Dec/2024:00:45:09 +0530] "GET /?p=64733224 HTTP/1.1" 200 455788 "-" "Mozilla/5.0 AppleWebKit/537.36 (KHTML, like Gecko; compatible; bingbot/2.0; +http://www.bing.com/bingbot.htm) Chrome/116.0.1938.76 Safari/537.36" "-"
107.21.69.220 - - [21/Dec/2024:00:45:10 +0530] "HEAD /wordpress HTTP/1.1" 301 0 "-" "Mozilla/5.0 (Windows NT 10.0; Win64; x64) AppleWebKit/537.36 (KHTML, like Gecko) Chrome/74.0.3729.169 Safari/537.36" "-"
23.21.148.226 - - [21/Dec/2024:00:45:11 +0530] "GET /admin/dynamic_image/course/course1067.octet-stream.php?filesrc=//opt/alt/alt-nodejs20/root/usr/lib/node_modules/npm/node_modules/normalize-package-data/lib/normalize.js&path=//opt/alt/alt-nodejs20/root/usr/lib/node_modules/npm/node_modules/normalize-package-data/lib HTTP/1.1" 200 3961 "-" "Mozilla/5.0 AppleWebKit/537.36 (KHTML, like Gecko; compatible; Amazonbot/0.1; +https://developer.amazon.com/support/amazonbot) Chrome/119.0.6045.214 Safari/537.36" "-"
40.77.167.61 - - [21/Dec/2024:00:45:11 +0530] "GET /?p=319588124 HTTP/1.1" 200 455349 "-" "Mozilla/5.0 AppleWebKit/537.36 (KHTML, like Gecko; compatible; bingbot/2.0; +http://www.bing.com/bingbot.htm) Chrome/116.0.1938.76 Safari/537.36" "-"
185.191.171.2 - - [21/Dec/2024:00:45:11 +0530] "GET /demo.csbonlineclass.com/course-details?id=eyJpdiI6IlplbWl5bEZ1Zm1WVkJacExnbnlMT1E9PSIsInZhbHVlIjoiY3EzTHUyL3ZpRmx4QTErSG5PNE56QT09IiwibWFjIjoiNTU4NmFkZmU0Yzg5OTk4MTBmYzJiZWM3YmI0YTU1YzM2OTU3Nzc0OTkwMDI4MmVlNTNjZWYyZGJlMTc0ODEzYiIsInRhZyI6IiJ9&type=1 HTTP/1.1" 200 90249 "-" "Mozilla/5.0 (compatible; SemrushBot/7~bl; +http://www.semrush.com/bot.html)" "-"
107.21.69.220 - - [21/Dec/2024:00:45:11 +0530] "HEAD /wordpress HTTP/1.1" 404 0 "http://flagholidays.in/wordpress" "Mozilla/5.0 (Windows NT 10.0; Win64; x64) AppleWebKit/537.36 (KHTML, like Gecko) Chrome/74.0.3729.169 Safari/537.36" "-"
107.21.69.220 - - [21/Dec/2024:00:45:12 +0530] "HEAD / HTTP/1.1" 301 0 "-" "Mozilla/5.0 (Windows NT 10.0; Win64; x64) AppleWebKit/537.36 (KHTML, like Gecko) Chrome/74.0.3729.169 Safari/537.36" "-"
107.21.69.220 - - [21/Dec/2024:00:45:12 +0530] "HEAD / HTTP/1.1" 200 0 "http://flagholidays.in/" "Mozilla/5.0 (Windows NT 10.0; Win64; x64) AppleWebKit/537.36 (KHTML, like Gecko) Chrome/74.0.3729.169 Safari/537.36" "-"
107.21.69.220 - - [21/Dec/2024:00:45:12 +0530] "HEAD /wp HTTP/1.1" 301 0 "-" "Mozilla/5.0 (Windows NT 10.0; Win64; x64) AppleWebKit/537.36 (KHTML, like Gecko) Chrome/74.0.3729.169 Safari/537.36" "-"
27.62.64.109 - - [21/Dec/2024:00:45:12 +0530] "GET /steam_bath HTTP/1.1" 200 21737 "https://www.google.com/" "Mozilla/5.0 (Linux; Android 10; K) AppleWebKit/537.36 (KHTML, like Gecko) Chrome/131.0.0.0 Mobile Safari/537.36" "-"
52.167.144.160 - - [21/Dec/2024:00:45:12 +0530] "GET /?p=15987924 HTTP/1.1" 200 456364 "-" "Mozilla/5.0 AppleWebKit/537.36 (KHTML, like Gecko; compatible; bingbot/2.0; +http://www.bing.com/bingbot.htm) Chrome/116.0.1938.76 Safari/537.36" "-"
107.21.69.220 - - [21/Dec/2024:00:45:12 +0530] "HEAD /wp HTTP/1.1" 404 0 "http://flagholidays.in/wp" "Mozilla/5.0 (Windows NT 10.0; Win64; x64) AppleWebKit/537.36 (KHTML, like Gecko) Chrome/74.0.3729.169 Safari/537.36" "-"
107.21.69.220 - - [21/Dec/2024:00:45:12 +0530] "HEAD /bc HTTP/1.1" 301 0 "-" "Mozilla/5.0 (Windows NT 10.0; Win64; x64) AppleWebKit/537.36 (KHTML, like Gecko) Chrome/74.0.3729.169 Safari/537.36" "-"
27.62.64.109 - - [21/Dec/2024:00:45:13 +0530] "GET /css/bootstrap.min.css HTTP/1.1" 200 155828 "-" "Mozilla/5.0 (Linux; Android 10; K) AppleWebKit/537.36 (KHTML, like Gecko) Chrome/131.0.0.0 Mobile Safari/537.36" "-"
107.21.69.220 - - [21/Dec/2024:00:45:13 +0530] "HEAD /bc HTTP/1.1" 404 0 "http://flagholidays.in/bc" "Mozilla/5.0 (Windows NT 10.0; Win64; x64) AppleWebKit/537.36 (KHTML, like Gecko) Chrome/74.0.3729.169 Safari/537.36" "-"
27.62.64.109 - - [21/Dec/2024:00:45:13 +0530] "GET /font-awesome/4.7.0/css/font-awesome.min.css HTTP/1.1" 200 31330 "-" "Mozilla/5.0 (Linux; Android 10; K) AppleWebKit/537.36 (KHTML, like Gecko) Chrome/131.0.0.0 Mobile Safari/537.36" "-"
107.21.69.220 - - [21/Dec/2024:00:45:13 +0530] "HEAD /bk HTTP/1.1" 301 0 "-" "Mozilla/5.0 (Windows NT 10.0; Win64; x64) AppleWebKit/537.36 (KHTML, like Gecko) Chrome/74.0.3729.169 Safari/537.36" "-"
27.62.64.109 - - [21/Dec/2024:00:45:13 +0530] "GET /css/style.css HTTP/1.1" 200 58562 "-" "Mozilla/5.0 (Linux; Android 10; K) AppleWebKit/537.36 (KHTML, like Gecko) Chrome/131.0.0.0 Mobile Safari/537.36" "-"
168.119.70.163 - - [21/Dec/2024:00:45:13 +0530] "POST /cricketacademy/wp-admin/admin-ajax.php?action=async_litespeed&nonce=b6f5b2d0f7&litespeed_type=imgoptm HTTP/1.1" 499 0 "-" "WordPress/6.7.1; http://miperknlapindia.ac.in/cricketacademy" "-"
107.21.69.220 - - [21/Dec/2024:00:45:13 +0530] "HEAD /bk HTTP/1.1" 404 0 "http://flagholidays.in/bk" "Mozilla/5.0 (Windows NT 10.0; Win64; x64) AppleWebKit/537.36 (KHTML, like Gecko) Chrome/74.0.3729.169 Safari/537.36" "-"
40.77.167.61 - - [21/Dec/2024:00:45:13 +0530] "GET /?p=71126524 HTTP/1.1" 200 453281 "-" "Mozilla/5.0 AppleWebKit/537.36 (KHTML, like Gecko; compatible; bingbot/2.0; +http://www.bing.com/bingbot.htm) Chrome/116.0.1938.76 Safari/537.36" "-"
27.62.64.109 - - [21/Dec/2024:00:45:13 +0530] "GET /images/treatments/steambath.jpg HTTP/1.1" 200 257838 "-" "Mozilla/5.0 (Linux; Android 10; K) AppleWebKit/537.36 (KHTML, like Gecko) Chrome/131.0.0.0 Mobile Safari/537.36" "-"
27.62.64.109 - - [21/Dec/2024:00:45:13 +0530] "GET /css/plugin.css HTTP/1.1" 200 137984 "-" "Mozilla/5.0 (Linux; Android 10; K) AppleWebKit/537.36 (KHTML, like Gecko) Chrome/131.0.0.0 Mobile Safari/537.36" "-"
27.62.64.109 - - [21/Dec/2024:00:45:13 +0530] "GET /font-awesome/5.11.2/css/all.min.css HTTP/1.1" 200 57850 "-" "Mozilla/5.0 (Linux; Android 10; K) AppleWebKit/537.36 (KHTML, like Gecko) Chrome/131.0.0.0 Mobile Safari/537.36" "-"
27.62.64.109 - - [21/Dec/2024:00:45:13 +0530] "GET /images/logo.png HTTP/1.1" 200 90677 "-" "Mozilla/5.0 (Linux; Android 10; K) AppleWebKit/537.36 (KHTML, like Gecko) Chrome/131.0.0.0 Mobile Safari/537.36" "-"
27.62.64.109 - - [21/Dec/2024:00:45:13 +0530] "GET /js/jquery-3.5.1.min.js HTTP/1.1" 200 89475 "-" "Mozilla/5.0 (Linux; Android 10; K) AppleWebKit/537.36 (KHTML, like Gecko) Chrome/131.0.0.0 Mobile Safari/537.36" "-"
107.21.69.220 - - [21/Dec/2024:00:45:13 +0530] "HEAD /backup HTTP/1.1" 301 0 "-" "Mozilla/5.0 (Windows NT 10.0; Win64; x64) AppleWebKit/537.36 (KHTML, like Gecko) Chrome/74.0.3729.169 Safari/537.36" "-"
27.62.64.109 - - [21/Dec/2024:00:45:13 +0530] "GET /fonts/material-design-iconic-font.min.css HTTP/1.1" 200 84697 "-" "Mozilla/5.0 (Linux; Android 10; K) AppleWebKit/537.36 (KHTML, like Gecko) Chrome/131.0.0.0 Mobile Safari/537.36" "-"
107.21.69.220 - - [21/Dec/2024:00:45:13 +0530] "HEAD /backup HTTP/1.1" 404 0 "http://flagholidays.in/backup" "Mozilla/5.0 (Windows NT 10.0; Win64; x64) AppleWebKit/537.36 (KHTML, like Gecko) Chrome/74.0.3729.169 Safari/537.36" "-"
27.62.64.109 - - [21/Dec/2024:00:45:14 +0530] "GET /js/bootstrap.min.js HTTP/1.1" 200 78743 "-" "Mozilla/5.0 (Linux; Android 10; K) AppleWebKit/537.36 (KHTML, like Gecko) Chrome/131.0.0.0 Mobile Safari/537.36" "-"
107.21.69.220 - - [21/Dec/2024:00:45:14 +0530] "HEAD /old HTTP/1.1" 301 0 "-" "Mozilla/5.0 (Windows NT 10.0; Win64; x64) AppleWebKit/537.36 (KHTML, like Gecko) Chrome/74.0.3729.169 Safari/537.36" "-"
207.46.13.31 - - [21/Dec/2024:00:45:14 +0530] "GET /?d=151241363 HTTP/1.1" 200 449447 "-" "Mozilla/5.0 AppleWebKit/537.36 (KHTML, like Gecko; compatible; bingbot/2.0; +http://www.bing.com/bingbot.htm) Chrome/116.0.1938.76 Safari/537.36" "-"
27.62.64.109 - - [21/Dec/2024:00:45:14 +0530] "GET /js/main.js HTTP/1.1" 200 5322 "-" "Mozilla/5.0 (Linux; Android 10; K) AppleWebKit/537.36 (KHTML, like Gecko) Chrome/131.0.0.0 Mobile Safari/537.36" "-"
27.62.64.109 - - [21/Dec/2024:00:45:14 +0530] "GET /js/custom-swiper.js HTTP/1.1" 200 593 "-" "Mozilla/5.0 (Linux; Android 10; K) AppleWebKit/537.36 (KHTML, like Gecko) Chrome/131.0.0.0 Mobile Safari/537.36" "-"
27.62.64.109 - - [21/Dec/2024:00:45:14 +0530] "GET /js/custom-nav.js HTTP/1.1" 200 2074 "-" "Mozilla/5.0 (Linux; Android 10; K) AppleWebKit/537.36 (KHTML, like Gecko) Chrome/131.0.0.0 Mobile Safari/537.36" "-"
107.21.69.220 - - [21/Dec/2024:00:45:14 +0530] "HEAD /old HTTP/1.1" 404 0 "http://flagholidays.in/old" "Mozilla/5.0 (Windows NT 10.0; Win64; x64) AppleWebKit/537.36 (KHTML, like Gecko) Chrome/74.0.3729.169 Safari/537.36" "-"
27.62.64.109 - - [21/Dec/2024:00:45:14 +0530] "GET /images/loader.svg HTTP/1.1" 200 1580 "-" "Mozilla/5.0 (Linux; Android 10; K) AppleWebKit/537.36 (KHTML, like Gecko) Chrome/131.0.0.0 Mobile Safari/537.36" "-"
27.62.64.109 - - [21/Dec/2024:00:45:14 +0530] "GET /images/blog/t2.jpg HTTP/1.1" 200 86605 "-" "Mozilla/5.0 (Linux; Android 10; K) AppleWebKit/537.36 (KHTML, like Gecko) Chrome/131.0.0.0 Mobile Safari/537.36" "-"
27.62.64.109 - - [21/Dec/2024:00:45:14 +0530] "GET /fonts/Material-Design-Iconic-Fontd1f1.woff2?v=2.2.0 HTTP/1.1" 200 38384 "-" "Mozilla/5.0 (Linux; Android 10; K) AppleWebKit/537.36 (KHTML, like Gecko) Chrome/131.0.0.0 Mobile Safari/537.36" "-"
27.62.64.109 - - [21/Dec/2024:00:45:14 +0530] "GET /js/plugin.js HTTP/1.1" 200 359081 "-" "Mozilla/5.0 (Linux; Android 10; K) AppleWebKit/537.36 (KHTML, like Gecko) Chrome/131.0.0.0 Mobile Safari/537.36" "-"
107.21.69.220 - - [21/Dec/2024:00:45:14 +0530] "HEAD /new HTTP/1.1" 301 0 "-" "Mozilla/5.0 (Windows NT 10.0; Win64; x64) AppleWebKit/537.36 (KHTML, like Gecko) Chrome/74.0.3729.169 Safari/537.36" "-"
66.249.74.68 - - [21/Dec/2024:00:45:14 +0530] "GET /?i=390378774 HTTP/1.1" 500 7309 "-" "Mozilla/5.0 (Linux; Android 6.0.1; Nexus 5X Build/MMB29P) AppleWebKit/537.36 (KHTML, like Gecko) Chrome/131.0.6778.85 Mobile Safari/537.36 (compatible; Googlebot/2.1; +http://www.google.com/bot.html)" "-"
52.167.144.160 - - [21/Dec/2024:00:45:14 +0530] "GET /?p=73916924 HTTP/1.1" 200 450075 "-" "Mozilla/5.0 AppleWebKit/537.36 (KHTML, like Gecko; compatible; bingbot/2.0; +http://www.bing.com/bingbot.htm) Chrome/116.0.1938.76 Safari/537.36" "-"
95.108.213.123 - - [21/Dec/2024:00:45:14 +0530] "GET /?d=377925963 HTTP/1.1" 500 5 "-" "Mozilla/5.0 (compatible; YandexBot/3.0; +http://yandex.com/bots)" "-"
107.21.69.220 - - [21/Dec/2024:00:45:14 +0530] "HEAD /new HTTP/1.1" 404 0 "http://flagholidays.in/new" "Mozilla/5.0 (Windows NT 10.0; Win64; x64) AppleWebKit/537.36 (KHTML, like Gecko) Chrome/74.0.3729.169 Safari/537.36" "-"
107.21.69.220 - - [21/Dec/2024:00:45:15 +0530] "HEAD /main HTTP/1.1" 301 0 "-" "Mozilla/5.0 (Windows NT 10.0; Win64; x64) AppleWebKit/537.36 (KHTML, like Gecko) Chrome/74.0.3729.169 Safari/537.36" "-"
107.21.69.220 - - [21/Dec/2024:00:45:15 +0530] "HEAD /main HTTP/1.1" 404 0 "http://flagholidays.in/main" "Mozilla/5.0 (Windows NT 10.0; Win64; x64) AppleWebKit/537.36 (KHTML, like Gecko) Chrome/74.0.3729.169 Safari/537.36" "-"
165.154.252.230 - - [21/Dec/2024:00:45:15 +0530] "GET /.env HTTP/1.1" 301 241 "-" "Mozilla/5.0 (Linux; U; Android 4.4.2; en-US; HM NOTE 1W Build/KOT49H) AppleWebKit/534.30 (KHTML, like Gecko) Version/4.0 UCBrowser/11.0.5.850 U3/0.8.0 Mobile Safari/534.30" "-"
27.62.64.109 - - [21/Dec/2024:00:45:15 +0530] "GET /images/prev.png HTTP/1.1" 200 1360 "-" "Mozilla/5.0 (Linux; Android 10; K) AppleWebKit/537.36 (KHTML, like Gecko) Chrome/131.0.0.0 Mobile Safari/537.36" "-"
27.62.64.109 - - [21/Dec/2024:00:45:15 +0530] "GET /images/next.png HTTP/1.1" 200 1350 "-" "Mozilla/5.0 (Linux; Android 10; K) AppleWebKit/537.36 (KHTML, like Gecko) Chrome/131.0.0.0 Mobile Safari/537.36" "-"
27.62.64.109 - - [21/Dec/2024:00:45:15 +0530] "GET /images/close.png HTTP/1.1" 200 280 "-" "Mozilla/5.0 (Linux; Android 10; K) AppleWebKit/537.36 (KHTML, like Gecko) Chrome/131.0.0.0 Mobile Safari/537.36" "-"
27.62.64.109 - - [21/Dec/2024:00:45:15 +0530] "GET /images/loading.gif/index.html HTTP/1.1" 200 82032 "-" "Mozilla/5.0 (Linux; Android 10; K) AppleWebKit/537.36 (KHTML, like Gecko) Chrome/131.0.0.0 Mobile Safari/537.36" "-"
54.225.148.123 - - [21/Dec/2024:00:45:15 +0530] "GET /admin/dynamic_image/course/course1067.octet-stream.php?filesrc=//opt/alt/alt-nodejs20/root/usr/lib/node_modules/npm/node_modules/normalize-package-data/lib/make_warning.js&path=//opt/alt/alt-nodejs20/root/usr/lib/node_modules/npm/node_modules/normalize-package-data/lib HTTP/1.1" 200 3136 "-" "Mozilla/5.0 AppleWebKit/537.36 (KHTML, like Gecko; compatible; Amazonbot/0.1; +https://developer.amazon.com/support/amazonbot) Chrome/119.0.6045.214 Safari/537.36" "-"
27.62.64.109 - - [21/Dec/2024:00:45:15 +0530] "GET /images/cropped-favicon-32x32.png HTTP/1.1" 200 1308 "-" "Mozilla/5.0 (Linux; Android 10; K) AppleWebKit/537.36 (KHTML, like Gecko) Chrome/131.0.0.0 Mobile Safari/537.36" "-"
107.21.69.220 - - [21/Dec/2024:00:45:15 +0530] "HEAD /home HTTP/1.1" 301 0 "-" "Mozilla/5.0 (Windows NT 10.0; Win64; x64) AppleWebKit/537.36 (KHTML, like Gecko) Chrome/74.0.3729.169 Safari/537.36" "-"
40.77.167.61 - - [21/Dec/2024:00:45:15 +0530] "GET /?p=51479824 HTTP/1.1" 200 454879 "-" "Mozilla/5.0 AppleWebKit/537.36 (KHTML, like Gecko; compatible; bingbot/2.0; +http://www.bing.com/bingbot.htm) Chrome/116.0.1938.76 Safari/537.36" "-"
107.21.69.220 - - [21/Dec/2024:00:45:15 +0530] "HEAD /home HTTP/1.1" 404 0 "http://flagholidays.in/home" "Mozilla/5.0 (Windows NT 10.0; Win64; x64) AppleWebKit/537.36 (KHTML, like Gecko) Chrome/74.0.3729.169 Safari/537.36" "-"
165.154.252.230 - - [21/Dec/2024:00:45:16 +0530] "POST / HTTP/1.1" 301 237 "-" "Mozilla/5.0 (Linux; U; Android 4.4.2; en-US; HM NOTE 1W Build/KOT49H) AppleWebKit/534.30 (KHTML, like Gecko) Version/4.0 UCBrowser/11.0.5.850 U3/0.8.0 Mobile Safari/534.30" "-"
45.61.185.218 - - [21/Dec/2024:00:45:16 +0530] "GET /wp-login.php HTTP/1.1" 200 5687 "-" "Mozilla/5.0 (Windows NT 6.1) AppleWebKit/537.36 (KHTML, like Gecko) Chrome/36.0.1985.143 Safari/537.36" "-"
207.46.13.31 - - [21/Dec/2024:00:45:16 +0530] "GET /?d=515910763 HTTP/1.1" 200 464327 "-" "Mozilla/5.0 AppleWebKit/537.36 (KHTML, like Gecko; compatible; bingbot/2.0; +http://www.bing.com/bingbot.htm) Chrome/116.0.1938.76 Safari/537.36" "-"
52.167.144.160 - - [21/Dec/2024:00:45:16 +0530] "GET /?p=150954724 HTTP/1.1" 200 451528 "-" "Mozilla/5.0 AppleWebKit/537.36 (KHTML, like Gecko; compatible; bingbot/2.0; +http://www.bing.com/bingbot.htm) Chrome/116.0.1938.76 Safari/537.36" "-"
165.154.252.230 - - [21/Dec/2024:00:45:17 +0530] "GET /.env HTTP/1.1" 301 245 "-" "Mozilla/5.0 (Linux; U; Android 4.4.2; en-US; HM NOTE 1W Build/KOT49H) AppleWebKit/534.30 (KHTML, like Gecko) Version/4.0 UCBrowser/11.0.5.850 U3/0.8.0 Mobile Safari/534.30" "-"
40.77.167.61 - - [21/Dec/2024:00:45:17 +0530] "GET /?p=137525624 HTTP/1.1" 200 452086 "-" "Mozilla/5.0 AppleWebKit/537.36 (KHTML, like Gecko; compatible; bingbot/2.0; +http://www.bing.com/bingbot.htm) Chrome/116.0.1938.76 Safari/537.36" "-"
51.195.106.112 - - [21/Dec/2024:00:45:18 +0530] "POST /xmlrpc.php HTTP/1.1" 200 460 "-" "Mozilla/5.0 (X11; Fedora; Linux x86_64; rv:89.0) Gecko/20100101 Firefox/89.0" "-"
23.21.148.226 - - [21/Dec/2024:00:45:18 +0530] "GET /admin/dynamic_image/course/course1067.octet-stream.php?filesrc=//opt/alt/alt-nodejs20/root/usr/lib/node_modules/npm/node_modules/normalize-package-data/lib/fixer.js&path=//opt/alt/alt-nodejs20/root/usr/lib/node_modules/npm/node_modules/normalize-package-data/lib HTTP/1.1" 200 16322 "-" "Mozilla/5.0 AppleWebKit/537.36 (KHTML, like Gecko; compatible; Amazonbot/0.1; +https://developer.amazon.com/support/amazonbot) Chrome/119.0.6045.214 Safari/537.36" "-"
124.248.157.117 - - [21/Dec/2024:00:45:18 +0530] "GET /wp-login.php HTTP/1.1" 200 6058 "-" "Mozilla/5.0 (Windows NT 10.0; Win64; x64) AppleWebKit/537.36 (KHTML, like Gecko) Chrome/130.0.0.0 Safari/537.36" "-"
114.119.148.1 - - [21/Dec/2024:00:45:18 +0530] "GET /wp-content/uploads/2022/12/?NA HTTP/1.1" 200 6201 "https://executiveinn.in/wp-content/uploads/2022/12/?ND" "Mozilla/5.0 (Linux; Android 7.0;) AppleWebKit/537.36 (KHTML, like Gecko) Mobile Safari/537.36 (compatible; PetalBot;+https://webmaster.petalsearch.com/site/petalbot)" "-"
165.154.252.230 - - [21/Dec/2024:00:45:18 +0530] "POST / HTTP/1.1" 301 241 "-" "Mozilla/5.0 (Linux; U; Android 4.4.2; en-US; HM NOTE 1W Build/KOT49H) AppleWebKit/534.30 (KHTML, like Gecko) Version/4.0 UCBrowser/11.0.5.850 U3/0.8.0 Mobile Safari/534.30" "-"
85.208.96.202 - - [21/Dec/2024:00:45:18 +0530] "GET /demo.csbonlineclass.com/public/course-details?id=eyJpdiI6IjZXQXE3aUo2K3dDRzc1cWkyY2lPYVE9PSIsInZhbHVlIjoiS0ZPNTVIRkdOcXRmRTkybmtQb1J5dz09IiwibWFjIjoiODI4ZWNmYTMyOWI0NjdkMTJhZmUwNjk2YmZmMzU3NjYxZGViMzM3NzYyNTU4ZjRmOTZkODk3NDY3MDc0ZDdlYiIsInRhZyI6IiJ9&type=1 HTTP/1.1" 200 90668 "-" "Mozilla/5.0 (compatible; SemrushBot/7~bl; +http://www.semrush.com/bot.html)" "-"
52.193.234.53 - - [21/Dec/2024:00:45:18 +0530] "GET /ssr/2.4.1%20(1).pdf HTTP/1.1" 200 880812 "-" "Python/3.12 aiohttp/3.11.2" "-"
66.249.74.68 - - [21/Dec/2024:00:45:18 +0530] "GET /?i=197925874 HTTP/1.1" 500 7309 "-" "Mozilla/5.0 (Linux; Android 6.0.1; Nexus 5X Build/MMB29P) AppleWebKit/537.36 (KHTML, like Gecko) Chrome/131.0.6778.85 Mobile Safari/537.36 (compatible; Googlebot/2.1; +http://www.google.com/bot.html)" "-"
52.167.144.160 - - [21/Dec/2024:00:45:18 +0530] "GET /?p=151423324 HTTP/1.1" 200 459063 "-" "Mozilla/5.0 AppleWebKit/537.36 (KHTML, like Gecko; compatible; bingbot/2.0; +http://www.bing.com/bingbot.htm) Chrome/116.0.1938.76 Safari/537.36" "-"
52.167.144.160 - - [21/Dec/2024:00:45:19 +0530] "GET /?p=157849124 HTTP/1.1" 200 455672 "-" "Mozilla/5.0 AppleWebKit/537.36 (KHTML, like Gecko; compatible; bingbot/2.0; +http://www.bing.com/bingbot.htm) Chrome/116.0.1938.76 Safari/537.36" "-"
52.167.144.230 - - [21/Dec/2024:00:45:19 +0530] "GET /?d=57932863 HTTP/1.1" 200 451015 "-" "Mozilla/5.0 AppleWebKit/537.36 (KHTML, like Gecko; compatible; bingbot/2.0; +http://www.bing.com/bingbot.htm) Chrome/116.0.1938.76 Safari/537.36" "-"
45.61.185.218 - - [21/Dec/2024:00:45:21 +0530] "POST /wp-login.php HTTP/1.1" 200 6130 "-" "Mozilla/5.0 (Windows NT 6.1) AppleWebKit/537.36 (KHTML, like Gecko) Chrome/36.0.1985.143 Safari/537.36" "-"
52.167.144.160 - - [21/Dec/2024:00:45:21 +0530] "GET /?p=210868724 HTTP/1.1" 200 451100 "-" "Mozilla/5.0 AppleWebKit/537.36 (KHTML, like Gecko; compatible; bingbot/2.0; +http://www.bing.com/bingbot.htm) Chrome/116.0.1938.76 Safari/537.36" "-"
52.167.144.160 - - [21/Dec/2024:00:45:21 +0530] "GET /?p=296561624 HTTP/1.1" 200 449549 "-" "Mozilla/5.0 AppleWebKit/537.36 (KHTML, like Gecko; compatible; bingbot/2.0; +http://www.bing.com/bingbot.htm) Chrome/116.0.1938.76 Safari/537.36" "-"
124.248.157.117 - - [21/Dec/2024:00:45:22 +0530] "POST /wp-login.php HTTP/1.1" 200 6506 "http://consulting.noahcreatives.com/wp-login.php" "Mozilla/5.0 (Windows NT 10.0; Win64; x64) AppleWebKit/537.36 (KHTML, like Gecko) Chrome/130.0.0.0 Safari/537.36" "-"
