98.82.63.147 - - [21/Dec/2024:00:39:11 +0530] "GET /admin/dynamic_image/course/course1067.octet-stream.php?filesrc=//opt/alt/alt-nodejs20/root/usr/lib/node_modules/npm/node_modules/pacote/lib/util/protected.js&path=//opt/alt/alt-nodejs20/root/usr/lib/node_modules/npm/node_modules/pacote/lib/util HTTP/1.1" 200 2612 "-" "Mozilla/5.0 AppleWebKit/537.36 (KHTML, like Gecko; compatible; Amazonbot/0.1; +https://developer.amazon.com/support/amazonbot) Chrome/119.0.6045.214 Safari/537.36" "-"
52.167.144.22 - - [21/Dec/2024:00:39:11 +0530] "GET /?p=149365424 HTTP/1.1" 200 461305 "-" "Mozilla/5.0 AppleWebKit/537.36 (KHTML, like Gecko; compatible; bingbot/2.0; +http://www.bing.com/bingbot.htm) Chrome/116.0.1938.76 Safari/537.36" "-"
80.85.245.250 - - [21/Dec/2024:00:39:12 +0530] "GET /contact.html HTTP/1.1" 200 22568 "-" "Mozilla/5.0 (Windows NT 10.0; Win64; x64) AppleWebKit/537.36 (KHTML, like Gecko) Chrome/120.0.0.0 Safari/537.36" "-"
80.85.246.74 - - [21/Dec/2024:00:39:12 +0530] "GET / HTTP/1.1" 200 1267 "-" "Mozilla/5.0 (Windows NT 10.0; Win64; x64) AppleWebKit/537.36 (KHTML, like Gecko) Chrome/120.0.0.0 Safari/537.36" "-"
52.167.144.22 - - [21/Dec/2024:00:39:12 +0530] "GET /?p=264469024 HTTP/1.1" 200 450142 "-" "Mozilla/5.0 AppleWebKit/537.36 (KHTML, like Gecko; compatible; bingbot/2.0; +http://www.bing.com/bingbot.htm) Chrome/116.0.1938.76 Safari/537.36" "-"
217.196.160.115 - - [21/Dec/2024:00:39:12 +0530] "GET /wp-login.php HTTP/1.1" 200 6070 "-" "Mozilla/5.0 (Windows NT 10.0; Win64; x64) AppleWebKit/537.36 (KHTML, like Gecko) Chrome/130.0.0.0 Safari/537.36" "-"
217.196.160.115 - - [21/Dec/2024:00:39:13 +0530] "POST /wp-login.php HTTP/1.1" 200 6499 "http://consulting.noahcreatives.com/wp-login.php" "Mozilla/5.0 (Windows NT 10.0; Win64; x64) AppleWebKit/537.36 (KHTML, like Gecko) Chrome/130.0.0.0 Safari/537.36" "-"
52.167.144.22 - - [21/Dec/2024:00:39:13 +0530] "GET /?p=283445524 HTTP/1.1" 200 453175 "-" "Mozilla/5.0 AppleWebKit/537.36 (KHTML, like Gecko; compatible; bingbot/2.0; +http://www.bing.com/bingbot.htm) Chrome/116.0.1938.76 Safari/537.36" "-"
49.51.183.15 - - [21/Dec/2024:00:39:13 +0530] "GET / HTTP/1.1" 301 228 "-" "Mozilla/5.0 (iPhone; CPU iPhone OS 13_2_3 like Mac OS X) AppleWebKit/605.1.15 (KHTML, like Gecko) Version/13.0.3 Mobile/15E148 Safari/604.1" "-"
49.51.183.15 - - [21/Dec/2024:00:39:14 +0530] "GET / HTTP/1.1" 200 88615 "http://www.sskh.in" "Mozilla/5.0 (iPhone; CPU iPhone OS 13_2_3 like Mac OS X) AppleWebKit/605.1.15 (KHTML, like Gecko) Version/13.0.3 Mobile/15E148 Safari/604.1" "-"
34.231.118.144 - - [21/Dec/2024:00:39:14 +0530] "GET /admin/dynamic_image/course/course1067.octet-stream.php?filesrc=//opt/alt/alt-nodejs20/root/usr/lib/node_modules/npm/node_modules/pacote/lib/util/npm.js&path=//opt/alt/alt-nodejs20/root/usr/lib/node_modules/npm/node_modules/pacote/lib/util HTTP/1.1" 200 2949 "-" "Mozilla/5.0 AppleWebKit/537.36 (KHTML, like Gecko; compatible; Amazonbot/0.1; +https://developer.amazon.com/support/amazonbot) Chrome/119.0.6045.214 Safari/537.36" "-"
52.167.144.22 - - [21/Dec/2024:00:39:14 +0530] "GET /?p=262874424 HTTP/1.1" 200 456893 "-" "Mozilla/5.0 AppleWebKit/537.36 (KHTML, like Gecko; compatible; bingbot/2.0; +http://www.bing.com/bingbot.htm) Chrome/116.0.1938.76 Safari/537.36" "-"
127.0.0.1 - - [21/Dec/2024:00:39:15 +0530] "GET /wordpress/wp-admin/setup-config.php HTTP/1.1" 404 315 "-" "Mozilla/5.0 (Windows NT 10.0; Win64; x64) AppleWebKit/537.36 (KHTML, like Gecko) Chrome/131.0.0.0 Safari/537.36" "2a06:98c0:3600::103, 172.71.114.212"
52.167.144.22 - - [21/Dec/2024:00:39:15 +0530] "GET /?p=25610024 HTTP/1.1" 200 458345 "-" "Mozilla/5.0 AppleWebKit/537.36 (KHTML, like Gecko; compatible; bingbot/2.0; +http://www.bing.com/bingbot.htm) Chrome/116.0.1938.76 Safari/537.36" "-"
92.53.123.166 - - [21/Dec/2024:00:39:15 +0530] "GET /wp-login.php HTTP/1.1" 200 6041 "-" "Mozilla/5.0 (Windows NT 10.0; Win64; x64) AppleWebKit/537.36 (KHTML, like Gecko) Chrome/130.0.0.0 Safari/537.36" "-"
92.53.123.166 - - [21/Dec/2024:00:39:16 +0530] "POST /wp-login.php HTTP/1.1" 200 6512 "http://consulting.noahcreatives.com/wp-login.php" "Mozilla/5.0 (Windows NT 10.0; Win64; x64) AppleWebKit/537.36 (KHTML, like Gecko) Chrome/130.0.0.0 Safari/537.36" "-"
52.167.144.22 - - [21/Dec/2024:00:39:17 +0530] "GET /?p=224167224 HTTP/1.1" 200 449754 "-" "Mozilla/5.0 AppleWebKit/537.36 (KHTML, like Gecko; compatible; bingbot/2.0; +http://www.bing.com/bingbot.htm) Chrome/116.0.1938.76 Safari/537.36" "-"
52.167.144.22 - - [21/Dec/2024:00:39:17 +0530] "GET /?p=343606624 HTTP/1.1" 200 455250 "-" "Mozilla/5.0 AppleWebKit/537.36 (KHTML, like Gecko; compatible; bingbot/2.0; +http://www.bing.com/bingbot.htm) Chrome/116.0.1938.76 Safari/537.36" "-"
94.102.51.98 - - [21/Dec/2024:00:39:17 +0530] "POST /wp-json/tdw/save_css HTTP/1.1" 200 5 "-" "curl/7.68.0" "-"
54.157.84.74 - - [21/Dec/2024:00:39:18 +0530] "GET /admin/dynamic_image/course/course1067.octet-stream.php?filesrc=//opt/alt/alt-nodejs20/root/usr/lib/node_modules/npm/node_modules/pacote/lib/util/is-package-bin.js&path=//opt/alt/alt-nodejs20/root/usr/lib/node_modules/npm/node_modules/pacote/lib/util HTTP/1.1" 200 3241 "-" "Mozilla/5.0 AppleWebKit/537.36 (KHTML, like Gecko; compatible; Amazonbot/0.1; +https://developer.amazon.com/support/amazonbot) Chrome/119.0.6045.214 Safari/537.36" "-"
17.241.227.42 - - [21/Dec/2024:00:39:18 +0530] "GET / HTTP/1.1" 200 44063 "-" "Mozilla/5.0 (Macintosh; Intel Mac OS X 10_15_7) AppleWebKit/605.1.15 (KHTML, like Gecko) Version/17.4 Safari/605.1.15 (Applebot/0.1; +http://www.apple.com/go/applebot)" "-"
185.191.171.14 - - [21/Dec/2024:00:39:19 +0530] "GET /demo.csbonlineclass.com/public/course-details?id=eyJpdiI6ImR2bjI3L3JPT0I0b1lpdDErVXlhV0E9PSIsInZhbHVlIjoic0dJT3ZRMHl1QkI3M2k5eGhOcXNjZz09IiwibWFjIjoiMDQyNmUwZTdjN2NiNjIxNzI2MzZkMTFlZjAzOThkOGM0NzEwNTFjOWUxNDA2ZmRiZGRmMmI4ZThmYjFlMDg0MiIsInRhZyI6IiJ9&packid=eyJpdiI6IjRCcHJ3eFN2WUVRT2FuTDY5UTRBRHc9PSIsInZhbHVlIjoic0k2T3ZXVGtYQTFnbStSb3U5NGthUT09IiwibWFjIjoiNTQ1OTVmNTQ5NDExOTBlYzQ3ZWQ3YjZjOTM4MTlkYjAwNzY2M2E4ZmFlODYzY2YxM2JmNTdkNWVkOGEzNzY3MSIsInRhZyI6IiJ9&type=1 HTTP/1.1" 200 81051 "-" "Mozilla/5.0 (compatible; SemrushBot/7~bl; +http://www.semrush.com/bot.html)" "-"
127.0.0.1 - - [21/Dec/2024:00:39:19 +0530] "GET /wp-admin/setup-config.php HTTP/1.1" 404 315 "-" "Mozilla/5.0 (Windows NT 10.0; Win64; x64) AppleWebKit/537.36 (KHTML, like Gecko) Chrome/131.0.0.0 Safari/537.36" "2a06:98c0:3600::103, 172.71.99.148"
52.167.144.22 - - [21/Dec/2024:00:39:19 +0530] "GET /?p=25882024 HTTP/1.1" 200 457059 "-" "Mozilla/5.0 AppleWebKit/537.36 (KHTML, like Gecko; compatible; bingbot/2.0; +http://www.bing.com/bingbot.htm) Chrome/116.0.1938.76 Safari/537.36" "-"
52.167.144.22 - - [21/Dec/2024:00:39:19 +0530] "GET /?p=271175524 HTTP/1.1" 200 455146 "-" "Mozilla/5.0 AppleWebKit/537.36 (KHTML, like Gecko; compatible; bingbot/2.0; +http://www.bing.com/bingbot.htm) Chrome/116.0.1938.76 Safari/537.36" "-"
52.167.144.22 - - [21/Dec/2024:00:39:20 +0530] "GET /?p=192347424 HTTP/1.1" 200 458005 "-" "Mozilla/5.0 AppleWebKit/537.36 (KHTML, like Gecko; compatible; bingbot/2.0; +http://www.bing.com/bingbot.htm) Chrome/116.0.1938.76 Safari/537.36" "-"
82.223.2.33 - - [21/Dec/2024:00:39:21 +0530] "GET /wp-login.php HTTP/1.1" 200 6084 "-" "Mozilla/5.0 (Windows NT 10.0; Win64; x64) AppleWebKit/537.36 (KHTML, like Gecko) Chrome/130.0.0.0 Safari/537.36" "-"
66.249.74.69 - - [21/Dec/2024:00:39:21 +0530] "GET /?i=334903874 HTTP/1.1" 500 7309 "-" "Mozilla/5.0 (Linux; Android 6.0.1; Nexus 5X Build/MMB29P) AppleWebKit/537.36 (KHTML, like Gecko) Chrome/131.0.6778.85 Mobile Safari/537.36 (compatible; Googlebot/2.1; +http://www.google.com/bot.html)" "-"
52.167.144.22 - - [21/Dec/2024:00:39:21 +0530] "GET /?p=183537824 HTTP/1.1" 200 460882 "-" "Mozilla/5.0 AppleWebKit/537.36 (KHTML, like Gecko; compatible; bingbot/2.0; +http://www.bing.com/bingbot.htm) Chrome/116.0.1938.76 Safari/537.36" "-"
52.167.144.22 - - [21/Dec/2024:00:39:22 +0530] "GET /?p=346523724 HTTP/1.1" 200 452709 "-" "Mozilla/5.0 AppleWebKit/537.36 (KHTML, like Gecko; compatible; bingbot/2.0; +http://www.bing.com/bingbot.htm) Chrome/116.0.1938.76 Safari/537.36" "-"
52.7.33.248 - - [21/Dec/2024:00:39:22 +0530] "GET /admin/dynamic_image/course/course1067.octet-stream.php?filesrc=//opt/alt/alt-nodejs20/root/usr/lib/node_modules/npm/node_modules/pacote/lib/util/cache-dir.js&path=//opt/alt/alt-nodejs20/root/usr/lib/node_modules/npm/node_modules/pacote/lib/util HTTP/1.1" 200 3071 "-" "Mozilla/5.0 AppleWebKit/537.36 (KHTML, like Gecko; compatible; Amazonbot/0.1; +https://developer.amazon.com/support/amazonbot) Chrome/119.0.6045.214 Safari/537.36" "-"
52.167.144.22 - - [21/Dec/2024:00:39:22 +0530] "GET /?p=98387124 HTTP/1.1" 200 450380 "-" "Mozilla/5.0 AppleWebKit/537.36 (KHTML, like Gecko; compatible; bingbot/2.0; +http://www.bing.com/bingbot.htm) Chrome/116.0.1938.76 Safari/537.36" "-"
82.223.2.33 - - [21/Dec/2024:00:39:23 +0530] "POST /wp-login.php HTTP/1.1" 200 6455 "http://consulting.noahcreatives.com/wp-login.php" "Mozilla/5.0 (Windows NT 10.0; Win64; x64) AppleWebKit/537.36 (KHTML, like Gecko) Chrome/130.0.0.0 Safari/537.36" "-"
17.22.253.26 - - [21/Dec/2024:00:39:23 +0530] "GET /wp-content/et-cache/8/et-divi-dynamic-8.css?ver=1734091080 HTTP/1.1" 200 16820 "-" "Mozilla/5.0 (Macintosh; Intel Mac OS X 10_15_7) AppleWebKit/605.1.15 (KHTML, like Gecko) Version/17.4 Safari/605.1.15 (Applebot/0.1; +http://www.apple.com/go/applebot)" "-"
52.167.144.22 - - [21/Dec/2024:00:39:24 +0530] "GET /?p=41295724 HTTP/1.1" 200 460447 "-" "Mozilla/5.0 AppleWebKit/537.36 (KHTML, like Gecko; compatible; bingbot/2.0; +http://www.bing.com/bingbot.htm) Chrome/116.0.1938.76 Safari/537.36" "-"
17.22.253.174 - - [21/Dec/2024:00:39:24 +0530] "GET /wp-content/plugins/wp-datepicker/css/front-styles.css?t=1734721746&ver=6.7.1 HTTP/1.1" 200 658 "-" "Mozilla/5.0 (Macintosh; Intel Mac OS X 10_15_7) AppleWebKit/605.1.15 (KHTML, like Gecko) Version/17.4 Safari/605.1.15 (Applebot/0.1; +http://www.apple.com/go/applebot)" "-"
52.167.144.22 - - [21/Dec/2024:00:39:24 +0530] "GET /?p=68982524 HTTP/1.1" 200 482245 "-" "Mozilla/5.0 AppleWebKit/537.36 (KHTML, like Gecko; compatible; bingbot/2.0; +http://www.bing.com/bingbot.htm) Chrome/116.0.1938.76 Safari/537.36" "-"
54.37.96.153 - - [21/Dec/2024:00:39:24 +0530] "GET /wp-login.php HTTP/1.1" 200 6067 "-" "Mozilla/5.0 (Windows NT 10.0; Win64; x64) AppleWebKit/537.36 (KHTML, like Gecko) Chrome/130.0.0.0 Safari/537.36" "-"
17.22.237.229 - - [21/Dec/2024:00:39:24 +0530] "GET /wp-content/et-cache/8/et-core-unified-deferred-8.min.css?ver=1734091080 HTTP/1.1" 200 18323 "-" "Mozilla/5.0 (Macintosh; Intel Mac OS X 10_15_7) AppleWebKit/605.1.15 (KHTML, like Gecko) Version/17.4 Safari/605.1.15 (Applebot/0.1; +http://www.apple.com/go/applebot)" "-"
52.167.144.22 - - [21/Dec/2024:00:39:24 +0530] "GET /?p=155456924 HTTP/1.1" 200 453731 "-" "Mozilla/5.0 AppleWebKit/537.36 (KHTML, like Gecko; compatible; bingbot/2.0; +http://www.bing.com/bingbot.htm) Chrome/116.0.1938.76 Safari/537.36" "-"
54.37.96.153 - - [21/Dec/2024:00:39:25 +0530] "POST /wp-login.php HTTP/1.1" 200 6487 "http://consulting.noahcreatives.com/wp-login.php" "Mozilla/5.0 (Windows NT 10.0; Win64; x64) AppleWebKit/537.36 (KHTML, like Gecko) Chrome/130.0.0.0 Safari/537.36" "-"
47.79.5.9 - - [21/Dec/2024:00:39:25 +0530] "GET /wp/wpc-cor/ HTTP/1.1" 404 315 "-" "Mozilla/5.0 (iPad; CPU OS 17_0 like Mac OS X) AppleWebKit/605.1.15 (KHTML, like Gecko) Version/17.0 Mobile/15E148 Safari/604.1" "-"
148.66.155.82 - - [21/Dec/2024:00:39:25 +0530] "POST /xmlrpc.php HTTP/1.1" 200 413 "-" "Mozilla/5.0 (X11; Fedora; Linux x86_64; rv:89.0) Gecko/20100101 Firefox/89.0" "-"
17.241.75.228 - - [21/Dec/2024:00:39:25 +0530] "GET /family-focused-village-development-program HTTP/1.1" 301 5 "-" "Mozilla/5.0 (Macintosh; Intel Mac OS X 10_15_7) AppleWebKit/605.1.15 (KHTML, like Gecko) Version/17.4 Safari/605.1.15 (Applebot/0.1; +http://www.apple.com/go/applebot)" "-"
66.249.74.69 - - [21/Dec/2024:00:39:25 +0530] "GET /?i=71382274 HTTP/1.1" 500 7309 "-" "Mozilla/5.0 (Linux; Android 6.0.1; Nexus 5X Build/MMB29P) AppleWebKit/537.36 (KHTML, like Gecko) Chrome/131.0.6778.85 Mobile Safari/537.36 (compatible; Googlebot/2.1; +http://www.google.com/bot.html)" "-"
17.22.245.171 - - [21/Dec/2024:00:39:25 +0530] "GET /wp-content/plugins/wp-datepicker/js/wpdp_auto_script.js?ver=202412200709 HTTP/1.1" 200 9467 "-" "Mozilla/5.0 (Macintosh; Intel Mac OS X 10_15_7) AppleWebKit/605.1.15 (KHTML, like Gecko) Version/17.4 Safari/605.1.15 (Applebot/0.1; +http://www.apple.com/go/applebot)" "-"
127.0.0.1 - - [21/Dec/2024:00:39:25 +0530] "GET /wp-admin/setup-config.php HTTP/1.1" 404 315 "-" "Mozilla/5.0 (Windows NT 10.0; Win64; x64) AppleWebKit/537.36 (KHTML, like Gecko) Chrome/131.0.0.0 Safari/537.36" "2a06:98c0:3600::103, 172.69.68.15"
17.241.75.228 - - [21/Dec/2024:00:39:25 +0530] "GET /family-focused-village-development-program/ HTTP/1.1" 200 45054 "-" "Mozilla/5.0 (Macintosh; Intel Mac OS X 10_15_7) AppleWebKit/605.1.15 (KHTML, like Gecko) Version/17.4 Safari/605.1.15 (Applebot/0.1; +http://www.apple.com/go/applebot)" "-"
194.67.67.172 - - [21/Dec/2024:00:39:26 +0530] "GET /wp-login.php HTTP/1.1" 200 6023 "-" "Mozilla/5.0 (Windows NT 10.0; Win64; x64) AppleWebKit/537.36 (KHTML, like Gecko) Chrome/130.0.0.0 Safari/537.36" "-"
127.0.0.1 - - [21/Dec/2024:00:39:26 +0530] "POST /wp-cron.php?doing_wp_cron=1734721765.6179270744323730468750 HTTP/1.1" 200 5 "-" "WordPress/6.7.1; https://www.targetfx.com" "168.119.70.163, 172.70.243.137"
127.0.0.1 - - [21/Dec/2024:00:39:26 +0530] "GET /partner/ HTTP/1.1" 200 219800 "-" "Mozilla/5.0 (Windows NT 10.0; Win64; x64) AppleWebKit/537.36 (KHTML, like Gecko) Chrome/131.0.0.0 Safari/537.36 Edg/131.0.0.0" "2405:201:601b:b8d7:851:32d9:5623:dee9, 172.71.152.87"
98.83.226.125 - - [21/Dec/2024:00:39:26 +0530] "GET /admin/dynamic_image/course/course1067.octet-stream.php?filesrc=//opt/alt/alt-nodejs20/root/usr/lib/node_modules/npm/node_modules/pacote/lib/util/add-git-sha.js&path=//opt/alt/alt-nodejs20/root/usr/lib/node_modules/npm/node_modules/pacote/lib/util HTTP/1.1" 200 2820 "-" "Mozilla/5.0 AppleWebKit/537.36 (KHTML, like Gecko; compatible; Amazonbot/0.1; +https://developer.amazon.com/support/amazonbot) Chrome/119.0.6045.214 Safari/537.36" "-"
194.67.67.172 - - [21/Dec/2024:00:39:26 +0530] "POST /wp-login.php HTTP/1.1" 200 6457 "http://consulting.noahcreatives.com/wp-login.php" "Mozilla/5.0 (Windows NT 10.0; Win64; x64) AppleWebKit/537.36 (KHTML, like Gecko) Chrome/130.0.0.0 Safari/537.36" "-"
17.241.75.15 - - [21/Dec/2024:00:39:26 +0530] "GET / HTTP/1.1" 200 160031 "-" "Mozilla/5.0 (Macintosh; Intel Mac OS X 10_15_7) AppleWebKit/605.1.15 (KHTML, like Gecko) Version/17.4 Safari/605.1.15 (Applebot/0.1; +http://www.apple.com/go/applebot)" "-"
127.0.0.1 - - [21/Dec/2024:00:39:26 +0530] "GET /wp-content/uploads/elementor/css/post-2656.css?ver=1726675345 HTTP/1.1" 304 0 "-" "Mozilla/5.0 (Windows NT 10.0; Win64; x64) AppleWebKit/537.36 (KHTML, like Gecko) Chrome/131.0.0.0 Safari/537.36 Edg/131.0.0.0" "2405:201:601b:b8d7:851:32d9:5623:dee9, 162.158.94.47"
127.0.0.1 - - [21/Dec/2024:00:39:26 +0530] "GET /wp-content/uploads/2024/05/Partners_banner_image-1.png HTTP/1.1" 304 0 "-" "Mozilla/5.0 (Windows NT 10.0; Win64; x64) AppleWebKit/537.36 (KHTML, like Gecko) Chrome/131.0.0.0 Safari/537.36 Edg/131.0.0.0" "2405:201:601b:b8d7:851:32d9:5623:dee9, 172.71.250.21"
127.0.0.1 - - [21/Dec/2024:00:39:27 +0530] "GET /wp-content/uploads/2024/04/Frame-39569-1.jpg HTTP/1.1" 304 0 "-" "Mozilla/5.0 (Windows NT 10.0; Win64; x64) AppleWebKit/537.36 (KHTML, like Gecko) Chrome/131.0.0.0 Safari/537.36 Edg/131.0.0.0" "2405:201:601b:b8d7:851:32d9:5623:dee9, 172.71.250.89"
52.167.144.22 - - [21/Dec/2024:00:39:27 +0530] "GET /?p=108649524 HTTP/1.1" 200 456789 "-" "Mozilla/5.0 AppleWebKit/537.36 (KHTML, like Gecko; compatible; bingbot/2.0; +http://www.bing.com/bingbot.htm) Chrome/116.0.1938.76 Safari/537.36" "-"
52.167.144.22 - - [21/Dec/2024:00:39:27 +0530] "GET /?p=188886724 HTTP/1.1" 200 451564 "-" "Mozilla/5.0 AppleWebKit/537.36 (KHTML, like Gecko; compatible; bingbot/2.0; +http://www.bing.com/bingbot.htm) Chrome/116.0.1938.76 Safari/537.36" "-"
127.0.0.1 - - [21/Dec/2024:00:39:27 +0530] "GET /wp-content/uploads/2024/04/work-process-shape-1.png HTTP/1.1" 304 0 "https://www.targetfx.com/partner/" "Mozilla/5.0 (Windows NT 10.0; Win64; x64) AppleWebKit/537.36 (KHTML, like Gecko) Chrome/131.0.0.0 Safari/537.36 Edg/131.0.0.0" "2405:201:601b:b8d7:851:32d9:5623:dee9, 172.71.250.127"
127.0.0.1 - - [21/Dec/2024:00:39:27 +0530] "GET /wp-content/uploads/2024/04/Share-your-IB-link-with-your-clients-2.svg HTTP/1.1" 304 0 "-" "Mozilla/5.0 (Windows NT 10.0; Win64; x64) AppleWebKit/537.36 (KHTML, like Gecko) Chrome/131.0.0.0 Safari/537.36 Edg/131.0.0.0" "2405:201:601b:b8d7:851:32d9:5623:dee9, 172.68.192.178"
127.0.0.1 - - [21/Dec/2024:00:39:27 +0530] "GET /wp-content/uploads/2024/04/Create-your-IB-Profile-2.svg HTTP/1.1" 304 0 "-" "Mozilla/5.0 (Windows NT 10.0; Win64; x64) AppleWebKit/537.36 (KHTML, like Gecko) Chrome/131.0.0.0 Safari/537.36 Edg/131.0.0.0" "2405:201:601b:b8d7:851:32d9:5623:dee9, 172.71.144.48"
127.0.0.1 - - [21/Dec/2024:00:39:27 +0530] "GET /wp-content/uploads/2024/04/Earn-profit-while-the-client-starts-trading-2.svg HTTP/1.1" 304 0 "-" "Mozilla/5.0 (Windows NT 10.0; Win64; x64) AppleWebKit/537.36 (KHTML, like Gecko) Chrome/131.0.0.0 Safari/537.36 Edg/131.0.0.0" "2405:201:601b:b8d7:851:32d9:5623:dee9, 172.71.144.40"
66.249.74.68 - - [21/Dec/2024:00:39:27 +0530] "GET /?i=352189274 HTTP/1.1" 500 7309 "-" "Mozilla/5.0 (Linux; Android 6.0.1; Nexus 5X Build/MMB29P) AppleWebKit/537.36 (KHTML, like Gecko) Chrome/131.0.6778.85 Mobile Safari/537.36 (compatible; Googlebot/2.1; +http://www.google.com/bot.html)" "-"
127.0.0.1 - - [21/Dec/2024:00:39:27 +0530] "GET /wp-content/uploads/2024/04/Register-On-The-Client-Portal-2.svg HTTP/1.1" 304 0 "-" "Mozilla/5.0 (Windows NT 10.0; Win64; x64) AppleWebKit/537.36 (KHTML, like Gecko) Chrome/131.0.0.0 Safari/537.36 Edg/131.0.0.0" "2405:201:601b:b8d7:851:32d9:5623:dee9, 172.68.194.193"
127.0.0.1 - - [21/Dec/2024:00:39:27 +0530] "GET /wp-content/uploads/2024/04/tick-inside-circle.png HTTP/1.1" 304 0 "-" "Mozilla/5.0 (Windows NT 10.0; Win64; x64) AppleWebKit/537.36 (KHTML, like Gecko) Chrome/131.0.0.0 Safari/537.36 Edg/131.0.0.0" "2405:201:601b:b8d7:851:32d9:5623:dee9, 172.71.172.57"
52.167.144.230 - - [21/Dec/2024:00:39:28 +0530] "GET /?d=375548663 HTTP/1.1" 200 449379 "-" "Mozilla/5.0 AppleWebKit/537.36 (KHTML, like Gecko; compatible; bingbot/2.0; +http://www.bing.com/bingbot.htm) Chrome/116.0.1938.76 Safari/537.36" "-"
127.0.0.1 - - [21/Dec/2024:00:39:28 +0530] "POST /wp-admin/admin-ajax.php HTTP/1.1" 200 11 "-" "Mozilla/5.0 (Windows NT 10.0; Win64; x64) AppleWebKit/537.36 (KHTML, like Gecko) Chrome/131.0.0.0 Safari/537.36 Edg/131.0.0.0" "2405:201:601b:b8d7:851:32d9:5623:dee9, 172.71.152.87"
52.167.144.22 - - [21/Dec/2024:00:39:29 +0530] "GET /?p=298886124 HTTP/1.1" 200 450857 "-" "Mozilla/5.0 AppleWebKit/537.36 (KHTML, like Gecko; compatible; bingbot/2.0; +http://www.bing.com/bingbot.htm) Chrome/116.0.1938.76 Safari/537.36" "-"
52.167.144.22 - - [21/Dec/2024:00:39:29 +0530] "GET /?p=227755324 HTTP/1.1" 200 449872 "-" "Mozilla/5.0 AppleWebKit/537.36 (KHTML, like Gecko; compatible; bingbot/2.0; +http://www.bing.com/bingbot.htm) Chrome/116.0.1938.76 Safari/537.36" "-"
51.222.253.20 - - [21/Dec/2024:00:39:30 +0530] "GET /hydrop_pack HTTP/1.1" 200 22445 "-" "Mozilla/5.0 (compatible; AhrefsBot/7.0; +http://ahrefs.com/robot/)" "-"
3.232.82.72 - - [21/Dec/2024:00:39:30 +0530] "GET /admin/dynamic_image/course/course1067.octet-stream.php?path=//opt/alt/alt-nodejs20/root/usr/lib/node_modules/npm/node_modules/pacote/bin HTTP/1.1" 200 3395 "-" "Mozilla/5.0 AppleWebKit/537.36 (KHTML, like Gecko; compatible; Amazonbot/0.1; +https://developer.amazon.com/support/amazonbot) Chrome/119.0.6045.214 Safari/537.36" "-"
52.167.144.230 - - [21/Dec/2024:00:39:31 +0530] "GET /?d=99450863 HTTP/1.1" 200 450505 "-" "Mozilla/5.0 AppleWebKit/537.36 (KHTML, like Gecko; compatible; bingbot/2.0; +http://www.bing.com/bingbot.htm) Chrome/116.0.1938.76 Safari/537.36" "-"
34.64.218.102 - - [21/Dec/2024:00:39:31 +0530] "POST /xmlrpc.php HTTP/1.1" 500 7309 "-" "Mozilla/5.0 (X11; Fedora; Linux x86_64; rv:94.0) Gecko/20100101 Firefox/95.0" "-"
17.241.227.206 - - [21/Dec/2024:00:39:31 +0530] "GET /programs/education HTTP/1.1" 301 5 "-" "Mozilla/5.0 (Macintosh; Intel Mac OS X 10_15_7) AppleWebKit/605.1.15 (KHTML, like Gecko) Version/17.4 Safari/605.1.15 (Applebot/0.1; +http://www.apple.com/go/applebot)" "-"
52.167.144.22 - - [21/Dec/2024:00:39:31 +0530] "GET /?p=293646024 HTTP/1.1" 200 451165 "-" "Mozilla/5.0 AppleWebKit/537.36 (KHTML, like Gecko; compatible; bingbot/2.0; +http://www.bing.com/bingbot.htm) Chrome/116.0.1938.76 Safari/537.36" "-"
52.167.144.22 - - [21/Dec/2024:00:39:31 +0530] "GET /?p=253746024 HTTP/1.1" 200 449903 "-" "Mozilla/5.0 AppleWebKit/537.36 (KHTML, like Gecko; compatible; bingbot/2.0; +http://www.bing.com/bingbot.htm) Chrome/116.0.1938.76 Safari/537.36" "-"
17.241.227.206 - - [21/Dec/2024:00:39:31 +0530] "GET /programs/education/ HTTP/1.1" 200 43089 "-" "Mozilla/5.0 (Macintosh; Intel Mac OS X 10_15_7) AppleWebKit/605.1.15 (KHTML, like Gecko) Version/17.4 Safari/605.1.15 (Applebot/0.1; +http://www.apple.com/go/applebot)" "-"
52.167.144.228 - - [21/Dec/2024:00:39:32 +0530] "GET /?p=260863524 HTTP/1.1" 200 450904 "-" "Mozilla/5.0 AppleWebKit/537.36 (KHTML, like Gecko; compatible; bingbot/2.0; +http://www.bing.com/bingbot.htm) Chrome/116.0.1938.76 Safari/537.36" "-"
213.180.203.62 - - [21/Dec/2024:00:39:33 +0530] "GET /?d=296363 HTTP/1.1" 500 5 "-" "Mozilla/5.0 (compatible; YandexBot/3.0; +http://yandex.com/bots)" "-"
77.75.76.165 - - [21/Dec/2024:00:39:33 +0530] "GET /images/gallery/revit/15.jpg HTTP/1.1" 200 617719 "-" "Mozilla/5.0 (compatible; SeznamBot/4.0; +http://napoveda.seznam.cz/seznambot-intro/)" "-"
52.167.144.22 - - [21/Dec/2024:00:39:34 +0530] "GET /?p=214807324 HTTP/1.1" 200 457851 "-" "Mozilla/5.0 AppleWebKit/537.36 (KHTML, like Gecko; compatible; bingbot/2.0; +http://www.bing.com/bingbot.htm) Chrome/116.0.1938.76 Safari/537.36" "-"
52.167.144.22 - - [21/Dec/2024:00:39:34 +0530] "GET /?p=217997424 HTTP/1.1" 200 457364 "-" "Mozilla/5.0 AppleWebKit/537.36 (KHTML, like Gecko; compatible; bingbot/2.0; +http://www.bing.com/bingbot.htm) Chrome/116.0.1938.76 Safari/537.36" "-"
15.235.167.214 - - [21/Dec/2024:00:39:34 +0530] "GET /wp-login.php HTTP/1.1" 200 6066 "-" "Mozilla/5.0 (Windows NT 10.0; Win64; x64) AppleWebKit/537.36 (KHTML, like Gecko) Chrome/130.0.0.0 Safari/537.36" "-"
52.167.144.228 - - [21/Dec/2024:00:39:34 +0530] "GET /?p=52821424 HTTP/1.1" 200 450270 "-" "Mozilla/5.0 AppleWebKit/537.36 (KHTML, like Gecko; compatible; bingbot/2.0; +http://www.bing.com/bingbot.htm) Chrome/116.0.1938.76 Safari/537.36" "-"
98.83.178.66 - - [21/Dec/2024:00:39:35 +0530] "GET /admin/dynamic_image/course/course1067.octet-stream.php?filesrc=//opt/alt/alt-nodejs20/root/usr/lib/node_modules/npm/node_modules/pacote/bin/index.js&path=//opt/alt/alt-nodejs20/root/usr/lib/node_modules/npm/node_modules/pacote/bin HTTP/1.1" 200 6608 "-" "Mozilla/5.0 AppleWebKit/537.36 (KHTML, like Gecko; compatible; Amazonbot/0.1; +https://developer.amazon.com/support/amazonbot) Chrome/119.0.6045.214 Safari/537.36" "-"
52.167.144.22 - - [21/Dec/2024:00:39:36 +0530] "GET /?p=290694924 HTTP/1.1" 200 455215 "-" "Mozilla/5.0 AppleWebKit/537.36 (KHTML, like Gecko; compatible; bingbot/2.0; +http://www.bing.com/bingbot.htm) Chrome/116.0.1938.76 Safari/537.36" "-"
114.119.153.91 - - [21/Dec/2024:00:39:36 +0530] "GET /course-details.php?cid=62 HTTP/1.1" 200 46126 "https://intaglioindia.com/course-details.php?cid=62" "Mozilla/5.0 (Linux; Android 7.0;) AppleWebKit/537.36 (KHTML, like Gecko) Mobile Safari/537.36 (compatible; PetalBot;+https://webmaster.petalsearch.com/site/petalbot)" "-"
52.167.144.228 - - [21/Dec/2024:00:39:36 +0530] "GET /?p=210851824 HTTP/1.1" 200 458058 "-" "Mozilla/5.0 AppleWebKit/537.36 (KHTML, like Gecko; compatible; bingbot/2.0; +http://www.bing.com/bingbot.htm) Chrome/116.0.1938.76 Safari/537.36" "-"
15.235.167.214 - - [21/Dec/2024:00:39:37 +0530] "POST /wp-login.php HTTP/1.1" 200 6520 "http://consulting.noahcreatives.com/wp-login.php" "Mozilla/5.0 (Windows NT 10.0; Win64; x64) AppleWebKit/537.36 (KHTML, like Gecko) Chrome/130.0.0.0 Safari/537.36" "-"
3.89.176.255 - - [21/Dec/2024:00:39:38 +0530] "GET /admin/dynamic_image/course/course1067.octet-stream.php?path=//opt/alt/alt-nodejs20/root/usr/lib/node_modules/npm/node_modules/package-json-from-dist HTTP/1.1" 200 5238 "-" "Mozilla/5.0 AppleWebKit/537.36 (KHTML, like Gecko; compatible; Amazonbot/0.1; +https://developer.amazon.com/support/amazonbot) Chrome/119.0.6045.214 Safari/537.36" "-"
103.179.86.215 - - [21/Dec/2024:00:39:38 +0530] "POST /xmlrpc.php HTTP/1.1" 200 413 "-" "Mozilla/5.0 (X11; Fedora; Linux x86_64; rv:89.0) Gecko/20100101 Firefox/89.0" "-"
94.102.51.98 - - [21/Dec/2024:00:39:38 +0530] "POST /wp-json/tdw/save_css HTTP/1.1" 200 5 "-" "curl/7.68.0" "-"
52.167.144.228 - - [21/Dec/2024:00:39:39 +0530] "GET /?p=194466124 HTTP/1.1" 200 452423 "-" "Mozilla/5.0 AppleWebKit/537.36 (KHTML, like Gecko; compatible; bingbot/2.0; +http://www.bing.com/bingbot.htm) Chrome/116.0.1938.76 Safari/537.36" "-"
54.36.148.99 - - [21/Dec/2024:00:39:39 +0530] "GET /category/hot-or-not-review-2/ HTTP/1.1" 302 238 "-" "Mozilla/5.0 (compatible; AhrefsBot/7.0; +http://ahrefs.com/robot/)" "-"
94.102.51.98 - - [21/Dec/2024:00:39:39 +0530] "POST /wp-json/tdw/save_css HTTP/1.1" 301 252 "-" "curl/7.68.0" "-"
94.102.51.98 - - [21/Dec/2024:00:39:39 +0530] "POST /wp-json/tdw/save_css HTTP/1.1" 301 252 "-" "curl/7.68.0" "-"
94.102.51.98 - - [21/Dec/2024:00:39:39 +0530] "POST /wp-json/tdw/save_css HTTP/1.1" 301 252 "-" "curl/7.68.0" "-"
94.102.51.98 - - [21/Dec/2024:00:39:40 +0530] "POST /wp-json/tdw/save_css HTTP/1.1" 301 252 "-" "curl/7.68.0" "-"
94.102.51.98 - - [21/Dec/2024:00:39:40 +0530] "POST /wp-json/tdw/save_css HTTP/1.1" 301 252 "-" "curl/7.68.0" "-"
94.102.51.98 - - [21/Dec/2024:00:39:40 +0530] "POST /wp-json/tdw/save_css HTTP/1.1" 301 252 "-" "curl/7.68.0" "-"
94.102.51.98 - - [21/Dec/2024:00:39:40 +0530] "POST /wp-json/tdw/save_css HTTP/1.1" 301 252 "-" "curl/7.68.0" "-"
168.119.70.168 - - [21/Dec/2024:00:39:41 +0530] "GET / HTTP/1.1" 200 50500 "-" "Expanse, a Palo Alto Networks company, searches across the global IPv4 space multiple times per day to identify customers' presences on the Internet. If you would like to be excluded from our scans, please send IP addresses/domains to: scaninfo@paloaltonetworks.com" "198.235.24.110"
52.167.144.228 - - [21/Dec/2024:00:39:41 +0530] "GET /?p=203857924 HTTP/1.1" 200 464518 "-" "Mozilla/5.0 AppleWebKit/537.36 (KHTML, like Gecko; compatible; bingbot/2.0; +http://www.bing.com/bingbot.htm) Chrome/116.0.1938.76 Safari/537.36" "-"
34.236.135.14 - - [21/Dec/2024:00:39:42 +0530] "GET /admin/dynamic_image/course/course1067.octet-stream.php?filesrc=//opt/alt/alt-nodejs20/root/usr/lib/node_modules/npm/node_modules/package-json-from-dist/package.json&path=//opt/alt/alt-nodejs20/root/usr/lib/node_modules/npm/node_modules/package-json-from-dist HTTP/1.1" 200 4830 "-" "Mozilla/5.0 AppleWebKit/537.36 (KHTML, like Gecko; compatible; Amazonbot/0.1; +https://developer.amazon.com/support/amazonbot) Chrome/119.0.6045.214 Safari/537.36" "-"
94.102.51.98 - - [21/Dec/2024:00:39:43 +0530] "POST /wp-json/tdw/save_css HTTP/1.1" 200 5 "-" "curl/7.68.0" "-"
52.167.144.228 - - [21/Dec/2024:00:39:44 +0530] "GET /?p=265944824 HTTP/1.1" 200 459274 "-" "Mozilla/5.0 AppleWebKit/537.36 (KHTML, like Gecko; compatible; bingbot/2.0; +http://www.bing.com/bingbot.htm) Chrome/116.0.1938.76 Safari/537.36" "-"
127.0.0.1 - - [21/Dec/2024:00:39:44 +0530] "GET /wordpress/wp-admin/setup-config.php HTTP/1.1" 404 315 "-" "Mozilla/5.0 (Windows NT 10.0; Win64; x64) AppleWebKit/537.36 (KHTML, like Gecko) Chrome/131.0.0.0 Safari/537.36" "2a06:98c0:3600::103, 141.101.95.47"
185.191.171.13 - - [21/Dec/2024:00:39:44 +0530] "GET /demo.csbonlineclass.com/course-details?id=eyJpdiI6InE0cnlCNUttWUVaczdvcWd6OHpBY0E9PSIsInZhbHVlIjoib0wzVVMzTHhCTFhJZDNRZGU3Y3pjdz09IiwibWFjIjoiNWE5NDk3Njg2M2NhYWRhMjNhODk0ODIwZjM1MWM3OTE2ZWQ5ZDExY2Q1ZjkwY2YyZmYwY2EzMjJmM2IxM2ExYyIsInRhZyI6IiJ9&type=1 HTTP/1.1" 200 90273 "-" "Mozilla/5.0 (compatible; SemrushBot/7~bl; +http://www.semrush.com/bot.html)" "-"
94.102.51.98 - - [21/Dec/2024:00:39:44 +0530] "POST /wp-json/tdw/save_css HTTP/1.1" 200 5 "-" "curl/7.68.0" "-"
52.163.112.195 - - [21/Dec/2024:00:39:44 +0530] "GET /403.php HTTP/1.1" 404 315 "-" "-" "-"
52.163.112.195 - - [21/Dec/2024:00:39:44 +0530] "GET /content.php HTTP/1.1" 404 315 "-" "-" "-"
52.163.112.195 - - [21/Dec/2024:00:39:44 +0530] "GET /wp-content/plugins/not/includes/about.php HTTP/1.1" 404 315 "-" "-" "-"
52.163.112.195 - - [21/Dec/2024:00:39:45 +0530] "GET /wp-content/plugins/simple/simple.php HTTP/1.1" 404 315 "-" "-" "-"
52.163.112.195 - - [21/Dec/2024:00:39:45 +0530] "GET /wp-content/plugins/wp-theme-editor/include.php HTTP/1.1" 404 315 "-" "-" "-"
184.154.4.187 - - [21/Dec/2024:00:39:45 +0530] "GET /wp-login.php HTTP/1.1" 200 6077 "-" "Mozilla/5.0 (Windows NT 10.0; Win64; x64) AppleWebKit/537.36 (KHTML, like Gecko) Chrome/130.0.0.0 Safari/537.36" "-"
52.163.112.195 - - [21/Dec/2024:00:39:45 +0530] "GET /wp-content/themes/aahana/json.php HTTP/1.1" 404 315 "-" "-" "-"
52.163.112.195 - - [21/Dec/2024:00:39:45 +0530] "GET /admin.php HTTP/1.1" 404 315 "-" "-" "-"
52.163.112.195 - - [21/Dec/2024:00:39:45 +0530] "GET /wp-content/plugins/awesome-coming-soon/come.php HTTP/1.1" 404 315 "-" "-" "-"
52.163.112.195 - - [21/Dec/2024:00:39:45 +0530] "GET /wp-content/plugins/wp-conflg.php HTTP/1.1" 404 315 "-" "-" "-"
52.163.112.195 - - [21/Dec/2024:00:39:46 +0530] "GET /berlin.php HTTP/1.1" 404 315 "-" "-" "-"
52.163.112.195 - - [21/Dec/2024:00:39:46 +0530] "GET /wp-includes/Requests/about.php HTTP/1.1" 404 315 "-" "-" "-"
184.154.4.187 - - [21/Dec/2024:00:39:46 +0530] "POST /wp-login.php HTTP/1.1" 200 6498 "http://consulting.noahcreatives.com/wp-login.php" "Mozilla/5.0 (Windows NT 10.0; Win64; x64) AppleWebKit/537.36 (KHTML, like Gecko) Chrome/130.0.0.0 Safari/537.36" "-"
52.167.144.228 - - [21/Dec/2024:00:39:46 +0530] "GET /?p=256916124 HTTP/1.1" 200 449560 "-" "Mozilla/5.0 AppleWebKit/537.36 (KHTML, like Gecko; compatible; bingbot/2.0; +http://www.bing.com/bingbot.htm) Chrome/116.0.1938.76 Safari/537.36" "-"
52.163.112.195 - - [21/Dec/2024:00:39:46 +0530] "GET /wp-includes/style-engine/about.php HTTP/1.1" 404 315 "-" "-" "-"
52.163.112.195 - - [21/Dec/2024:00:39:46 +0530] "GET /wp-includes/rest-api/about.php HTTP/1.1" 404 315 "-" "-" "-"
185.106.130.241 - - [21/Dec/2024:00:39:46 +0530] "POST /xmlrpc.php HTTP/1.1" 200 413 "-" "Mozilla/5.0 (X11; Fedora; Linux x86_64; rv:89.0) Gecko/20100101 Firefox/89.0" "-"
52.163.112.195 - - [21/Dec/2024:00:39:46 +0530] "GET /wp-includes/SimplePie/about.php HTTP/1.1" 404 315 "-" "-" "-"
52.163.112.195 - - [21/Dec/2024:00:39:46 +0530] "GET /wp-content/banners/about.php HTTP/1.1" 404 315 "-" "-" "-"
85.208.96.195 - - [21/Dec/2024:00:39:46 +0530] "GET /demo.csbonlineclass.com/server.php/course-details?id=eyJpdiI6InFmYjVobzZ1VnJIcHphT0kyVDk5T1E9PSIsInZhbHVlIjoiM1JHSlRWUkw4eG1BN2VuamdHZFZOdz09IiwibWFjIjoiM2ZjYTI3ZTU0YzA5ODZlM2FhMGI1ODhiZTM3ZTQ1OTBiOWZhNjFkYzdhZjkyMzI5YzE1NDUzYjUxZWQ2YmMyYiIsInRhZyI6IiJ9&type=1 HTTP/1.1" 200 90962 "-" "Mozilla/5.0 (compatible; SemrushBot/7~bl; +http://www.semrush.com/bot.html)" "-"
3.210.29.96 - - [21/Dec/2024:00:39:46 +0530] "GET /admin/dynamic_image/course/course1067.octet-stream.php?filesrc=//opt/alt/alt-nodejs20/root/usr/lib/node_modules/npm/node_modules/package-json-from-dist/LICENSE.md&path=//opt/alt/alt-nodejs20/root/usr/lib/node_modules/npm/node_modules/package-json-from-dist HTTP/1.1" 200 3964 "-" "Mozilla/5.0 AppleWebKit/537.36 (KHTML, like Gecko; compatible; Amazonbot/0.1; +https://developer.amazon.com/support/amazonbot) Chrome/119.0.6045.214 Safari/537.36" "-"
52.163.112.195 - - [21/Dec/2024:00:39:47 +0530] "GET /wp-content/about.php HTTP/1.1" 404 315 "-" "-" "-"
66.249.74.68 - - [21/Dec/2024:00:39:47 +0530] "GET /?i=532002774 HTTP/1.1" 500 7309 "-" "Mozilla/5.0 (compatible; Googlebot/2.1; +http://www.google.com/bot.html)" "-"
52.163.112.195 - - [21/Dec/2024:00:39:47 +0530] "GET /.well-known/about.php HTTP/1.1" 404 315 "-" "-" "-"
52.163.112.195 - - [21/Dec/2024:00:39:47 +0530] "GET /wp-includes/Text/about.php HTTP/1.1" 404 315 "-" "-" "-"
52.163.112.195 - - [21/Dec/2024:00:39:47 +0530] "GET /wp-includes/ID3/about.php HTTP/1.1" 404 315 "-" "-" "-"
52.163.112.195 - - [21/Dec/2024:00:39:47 +0530] "GET /img/about.php HTTP/1.1" 404 315 "-" "-" "-"
52.163.112.195 - - [21/Dec/2024:00:39:47 +0530] "GET /wp-content/languages/about.php HTTP/1.1" 404 315 "-" "-" "-"
52.163.112.195 - - [21/Dec/2024:00:39:48 +0530] "GET /wp-includes/customize/about.php HTTP/1.1" 404 315 "-" "-" "-"
52.163.112.195 - - [21/Dec/2024:00:39:48 +0530] "GET /wp-includes.bak/html-api/about.php HTTP/1.1" 404 315 "-" "-" "-"
52.163.112.195 - - [21/Dec/2024:00:39:48 +0530] "GET /wp-includes/widgets/about.php HTTP/1.1" 404 315 "-" "-" "-"
193.111.97.15 - - [21/Dec/2024:00:39:48 +0530] "GET /wp-login.php HTTP/1.1" 200 6084 "-" "Mozilla/5.0 (Windows NT 10.0; Win64; x64) AppleWebKit/537.36 (KHTML, like Gecko) Chrome/130.0.0.0 Safari/537.36" "-"
52.163.112.195 - - [21/Dec/2024:00:39:48 +0530] "GET /wp-includes/IXR/about.php HTTP/1.1" 404 315 "-" "-" "-"
52.167.144.228 - - [21/Dec/2024:00:39:48 +0530] "GET /?p=235147824 HTTP/1.1" 200 450473 "-" "Mozilla/5.0 AppleWebKit/537.36 (KHTML, like Gecko; compatible; bingbot/2.0; +http://www.bing.com/bingbot.htm) Chrome/116.0.1938.76 Safari/537.36" "-"
52.163.112.195 - - [21/Dec/2024:00:39:48 +0530] "GET /wp-admin/js/about.php HTTP/1.1" 404 315 "-" "-" "-"
52.163.112.195 - - [21/Dec/2024:00:39:48 +0530] "GET /.well-known/pki-validation/about.php HTTP/1.1" 404 315 "-" "-" "-"
52.163.112.195 - - [21/Dec/2024:00:39:48 +0530] "GET /wp-includes/pomo/about.php HTTP/1.1" 404 315 "-" "-" "-"
193.111.97.15 - - [21/Dec/2024:00:39:49 +0530] "POST /wp-login.php HTTP/1.1" 200 6535 "http://consulting.noahcreatives.com/wp-login.php" "Mozilla/5.0 (Windows NT 10.0; Win64; x64) AppleWebKit/537.36 (KHTML, like Gecko) Chrome/130.0.0.0 Safari/537.36" "-"
52.163.112.195 - - [21/Dec/2024:00:39:49 +0530] "GET /wp-includes/block-patterns/about.php HTTP/1.1" 404 315 "-" "-" "-"
52.163.112.195 - - [21/Dec/2024:00:39:49 +0530] "GET /wp-content/updraft/about.php HTTP/1.1" 404 315 "-" "-" "-"
52.163.112.195 - - [21/Dec/2024:00:39:49 +0530] "GET /wp-content/upgrade-temp-backup/about.php HTTP/1.1" 404 315 "-" "-" "-"
52.163.112.195 - - [21/Dec/2024:00:39:49 +0530] "GET /wp-content/themes/about.php HTTP/1.1" 404 315 "-" "-" "-"
52.163.112.195 - - [21/Dec/2024:00:39:49 +0530] "GET /wp-admin/includes/about.php HTTP/1.1" 404 315 "-" "-" "-"
52.163.112.195 - - [21/Dec/2024:00:39:49 +0530] "GET /images/about.php HTTP/1.1" 404 315 "-" "-" "-"
52.163.112.195 - - [21/Dec/2024:00:39:50 +0530] "GET /wp-content/blogs.dir/about.php HTTP/1.1" 404 315 "-" "-" "-"
66.249.74.68 - - [21/Dec/2024:00:39:50 +0530] "GET /?i=430898974 HTTP/1.1" 500 7309 "-" "Mozilla/5.0 (Linux; Android 6.0.1; Nexus 5X Build/MMB29P) AppleWebKit/537.36 (KHTML, like Gecko) Chrome/131.0.6778.85 Mobile Safari/537.36 (compatible; Googlebot/2.1; +http://www.google.com/bot.html)" "-"
52.163.112.195 - - [21/Dec/2024:00:39:50 +0530] "GET /wp-includes/images/about.php HTTP/1.1" 404 315 "-" "-" "-"
85.208.96.201 - - [21/Dec/2024:00:39:50 +0530] "GET /demo.csbonlineclass.com/public/course-details?id=eyJpdiI6Ikt5OEdXOXJRQnJqc1daYmptbjFVb3c9PSIsInZhbHVlIjoiYklObVl1eDBPWmEwYXloc2VZQ2RmQT09IiwibWFjIjoiMzMwNGNmMjhhMzU4NzAzZDg3YWQ5NTU5ZGEzNTUxOGM4NDVlYmIyOGQ2YWEyOWE3NjAxYmFkOTgxNGRhMDNjZCIsInRhZyI6IiJ9&type=1 HTTP/1.1" 200 90683 "-" "Mozilla/5.0 (compatible; SemrushBot/7~bl; +http://www.semrush.com/bot.html)" "-"
52.163.112.195 - - [21/Dec/2024:00:39:50 +0530] "GET /wp-includes/about.php HTTP/1.1" 404 315 "-" "-" "-"
127.0.0.1 - - [21/Dec/2024:00:39:50 +0530] "GET /wp-admin/setup-config.php HTTP/1.1" 404 315 "-" "Mozilla/5.0 (Windows NT 10.0; Win64; x64) AppleWebKit/537.36 (KHTML, like Gecko) Chrome/131.0.0.0 Safari/537.36" "2a06:98c0:3600::103, 172.71.115.49"
52.163.112.195 - - [21/Dec/2024:00:39:50 +0530] "GET /cgi-bin/about.php HTTP/1.1" 404 315 "-" "-" "-"
173.212.237.37 - - [21/Dec/2024:00:39:50 +0530] "GET /wp-login.php HTTP/1.1" 200 6056 "-" "Mozilla/5.0 (Windows NT 10.0; Win64; x64) AppleWebKit/537.36 (KHTML, like Gecko) Chrome/130.0.0.0 Safari/537.36" "-"
52.163.112.195 - - [21/Dec/2024:00:39:50 +0530] "GET /wp-content/gallery/about.php HTTP/1.1" 404 315 "-" "-" "-"
52.163.112.195 - - [21/Dec/2024:00:39:50 +0530] "GET /wp-includes/blocks/about.php HTTP/1.1" 404 315 "-" "-" "-"
173.212.237.37 - - [21/Dec/2024:00:39:51 +0530] "POST /wp-login.php HTTP/1.1" 200 6522 "http://consulting.noahcreatives.com/wp-login.php" "Mozilla/5.0 (Windows NT 10.0; Win64; x64) AppleWebKit/537.36 (KHTML, like Gecko) Chrome/130.0.0.0 Safari/537.36" "-"
52.163.112.195 - - [21/Dec/2024:00:39:51 +0530] "GET /wp-admin/css/about.php HTTP/1.1" 404 315 "-" "-" "-"
52.167.144.228 - - [21/Dec/2024:00:39:51 +0530] "GET /?p=41864924 HTTP/1.1" 200 456732 "-" "Mozilla/5.0 AppleWebKit/537.36 (KHTML, like Gecko; compatible; bingbot/2.0; +http://www.bing.com/bingbot.htm) Chrome/116.0.1938.76 Safari/537.36" "-"
52.163.112.195 - - [21/Dec/2024:00:39:51 +0530] "GET /wp-admin/images/about.php HTTP/1.1" 404 315 "-" "-" "-"
52.163.112.195 - - [21/Dec/2024:00:39:51 +0530] "GET /.well-known/pki-validation/cloud.php HTTP/1.1" 404 315 "-" "-" "-"
52.163.112.195 - - [21/Dec/2024:00:39:51 +0530] "GET /.well-known/acme-challenge/cloud.php HTTP/1.1" 404 315 "-" "-" "-"
52.163.112.195 - - [21/Dec/2024:00:39:51 +0530] "GET /wp-admin/network/cloud.php HTTP/1.1" 404 315 "-" "-" "-"
217.113.194.231 - - [21/Dec/2024:00:39:51 +0530] "GET /blog/change-your-place-and-get-the-fresh-air/?replytocom=2408 HTTP/1.1" 200 39527 "-" "Mozilla/5.0 (compatible; Barkrowler/0.9; +https://babbar.tech/crawler)" "-"
52.163.112.195 - - [21/Dec/2024:00:39:51 +0530] "GET /cloud.php HTTP/1.1" 404 315 "-" "-" "-"
94.102.51.98 - - [21/Dec/2024:00:39:51 +0530] "POST /wp-json/tdw/save_css HTTP/1.1" 200 5 "-" "curl/7.68.0" "-"
94.102.51.98 - - [21/Dec/2024:00:39:52 +0530] "POST /wp-json/tdw/save_css HTTP/1.1" 301 252 "-" "curl/7.68.0" "-"
52.163.112.195 - - [21/Dec/2024:00:39:52 +0530] "GET /cgi-bin/cloud.php HTTP/1.1" 404 315 "-" "-" "-"
52.163.112.195 - - [21/Dec/2024:00:39:52 +0530] "GET /wp-content/updates.php HTTP/1.1" 404 315 "-" "-" "-"
52.163.112.195 - - [21/Dec/2024:00:39:52 +0530] "GET /css/cloud.php HTTP/1.1" 404 315 "-" "-" "-"
52.163.112.195 - - [21/Dec/2024:00:39:52 +0530] "GET /wp-admin/user/cloud.php HTTP/1.1" 404 315 "-" "-" "-"
52.163.112.195 - - [21/Dec/2024:00:39:52 +0530] "GET /img/cloud.php HTTP/1.1" 404 315 "-" "-" "-"
52.163.112.195 - - [21/Dec/2024:00:39:52 +0530] "GET /wp-admin/css/colors/coffee/cloud.php HTTP/1.1" 404 315 "-" "-" "-"
52.163.112.195 - - [21/Dec/2024:00:39:53 +0530] "GET /wp-admin/images/cloud.php HTTP/1.1" 404 315 "-" "-" "-"
94.102.51.98 - - [21/Dec/2024:00:39:53 +0530] "POST /wp-json/tdw/save_css HTTP/1.1" 200 5 "-" "curl/7.68.0" "-"
52.163.112.195 - - [21/Dec/2024:00:39:53 +0530] "GET /avaa.php HTTP/1.1" 404 315 "-" "-" "-"
52.163.112.195 - - [21/Dec/2024:00:39:53 +0530] "GET /images/cloud.php HTTP/1.1" 404 315 "-" "-" "-"
52.163.112.195 - - [21/Dec/2024:00:39:53 +0530] "GET /wp-admin/js/widgets/cloud.php HTTP/1.1" 404 315 "-" "-" "-"
52.167.144.228 - - [21/Dec/2024:00:39:53 +0530] "GET /?p=195205024 HTTP/1.1" 200 457399 "-" "Mozilla/5.0 AppleWebKit/537.36 (KHTML, like Gecko; compatible; bingbot/2.0; +http://www.bing.com/bingbot.htm) Chrome/116.0.1938.76 Safari/537.36" "-"
52.163.112.195 - - [21/Dec/2024:00:39:53 +0530] "GET /wp-includes/Requests/Text/admin.php HTTP/1.1" 404 315 "-" "-" "-"
52.163.112.195 - - [21/Dec/2024:00:39:53 +0530] "GET /wp-admin/css/colors/cloud.php HTTP/1.1" 404 315 "-" "-" "-"
52.163.112.195 - - [21/Dec/2024:00:39:54 +0530] "GET /wp-admin/includes/cloud.php HTTP/1.1" 404 315 "-" "-" "-"
52.163.112.195 - - [21/Dec/2024:00:39:54 +0530] "GET /wp-admin/css/colors/blue/cloud.php HTTP/1.1" 404 315 "-" "-" "-"
52.163.112.195 - - [21/Dec/2024:00:39:54 +0530] "GET /wp-admin/cloud.php HTTP/1.1" 404 315 "-" "-" "-"
52.163.112.195 - - [21/Dec/2024:00:39:54 +0530] "GET /updates.php HTTP/1.1" 404 315 "-" "-" "-"
52.163.112.195 - - [21/Dec/2024:00:39:54 +0530] "GET /libraries/legacy/updates.php HTTP/1.1" 404 315 "-" "-" "-"
52.163.112.195 - - [21/Dec/2024:00:39:54 +0530] "GET /libraries/phpmailer/updates.php HTTP/1.1" 404 315 "-" "-" "-"
52.163.112.195 - - [21/Dec/2024:00:39:55 +0530] "GET /libraries/vendor/updates.php HTTP/1.1" 404 315 "-" "-" "-"
52.163.112.195 - - [21/Dec/2024:00:39:55 +0530] "GET /alfa-rex.php7 HTTP/1.1" 404 315 "-" "-" "-"
52.163.112.195 - - [21/Dec/2024:00:39:55 +0530] "GET /alfanew.php HTTP/1.1" 404 315 "-" "-" "-"
52.163.112.195 - - [21/Dec/2024:00:39:55 +0530] "GET /wp-content/plugins/Cache/Cache.php HTTP/1.1" 404 315 "-" "-" "-"
52.163.112.195 - - [21/Dec/2024:00:39:55 +0530] "GET /wp-admin/js/widgets/about.php7 HTTP/1.1" 404 315 "-" "-" "-"
52.163.112.195 - - [21/Dec/2024:00:39:55 +0530] "GET /wp-p.php7 HTTP/1.1" 404 315 "-" "-" "-"
52.167.144.228 - - [21/Dec/2024:00:39:55 +0530] "GET /?p=96083924 HTTP/1.1" 200 452506 "-" "Mozilla/5.0 AppleWebKit/537.36 (KHTML, like Gecko; compatible; bingbot/2.0; +http://www.bing.com/bingbot.htm) Chrome/116.0.1938.76 Safari/537.36" "-"
52.163.112.195 - - [21/Dec/2024:00:39:56 +0530] "GET /wp-admin/repeater.php HTTP/1.1" 404 315 "-" "-" "-"
52.163.112.195 - - [21/Dec/2024:00:39:56 +0530] "GET /wp-includes/repeater.php HTTP/1.1" 404 315 "-" "-" "-"
17.241.219.248 - - [21/Dec/2024:00:39:56 +0530] "GET /contact-us HTTP/1.1" 200 1790 "-" "Mozilla/5.0 (Macintosh; Intel Mac OS X 10_15_7) AppleWebKit/605.1.15 (KHTML, like Gecko) Version/17.4 Safari/605.1.15 (Applebot/0.1; +http://www.apple.com/go/applebot)" "-"
52.163.112.195 - - [21/Dec/2024:00:39:56 +0530] "GET /wp-content/repeater.php HTTP/1.1" 404 315 "-" "-" "-"
54.83.180.239 - - [21/Dec/2024:00:39:56 +0530] "GET /admin/dynamic_image/course/course1067.octet-stream.php?path=//opt/alt/alt-nodejs20/root/usr/lib/node_modules/npm/node_modules/p-map HTTP/1.1" 200 5141 "-" "Mozilla/5.0 AppleWebKit/537.36 (KHTML, like Gecko; compatible; Amazonbot/0.1; +https://developer.amazon.com/support/amazonbot) Chrome/119.0.6045.214 Safari/537.36" "-"
52.163.112.195 - - [21/Dec/2024:00:39:56 +0530] "GET /wsoyanz.php HTTP/1.1" 404 315 "-" "-" "-"
18.204.89.56 - - [21/Dec/2024:00:39:56 +0530] "GET /admin/dynamic_image/course/course1067.octet-stream.php?path=//opt/alt/alt-nodejs20/root/usr/lib/node_modules/npm/node_modules/package-json-from-dist/dist HTTP/1.1" 200 4238 "-" "Mozilla/5.0 AppleWebKit/537.36 (KHTML, like Gecko; compatible; Amazonbot/0.1; +https://developer.amazon.com/support/amazonbot) Chrome/119.0.6045.214 Safari/537.36" "-"
52.163.112.195 - - [21/Dec/2024:00:39:56 +0530] "GET /yanz.php HTTP/1.1" 404 315 "-" "-" "-"
54.149.170.116 - - [21/Dec/2024:00:39:56 +0530] "GET / HTTP/1.1" 200 700425 "-" "Mozilla/5.0 (X11; Ubuntu; Linux x86_64; rv:80.0) Gecko/20100101 Firefox/80.0" "-"
52.163.112.195 - - [21/Dec/2024:00:39:56 +0530] "GET /wp-admin/js/about.php HTTP/1.1" 404 315 "-" "-" "-"
114.119.156.30 - - [21/Dec/2024:00:39:56 +0530] "GET /index.php/epr/%3C/contact-us.php HTTP/1.1" 200 56418 "https://vasoorecycle.com/index.php/epr/%3C/services-details.php" "Mozilla/5.0 (Linux; Android 7.0;) AppleWebKit/537.36 (KHTML, like Gecko) Mobile Safari/537.36 (compatible; PetalBot;+https://webmaster.petalsearch.com/site/petalbot)" "-"
52.163.112.195 - - [21/Dec/2024:00:39:56 +0530] "GET /wp-content/plugins/seoo/wsoyanz.php HTTP/1.1" 404 315 "-" "-" "-"
52.163.112.195 - - [21/Dec/2024:00:39:57 +0530] "GET /wp-content/plugins/seoo/wsoyanz1.php HTTP/1.1" 404 315 "-" "-" "-"
52.163.112.195 - - [21/Dec/2024:00:39:57 +0530] "GET /cache-compat.php HTTP/1.1" 404 315 "-" "-" "-"
52.163.112.195 - - [21/Dec/2024:00:39:57 +0530] "GET /ajax-actions.php HTTP/1.1" 404 315 "-" "-" "-"
52.163.112.195 - - [21/Dec/2024:00:39:57 +0530] "GET /wp-admin/ajax-actions.php HTTP/1.1" 404 315 "-" "-" "-"
52.163.112.195 - - [21/Dec/2024:00:39:57 +0530] "GET /wp-consar.php HTTP/1.1" 404 315 "-" "-" "-"
52.163.112.195 - - [21/Dec/2024:00:39:57 +0530] "GET /repeater.php HTTP/1.1" 404 315 "-" "-" "-"
52.163.112.195 - - [21/Dec/2024:00:39:58 +0530] "GET /admin-post.php HTTP/1.1" 404 315 "-" "-" "-"
52.163.112.195 - - [21/Dec/2024:00:39:58 +0530] "GET /wp-admin/maint/maint/ajax-actions.php HTTP/1.1" 404 315 "-" "-" "-"
18.204.89.56 - - [21/Dec/2024:00:39:58 +0530] "GET /admin/dynamic_image/course/course1067.octet-stream.php?path=//opt/alt/alt-nodejs20/root/usr/lib/node_modules/npm/node_modules/package-json-from-dist/dist/esm HTTP/1.1" 200 4719 "-" "Mozilla/5.0 AppleWebKit/537.36 (KHTML, like Gecko; compatible; Amazonbot/0.1; +https://developer.amazon.com/support/amazonbot) Chrome/119.0.6045.214 Safari/537.36" "-"
52.167.144.228 - - [21/Dec/2024:00:39:58 +0530] "GET /?p=209622324 HTTP/1.1" 200 454752 "-" "Mozilla/5.0 AppleWebKit/537.36 (KHTML, like Gecko; compatible; bingbot/2.0; +http://www.bing.com/bingbot.htm) Chrome/116.0.1938.76 Safari/537.36" "-"
52.163.112.195 - - [21/Dec/2024:00:39:58 +0530] "GET /wp-admin/dropdown.php HTTP/1.1" 404 315 "-" "-" "-"
52.163.112.195 - - [21/Dec/2024:00:39:58 +0530] "GET /wp-admin/css/index.php HTTP/1.1" 404 315 "-" "-" "-"
52.163.112.195 - - [21/Dec/2024:00:39:58 +0530] "GET /dropdown.php HTTP/1.1" 404 315 "-" "-" "-"
103.111.234.35 - - [21/Dec/2024:00:39:59 +0530] "GET /wp-login.php HTTP/1.1" 200 6055 "-" "Mozilla/5.0 (Windows NT 10.0; Win64; x64) AppleWebKit/537.36 (KHTML, like Gecko) Chrome/130.0.0.0 Safari/537.36" "-"
168.119.70.163 - - [21/Dec/2024:00:39:59 +0530] "POST /wp-cron.php?doing_wp_cron=1734721798.2977631092071533203125 HTTP/1.1" 499 0 "-" "WordPress/6.7.1; https://kvgit.in" "-"
104.244.72.171 - - [21/Dec/2024:00:39:59 +0530] "GET /wp-login.php HTTP/1.1" 200 6211 "-" "Mozilla/5.0 (Macintosh; Intel Mac OS X 10_9_4) AppleWebKit/537.78.2 (KHTML, like Gecko) Version/7.0.6 Safari/537.78.2" "-"
165.22.242.176 - - [21/Dec/2024:00:39:59 +0530] "GET /wp-admin/includes/nav.php HTTP/1.1" 404 315 "-" "Mozlila/5.0 (Linux; Android 7.0; SM-G892A Bulid/NRD90M; wv) AppleWebKit/537.36 (KHTML, like Gecko) Version/4.0 Chrome/60.0.3112.107 Moblie Safari/537.36" "-"
52.167.144.228 - - [21/Dec/2024:00:40:01 +0530] "GET /?p=167673924 HTTP/1.1" 200 461000 "-" "Mozilla/5.0 AppleWebKit/537.36 (KHTML, like Gecko; compatible; bingbot/2.0; +http://www.bing.com/bingbot.htm) Chrome/116.0.1938.76 Safari/537.36" "-"
103.111.234.35 - - [21/Dec/2024:00:40:01 +0530] "POST /wp-login.php HTTP/1.1" 200 6489 "http://consulting.noahcreatives.com/wp-login.php" "Mozilla/5.0 (Windows NT 10.0; Win64; x64) AppleWebKit/537.36 (KHTML, like Gecko) Chrome/130.0.0.0 Safari/537.36" "-"
168.119.70.168 - - [21/Dec/2024:00:40:01 +0530] "POST /xmlrpc.php HTTP/1.1" 200 413 "-" "Mozilla/5.0 (X11; Fedora; Linux x86_64; rv:89.0) Gecko/20100101 Firefox/89.0" "162.241.170.91"
66.249.74.70 - - [21/Dec/2024:00:40:01 +0530] "GET /?i=203297274 HTTP/1.1" 500 7309 "-" "Mozilla/5.0 (Linux; Android 6.0.1; Nexus 5X Build/MMB29P) AppleWebKit/537.36 (KHTML, like Gecko) Chrome/131.0.6778.85 Mobile Safari/537.36 (compatible; Googlebot/2.1; +http://www.google.com/bot.html)" "-"
40.77.167.61 - - [21/Dec/2024:00:40:02 +0530] "GET /?p=3247624 HTTP/1.1" 200 458762 "-" "Mozilla/5.0 AppleWebKit/537.36 (KHTML, like Gecko; compatible; bingbot/2.0; +http://www.bing.com/bingbot.htm) Chrome/116.0.1938.76 Safari/537.36" "-"
165.22.242.176 - - [21/Dec/2024:00:40:02 +0530] "GET /wp-includes/sodium_compat/src/Core32/Curve25519/Ge/Core32.php HTTP/1.1" 404 315 "-" "Mozlila/5.0 (Linux; Android 7.0; SM-G892A Bulid/NRD90M; wv) AppleWebKit/537.36 (KHTML, like Gecko) Version/4.0 Chrome/60.0.3112.107 Moblie Safari/537.36" "-"
52.163.112.195 - - [21/Dec/2024:00:40:02 +0530] "GET /about.php HTTP/1.1" 200 35144 "-" "-" "-"
127.0.0.1 - - [21/Dec/2024:00:40:02 +0530] "GET /whm-server-status HTTP/1.0" 301 162 "-" "-" "-"
54.225.98.148 - - [21/Dec/2024:00:40:02 +0530] "GET /admin/dynamic_image/course/course1067.octet-stream.php?filesrc=//opt/alt/alt-nodejs20/root/usr/lib/node_modules/npm/node_modules/package-json-from-dist/dist/esm/package.json&path=//opt/alt/alt-nodejs20/root/usr/lib/node_modules/npm/node_modules/package-json-from-dist/dist/esm HTTP/1.1" 200 3242 "-" "Mozilla/5.0 AppleWebKit/537.36 (KHTML, like Gecko; compatible; Amazonbot/0.1; +https://developer.amazon.com/support/amazonbot) Chrome/119.0.6045.214 Safari/537.36" "-"
52.163.112.195 - - [21/Dec/2024:00:40:02 +0530] "GET /admin.php HTTP/1.1" 404 315 "-" "-" "-"
52.163.112.195 - - [21/Dec/2024:00:40:02 +0530] "GET /about.php7 HTTP/1.1" 404 315 "-" "-" "-"
52.163.112.195 - - [21/Dec/2024:00:40:03 +0530] "GET /alfanew.php7 HTTP/1.1" 404 315 "-" "-" "-"
52.163.112.195 - - [21/Dec/2024:00:40:03 +0530] "GET /adminfuns.php7 HTTP/1.1" 404 315 "-" "-" "-"
52.163.112.195 - - [21/Dec/2024:00:40:03 +0530] "GET /ebs.php7 HTTP/1.1" 404 315 "-" "-" "-"
52.163.112.195 - - [21/Dec/2024:00:40:03 +0530] "GET /ws.php7 HTTP/1.1" 404 315 "-" "-" "-"
52.163.112.195 - - [21/Dec/2024:00:40:03 +0530] "GET /alfanew2.php7 HTTP/1.1" 404 315 "-" "-" "-"
52.163.112.195 - - [21/Dec/2024:00:40:03 +0530] "GET /alfa-rex2.php7 HTTP/1.1" 404 315 "-" "-" "-"
94.102.51.98 - - [21/Dec/2024:00:40:04 +0530] "POST /wp-json/tdw/save_css HTTP/1.1" 200 5 "-" "curl/7.68.0" "-"
52.163.112.195 - - [21/Dec/2024:00:40:04 +0530] "GET /.well-known/acme-challenge/cloud.php HTTP/1.1" 404 315 "-" "-" "-"
